000
CDUS44 KLCH 042217
CLIAEX


CLIMATE REPORT
NATIONAL WEATHER SERVICE LAKE CHARLES, LA
417 PM CST WED MAR 4 2015


...................................

...THE ALEXANDRIA CLIMATE SUMMARY FOR MARCH 4 2015...
VALID TODAY AS OF 0400 PM LOCAL TIME.

CLIMATE NORMAL PERIOD 1981 TO 2010
CLIMATE RECORD PERIOD 1892 TO 2015


WEATHER ITEM   OBSERVED TIME   RECORD YEAR NORMAL DEPARTURE LAST
                VALUE   (LST)  VALUE       VALUE  FROM      YEAR
                                                  NORMAL
..................................................................
TEMPERATURE (F)
 TODAY
  MAXIMUM         79   1259 PM  86    1905  68     11       36
  MINIMUM         64    727 AM  22    2002  45     19       27
                                      1943
  AVERAGE         72                        56     16       32

PRECIPITATION (IN)
  TODAY            0.05          5.01 1977   0.17  -0.12     0.01
  MONTH TO DATE    2.56                      0.67   1.89     0.32
  SINCE MAR 1      2.56                      0.67   1.89     0.32
  SINCE JAN 1      7.66                     10.35  -2.69     6.70

SNOWFALL (IN)
  TODAY            0.0           0.2  2014  MM     MM        0.2
  MONTH TO DATE    0.0                      MM     MM        0.2
  SINCE MAR 1      0.0                      MM     MM        0.2
  SINCE JUL 1      0.0                      MM     MM        5.0
  SNOW DEPTH       0

DEGREE DAYS
 HEATING
  TODAY            0                         9     -9       33
  MONTH TO DATE   32                        39     -7       71
  SINCE MAR 1     32                        39     -7       71
  SINCE JUL 1   1883                      1704    179     2087

 COOLING
  TODAY            7                         1      6        0
  MONTH TO DATE    7                         4      3        1
  SINCE MAR 1      7                         4      3        1
  SINCE JAN 1      8                        21    -13       12
..................................................................


WIND (MPH)
  HIGHEST WIND SPEED    18   HIGHEST WIND DIRECTION     S (200)
  HIGHEST GUST SPEED    23   HIGHEST GUST DIRECTION     S (190)
  AVERAGE WIND SPEED     7.6


SKY COVER
  POSSIBLE SUNSHINE  MM
  AVERAGE SKY COVER 0.9


WEATHER CONDITIONS
 THE FOLLOWING WEATHER WAS RECORDED TODAY.
  LIGHT RAIN
  FOG


RELATIVE HUMIDITY (PERCENT)
 HIGHEST   100           300 AM
 LOWEST     67           100 PM
 AVERAGE    84

..........................................................


THE ALEXANDRIA CLIMATE NORMALS FOR TOMORROW
                         NORMAL    RECORD    YEAR
 MAXIMUM TEMPERATURE (F)   68        85      1905
 MINIMUM TEMPERATURE (F)   45        25      1960
                                             1917
                                             1893


SUNRISE AND SUNSET
MARCH  4 2015.........SUNRISE   634 AM CST   SUNSET   610 PM CST
MARCH  5 2015.........SUNRISE   633 AM CST   SUNSET   611 PM CST


-  INDICATES NEGATIVE NUMBERS.
R  INDICATES RECORD WAS SET OR TIED.
MM INDICATES DATA IS MISSING.
T  INDICATES TRACE AMOUNT.




$$
