000
CDUS44 KLCH 262213
CLIAEX


CLIMATE REPORT
NATIONAL WEATHER SERVICE LAKE CHARLES, LA
413 PM CST FRI DEC 26 2014


...................................

...THE ALEXANDRIA CLIMATE SUMMARY FOR DECEMBER 26 2014...
VALID TODAY AS OF 0400 PM LOCAL TIME.

CLIMATE NORMAL PERIOD 1981 TO 2010
CLIMATE RECORD PERIOD 1892 TO 2014


WEATHER ITEM   OBSERVED TIME   RECORD YEAR NORMAL DEPARTURE LAST
                VALUE   (LST)  VALUE       VALUE  FROM      YEAR
                                                  NORMAL
..................................................................
TEMPERATURE (F)
 TODAY
  MAXIMUM         58   1224 PM  78    2008  59     -1       60
                                      1987
                                      1982
  MINIMUM         42    250 AM   9    1983  40      2       32
  AVERAGE         50                        49      1       46

PRECIPITATION (IN)
  TODAY            0.01          7.20 1982   0.17  -0.16     0.00
  MONTH TO DATE    1.54                      5.43  -3.89     2.60
  SINCE DEC 1      1.54                      5.43  -3.89     2.60
  SINCE JAN 1     42.01                     55.23 -13.22    55.09

SNOWFALL (IN)
  TODAY           MM             0.0    MM  MM     MM       MM
  MONTH TO DATE    0.0                      MM     MM        0.0
  SINCE DEC 1      0.0                      MM     MM        0.0
  SINCE JUL 1      0.0                      MM     MM        0.0
  SNOW DEPTH       0

DEGREE DAYS
 HEATING
  TODAY           15                        16     -1       19
  MONTH TO DATE  307                       385    -78      411
  SINCE DEC 1    307                       385    -78      411
  SINCE JUL 1    700                       710    -10      787
..................................................................


WIND (MPH)
  HIGHEST WIND SPEED    14   HIGHEST WIND DIRECTION    SE (130)
  HIGHEST GUST SPEED    18   HIGHEST GUST DIRECTION    SE (130)
  AVERAGE WIND SPEED     8.7


SKY COVER
  POSSIBLE SUNSHINE  MM
  AVERAGE SKY COVER 0.5


WEATHER CONDITIONS
 THE FOLLOWING WEATHER WAS RECORDED TODAY.
  LIGHT RAIN
  FOG


RELATIVE HUMIDITY (PERCENT)
 HIGHEST   100           200 PM
 LOWEST     77          1000 AM
 AVERAGE    89

..........................................................


THE ALEXANDRIA CLIMATE NORMALS FOR TOMORROW
                         NORMAL    RECORD    YEAR
 MAXIMUM TEMPERATURE (F)   59        78      2008
 MINIMUM TEMPERATURE (F)   40        16      1892


SUNRISE AND SUNSET
DECEMBER 26 2014......SUNRISE   707 AM CST   SUNSET   514 PM CST
DECEMBER 27 2014......SUNRISE   708 AM CST   SUNSET   515 PM CST


-  INDICATES NEGATIVE NUMBERS.
R  INDICATES RECORD WAS SET OR TIED.
MM INDICATES DATA IS MISSING.
T  INDICATES TRACE AMOUNT.




$$
