000
CDUS44 KLCH 262206
CLIAEX


CLIMATE REPORT
NATIONAL WEATHER SERVICE LAKE CHARLES, LA
505 PM CDT FRI MAY 26 2017


...................................

...THE ALEXANDRIA CLIMATE SUMMARY FOR MAY 26 2017...
VALID TODAY AS OF 0500 PM LOCAL TIME.

CLIMATE NORMAL PERIOD 1981 TO 2010
CLIMATE RECORD PERIOD 1892 TO 2017


WEATHER ITEM   OBSERVED TIME   RECORD YEAR NORMAL DEPARTURE LAST
                VALUE   (LST)  VALUE       VALUE  FROM      YEAR
                                                  NORMAL
..................................................................
TEMPERATURE (F)
 TODAY
  MAXIMUM         86    351 PM  96    1912  87     -1       89
                                      1902
  MINIMUM         64    530 AM  49    1979  66     -2       74
  AVERAGE         75                        77     -2       82

PRECIPITATION (IN)
  TODAY            0.00          2.31 1933   0.16  -0.16     0.13
  MONTH TO DATE    1.70                      3.96  -2.26     1.88
  SINCE MAR 1     14.75                     13.56   1.19    14.08
  SINCE JAN 1     22.46                     23.24  -0.78    20.56

DEGREE DAYS
 COOLING
  TODAY           10                        12     -2       17
  MONTH TO DATE  168                       233    -65      206
  SINCE MAR 1    430                       375     55      394
  SINCE JAN 1    512                       392    120      402
..................................................................


WIND (MPH)
  HIGHEST WIND SPEED    22   HIGHEST WIND DIRECTION     S (190)
  HIGHEST GUST SPEED    29   HIGHEST GUST DIRECTION     S (180)
  AVERAGE WIND SPEED     9.7


SKY COVER
  POSSIBLE SUNSHINE  MM
  AVERAGE SKY COVER 0.4


WEATHER CONDITIONS
 THE FOLLOWING WEATHER WAS RECORDED TODAY.
  NO SIGNIFICANT WEATHER WAS OBSERVED.


RELATIVE HUMIDITY (PERCENT)
 HIGHEST    93           100 AM
 LOWEST     62          1000 AM
 AVERAGE    78

..........................................................


THE ALEXANDRIA CLIMATE NORMALS FOR TOMORROW
                         NORMAL    RECORD    YEAR
 MAXIMUM TEMPERATURE (F)   88        95      1964
                                             1912
                                             1900
 MINIMUM TEMPERATURE (F)   66        44      1901


SUNRISE AND SUNSET
MAY 26 2017...........SUNRISE   608 AM CDT   SUNSET   807 PM CDT
MAY 27 2017...........SUNRISE   608 AM CDT   SUNSET   807 PM CDT


-  INDICATES NEGATIVE NUMBERS.
R  INDICATES RECORD WAS SET OR TIED.
MM INDICATES DATA IS MISSING.
T  INDICATES TRACE AMOUNT.




$$
