000
CDUS44 KLCH 270148
CLIAEX


CLIMATE REPORT
NATIONAL WEATHER SERVICE LAKE CHARLES, LA
848 PM CDT SUN MAR 26 2017


...................................

...THE ALEXANDRIA CLIMATE SUMMARY FOR MARCH 26 2017...
VALID TODAY AS OF 0500 PM LOCAL TIME.

CLIMATE NORMAL PERIOD 1981 TO 2010
CLIMATE RECORD PERIOD 1892 TO 2017


WEATHER ITEM   OBSERVED TIME   RECORD YEAR NORMAL DEPARTURE LAST
                VALUE   (LST)  VALUE       VALUE  FROM      YEAR
                                                  NORMAL
..................................................................
TEMPERATURE (F)
 TODAY
  MAXIMUM         81    356 PM  91    1907  73      8       77
  MINIMUM         61    113 AM  25    2013  50     11       49
  AVERAGE         71                        62      9       63

PRECIPITATION (IN)
  TODAY            0.00          3.47 1949   0.16  -0.16     0.00
  MONTH TO DATE    2.00                      4.28  -2.28     7.47
  SINCE MAR 1      2.00                      4.28  -2.28     7.47
  SINCE JAN 1      9.71                     13.96  -4.25    13.95

SNOWFALL (IN)
  TODAY            0.0           0.0    MM  MM     MM        0.0
  MONTH TO DATE    0.0                      MM     MM        0.0
  SINCE MAR 1      0.0                      MM     MM        0.0
  SINCE JUL 1      0.5                      MM     MM        0.0
  SNOW DEPTH       0

DEGREE DAYS
 HEATING
  TODAY            0                         5     -5        2
  MONTH TO DATE  129                       190    -61       97
  SINCE MAR 1    129                       190    -61       97
  SINCE JUL 1   1105                      1855   -750     1297

 COOLING
  TODAY            6                         2      4        0
  MONTH TO DATE   73                        28     45       38
  SINCE MAR 1     73                        28     45       38
  SINCE JAN 1    155                        45    110       46
..................................................................


WIND (MPH)
  HIGHEST WIND SPEED    16   HIGHEST WIND DIRECTION     S (170)
  HIGHEST GUST SPEED    20   HIGHEST GUST DIRECTION     S (180)
  AVERAGE WIND SPEED     7.2


SKY COVER
  POSSIBLE SUNSHINE  MM
  AVERAGE SKY COVER 0.6


WEATHER CONDITIONS
 THE FOLLOWING WEATHER WAS RECORDED TODAY.
  FOG
  HAZE


RELATIVE HUMIDITY (PERCENT)
 HIGHEST   100           100 AM
 LOWEST     54           400 PM
 AVERAGE    77

..........................................................


THE ALEXANDRIA CLIMATE NORMALS FOR TOMORROW
                         NORMAL    RECORD    YEAR
 MAXIMUM TEMPERATURE (F)   74        91      1907
 MINIMUM TEMPERATURE (F)   50        29      2013


SUNRISE AND SUNSET
MARCH 26 2017.........SUNRISE   706 AM CDT   SUNSET   726 PM CDT
MARCH 27 2017.........SUNRISE   705 AM CDT   SUNSET   727 PM CDT


-  INDICATES NEGATIVE NUMBERS.
R  INDICATES RECORD WAS SET OR TIED.
MM INDICATES DATA IS MISSING.
T  INDICATES TRACE AMOUNT.




$$
