000
CDUS44 KLCH 162228
CLIAEX


CLIMATE REPORT
NATIONAL WEATHER SERVICE LAKE CHARLES, LA
428 PM CST MON JAN 16 2017


...................................

...THE ALEXANDRIA CLIMATE SUMMARY FOR JANUARY 16 2017...
VALID TODAY AS OF 0400 PM LOCAL TIME.

CLIMATE NORMAL PERIOD 1981 TO 2010
CLIMATE RECORD PERIOD 1892 TO 2017


WEATHER ITEM   OBSERVED TIME   RECORD YEAR NORMAL DEPARTURE LAST
                VALUE   (LST)  VALUE       VALUE  FROM      YEAR
                                                  NORMAL
..................................................................
TEMPERATURE (F)
 TODAY
  MAXIMUM         75    359 PM  79    1935  59     16       59
                                      1907
                                      1906
  MINIMUM         61    158 AM  18    1972  38     23       37
                                      1905
  AVERAGE         68                        49     19       48

PRECIPITATION (IN)
  TODAY            0.03          1.83 2001   0.15  -0.12      T
  MONTH TO DATE    1.23                      2.42  -1.19     1.91
  SINCE DEC 1     10.28                      8.54   1.74     9.97
  SINCE JAN 1      1.23                      2.42  -1.19     1.91

SNOWFALL (IN)
  TODAY            0.0           T    1957  MM     MM       MM
                                      1948
  MONTH TO DATE    0.5                      MM     MM        0.0
  SINCE DEC 1      0.5                      MM     MM        0.0
  SINCE JUL 1      0.5                      MM     MM        0.0
  SNOW DEPTH       0

DEGREE DAYS
 HEATING
  TODAY            0                        16    -16       17
  MONTH TO DATE  176                       256    -80      273
  SINCE DEC 1    547                       720   -173      520
  SINCE JUL 1    722                      1045   -323      671
..................................................................


WIND (MPH)
  HIGHEST WIND SPEED    21   HIGHEST WIND DIRECTION     S (180)
  HIGHEST GUST SPEED    26   HIGHEST GUST DIRECTION     S (190)
  AVERAGE WIND SPEED    11.2


SKY COVER
  POSSIBLE SUNSHINE  MM
  AVERAGE SKY COVER 0.9


WEATHER CONDITIONS
 THE FOLLOWING WEATHER WAS RECORDED TODAY.
  LIGHT RAIN
  FOG


RELATIVE HUMIDITY (PERCENT)
 HIGHEST   100          1200 AM
 LOWEST     69           300 PM
 AVERAGE    85

..........................................................


THE ALEXANDRIA CLIMATE NORMALS FOR TOMORROW
                         NORMAL    RECORD    YEAR
 MAXIMUM TEMPERATURE (F)   59        79      1935
 MINIMUM TEMPERATURE (F)   38        14      1982


SUNRISE AND SUNSET
JANUARY 16 2017.......SUNRISE   709 AM CST   SUNSET   531 PM CST
JANUARY 17 2017.......SUNRISE   709 AM CST   SUNSET   532 PM CST


-  INDICATES NEGATIVE NUMBERS.
R  INDICATES RECORD WAS SET OR TIED.
MM INDICATES DATA IS MISSING.
T  INDICATES TRACE AMOUNT.




$$
