000
CDUS44 KLCH 061245
CLIAEX


CLIMATE REPORT
NATIONAL WEATHER SERVICE LAKE CHARLES, LA
745 AM CDT FRI MAY 6 2016


...................................

...THE ALEXANDRIA CLIMATE SUMMARY FOR MAY 5 2016...

CLIMATE NORMAL PERIOD 1981 TO 2010
CLIMATE RECORD PERIOD 1892 TO 2016


WEATHER ITEM   OBSERVED TIME   RECORD YEAR NORMAL DEPARTURE LAST
                VALUE   (LST)  VALUE       VALUE  FROM      YEAR
                                                  NORMAL
..................................................................
TEMPERATURE (F)
 YESTERDAY
  MAXIMUM         80    352 PM  94    1952  83     -3       85
  MINIMUM         53    539 AM  41    1954  61     -8       65
  AVERAGE         67                        72     -5       75

PRECIPITATION (IN)
  YESTERDAY        0.00          3.44 1960   0.15  -0.15      T
  MONTH TO DATE    0.82                      0.70   0.12     0.07
  SINCE MAR 1     13.02                     10.30   2.72    13.17
  SINCE JAN 1     19.50                     19.98  -0.48    18.27

DEGREE DAYS
 COOLING
  YESTERDAY        2                         7     -5       10
  MONTH TO DATE   18                        32    -14       35
  SINCE MAR 1    206                       174     32      231
  SINCE JAN 1    214                       191     23      232
..................................................................


WIND (MPH)
  HIGHEST WIND SPEED    17   HIGHEST WIND DIRECTION    NW (310)
  HIGHEST GUST SPEED    24   HIGHEST GUST DIRECTION    NW (300)
  AVERAGE WIND SPEED     7.0


SKY COVER
  POSSIBLE SUNSHINE  MM
  AVERAGE SKY COVER 0.0


WEATHER CONDITIONS
 THE FOLLOWING WEATHER WAS RECORDED YESTERDAY.
  NO SIGNIFICANT WEATHER WAS OBSERVED.


RELATIVE HUMIDITY (PERCENT)
 HIGHEST   100           500 AM
 LOWEST     29          1200 PM
 AVERAGE    65

..........................................................


THE ALEXANDRIA CLIMATE NORMALS FOR TODAY
                         NORMAL    RECORD    YEAR
 MAXIMUM TEMPERATURE (F)   83        95      1906
 MINIMUM TEMPERATURE (F)   61        38      1954


SUNRISE AND SUNSET
MAY  6 2016...........SUNRISE   620 AM CDT   SUNSET   753 PM CDT
MAY  7 2016...........SUNRISE   620 AM CDT   SUNSET   754 PM CDT


-  INDICATES NEGATIVE NUMBERS.
R  INDICATES RECORD WAS SET OR TIED.
MM INDICATES DATA IS MISSING.
T  INDICATES TRACE AMOUNT.




$$
