000
CDUS44 KLCH 081237
CLIAEX


CLIMATE REPORT
NATIONAL WEATHER SERVICE LAKE CHARLES, LA
636 AM CST MON FEB 8 2016


...................................

...THE ALEXANDRIA CLIMATE SUMMARY FOR FEBRUARY 7 2016...

CLIMATE NORMAL PERIOD 1981 TO 2010
CLIMATE RECORD PERIOD 1892 TO 2016


WEATHER ITEM   OBSERVED TIME   RECORD YEAR NORMAL DEPARTURE LAST
                VALUE   (LST)  VALUE       VALUE  FROM      YEAR
                                                  NORMAL
..................................................................
TEMPERATURE (F)
 YESTERDAY
  MAXIMUM         62    425 PM  81    1957  61      1       69
  MINIMUM         29    731 AM  15    1895  39    -10       33
  AVERAGE         46                        50     -4       51

PRECIPITATION (IN)
  YESTERDAY        0.00          3.52 1933   0.16  -0.16     0.00
  MONTH TO DATE    0.42                      1.08  -0.66     0.07
  SINCE DEC 1     12.26                     12.42  -0.16     6.17
  SINCE JAN 1      4.20                      6.30  -2.10     3.78

SNOWFALL (IN)
  YESTERDAY        0.0           T    1989  MM     MM        0.0
  MONTH TO DATE    0.0                      MM     MM        0.0
  SINCE DEC 1      0.0                      MM     MM        0.0
  SINCE JUL 1      0.0                      MM     MM        0.0
  SNOW DEPTH       0

DEGREE DAYS
 HEATING
  YESTERDAY       19                        15      4       14
  MONTH TO DATE  100                       107     -7      131
  SINCE DEC 1    853                      1073   -220     1092
  SINCE JUL 1   1004                      1398   -394     1485
..................................................................


WIND (MPH)
  HIGHEST WIND SPEED    14   HIGHEST WIND DIRECTION    SW (220)
  HIGHEST GUST SPEED    18   HIGHEST GUST DIRECTION    SW (220)
  AVERAGE WIND SPEED     4.3


SKY COVER
  POSSIBLE SUNSHINE  MM
  AVERAGE SKY COVER 0.1


WEATHER CONDITIONS
 THE FOLLOWING WEATHER WAS RECORDED YESTERDAY.
  FOG
  FOG W/VISIBILITY <= 1/4 MILE


RELATIVE HUMIDITY (PERCENT)
 HIGHEST   100           100 AM
 LOWEST     29           200 PM
 AVERAGE    65

..........................................................


THE ALEXANDRIA CLIMATE NORMALS FOR TODAY
                         NORMAL    RECORD    YEAR
 MAXIMUM TEMPERATURE (F)   61        82      1999
                                             1950
                                             1911
 MINIMUM TEMPERATURE (F)   40         9      1895


SUNRISE AND SUNSET
FEBRUARY  8 2016......SUNRISE   658 AM CST   SUNSET   551 PM CST
FEBRUARY  9 2016......SUNRISE   657 AM CST   SUNSET   552 PM CST


-  INDICATES NEGATIVE NUMBERS.
R  INDICATES RECORD WAS SET OR TIED.
MM INDICATES DATA IS MISSING.
T  INDICATES TRACE AMOUNT.




$$
