000
CDUS44 KLCH 252301
CLIAEX


CLIMATE REPORT
NATIONAL WEATHER SERVICE LAKE CHARLES, LA
601 PM CDT TUE JUL 25 2017


...................................

...THE ALEXANDRIA CLIMATE SUMMARY FOR JULY 25 2017...
VALID TODAY AS OF 0500 PM LOCAL TIME.

CLIMATE NORMAL PERIOD 1981 TO 2010
CLIMATE RECORD PERIOD 1892 TO 2017


WEATHER ITEM   OBSERVED TIME   RECORD YEAR NORMAL DEPARTURE LAST
                VALUE   (LST)  VALUE       VALUE  FROM      YEAR
                                                  NORMAL
..................................................................
TEMPERATURE (F)
 TODAY
  MAXIMUM         92    359 PM 102    1954  92      0       94
                                      1907
  MINIMUM         74    624 AM  61    1894  73      1       74
  AVERAGE         83                        83      0       84

PRECIPITATION (IN)
  TODAY            0.11          9.75 1933   0.08   0.03     0.47
  MONTH TO DATE    2.61                      3.14  -0.53     3.21
  SINCE JUN 1      8.50                      8.24   0.26     6.17
  SINCE JAN 1     33.21                     32.24   0.97    28.52

DEGREE DAYS
 COOLING
  TODAY           18                        18      0       19
  MONTH TO DATE  447                       432     15      485
  SINCE JUN 1    861                       885    -24      967
  SINCE JAN 1   1436                      1339     97     1434
..................................................................


WIND (MPH)
  HIGHEST WIND SPEED    10   HIGHEST WIND DIRECTION    SW (210)
  HIGHEST GUST SPEED    13   HIGHEST GUST DIRECTION    SW (220)
  AVERAGE WIND SPEED     3.6


SKY COVER
  POSSIBLE SUNSHINE  MM
  AVERAGE SKY COVER 0.3


WEATHER CONDITIONS
 THE FOLLOWING WEATHER WAS RECORDED TODAY.
  HEAVY RAIN
  LIGHT RAIN
  FOG
  HAZE


RELATIVE HUMIDITY (PERCENT)
 HIGHEST   100           400 AM
 LOWEST     56           200 PM
 AVERAGE    78

..........................................................


THE ALEXANDRIA CLIMATE NORMALS FOR TOMORROW
                         NORMAL    RECORD    YEAR
 MAXIMUM TEMPERATURE (F)   92       102      1925
                                             1907
 MINIMUM TEMPERATURE (F)   73        61      1911
                                             1894


SUNRISE AND SUNSET
JULY 25 2017..........SUNRISE   623 AM CDT   SUNSET   811 PM CDT
JULY 26 2017..........SUNRISE   623 AM CDT   SUNSET   810 PM CDT


-  INDICATES NEGATIVE NUMBERS.
R  INDICATES RECORD WAS SET OR TIED.
MM INDICATES DATA IS MISSING.
T  INDICATES TRACE AMOUNT.




$$
