000
CDUS44 KLCH 020839
CLIAEX


CLIMATE REPORT
NATIONAL WEATHER SERVICE LAKE CHARLES, LA
337 AM CDT THU JUL 2 2015


...................................

...THE ALEXANDRIA CLIMATE SUMMARY FOR JULY 1 2015...

CLIMATE NORMAL PERIOD 1981 TO 2010
CLIMATE RECORD PERIOD 1892 TO 2015


WEATHER ITEM   OBSERVED TIME   RECORD YEAR NORMAL DEPARTURE LAST
                VALUE   (LST)  VALUE       VALUE  FROM      YEAR
                                                  NORMAL
..................................................................
TEMPERATURE (F)
 YESTERDAY
  MAXIMUM         90    152 PM 104    1954  92     -2       92
  MINIMUM         69    536 AM  63    1950  72     -3       73
  AVERAGE         80                        82     -2       83

PRECIPITATION (IN)
  YESTERDAY        0.50          2.88 1945   0.18   0.32     0.00
  MONTH TO DATE    0.50                      0.18   0.32     0.00
  SINCE JUN 1      5.30                      5.28   0.02     2.88
  SINCE JAN 1     30.55                     29.28   1.27    21.10

DEGREE DAYS
 COOLING
  YESTERDAY       15                        17     -2       18
  MONTH TO DATE   15                        17     -2       18
  SINCE JUN 1    500                       470     30      491
  SINCE JAN 1   1022                       924     98      902
..................................................................


WIND (MPH)
  HIGHEST WIND SPEED    24   HIGHEST WIND DIRECTION    SW (210)
  HIGHEST GUST SPEED    31   HIGHEST GUST DIRECTION     S (180)
  AVERAGE WIND SPEED     5.4


SKY COVER
  POSSIBLE SUNSHINE  MM
  AVERAGE SKY COVER 0.1


WEATHER CONDITIONS
 THE FOLLOWING WEATHER WAS RECORDED YESTERDAY.
  THUNDERSTORM
  HEAVY RAIN
  RAIN
  LIGHT RAIN
  FOG


RELATIVE HUMIDITY (PERCENT)
 HIGHEST   100           100 AM
 LOWEST     59          1200 PM
 AVERAGE    80

..........................................................


THE ALEXANDRIA CLIMATE NORMALS FOR TODAY
                         NORMAL    RECORD    YEAR
 MAXIMUM TEMPERATURE (F)   92       102      2009
                                             1906
 MINIMUM TEMPERATURE (F)   72        61      1924


SUNRISE AND SUNSET
JULY  2 2015..........SUNRISE   610 AM CDT   SUNSET   819 PM CDT
JULY  3 2015..........SUNRISE   610 AM CDT   SUNSET   818 PM CDT


-  INDICATES NEGATIVE NUMBERS.
R  INDICATES RECORD WAS SET OR TIED.
MM INDICATES DATA IS MISSING.
T  INDICATES TRACE AMOUNT.




$$
