000
CDUS42 KCAE 090638
CLIAGS


CLIMATE REPORT
NATIONAL WEATHER SERVICE COLUMBIA SC
137 AM EST TUE FEB 9 2016


...................................

...THE AUGUSTA REGIONAL BUSH FIELD GA CLIMATE SUMMARY FOR FEBRUARY 8 2016...

CLIMATE NORMAL PERIOD 1981 TO 2010
CLIMATE RECORD PERIOD 1873 TO 2016


WEATHER ITEM   OBSERVED TIME   RECORD YEAR NORMAL DEPARTURE LAST
                VALUE   (LST)  VALUE       VALUE  FROM      YEAR
                                                  NORMAL
..................................................................
TEMPERATURE (F)
 YESTERDAY
  MAXIMUM         62    125 PM  81    1957  61      1       70
  MINIMUM         30    552 AM   8    1895  35     -5       28
  AVERAGE         46                        48     -2       49

PRECIPITATION (IN)
  YESTERDAY        T             1.80 1896   0.13  -0.13     0.00
  MONTH TO DATE    2.14                      1.05   1.09     0.23
  SINCE DEC 1     10.72                      8.35   2.37     6.54
  SINCE JAN 1      3.80                      4.96  -1.16     2.33

SNOWFALL (IN)
  YESTERDAY        0.0          MM      MM   0.0             0.0
  MONTH TO DATE    0.0                       0.1             0.0
  SINCE DEC 1      0.5                       0.6             0.0
  SINCE JUL 1      0.5                       0.6             0.0

DEGREE DAYS
 HEATING
  YESTERDAY       19                        17      2       16
  MONTH TO DATE  100                       142    -42      164
  SINCE DEC 1    954                      1305   -351     1271
  SINCE JUL 1   1241                      1727   -486     1835

 COOLING
  YESTERDAY        0                         0      0        0
  MONTH TO DATE    3                         0      3        0
  SINCE DEC 1     50                         4     46        0
  SINCE JAN 1      3                         1      2        0
..................................................................


WIND (MPH)
  HIGHEST WIND SPEED    25   HIGHEST WIND DIRECTION    NW (310)
  HIGHEST GUST SPEED    32   HIGHEST GUST DIRECTION    NW (310)
  AVERAGE WIND SPEED     7.3


SKY COVER
  AVERAGE SKY COVER 0.2


WEATHER CONDITIONS
 THE FOLLOWING WEATHER WAS RECORDED YESTERDAY.
  NO SIGNIFICANT WEATHER WAS OBSERVED.


RELATIVE HUMIDITY (PERCENT)
 HIGHEST    79           800 PM
 LOWEST     32           100 PM
 AVERAGE    56

..........................................................


THE AUGUSTA REGIONAL BUSH FIELD GA CLIMATE NORMALS FOR TODAY
                         NORMAL    RECORD    YEAR
 MAXIMUM TEMPERATURE (F)   61        81      1957
 MINIMUM TEMPERATURE (F)   35        13      1895


SUNRISE AND SUNSET
FEBRUARY  9 2016......SUNRISE   718 AM EST   SUNSET   607 PM EST
FEBRUARY 10 2016......SUNRISE   717 AM EST   SUNSET   608 PM EST


-  INDICATES NEGATIVE NUMBERS.
R  INDICATES RECORD WAS SET OR TIED.
MM INDICATES DATA IS MISSING.
T  INDICATES TRACE AMOUNT.




$$
