000
CDUS42 KCAE 280628
CLIAGS


CLIMATE REPORT
NATIONAL WEATHER SERVICE COLUMBIA SC
228 AM EDT SAT MAY 28 2016


...................................

...THE AUGUSTA REGIONAL BUSH FIELD GA CLIMATE SUMMARY FOR MAY 27 2016...

CLIMATE NORMAL PERIOD 1981 TO 2010
CLIMATE RECORD PERIOD 1873 TO 2016


WEATHER ITEM   OBSERVED TIME   RECORD YEAR NORMAL DEPARTURE LAST
                VALUE   (LST)  VALUE       VALUE  FROM      YEAR
                                                  NORMAL
..................................................................
TEMPERATURE (F)
 YESTERDAY
  MAXIMUM         87    501 PM  99    2000  88     -1       88
                                      1916
  MINIMUM         60    536 AM  45    1979  61     -1       66
  AVERAGE         74                        74      0       77

PRECIPITATION (IN)
  YESTERDAY        0.00          2.01 1966   0.11  -0.11      T
  MONTH TO DATE    3.02                      2.19   0.83     0.93
  SINCE MAR 1     10.62                      9.21   1.41     8.83
  SINCE JAN 1     16.04                     17.04  -1.00    15.63

SNOWFALL (IN)
  YESTERDAY        0.0          MM      MM   0.0             0.0
  MONTH TO DATE    0.0                       0.0             0.0
  SINCE MAR 1      0.0                       0.0             0.0
  SINCE JUL 1      0.5                       0.9              T

DEGREE DAYS
 HEATING
  YESTERDAY        0                         0      0        0
  MONTH TO DATE   13                        18     -5       10
  SINCE MAR 1    279                       438   -159      277
  SINCE JUL 1   1856                      2470   -614     2563

 COOLING
  YESTERDAY        9                        10     -1       12
  MONTH TO DATE  160                       170    -10      200
  SINCE MAR 1    275                       240     35      314
  SINCE JAN 1    278                       243     35      314
..................................................................


WIND (MPH)
  HIGHEST WIND SPEED    14   HIGHEST WIND DIRECTION    SE (130)
  HIGHEST GUST SPEED    16   HIGHEST GUST DIRECTION    SE (130)
  AVERAGE WIND SPEED     4.1


SKY COVER
  AVERAGE SKY COVER 0.2


WEATHER CONDITIONS
 THE FOLLOWING WEATHER WAS RECORDED YESTERDAY.
  NO SIGNIFICANT WEATHER WAS OBSERVED.


RELATIVE HUMIDITY (PERCENT)
 HIGHEST   100           600 AM
 LOWEST     40           500 PM
 AVERAGE    70

..........................................................


THE AUGUSTA REGIONAL BUSH FIELD GA CLIMATE NORMALS FOR TODAY
                         NORMAL    RECORD    YEAR
 MAXIMUM TEMPERATURE (F)   88        99      1964
 MINIMUM TEMPERATURE (F)   61        45      1961


SUNRISE AND SUNSET
MAY 28 2016...........SUNRISE   620 AM EDT   SUNSET   830 PM EDT
MAY 29 2016...........SUNRISE   620 AM EDT   SUNSET   831 PM EDT


-  INDICATES NEGATIVE NUMBERS.
R  INDICATES RECORD WAS SET OR TIED.
MM INDICATES DATA IS MISSING.
T  INDICATES TRACE AMOUNT.




$$
