000
CDUS42 KCAE 220642
CLIAGS


CLIMATE REPORT
NATIONAL WEATHER SERVICE COLUMBIA SC
141 AM EST SAT NOV 22 2014


...................................

...THE AUGUSTA REGIONAL BUSH FIELD GA CLIMATE SUMMARY FOR NOVEMBER 21 2014...

CLIMATE NORMAL PERIOD 1981 TO 2010
CLIMATE RECORD PERIOD 1873 TO 2014


WEATHER ITEM   OBSERVED TIME   RECORD YEAR NORMAL DEPARTURE LAST
                VALUE   (LST)  VALUE       VALUE  FROM      YEAR
                                                  NORMAL
..................................................................
TEMPERATURE (F)
 YESTERDAY
  MAXIMUM         67    349 PM  82    1942  68     -1       58
  MINIMUM         27    648 AM  19    1951  40    -13       51
  AVERAGE         47                        54     -7       55

PRECIPITATION (IN)
  YESTERDAY        0.00          3.07 1877   0.10  -0.10      T
  MONTH TO DATE    0.73                      1.90  -1.17     0.94
  SINCE SEP 1      3.60                      8.39  -4.79     2.42
  SINCE JAN 1     32.02                     39.26  -7.24    47.74

SNOWFALL (IN)
  YESTERDAY        0.0          MM      MM   0.0             0.0
  MONTH TO DATE    0.0                       0.0             0.0
  SINCE SEP 1      0.0                       0.0             0.0
  SINCE JUL 1      0.0                       0.0             0.0

DEGREE DAYS
 HEATING
  YESTERDAY       18                        12      6       10
  MONTH TO DATE  342                       191    151      216
  SINCE SEP 1    433                       305    128      292
  SINCE JUL 1    433                       305    128      292

 COOLING
  YESTERDAY        0                         0      0        0
  MONTH TO DATE    3                        15    -12       10
  SINCE SEP 1    444                       397     47      390
  SINCE JAN 1   2095                      2085     10     1865
..................................................................


WIND (MPH)
  HIGHEST WIND SPEED    12   HIGHEST WIND DIRECTION     N (340)
  HIGHEST GUST SPEED    19   HIGHEST GUST DIRECTION     N (360)
  AVERAGE WIND SPEED     1.8


SKY COVER
  AVERAGE SKY COVER 0.0


WEATHER CONDITIONS
 THE FOLLOWING WEATHER WAS RECORDED YESTERDAY.
  FOG
  FOG W/VISIBILITY <= 1/4 MILE


RELATIVE HUMIDITY (PERCENT)
 HIGHEST   100           200 AM
 LOWEST     22           200 PM
 AVERAGE    61

..........................................................


THE AUGUSTA REGIONAL BUSH FIELD GA CLIMATE NORMALS FOR TODAY
                         NORMAL    RECORD    YEAR
 MAXIMUM TEMPERATURE (F)   67        82      2011
 MINIMUM TEMPERATURE (F)   40        18      2008


SUNRISE AND SUNSET
NOVEMBER 22 2014......SUNRISE   706 AM EST   SUNSET   522 PM EST
NOVEMBER 23 2014......SUNRISE   706 AM EST   SUNSET   522 PM EST


-  INDICATES NEGATIVE NUMBERS.
R  INDICATES RECORD WAS SET OR TIED.
MM INDICATES DATA IS MISSING.
T  INDICATES TRACE AMOUNT.




$$
