000
CDUS42 KCAE 240604
CLIAGS


CLIMATE REPORT
NATIONAL WEATHER SERVICE COLUMBIA SC
204 AM EDT FRI MAR 24 2017


...................................

...THE AUGUSTA REGIONAL BUSH FIELD GA CLIMATE SUMMARY FOR MARCH 23 2017...

CLIMATE NORMAL PERIOD 1981 TO 2010
CLIMATE RECORD PERIOD 1873 TO 2017


WEATHER ITEM   OBSERVED TIME   RECORD YEAR NORMAL DEPARTURE LAST
                VALUE   (LST)  VALUE       VALUE  FROM      YEAR
                                                  NORMAL
..................................................................
TEMPERATURE (F)
 YESTERDAY
  MAXIMUM         69    431 PM  93    1907  72     -3       76
  MINIMUM         47    548 AM  26    1996  43      4       35
                                      1986
  AVERAGE         58                        58      0       56

PRECIPITATION (IN)
  YESTERDAY        0.00          2.50 1948   0.12  -0.12     0.00
  MONTH TO DATE    1.48                      3.17  -1.69     1.48
  SINCE MAR 1      1.48                      3.17  -1.69     1.48
  SINCE JAN 1     13.72                     11.00   2.72     6.90

SNOWFALL (IN)
  YESTERDAY        0.0          MM      MM   0.0             0.0
  MONTH TO DATE    0.0                       0.0             0.0
  SINCE MAR 1      0.0                       0.0             0.0
  SINCE JUL 1      T                         0.9             0.5

DEGREE DAYS
 HEATING
  YESTERDAY        7                         8     -1        9
  MONTH TO DATE  236                       239     -3      154
  SINCE MAR 1    236                       239     -3      154
  SINCE JUL 1   1371                      2271   -900     1731

 COOLING
  YESTERDAY        0                         1     -1        0
  MONTH TO DATE   12                         9      3       39
  SINCE MAR 1     12                         9      3       39
  SINCE JAN 1     42                        12     30       42
..................................................................


WIND (MPH)
  HIGHEST WIND SPEED    17   HIGHEST WIND DIRECTION     E (80)
  HIGHEST GUST SPEED    23   HIGHEST GUST DIRECTION     E (80)
  AVERAGE WIND SPEED     7.9


SKY COVER
  AVERAGE SKY COVER 0.3


WEATHER CONDITIONS
 THE FOLLOWING WEATHER WAS RECORDED YESTERDAY.
  NO SIGNIFICANT WEATHER WAS OBSERVED.


RELATIVE HUMIDITY (PERCENT)
 HIGHEST    71           500 AM
 LOWEST     24           200 PM
 AVERAGE    48

..........................................................


THE AUGUSTA REGIONAL BUSH FIELD GA CLIMATE NORMALS FOR TODAY
                         NORMAL    RECORD    YEAR
 MAXIMUM TEMPERATURE (F)   72        92      1929
 MINIMUM TEMPERATURE (F)   44        26      1885


SUNRISE AND SUNSET
MARCH 24 2017.........SUNRISE   726 AM EDT   SUNSET   743 PM EDT
MARCH 25 2017.........SUNRISE   725 AM EDT   SUNSET   743 PM EDT


-  INDICATES NEGATIVE NUMBERS.
R  INDICATES RECORD WAS SET OR TIED.
MM INDICATES DATA IS MISSING.
T  INDICATES TRACE AMOUNT.




$$
