000
CDUS42 KCAE 190617
CLIAGS


CLIMATE REPORT
NATIONAL WEATHER SERVICE COLUMBIA SC
116 AM EST MON FEB 19 2018


...................................

...THE AUGUSTA REGIONAL BUSH FIELD GA CLIMATE SUMMARY FOR FEBRUARY 18 2018...

CLIMATE NORMAL PERIOD 1981 TO 2010
CLIMATE RECORD PERIOD 1873 TO 2018


WEATHER ITEM   OBSERVED TIME   RECORD YEAR NORMAL DEPARTURE LAST
                VALUE   (LST)  VALUE       VALUE  FROM      YEAR
                                                  NORMAL
..................................................................
TEMPERATURE (F)
 YESTERDAY
  MAXIMUM         70    154 PM  82    1891  63      7       65
  MINIMUM         54    131 AM  12    1958  36     18       44
  AVERAGE         62                        50     12       55

PRECIPITATION (IN)
  YESTERDAY        0.01          2.24 1995   0.15  -0.14     0.01
  MONTH TO DATE    1.45                      2.46  -1.01     1.89
  SINCE DEC 1      7.65                      9.76  -2.11    16.43
  SINCE JAN 1      3.54                      6.37  -2.83    12.02

SNOWFALL (IN)
  YESTERDAY        0.0           3.4  1979   0.1             0.0
  MONTH TO DATE    0.0                       0.3             0.0
  SINCE DEC 1      T                         0.8              T
  SINCE JUL 1      T                         0.8              T

DEGREE DAYS
 HEATING
  YESTERDAY        3                        15    -12       10
  MONTH TO DATE  158                       305   -147      161
  SINCE DEC 1   1301                      1468   -167      827
  SINCE JUL 1   1666                      1890   -224     1098

 COOLING
  YESTERDAY        0                         0      0        0
  MONTH TO DATE   14                         0     14        6
  SINCE DEC 1     16                         4     12       27
  SINCE JAN 1     16                         1     15       20
..................................................................


WIND (MPH)
  HIGHEST WIND SPEED    16   HIGHEST WIND DIRECTION     N (340)
  HIGHEST GUST SPEED    20   HIGHEST GUST DIRECTION     N (350)
  AVERAGE WIND SPEED     5.6


SKY COVER
  AVERAGE SKY COVER 1.0


WEATHER CONDITIONS
 THE FOLLOWING WEATHER WAS RECORDED YESTERDAY.
  LIGHT RAIN
  FOG


RELATIVE HUMIDITY (PERCENT)
 HIGHEST   100          1200 AM
 LOWEST     47           200 PM
 AVERAGE    74

..........................................................


THE AUGUSTA REGIONAL BUSH FIELD GA CLIMATE NORMALS FOR TODAY
                         NORMAL    RECORD    YEAR
 MAXIMUM TEMPERATURE (F)   63        82      1956
 MINIMUM TEMPERATURE (F)   37        16      1958


SUNRISE AND SUNSET
FEBRUARY 19 2018......SUNRISE   708 AM EST   SUNSET   616 PM EST
FEBRUARY 20 2018......SUNRISE   706 AM EST   SUNSET   617 PM EST


-  INDICATES NEGATIVE NUMBERS.
R  INDICATES RECORD WAS SET OR TIED.
MM INDICATES DATA IS MISSING.
T  INDICATES TRACE AMOUNT.




$$
