000
CDUS42 KCAE 030534
CLIAGS


CLIMATE REPORT
NATIONAL WEATHER SERVICE COLUMBIA SC
134 AM EDT TUE MAY 3 2016


...................................

...THE AUGUSTA REGIONAL BUSH FIELD GA CLIMATE SUMMARY FOR MAY 2 2016...

CLIMATE NORMAL PERIOD 1981 TO 2010
CLIMATE RECORD PERIOD 1873 TO 2016


WEATHER ITEM   OBSERVED TIME   RECORD YEAR NORMAL DEPARTURE LAST
                VALUE   (LST)  VALUE       VALUE  FROM      YEAR
                                                  NORMAL
..................................................................
TEMPERATURE (F)
 YESTERDAY
  MAXIMUM         89    136 PM  94    2010  81      8       79
                                      1990
  MINIMUM         64    516 AM  35    1963  53     11       42
  AVERAGE         77                        67     10       61

PRECIPITATION (IN)
  YESTERDAY        0.57          3.53 1964   0.08   0.49     0.00
  MONTH TO DATE    0.57                      0.15   0.42     0.00
  SINCE MAR 1      8.17                      7.17   1.00     7.90
  SINCE JAN 1     13.59                     15.00  -1.41    14.70

SNOWFALL (IN)
  YESTERDAY        0.0          MM      MM   0.0             0.0
  MONTH TO DATE    0.0                       0.0             0.0
  SINCE MAR 1      0.0                       0.0             0.0
  SINCE JUL 1      0.5                       0.9              T

DEGREE DAYS
 HEATING
  YESTERDAY        0                         2     -2        4
  MONTH TO DATE    0                         4     -4        9
  SINCE MAR 1    266                       424   -158      276
  SINCE JUL 1   1843                      2456   -613     2562

 COOLING
  YESTERDAY       12                         4      8        0
  MONTH TO DATE   25                         7     18        0
  SINCE MAR 1    140                        77     63      114
  SINCE JAN 1    143                        80     63      114
..................................................................


WIND (MPH)
  HIGHEST WIND SPEED    22   HIGHEST WIND DIRECTION     W (260)
  HIGHEST GUST SPEED    32   HIGHEST GUST DIRECTION     W (270)
  AVERAGE WIND SPEED     4.6


SKY COVER
  AVERAGE SKY COVER 0.2


WEATHER CONDITIONS
 THE FOLLOWING WEATHER WAS RECORDED YESTERDAY.
  THUNDERSTORM
  HEAVY RAIN
  RAIN
  LIGHT RAIN
  FOG
  HAZE


RELATIVE HUMIDITY (PERCENT)
 HIGHEST   100           200 AM
 LOWEST     44           100 PM
 AVERAGE    72

..........................................................


THE AUGUSTA REGIONAL BUSH FIELD GA CLIMATE NORMALS FOR TODAY
                         NORMAL    RECORD    YEAR
 MAXIMUM TEMPERATURE (F)   82        95      1959
 MINIMUM TEMPERATURE (F)   53        41      1999
                                             1995
                                             1981


SUNRISE AND SUNSET
MAY  3 2016...........SUNRISE   637 AM EDT   SUNSET   812 PM EDT
MAY  4 2016...........SUNRISE   636 AM EDT   SUNSET   813 PM EDT


-  INDICATES NEGATIVE NUMBERS.
R  INDICATES RECORD WAS SET OR TIED.
MM INDICATES DATA IS MISSING.
T  INDICATES TRACE AMOUNT.




$$
