000
CDUS42 KFFC 230817
CLIAHN


CLIMATE REPORT
NATIONAL WEATHER SERVICE PEACHTREE CITY GA
417 AM EDT SAT AUG 23 2014


...................................

...THE ATHENS CLIMATE SUMMARY FOR AUGUST 22 2014...

CLIMATE NORMAL PERIOD 1981 TO 2010
CLIMATE RECORD PERIOD 1898 TO 2014


WEATHER ITEM   OBSERVED TIME   RECORD YEAR NORMAL DEPARTURE LAST
                VALUE   (LST)  VALUE       VALUE  FROM      YEAR
                                                  NORMAL
..................................................................
TEMPERATURE (F)
 YESTERDAY
  MAXIMUM         97    107 PM 106    2007  90      7       89
                                      1983
  MINIMUM         71    611 AM  54    1918  69      2       68
  AVERAGE         84                        79      5       79

PRECIPITATION (IN)
  YESTERDAY        0.00          2.97 1969   0.11  -0.11     0.00
  MONTH TO DATE    1.42                      2.60  -1.18     4.52
  SINCE JUN 1      9.38                     11.25  -1.87    21.92
  SINCE JAN 1     29.02                     30.36  -1.34    45.00

DEGREE DAYS
 COOLING
  YESTERDAY       19                        14      5       14
  MONTH TO DATE  315                       329    -14      269
  SINCE JUN 1   1182                      1191     -9     1039
  SINCE JAN 1   1452                      1431     21     1218
..................................................................


WIND (MPH)
  RESULTANT WIND SPEED   4   RESULTANT WIND DIRECTION  NW (310)
  HIGHEST WIND SPEED    13   HIGHEST WIND DIRECTION    NW (320)
  HIGHEST GUST SPEED    21   HIGHEST GUST DIRECTION    NW (310)
  AVERAGE WIND SPEED     4.1


SKY COVER
  POSSIBLE SUNSHINE  MM
  AVERAGE SKY COVER 0.1


WEATHER CONDITIONS
 THE FOLLOWING WEATHER WAS RECORDED YESTERDAY.
  FOG


RELATIVE HUMIDITY (PERCENT)
 HIGHEST    93          1200 AM
 LOWEST     42           100 PM
 AVERAGE    68

..........................................................


THE ATHENS CLIMATE NORMALS FOR TODAY
                         NORMAL    RECORD    YEAR
 MAXIMUM TEMPERATURE (F)   89       105      1983
 MINIMUM TEMPERATURE (F)   69        56      1930


SUNRISE AND SUNSET
AUGUST 23 2014........SUNRISE   701 AM EDT   SUNSET   811 PM EDT
AUGUST 24 2014........SUNRISE   701 AM EDT   SUNSET   809 PM EDT


-  INDICATES NEGATIVE NUMBERS.
R  INDICATES RECORD WAS SET OR TIED.
MM INDICATES DATA IS MISSING.
T  INDICATES TRACE AMOUNT.




$$
