000
CDUS42 KFFC 052037
CLIAHN


CLIMATE REPORT
NATIONAL WEATHER SERVICE PEACHTREE CITY GA
437 PM EDT SUN JUL 5 2015


...................................

...THE ATHENS CLIMATE SUMMARY FOR JULY 5 2015...
VALID TODAY AS OF 0400 PM LOCAL TIME.

CLIMATE NORMAL PERIOD 1981 TO 2010
CLIMATE RECORD PERIOD 1898 TO 2015


WEATHER ITEM   OBSERVED TIME   RECORD YEAR NORMAL DEPARTURE LAST
                VALUE   (LST)  VALUE       VALUE  FROM      YEAR
                                                  NORMAL
..................................................................
TEMPERATURE (F)
 TODAY
  MAXIMUM         85    301 PM 101    1954  91     -6       89
  MINIMUM         69    556 AM  58    1933  69      0       65
  AVERAGE         77                        80     -3       77

PRECIPITATION (IN)
  TODAY            0.01          2.14 1968   0.14  -0.13     0.00
  MONTH TO DATE    3.38                      0.72   2.66     0.00
  SINCE JUN 1      6.14                      4.90   1.24     3.74
  SINCE JAN 1     26.54                     24.01   2.53    23.38

DEGREE DAYS
 HEATING
  TODAY            0                         0      0        0
  MONTH TO DATE    0                         0      0        0
  SINCE JUN 1      0                         1     -1        0
  SINCE JUL 1      0                         0      0        0

 COOLING
  TODAY           12                        15     -3       12
  MONTH TO DATE   58                        75    -17       78
  SINCE JUN 1    528                       453     75      496
  SINCE JAN 1    853                       693    160      766
..................................................................


WIND (MPH)
  HIGHEST WIND SPEED    13   HIGHEST WIND DIRECTION    SW (230)
  HIGHEST GUST SPEED    19   HIGHEST GUST DIRECTION    SW (240)
  AVERAGE WIND SPEED     4.7


SKY COVER
  AVERAGE SKY COVER 0.5


WEATHER CONDITIONS
 THE FOLLOWING WEATHER WAS RECORDED TODAY.
  NO SIGNIFICANT WEATHER WAS OBSERVED.


RELATIVE HUMIDITY (PERCENT)
 HIGHEST    93          1200 AM
 LOWEST     58           300 PM
 AVERAGE    76

..........................................................


THE ATHENS CLIMATE NORMALS FOR TOMORROW
                         NORMAL    RECORD    YEAR
 MAXIMUM TEMPERATURE (F)   91       102      1930
 MINIMUM TEMPERATURE (F)   70        57      1933


SUNRISE AND SUNSET
JULY  5 2015..........SUNRISE   628 AM EDT   SUNSET   848 PM EDT
JULY  6 2015..........SUNRISE   628 AM EDT   SUNSET   848 PM EDT


-  INDICATES NEGATIVE NUMBERS.
R  INDICATES RECORD WAS SET OR TIED.
MM INDICATES DATA IS MISSING.
T  INDICATES TRACE AMOUNT.




$$
