000
CDUS42 KFFC 180916
CLIAHN


CLIMATE REPORT
NATIONAL WEATHER SERVICE PEACHTREE CITY GA
416 AM EST MON DEC 18 2017


...................................

...THE ATHENS CLIMATE SUMMARY FOR DECEMBER 17 2017...

CLIMATE NORMAL PERIOD 1981 TO 2010
CLIMATE RECORD PERIOD 1898 TO 2017


WEATHER ITEM   OBSERVED TIME   RECORD YEAR NORMAL DEPARTURE LAST
                VALUE   (LST)  VALUE       VALUE  FROM      YEAR
                                                  NORMAL
..................................................................
TEMPERATURE (F)
 YESTERDAY
  MAXIMUM         53    141 PM  77    1933  55     -2       50
                                      1924
  MINIMUM         28    421 AM  14    1943  35     -7       34
  AVERAGE         41                        45     -4       42

PRECIPITATION (IN)
  YESTERDAY        0.06          2.01 2015   0.12  -0.06      T
  MONTH TO DATE    1.01                      2.09  -1.08     1.96
  SINCE DEC 1      1.01                      2.09  -1.08     1.96
  SINCE JAN 1     54.12                     44.69   9.43    36.42

SNOWFALL (IN)
  YESTERDAY        0.0           0.0  2001   0.0    0.0     MM
  MONTH TO DATE    T                         0.0    0.0      0.0
  SINCE DEC 1      T                         0.0    0.0      0.0
  SINCE JUL 1      T                         0.0    0.0      0.0
  SNOW DEPTH       0

DEGREE DAYS
 HEATING
  YESTERDAY       24                        20      4       23
  MONTH TO DATE  317                       313      4      352
  SINCE DEC 1    317                       313      4      352
  SINCE JUL 1    775                       793    -18      638
..................................................................


WIND (MPH)
  RESULTANT WIND SPEED   0   RESULTANT WIND DIRECTION  NE (60)
  HIGHEST WIND SPEED     7   HIGHEST WIND DIRECTION     E (100)
  HIGHEST GUST SPEED     9   HIGHEST GUST DIRECTION     S (160)
  AVERAGE WIND SPEED     1.4


SKY COVER
  POSSIBLE SUNSHINE  MM
  AVERAGE SKY COVER 0.5


WEATHER CONDITIONS
 THE FOLLOWING WEATHER WAS RECORDED YESTERDAY.
  LIGHT RAIN
  FOG
  HAZE


RELATIVE HUMIDITY (PERCENT)
 HIGHEST   100           700 PM
 LOWEST     41           100 PM
 AVERAGE    71

..........................................................


THE ATHENS CLIMATE NORMALS FOR TODAY
                         NORMAL    RECORD    YEAR
 MAXIMUM TEMPERATURE (F)   55        79      1984
 MINIMUM TEMPERATURE (F)   34        13      1953


SUNRISE AND SUNSET
DECEMBER 18 2017......SUNRISE   733 AM EST   SUNSET   527 PM EST
DECEMBER 19 2017......SUNRISE   734 AM EST   SUNSET   527 PM EST


-  INDICATES NEGATIVE NUMBERS.
R  INDICATES RECORD WAS SET OR TIED.
MM INDICATES DATA IS MISSING.
T  INDICATES TRACE AMOUNT.




$$
