000
CDUS42 KFFC 280822
CLIAHN


CLIMATE REPORT
NATIONAL WEATHER SERVICE PEACHTREE CITY GA
421 AM EDT FRI AUG 28 2015


...................................

...THE ATHENS CLIMATE SUMMARY FOR AUGUST 27 2015...

CLIMATE NORMAL PERIOD 1981 TO 2010
CLIMATE RECORD PERIOD 1898 TO 2015


WEATHER ITEM   OBSERVED TIME   RECORD YEAR NORMAL DEPARTURE LAST
                VALUE   (LST)  VALUE       VALUE  FROM      YEAR
                                                  NORMAL
..................................................................
TEMPERATURE (F)
 YESTERDAY
  MAXIMUM         85    417 PM 100    1954  89     -4       92
                                      1924
  MINIMUM         67    609 AM  56    1942  68     -1       62
                                      1919
  AVERAGE         76                        79     -3       77

PRECIPITATION (IN)
  YESTERDAY        0.00          1.71 1975   0.10  -0.10     0.00
  MONTH TO DATE    6.21                      3.12   3.09     1.42
  SINCE JUN 1     14.05                     11.77   2.28     9.38
  SINCE JAN 1     34.45                     30.88   3.57    29.02

DEGREE DAYS
 COOLING
  YESTERDAY       11                        14     -3       12
  MONTH TO DATE  426                       399     27      385
  SINCE JUN 1   1432                      1261    171     1252
  SINCE JAN 1   1757                      1501    256     1522
..................................................................


WIND (MPH)
  RESULTANT WIND SPEED   6   RESULTANT WIND DIRECTION  NE (60)
  HIGHEST WIND SPEED    16   HIGHEST WIND DIRECTION    NE (60)
  HIGHEST GUST SPEED    22   HIGHEST GUST DIRECTION    NE (60)
  AVERAGE WIND SPEED     6.7


SKY COVER
  POSSIBLE SUNSHINE  MM
  AVERAGE SKY COVER 0.2


WEATHER CONDITIONS
 THE FOLLOWING WEATHER WAS RECORDED YESTERDAY.
  NO SIGNIFICANT WEATHER WAS OBSERVED.


RELATIVE HUMIDITY (PERCENT)
 HIGHEST    90          1200 AM
 LOWEST     55           300 PM
 AVERAGE    73

..........................................................


THE ATHENS CLIMATE NORMALS FOR TODAY
                         NORMAL    RECORD    YEAR
 MAXIMUM TEMPERATURE (F)   89       104      1924
 MINIMUM TEMPERATURE (F)   68        56      1922
                                             1904


SUNRISE AND SUNSET
AUGUST 28 2015........SUNRISE   704 AM EDT   SUNSET   805 PM EDT
AUGUST 29 2015........SUNRISE   705 AM EDT   SUNSET   803 PM EDT


-  INDICATES NEGATIVE NUMBERS.
R  INDICATES RECORD WAS SET OR TIED.
MM INDICATES DATA IS MISSING.
T  INDICATES TRACE AMOUNT.




$$
