000
CDUS42 KFFC 302210
CLIAHN


CLIMATE REPORT
NATIONAL WEATHER SERVICE PEACHTREE CITY GA
509 PM EST FRI JAN 30 2015


...................................

...THE ATHENS CLIMATE SUMMARY FOR JANUARY 30 2015...
VALID TODAY AS OF 0500 PM LOCAL TIME.

CLIMATE NORMAL PERIOD 1981 TO 2010
CLIMATE RECORD PERIOD 1898 TO 2015


WEATHER ITEM   OBSERVED TIME   RECORD YEAR NORMAL DEPARTURE LAST
                VALUE   (LST)  VALUE       VALUE  FROM      YEAR
                                                  NORMAL
..................................................................
TEMPERATURE (F)
 TODAY
  MAXIMUM         54    259 PM  80    1975  55     -1       41
  MINIMUM         37    758 AM  -1    1966  34      3       13
  AVERAGE         46                        44      2       27

PRECIPITATION (IN)
  TODAY            0.00          1.74 1960   0.14  -0.14     0.00
  MONTH TO DATE    2.98                      3.90  -0.92     4.68
  SINCE DEC 1      7.67                      7.63   0.04    12.30
  SINCE JAN 1      2.98                      3.90  -0.92     4.68

SNOWFALL (IN)
  TODAY            0.0           0.0  2002   0.1   -0.1      0.0
  MONTH TO DATE    0.0                       1.4   -1.4      1.8
  SINCE DEC 1      0.0                       1.5   -1.5      1.8
  SINCE JUL 1      0.0                       1.5   -1.5      1.8
  SNOW DEPTH       0

DEGREE DAYS
 HEATING
  TODAY           19                        21     -2       38
  MONTH TO DATE  680                       649     31      836
  SINCE DEC 1   1183                      1259    -76     1375
  SINCE JUL 1   1796                      1739     57     1937

 COOLING
  TODAY            0                         0      0        0
  MONTH TO DATE    0                         0      0        0
  SINCE DEC 1      0                         1     -1        6
  SINCE JAN 1      0                         0      0        0
..................................................................


WIND (MPH)
  HIGHEST WIND SPEED    20   HIGHEST WIND DIRECTION    NW (320)
  HIGHEST GUST SPEED    32   HIGHEST GUST DIRECTION    NW (320)
  AVERAGE WIND SPEED    11.6


SKY COVER
  AVERAGE SKY COVER 0.3


WEATHER CONDITIONS
 THE FOLLOWING WEATHER WAS RECORDED TODAY.
  NO SIGNIFICANT WEATHER WAS OBSERVED.


RELATIVE HUMIDITY (PERCENT)
 HIGHEST    65           400 AM
 LOWEST     24           400 PM
 AVERAGE    45

..........................................................


THE ATHENS CLIMATE NORMALS FOR TOMORROW
                         NORMAL    RECORD    YEAR
 MAXIMUM TEMPERATURE (F)   55        77      1975
 MINIMUM TEMPERATURE (F)   34         8      1936


SUNRISE AND SUNSET
JANUARY 30 2015.......SUNRISE   732 AM EST   SUNSET   602 PM EST
JANUARY 31 2015.......SUNRISE   731 AM EST   SUNSET   603 PM EST


-  INDICATES NEGATIVE NUMBERS.
R  INDICATES RECORD WAS SET OR TIED.
MM INDICATES DATA IS MISSING.
T  INDICATES TRACE AMOUNT.




$$
