000
CDUS42 KFFC 030032
CLIAHN


CLIMATE REPORT
NATIONAL WEATHER SERVICE PEACHTREE CITY GA
831 PM EDT TUE SEP 2 2014


...................................

...THE ATHENS CLIMATE SUMMARY FOR SEPTEMBER 2 2014...
VALID AS OF 0800 PM LOCAL TIME.

CLIMATE NORMAL PERIOD 1981 TO 2010
CLIMATE RECORD PERIOD 1898 TO 2014


WEATHER ITEM   OBSERVED TIME   RECORD YEAR NORMAL DEPARTURE LAST
                VALUE   (LST)  VALUE       VALUE  FROM      YEAR
                                                  NORMAL
..................................................................
TEMPERATURE (F)
 TODAY
  MAXIMUM         97    240 PM  99    1957  88      9       85
                                      1925
                                      1921
  MINIMUM         70    509 AM  55    1967  67      3       70
  AVERAGE         84                        77      7       78

PRECIPITATION (IN)
  TODAY            0.00          4.00 1970   0.11  -0.11     0.00
  MONTH TO DATE    T                         0.22  -0.22     0.34
  SINCE SEP 1      T                         0.22  -0.22     0.34
  SINCE JAN 1     29.49                     31.51  -2.02    46.50

SNOWFALL (IN)
  TODAY            0.0          90.0  2001   0.0    0.0      0.0
  MONTH TO DATE    0.0                       0.0    0.0      0.0
  SINCE SEP 1      0.0                       0.0    0.0      0.0
  SINCE JUL 1      0.0                       0.0    0.0      0.0
  SNOW DEPTH       0

DEGREE DAYS
 HEATING
  TODAY            0                         0      0        0
  MONTH TO DATE    0                         0      0        0
  SINCE SEP 1      0                         0      0        0
  SINCE JUL 1      0                         0      0        3

 COOLING
  TODAY           19                        12      7       13
  MONTH TO DATE   38                        25     13       28
  SINCE SEP 1     38                        25     13       28
  SINCE JAN 1   1623                      1580     43     1355
..................................................................


WIND (MPH)
  HIGHEST WIND SPEED    10   HIGHEST WIND DIRECTION    NW (310)
  HIGHEST GUST SPEED    15   HIGHEST GUST DIRECTION    NW (330)
  AVERAGE WIND SPEED     2.6


SKY COVER
  AVERAGE SKY COVER 0.0


WEATHER CONDITIONS
 THE FOLLOWING WEATHER WAS RECORDED TODAY.
  NO SIGNIFICANT WEATHER WAS OBSERVED.


RELATIVE HUMIDITY (PERCENT)
 HIGHEST   100           500 AM
 LOWEST     39           200 PM

..........................................................


THE ATHENS CLIMATE NORMALS FOR TOMORROW
                         NORMAL    RECORD    YEAR
 MAXIMUM TEMPERATURE (F)   88       102      1925
 MINIMUM TEMPERATURE (F)   67        55      1967
                                             1952


SUNRISE AND SUNSET
SEPTEMBER  2 2014.....SUNRISE   708 AM EDT   SUNSET   758 PM EDT
SEPTEMBER  3 2014.....SUNRISE   708 AM EDT   SUNSET   756 PM EDT


-  INDICATES NEGATIVE NUMBERS.
R  INDICATES RECORD WAS SET OR TIED.
MM INDICATES DATA IS MISSING.
T  INDICATES TRACE AMOUNT.




$$
