000
CDUS45 KCYS 010341
CLIAIA


CLIMATE REPORT
NATIONAL WEATHER SERVICE CHEYENNE WY
941 PM MDT TUE JUN 30 2015


...................................

...THE ALLIANCE NE AIRPORT CLIMATE SUMMARY FOR JUNE 30 2015...
VALID TODAY AS OF 0900 PM LOCAL TIME.

CLIMATE NORMAL PERIOD 1981 TO 2010
CLIMATE RECORD PERIOD 1896 TO 2015


WEATHER ITEM   OBSERVED TIME   RECORD YEAR NORMAL DEPARTURE LAST
                VALUE   (LST)  VALUE       VALUE  FROM      YEAR
                                                  NORMAL
..................................................................
TEMPERATURE (F)
 TODAY
  MAXIMUM         94    309 PM 101    1980  85      9       78
                                      1953
  MINIMUM         53    403 AM  35    1918  54     -1       51
  AVERAGE         74                        69      5       65

PRECIPITATION (IN)
  TODAY            0.00          1.10 1984   0.07  -0.07     0.00
  MONTH TO DATE    2.72                      2.88  -0.16     4.68
  SINCE JAN 1     15.23                      8.39   6.84    12.18

DEGREE DAYS
 HEATING
  TODAY            0                         1     -1        0
  MONTH TO DATE    9                        94    -85       99
  SINCE JUN 1      9                        93    -84       99
  SINCE JUL 1   6908                      7308   -400     7518

 COOLING
  TODAY            9                         5      4        0
  MONTH TO DATE  104                        88     16       36
  SINCE JUN 1    104                        88     16       36
  SINCE JAN 1    104                        98      6       50
..................................................................


WIND (MPH)
  HIGHEST WIND SPEED    14   HIGHEST WIND DIRECTION     N (10)
  HIGHEST GUST SPEED    21   HIGHEST GUST DIRECTION     N (340)
  AVERAGE WIND SPEED     5.6


SKY COVER
  AVERAGE SKY COVER 0.0


WEATHER CONDITIONS
 THE FOLLOWING WEATHER WAS RECORDED TODAY.
  FOG


RELATIVE HUMIDITY (PERCENT)
 HIGHEST    93          1200 AM
 LOWEST     24           200 PM
 AVERAGE    59

..........................................................


THE ALLIANCE NE AIRPORT CLIMATE NORMALS FOR TOMORROW
                         NORMAL    RECORD    YEAR
 MAXIMUM TEMPERATURE (F)   85       102      1953
 MINIMUM TEMPERATURE (F)   54        40      1959
                                             1999


SUNRISE AND SUNSET
JUNE 30 2015..........SUNRISE   519 AM MDT   SUNSET   831 PM MDT
JULY  1 2015..........SUNRISE   519 AM MDT   SUNSET   831 PM MDT


-  INDICATES NEGATIVE NUMBERS.
R  INDICATES RECORD WAS SET OR TIED.
MM INDICATES DATA IS MISSING.
T  INDICATES TRACE AMOUNT.




$$
