000
CDUS45 KCYS 312125
CLIAIA


CLIMATE REPORT
NATIONAL WEATHER SERVICE CHEYENNE WY
325 PM MDT WED AUG 31 2016


...................................

...THE ALLIANCE NE AIRPORT CLIMATE SUMMARY FOR AUGUST 31 2016...
VALID AS OF 0300 PM LOCAL TIME.

CLIMATE NORMAL PERIOD 1981 TO 2010
CLIMATE RECORD PERIOD 1896 TO 2016


WEATHER ITEM   OBSERVED TIME   RECORD YEAR NORMAL DEPARTURE LAST
                VALUE   (LST)  VALUE       VALUE  FROM      YEAR
                                                  NORMAL
..................................................................
TEMPERATURE (F)
 TODAY
  MAXIMUM         81    143 PM 101    1990  83     -2       85
  MINIMUM         50    153 AM  36    1908  50      0       60
  AVERAGE         66                        66      0       73

PRECIPITATION (IN)
  TODAY            0.00          0.98 1935   0.06  -0.06     0.00
  MONTH TO DATE    1.70                      1.70   0.00     0.83
  SINCE JAN 1     13.83                     12.41   1.42    18.57

DEGREE DAYS
 HEATING
  TODAY            0                         2     -2        0
  MONTH TO DATE   35                        24     11       37
  SINCE JUN 1     61                       130    -69       61
  SINCE JUL 1     38                        37      1       52

 COOLING
  TODAY            1                         3     -2        8
  MONTH TO DATE  146                       191    -45      200
  SINCE JUN 1    553                       513     40      478
  SINCE JAN 1    553                       523     30      478
..................................................................


WIND (MPH)
  HIGHEST WIND SPEED    18   HIGHEST WIND DIRECTION    SE (140)
  HIGHEST GUST SPEED    24   HIGHEST GUST DIRECTION     S (160)
  AVERAGE WIND SPEED     8.4


SKY COVER
  AVERAGE SKY COVER 0.7


WEATHER CONDITIONS
 THE FOLLOWING WEATHER WAS RECORDED TODAY.
  FOG
  FOG W/VISIBILITY <= 1/4 MILE


RELATIVE HUMIDITY (PERCENT)
 HIGHEST   100          1200 AM
 LOWEST     42           200 PM
 AVERAGE    71

..........................................................


THE ALLIANCE NE AIRPORT CLIMATE NORMALS FOR TOMORROW
                         NORMAL    RECORD    YEAR
 MAXIMUM TEMPERATURE (F)   82        99      2012
                                             1929
 MINIMUM TEMPERATURE (F)   50        34      1956


SUNRISE AND SUNSET
AUGUST 31 2016........SUNRISE   616 AM MDT   SUNSET   726 PM MDT
SEPTEMBER  1 2016.....SUNRISE   617 AM MDT   SUNSET   724 PM MDT


-  INDICATES NEGATIVE NUMBERS.
R  INDICATES RECORD WAS SET OR TIED.
MM INDICATES DATA IS MISSING.
T  INDICATES TRACE AMOUNT.




$$
