000
CDUS45 KCYS 300737
CLIAIA


CLIMATE REPORT
NATIONAL WEATHER SERVICE CHEYENNE WY
1236 AM MST FRI JAN 30 2015


...................................

...THE ALLIANCE NE AIRPORT CLIMATE SUMMARY FOR JANUARY 29 2015...

CLIMATE NORMAL PERIOD 1981 TO 2010
CLIMATE RECORD PERIOD 1896 TO 2015


WEATHER ITEM   OBSERVED TIME   RECORD YEAR NORMAL DEPARTURE LAST
                VALUE   (LST)  VALUE       VALUE  FROM      YEAR
                                                  NORMAL
..................................................................
TEMPERATURE (F)
 YESTERDAY
  MAXIMUM         45    359 PM  67    1931  39      6       54
  MINIMUM         17    735 AM -18    1916  11      6        0
  AVERAGE         31                        25      6       27

PRECIPITATION (IN)
  YESTERDAY        0.00          0.30 1896   0.01  -0.01     0.08
  MONTH TO DATE    0.02                      0.16  -0.14     0.21
  SINCE JAN 1      0.02                      0.16  -0.14     0.21

DEGREE DAYS
 HEATING
  YESTERDAY       34                        40     -6       38
  MONTH TO DATE 1184                      1182      2     1043
  SINCE DEC 1   2443                      2465    -22     2402
  SINCE JUL 1   4151                      4264   -113     4132

 COOLING
  YESTERDAY        0                         0      0        0
  MONTH TO DATE    0                         0      0        0
  SINCE DEC 1      0                         0      0        0
  SINCE JAN 1      0                         0      0        0
..................................................................


WIND (MPH)
  HIGHEST WIND SPEED    16   HIGHEST WIND DIRECTION     N (340)
  HIGHEST GUST SPEED    19   HIGHEST GUST DIRECTION     N (340)
  AVERAGE WIND SPEED     6.3


SKY COVER
  AVERAGE SKY COVER 0.0


WEATHER CONDITIONS
 THE FOLLOWING WEATHER WAS RECORDED YESTERDAY.
  NO SIGNIFICANT WEATHER WAS OBSERVED.


RELATIVE HUMIDITY (PERCENT)
 HIGHEST    92          1200 AM
 LOWEST     22           400 PM
 AVERAGE    57

..........................................................


THE ALLIANCE NE AIRPORT CLIMATE NORMALS FOR TODAY
                         NORMAL    RECORD    YEAR
 MAXIMUM TEMPERATURE (F)   39        65      1911
 MINIMUM TEMPERATURE (F)   11       -29      1918


SUNRISE AND SUNSET
JANUARY 30 2015.......SUNRISE   706 AM MST   SUNSET   503 PM MST
JANUARY 31 2015.......SUNRISE   705 AM MST   SUNSET   504 PM MST


-  INDICATES NEGATIVE NUMBERS.
R  INDICATES RECORD WAS SET OR TIED.
MM INDICATES DATA IS MISSING.
T  INDICATES TRACE AMOUNT.




$$
