000
CDUS45 KCYS 260427
CLIAIA


CLIMATE REPORT
NATIONAL WEATHER SERVICE CHEYENNE WY
926 PM MST TUE NOV 25 2014


...................................

...THE ALLIANCE NE AIRPORT CLIMATE SUMMARY FOR NOVEMBER 25 2014...
VALID TODAY AS OF 0900 PM LOCAL TIME.

CLIMATE NORMAL PERIOD 1981 TO 2010
CLIMATE RECORD PERIOD 1896 TO 2014


WEATHER ITEM   OBSERVED TIME   RECORD YEAR NORMAL DEPARTURE LAST
                VALUE   (LST)  VALUE       VALUE  FROM      YEAR
                                                  NORMAL
..................................................................
TEMPERATURE (F)
 TODAY
  MAXIMUM         47   1257 PM  73    1960  44      3       43
                                      1910
  MINIMUM         12    245 AM  -7    1993  13     -1        8
  AVERAGE         30                        29      1       26

PRECIPITATION (IN)
  TODAY            0.00          0.38 1978   0.01  -0.01     0.00
  MONTH TO DATE    0.34                      0.38  -0.04     0.73
  SINCE JAN 1     18.09                     15.27   2.82    13.93

DEGREE DAYS
 HEATING
  TODAY           35                        36     -1       39
  MONTH TO DATE  878                       769    109      783
  SINCE SEP 1   1508                      1574    -66     1561
  SINCE JUL 1   1545                      1611    -66     1569

 COOLING
  TODAY            0                         0      0        0
  MONTH TO DATE    0                         0      0        0
  SINCE SEP 1     37                        41     -4      136
  SINCE JAN 1    499                       564    -65      795
..................................................................


WIND (MPH)
  HIGHEST WIND SPEED    37   HIGHEST WIND DIRECTION    NW (310)
  HIGHEST GUST SPEED    46   HIGHEST GUST DIRECTION    NW (310)
  AVERAGE WIND SPEED    14.8


SKY COVER
  AVERAGE SKY COVER 0.6


WEATHER CONDITIONS
 THE FOLLOWING WEATHER WAS RECORDED TODAY.
  NO SIGNIFICANT WEATHER WAS OBSERVED.


RELATIVE HUMIDITY (PERCENT)
 HIGHEST    92           300 AM
 LOWEST     36          1200 PM
 AVERAGE    64

..........................................................


THE ALLIANCE NE AIRPORT CLIMATE NORMALS FOR TOMORROW
                         NORMAL    RECORD    YEAR
 MAXIMUM TEMPERATURE (F)   44        71      1990
 MINIMUM TEMPERATURE (F)   13        -7      1993


SUNRISE AND SUNSET
NOVEMBER 25 2014......SUNRISE   653 AM MST   SUNSET   423 PM MST
NOVEMBER 26 2014......SUNRISE   654 AM MST   SUNSET   422 PM MST


-  INDICATES NEGATIVE NUMBERS.
R  INDICATES RECORD WAS SET OR TIED.
MM INDICATES DATA IS MISSING.
T  INDICATES TRACE AMOUNT.




$$
