498
CDUS45 KCYS 220728
CLIAIA


CLIMATE REPORT
NATIONAL WEATHER SERVICE CHEYENNE WY
127 AM MDT FRI MAY 22 2015


...................................

...THE ALLIANCE NE AIRPORT CLIMATE SUMMARY FOR MAY 21 2015...

CLIMATE NORMAL PERIOD 1981 TO 2010
CLIMATE RECORD PERIOD 1896 TO 2015


WEATHER ITEM   OBSERVED TIME   RECORD YEAR NORMAL DEPARTURE LAST
                VALUE   (LST)  VALUE       VALUE  FROM      YEAR
                                                  NORMAL
..................................................................
TEMPERATURE (F)
 YESTERDAY
  MAXIMUM         57    257 PM  92    1964  72    -15       72
  MINIMUM         28    304 AM  25    1931  41    -13       49
  AVERAGE         43                        57    -14       61

PRECIPITATION (IN)
  YESTERDAY        0.00          1.15 1923   0.09  -0.09     0.00
  MONTH TO DATE    4.73                      1.61   3.12     3.27
  SINCE JAN 1      8.16                      4.47   3.69     6.07

DEGREE DAYS
 HEATING
  YESTERDAY       22                         9     13        4
  MONTH TO DATE  314                       255     59      329
  SINCE MAR 1   1582                      1740   -158     1848
  SINCE JUL 1   6809                      7144   -335     7412

 COOLING
  YESTERDAY        0                         0      0        0
  MONTH TO DATE    0                         0      0        0
  SINCE MAR 1      0                         0      0        0
  SINCE JAN 1      0                         0      0        0
..................................................................


WIND (MPH)
  HIGHEST WIND SPEED    17   HIGHEST WIND DIRECTION     S (160)
  HIGHEST GUST SPEED    22   HIGHEST GUST DIRECTION    SE (150)
  AVERAGE WIND SPEED     8.7


SKY COVER
  AVERAGE SKY COVER 0.7


WEATHER CONDITIONS
 THE FOLLOWING WEATHER WAS RECORDED YESTERDAY.
  NO SIGNIFICANT WEATHER WAS OBSERVED.


RELATIVE HUMIDITY (PERCENT)
 HIGHEST    92           200 AM
 LOWEST     57           200 PM
 AVERAGE    75

..........................................................


THE ALLIANCE NE AIRPORT CLIMATE NORMALS FOR TODAY
                         NORMAL    RECORD    YEAR
 MAXIMUM TEMPERATURE (F)   72        98      2012
 MINIMUM TEMPERATURE (F)   42        28      1910


SUNRISE AND SUNSET
MAY 22 2015...........SUNRISE   525 AM MDT   SUNSET   812 PM MDT
MAY 23 2015...........SUNRISE   524 AM MDT   SUNSET   813 PM MDT


-  INDICATES NEGATIVE NUMBERS.
R  INDICATES RECORD WAS SET OR TIED.
MM INDICATES DATA IS MISSING.
T  INDICATES TRACE AMOUNT.




$$
