000
CDUS45 KCYS 060736
CLIAIA


CLIMATE REPORT
NATIONAL WEATHER SERVICE CHEYENNE WY
1235 AM MST SAT FEB 6 2016


...................................

...THE ALLIANCE NE AIRPORT CLIMATE SUMMARY FOR FEBRUARY 5 2016...

CLIMATE NORMAL PERIOD 1981 TO 2010
CLIMATE RECORD PERIOD 1896 TO 2016


WEATHER ITEM   OBSERVED TIME   RECORD YEAR NORMAL DEPARTURE LAST
                VALUE   (LST)  VALUE       VALUE  FROM      YEAR
                                                  NORMAL
..................................................................
TEMPERATURE (F)
 YESTERDAY
  MAXIMUM         34    249 PM  66    1904  39     -5       42
  MINIMUM         10   1145 PM -32    1899  11     -1        3
  AVERAGE         22                        25     -3       23

PRECIPITATION (IN)
  YESTERDAY        0.00          0.85 1986   0.01  -0.01     0.00
  MONTH TO DATE    0.05                      0.06  -0.01     0.40
  SINCE JAN 1      0.07                      0.24  -0.17     0.85

DEGREE DAYS
 HEATING
  YESTERDAY       43                        40      3       42
  MONTH TO DATE  226                       200     26      217
  SINCE DEC 1   2890                      2746    144     2728
  SINCE JUL 1   4377                      4545   -168     4436

 COOLING
  YESTERDAY        0                         0      0        0
  MONTH TO DATE    0                         0      0        0
  SINCE DEC 1      0                         0      0        0
  SINCE JAN 1      0                         0      0        0
..................................................................


WIND (MPH)
  HIGHEST WIND SPEED    23   HIGHEST WIND DIRECTION     W (290)
  HIGHEST GUST SPEED    28   HIGHEST GUST DIRECTION     W (290)
  AVERAGE WIND SPEED    14.2


SKY COVER
  AVERAGE SKY COVER 0.2


WEATHER CONDITIONS
 THE FOLLOWING WEATHER WAS RECORDED YESTERDAY.
  NO SIGNIFICANT WEATHER WAS OBSERVED.


RELATIVE HUMIDITY (PERCENT)
 HIGHEST    88           700 AM
 LOWEST     61           300 PM
 AVERAGE    75

..........................................................


THE ALLIANCE NE AIRPORT CLIMATE NORMALS FOR TODAY
                         NORMAL    RECORD    YEAR
 MAXIMUM TEMPERATURE (F)   39        61      1965
                                             1904
 MINIMUM TEMPERATURE (F)   11       -28      1899


SUNRISE AND SUNSET
FEBRUARY  6 2016......SUNRISE   659 AM MST   SUNSET   512 PM MST
FEBRUARY  7 2016......SUNRISE   658 AM MST   SUNSET   513 PM MST


-  INDICATES NEGATIVE NUMBERS.
R  INDICATES RECORD WAS SET OR TIED.
MM INDICATES DATA IS MISSING.
T  INDICATES TRACE AMOUNT.




$$
