000
CDUS45 KCYS 202121
CLIAIA


CLIMATE REPORT
NATIONAL WEATHER SERVICE CHEYENNE WY
321 PM MDT SAT SEP 20 2014


...................................

...THE ALLIANCE NE AIRPORT CLIMATE SUMMARY FOR SEPTEMBER 20 2014...
VALID AS OF 0300 PM LOCAL TIME.

CLIMATE NORMAL PERIOD 1981 TO 2010
CLIMATE RECORD PERIOD 1896 TO 2014


WEATHER ITEM   OBSERVED TIME   RECORD YEAR NORMAL DEPARTURE LAST
                VALUE   (LST)  VALUE       VALUE  FROM      YEAR
                                                  NORMAL
..................................................................
TEMPERATURE (F)
 TODAY
  MAXIMUM         83    137 PM  97    1956  74      9       75
  MINIMUM         46    517 AM  27    1927  41      5       32
  AVERAGE         65                        57      8       54

PRECIPITATION (IN)
  TODAY            0.00          0.89 1985   0.04  -0.04     0.00
  MONTH TO DATE    0.30                      0.98  -0.68     0.77
  SINCE JAN 1     15.24                     13.39   1.85     9.83

DEGREE DAYS
 HEATING
  TODAY            0                         8     -8       11
  MONTH TO DATE  126                       101     25       42
  SINCE SEP 1    126                       101     25       42
  SINCE JUL 1    163                       138     25       50

 COOLING
  TODAY            0                         1     -1        0
  MONTH TO DATE   29                        36     -7      132
  SINCE SEP 1     29                        36     -7      132
  SINCE JAN 1    491                       559    -68      791
..................................................................


WIND (MPH)
  HIGHEST WIND SPEED    20   HIGHEST WIND DIRECTION     N (340)
  HIGHEST GUST SPEED    27   HIGHEST GUST DIRECTION    NW (330)
  AVERAGE WIND SPEED     8.7


SKY COVER
  AVERAGE SKY COVER 0.1


WEATHER CONDITIONS
 THE FOLLOWING WEATHER WAS RECORDED TODAY.
  NO SIGNIFICANT WEATHER WAS OBSERVED.


RELATIVE HUMIDITY (PERCENT)
 HIGHEST    93           500 AM
 LOWEST     26           200 PM
 AVERAGE    60

..........................................................


THE ALLIANCE NE AIRPORT CLIMATE NORMALS FOR TOMORROW
                         NORMAL    RECORD    YEAR
 MAXIMUM TEMPERATURE (F)   74        94      2005
 MINIMUM TEMPERATURE (F)   40        22      1913


SUNRISE AND SUNSET
SEPTEMBER 20 2014.....SUNRISE   636 AM MDT   SUNSET   652 PM MDT
SEPTEMBER 21 2014.....SUNRISE   638 AM MDT   SUNSET   650 PM MDT


-  INDICATES NEGATIVE NUMBERS.
R  INDICATES RECORD WAS SET OR TIED.
MM INDICATES DATA IS MISSING.
T  INDICATES TRACE AMOUNT.




$$
