000
CDAK48 PAKN 271028
CLIAKN

CLIMATE REPORT
NATIONAL WEATHER SERVICE KING SALMON, AK
128 AM AKST SAT DEC 27 2014

...................................
...THE KING SALMON AP CLIMATE SUMMARY FOR DECEMBER 26 2014...

CLIMATE NORMAL PERIOD  1981 TO  2010
CLIMATE RECORD PERIOD  1917 TO  2014

WEATHER ITEM   OBSERVED TIME    RECORD YEAR NORMAL DEPARTURE LAST
               VALUE    (LST)   VALUE       VALUE  FROM      YEAR
                                                   NORMAL
...................................................................
TEMPERATURE
YESTERDAY
 MAXIMUM            35  1210 PM    47  1985     25      10     14
 MINIMUM            31  0615 PM   -31  1954     10      21      8
 AVERAGE            33                          18      15     11

PRECIPITATION
(INCHES)
 YESTERDAY        0.07           0.61  2004   0.03    0.04      T
 MONTH TO DATE    1.16                        1.07    0.09   1.03
 SINCE DEC 1      1.16                        1.07    0.09   1.03
 SINCE JAN 1     21.61                       19.33    2.28  24.44

SNOWFALL
(INCHES)
 YESTERDAY         0.6            5.6  2004    0.3     0.3    0.0
 MONTH TO DATE     5.5                         8.3    -2.8    2.8
 SINCE DEC 1       5.5                         8.3    -2.8    2.8
 SINCE JUL 1       9.0                        18.1    -9.1   14.4
 SNOW DEPTH (IN)     4                                          T

DEGREE DAYS
 HEATING
  YESTERDAY         32                          47     -15     54
  MONTH TO DATE    899                        1198    -299   1175
  SINCE DEC 1      899                        1198    -299   1172
  SINCE JUL 1     3650                        4573    -923   4076

 COOLING
  YESTERDAY          0                           0       0      0
  MONTH TO DATE      0                           0       0      0
  SINCE DEC 1        0                           0       0      0
  SINCE JAN 1        0                           0       0      4
...................................................................

WIND (MPH)
 HIGHEST WIND SPEED    20     HIGHEST WIND DIRECTION    180
 HIGHEST GUST SPEED    26     HIGHEST GUST DIRECTION    210
 AVERAGE WIND SPEED  11.2

SKY COVER
  POSSIBLE SUNSHINE    MM          AVERAGE SKY COVER     MM

WEATHER CONDITIONS
 THE FOLLOWING WEATHER WAS RECORDED YESTERDAY.
  FOG
RAIN
SNOW


RELATIVE HUMIDITY
 HIGHEST RH     MM PERCENT       MM
 LOWEST  RH     MM PERCENT       MM
 AVERAGE RH     MM PERCENT       MM
...................................................................

THE KING SALMON CLIMATE NORMALS FOR TODAY
                           NORMAL    RECORD   YEAR
 MAXIMUM TEMPERATURE (F)     25        46     1990
 MINIMUM TEMPERATURE (F)     10       -31     1954

SUNRISE AND SUNSET
 DEC 27 2014..........SUNRISE 10:19 AM      SUNSET  4:38 PM
 DEC 28 2014..........SUNRISE 10:19 AM      SUNSET  4:39 PM

-  INDICATES NEGATIVE NUMBERS.
R  INDICATES RECORD HAS BEEN SET OR TIED.
MM INDICATES DATA IS MISSING.
T  INDICATES TRACE OF PRECIPITATION.

&&
-------------------------------------------------------------------

AMOUNT OF DAYLIGHT TODAY  (HOUR:MIN)........6 HOURS 19 MINUTES
GAIN/LOSS SINCE YESTERDAY (HOUR:MIN:SEC)....+0:00:54

$$
FS DEC 14
