853
CDAK48 PAFC 260053
CLIAKN

CLIMATE REPORT
NATIONAL WEATHER SERVICE ANCHORAGE, AK
452 PM AKDT TUE APR 25 2017


...................................

...THE KING SALMON CLIMATE SUMMARY FOR APRIL 25 2017...
VALID TODAY AS OF 0400 PM LOCAL TIME.

CLIMATE NORMAL PERIOD 1981 TO 2010
CLIMATE RECORD PERIOD 1917 TO 2017


WEATHER ITEM   OBSERVED TIME   RECORD YEAR NORMAL DEPARTURE LAST
                VALUE   (LST)  VALUE       VALUE  FROM      YEAR
                                                  NORMAL
..................................................................
TEMPERATURE (F)
 TODAY
  MAXIMUM         51        MM  60    2004  46      5       54
                                      1998
                                      1936
  MINIMUM         32        MM   8    1955  29     MM       33
  AVERAGE         MM                        38     MM       44

PRECIPITATION (IN)
  TODAY            0.01          0.21 1942   0.03  -0.02      T
                                      1938
  MONTH TO DATE    0.57                      0.79  -0.22     0.64
  SINCE MAR 1      0.62                      1.49  -0.87     2.59
  SINCE JAN 1      1.82                      3.27  -1.45     4.03

SNOWFALL (IN)
  TODAY            0.0          MM      MM   0.0    0.0     MM
  MONTH TO DATE    2.9                       3.5   -0.6      0.0
  SINCE MAR 1      3.3                       9.9   -6.6      0.0
  SINCE JUL 1     26.0                      45.4  -19.4     13.1
  SNOW DEPTH       0

DEGREE DAYS
 HEATING
  TODAY           MM                        28     MM       21
  MONTH TO DATE  629                       808   -179      548
  SINCE MAR 1   2253                      2074    179     1497
  SINCE JUL 1   9386                      9694   -308     7188

 COOLING
  TODAY           MM                         0     MM        0
  MONTH TO DATE    0                         0      0        0
  SINCE MAR 1      0                         0      0        0
  SINCE JAN 1      0                         0      0        0
..................................................................


WIND (MPH)
  RESULTANT WIND SPEED   3   RESULTANT WIND DIRECTION   E (110)
  HIGHEST WIND SPEED    13   HIGHEST WIND DIRECTION    SE (140)
  HIGHEST GUST SPEED    17   HIGHEST GUST DIRECTION    SE (140)
  AVERAGE WIND SPEED     5.6



WEATHER CONDITIONS
 THE FOLLOWING WEATHER WAS RECORDED TODAY.
  LIGHT RAIN


RELATIVE HUMIDITY (PERCENT)
 HIGHEST   100
 LOWEST     66
 AVERAGE    83

..........................................................


THE KING SALMON CLIMATE NORMALS FOR TOMORROW
                         NORMAL    RECORD    YEAR
 MAXIMUM TEMPERATURE (F)   47        61      2005
 MINIMUM TEMPERATURE (F)   29        14      1964
                                             1960


SUNRISE AND SUNSET
APRIL 25 2017.........SUNRISE   645 AM AKDT  SUNSET  1005 PM AKDT
APRIL 26 2017.........SUNRISE   643 AM AKDT  SUNSET  1008 PM AKDT

CIVIL TWILIGHT
APRIL 25 2017           START    558 AM GMT     END   1054 PM GMT
APRIL 26 2017           START    555 AM GMT     END   1056 PM GMT



-  INDICATES NEGATIVE NUMBERS.
R  INDICATES RECORD WAS SET OR TIED.
MM INDICATES DATA IS MISSING.
T  INDICATES TRACE AMOUNT.




$$
&&
------------------------------------------------------
AMOUNT OF DAYLIGHT TODAY  (HOUR:MIN)........15:20
GAIN/LOSS SINCE YESTERDAY (HOUR:MIN:SEC)....+0:04:58

$$
