496
CDAK48 PAKN 300939
CLIAKN

CLIMATE REPORT
NATIONAL WEATHER SERVICE KING SALMON, AK
139 AM AKDT SAT JUL 30 2016

...................................
...THE KING SALMON AP CLIMATE SUMMARY FOR JULY 29 2016...

CLIMATE NORMAL PERIOD  1981 TO  2010
CLIMATE RECORD PERIOD  1917 TO  2016

WEATHER ITEM   OBSERVED TIME    RECORD YEAR NORMAL DEPARTURE LAST
               VALUE    (LST)   VALUE       VALUE  FROM      YEAR
                                                   NORMAL
...................................................................
TEMPERATURE
YESTERDAY
 MAXIMUM            64  0246 PM    79  1963     64       0     61
 MINIMUM            56  1159 PM    38  2002     48       8     53
 AVERAGE            60                          56       4     57

PRECIPITATION
(INCHES)
 YESTERDAY        0.03           1.83  1928   0.09   -0.06   0.03
 MONTH TO DATE    2.94                        2.13    0.81   3.02
 SINCE JUN 1      5.22                        3.78    1.44   3.86
 SINCE JAN 1     12.63                        8.48    4.15  11.10

SNOWFALL
(INCHES)
 YESTERDAY         0.0            0.0  2016    0.0     0.0    0.0
 MONTH TO DATE     0.0                         0.0     0.0    0.0
 SINCE JUN 1       0.0                         0.0     0.0    0.0
 SINCE JUL 1       0.0                         0.0     0.0    0.0
 SNOW DEPTH (IN)     0                                          0

DEGREE DAYS
 HEATING
  YESTERDAY          5                           9      -4      8
  MONTH TO DATE    164                         272    -108    224
  SINCE JUN 1      435                         679    -244    473
  SINCE JUL 1      164                         272    -108    224

 COOLING
  YESTERDAY          0                           0       0      0
  MONTH TO DATE      0                           0       0      0
  SINCE JUN 1        0                           0       0      2
  SINCE JAN 1        0                           0       0      2
...................................................................

WIND (MPH)
 HIGHEST WIND SPEED    18     HIGHEST WIND DIRECTION    230
 HIGHEST GUST SPEED    24     HIGHEST GUST DIRECTION    230
 AVERAGE WIND SPEED  10.4

SKY COVER
  POSSIBLE SUNSHINE    MM          AVERAGE SKY COVER     MM

WEATHER CONDITIONS
 THE FOLLOWING WEATHER WAS RECORDED YESTERDAY.
  FOG
RAIN


RELATIVE HUMIDITY
 HIGHEST RH     MM PERCENT       MM
 LOWEST  RH     MM PERCENT       MM
 AVERAGE RH     MM PERCENT       MM
...................................................................

THE KING SALMON CLIMATE NORMALS FOR TODAY
                           NORMAL    RECORD   YEAR
 MAXIMUM TEMPERATURE (F)     64        80     2014
 MINIMUM TEMPERATURE (F)     48        41     2014

SUNRISE AND SUNSET
 JUL 30 2016..........SUNRISE  6:14 AM      SUNSET 10:52 PM
 JUL 31 2016..........SUNRISE  6:16 AM      SUNSET 10:50 PM

-  INDICATES NEGATIVE NUMBERS.
R  INDICATES RECORD HAS BEEN SET OR TIED.
MM INDICATES DATA IS MISSING.
T  INDICATES TRACE OF PRECIPITATION.

&&
-------------------------------------------------------------------

AMOUNT OF DAYLIGHT TODAY  (HOUR:MIN)........16 HOURS 38 MINUTES
GAIN/LOSS SINCE YESTERDAY (HOUR:MIN:SEC)....-0:04:23

$$
DJH JUL 16
