444
CDAK48 PAFC 202235
CLIAKN


CLIMATE REPORT
NATIONAL WEATHER SERVICE ANCHORAGE, AK
135 PM AKST FRI JAN 20 2017


...................................

...THE KING SALMON CLIMATE SUMMARY FOR JANUARY 20 2017...
VALID TODAY AS OF 0100 PM LOCAL TIME.

CLIMATE NORMAL PERIOD 1981 TO 2010
CLIMATE RECORD PERIOD 1917 TO 2017


WEATHER ITEM   OBSERVED TIME   RECORD YEAR NORMAL DEPARTURE LAST
                VALUE   (LST)  VALUE       VALUE  FROM      YEAR
                                                  NORMAL
..................................................................
TEMPERATURE (F)
 TODAY
  MAXIMUM         27        MM  45    1961  23      4       34
  MINIMUM         19   1200 PM -33    1947   9     10       19
  AVERAGE         23                        16      7       27

PRECIPITATION (IN)
  TODAY            0.07          0.46 1982   0.04   0.03     0.00
  MONTH TO DATE    0.08                      0.65  -0.57     0.18
  SINCE DEC 1      1.17                      1.88  -0.71     1.68
  SINCE JAN 1      0.08                      0.65  -0.57     0.18

SNOWFALL (IN)
  TODAY           MM            MM      MM   0.4   MM        0.0
  MONTH TO DATE    0.5                       6.5   -6.0      0.0
  SINCE DEC 1      6.0                      16.0  -10.0      0.0
  SINCE JUL 1     10.6                      25.8  -15.2     13.1
  SNOW DEPTH       1

DEGREE DAYS
 HEATING
  TODAY           42                        49     -7       38
  MONTH TO DATE 1106                       976    130      650
  SINCE DEC 1   2528                      2414    114     1900
  SINCE JUL 1   5254                      5791   -537     4497

 COOLING
  TODAY            0                         0      0        0
  MONTH TO DATE    0                         0      0        0
  SINCE DEC 1      0                         0      0        0
  SINCE JAN 1      0                         0      0        0
..................................................................


WIND (MPH)
  RESULTANT WIND SPEED   7   RESULTANT WIND DIRECTION   S (190)
  HIGHEST WIND SPEED    15   HIGHEST WIND DIRECTION     S (170)
  HIGHEST GUST SPEED    MM   HIGHEST GUST DIRECTION    MM
  AVERAGE WIND SPEED     8.9



WEATHER CONDITIONS
 THE FOLLOWING WEATHER WAS RECORDED TODAY.
  LIGHT SNOW
  FOG


RELATIVE HUMIDITY (PERCENT)
 HIGHEST   100
 LOWEST     84
 AVERAGE    92

..........................................................


THE KING SALMON CLIMATE NORMALS FOR TOMORROW
                         NORMAL    RECORD    YEAR
 MAXIMUM TEMPERATURE (F)   23        47      1963
 MINIMUM TEMPERATURE (F)    9       -29      1993


SUNRISE AND SUNSET
JANUARY 20 2017.......SUNRISE   956 AM AKST  SUNSET   520 PM AKST
JANUARY 21 2017.......SUNRISE   954 AM AKST  SUNSET   523 PM AKST


-  INDICATES NEGATIVE NUMBERS.
R  INDICATES RECORD WAS SET OR TIED.
MM INDICATES DATA IS MISSING.
T  INDICATES TRACE AMOUNT.




$$
