000
CDAK48 PAKN 251000
CLIAKN


CLIMATE REPORT
NATIONAL WEATHER SERVICE ANCHORAGE, AK
200 AM AKDT TUE JUL 25 2017


...................................

...THE KING SALMON CLIMATE SUMMARY FOR JULY 24 2017...

CLIMATE NORMAL PERIOD 1981 TO 2010
CLIMATE RECORD PERIOD 1917 TO 2017


WEATHER ITEM   OBSERVED TIME   RECORD YEAR NORMAL DEPARTURE LAST
                VALUE   (LST)  VALUE       VALUE  FROM      YEAR
                                                  NORMAL
..................................................................
TEMPERATURE (F)
 YESTERDAY
  MAXIMUM         59    405 PM  80    1953  64     -5       66
  MINIMUM         48    618 AM  38    1964  48      0       55
  AVERAGE         54                        56     -2       61

PRECIPITATION (IN)
  YESTERDAY        0.00          0.77 1930   0.08  -0.08     0.17
  MONTH TO DATE    1.52                      1.71  -0.19     2.45
  SINCE JUN 1      3.92                      3.36   0.56     4.73
  SINCE JAN 1      6.99                      8.06  -1.07    12.14

SNOWFALL (IN)
  YESTERDAY        0.0          MM      MM   0.0    0.0      0.0
  MONTH TO DATE    0.0                       0.0    0.0      0.0
  SINCE JUN 1      0.0                       T      0.0      0.0
  SINCE JUL 1      0.0                       0.0    0.0      0.0
  SNOW DEPTH       0

DEGREE DAYS
 HEATING
  YESTERDAY       11                         9      2        4
  MONTH TO DATE  170                       227    -57      138
  SINCE JUN 1    500                       634   -134      397
  SINCE JUL 1    170                       227    -57      138

 COOLING
  YESTERDAY        0                         0      0        0
  MONTH TO DATE    1                         0      1        0
  SINCE JUN 1      1                         0      1        0
  SINCE JAN 1      1                         0      1        0
..................................................................


WIND (MPH)
  RESULTANT WIND SPEED   8   RESULTANT WIND DIRECTION  SW (210)
  HIGHEST WIND SPEED    13   HIGHEST WIND DIRECTION     W (250)
  HIGHEST GUST SPEED    17   HIGHEST GUST DIRECTION     W (260)
  AVERAGE WIND SPEED     8.2



WEATHER CONDITIONS
 THE FOLLOWING WEATHER WAS RECORDED YESTERDAY.
  FOG
  FOG W/VISIBILITY <= 1/4 MILE


RELATIVE HUMIDITY (PERCENT)
 HIGHEST   100
 LOWEST     75
 AVERAGE    88

..........................................................


THE KING SALMON CLIMATE NORMALS FOR TODAY
                         NORMAL    RECORD    YEAR
 MAXIMUM TEMPERATURE (F)   64        80      2013
                                             1953
 MINIMUM TEMPERATURE (F)   48        36      1976


SUNRISE AND SUNSET
JULY 25 2017..........SUNRISE   602 AM AKDT  SUNSET  1103 PM AKDT
JULY 26 2017..........SUNRISE   604 AM AKDT  SUNSET  1101 PM AKDT


-  INDICATES NEGATIVE NUMBERS.
R  INDICATES RECORD WAS SET OR TIED.
MM INDICATES DATA IS MISSING.
T  INDICATES TRACE AMOUNT.




$$
