000
CDAK48 PAKN 271245
CLIAKN


CLIMATE REPORT
NATIONAL WEATHER SERVICE ANCHORAGE, AK
444 AM AKDT SAT MAY 27 2017


...................................

...THE KING SALMON CLIMATE SUMMARY FOR MAY 26 2017...

CLIMATE NORMAL PERIOD 1981 TO 2010
CLIMATE RECORD PERIOD 1917 TO 2017


WEATHER ITEM   OBSERVED TIME   RECORD YEAR NORMAL DEPARTURE LAST
                VALUE   (LST)  VALUE       VALUE  FROM      YEAR
                                                  NORMAL
..................................................................
TEMPERATURE (F)
 YESTERDAY
  MAXIMUM         51        MM  85    2006  57     -6       72
  MINIMUM         33        MM  20    1931  37     -4       38
  AVERAGE         42                        47     -5       55

PRECIPITATION (IN)
  YESTERDAY        0.09          0.53 1962   0.04   0.05     0.00
  MONTH TO DATE    1.04                      1.02   0.02     3.05
  SINCE MAR 1      1.84                      2.69  -0.85     5.85
  SINCE JAN 1      3.04                      4.47  -1.43     7.29

SNOWFALL (IN)
  YESTERDAY        0.0          MM      MM   0.1   -0.1      0.0
  MONTH TO DATE    0.0                       0.8   -0.8      0.0
  SINCE MAR 1      3.3                      11.1   -7.8      0.0
  SINCE JUL 1     26.0                      46.6  -20.6     13.1
  SNOW DEPTH       0

DEGREE DAYS
 HEATING
  YESTERDAY       23                        18      5       10
  MONTH TO DATE  522                       558    -36      397
  SINCE MAR 1   2921                      2763    158     1993
  SINCE JUL 1  10054                     10383   -329     7684

 COOLING
  YESTERDAY        0                         0      0        0
  MONTH TO DATE    0                         0      0        0
  SINCE MAR 1      0                         0      0        0
  SINCE JAN 1      0                         0      0        0
..................................................................


WIND (MPH)
  RESULTANT WIND SPEED   9   RESULTANT WIND DIRECTION  SE (150)
  HIGHEST WIND SPEED    22   HIGHEST WIND DIRECTION    SE (150)
  HIGHEST GUST SPEED    25   HIGHEST GUST DIRECTION     S (160)
  AVERAGE WIND SPEED     9.6



WEATHER CONDITIONS
 THE FOLLOWING WEATHER WAS RECORDED YESTERDAY.
  RAIN
  LIGHT RAIN
  FOG


RELATIVE HUMIDITY (PERCENT)
 HIGHEST   100
 LOWEST     61
 AVERAGE    81

..........................................................


THE KING SALMON CLIMATE NORMALS FOR TODAY
                         NORMAL    RECORD    YEAR
 MAXIMUM TEMPERATURE (F)   57        77      2016
 MINIMUM TEMPERATURE (F)   37        27      1976
                                             1955


SUNRISE AND SUNSET
MAY 27 2017...........SUNRISE   534 AM AKDT  SUNSET  1114 PM AKDT
MAY 28 2017...........SUNRISE   533 AM AKDT  SUNSET  1116 PM AKDT


-  INDICATES NEGATIVE NUMBERS.
R  INDICATES RECORD WAS SET OR TIED.
MM INDICATES DATA IS MISSING.
T  INDICATES TRACE AMOUNT.




$$
