000
CDAK48 PAKN 030025
CLIAKN

CLIMATE REPORT
NATIONAL WEATHER SERVICE KING SALMON, AK
425 PM AKDT WED SEP 2 2015

...................................
...THE KING SALMON AP CLIMATE SUMMARY FOR SEPTEMBER 2 2015...
VALID TODAY AS OF 2:00 PM LOCAL TIME

CLIMATE NORMAL PERIOD  1981 TO  2010
CLIMATE RECORD PERIOD  1917 TO  2015

WEATHER ITEM   OBSERVED TIME    RECORD YEAR NORMAL DEPARTURE LAST
               VALUE    (LST)   VALUE       VALUE  FROM      YEAR
                                                   NORMAL
...................................................................
TEMPERATURE
TODAY
 MAXIMUM            56  0159 PM    70  1963     60      -4     59
 MINIMUM            36  0201 AM    25  1980     44      -8     52
 AVERAGE            46                          52      -6     56

PRECIPITATION
(INCHES)
 TODAY            0.07           0.58  1951   0.11   -0.04   0.06
 MONTH TO DATE    0.07                        0.22   -0.15   0.07
 SINCE SEP 1      0.07                        0.22   -0.15   0.07
 SINCE JAN 1     13.02                       11.82    1.20  14.34

SNOWFALL
(INCHES)
 TODAY             0.0            0.0  2015    0.0     0.0    0.0
 MONTH TO DATE     0.0                         0.0     0.0    0.0
 SINCE SEP 1       0.0                         0.0     0.0    0.0
 SINCE JUL 1       0.0                         0.0     0.0    0.0
 SNOW DEPTH (IN)     0                                          0

DEGREE DAYS
 HEATING
  TODAY             19                          13       6      9
  MONTH TO DATE     38                          26      12     28
  SINCE SEP 1       38                          26      12     28
  SINCE JUL 1      562                         638     -76    502

 COOLING
  TODAY              0                           0       0      0
  MONTH TO DATE      0                           0       0      0
  SINCE SEP 1        0                           0       0      0
  SINCE JAN 1        2                           0       2      0
...................................................................

WIND (MPH)
 HIGHEST WIND SPEED    10     HIGHEST WIND DIRECTION     80
 HIGHEST GUST SPEED    11     HIGHEST GUST DIRECTION     80
 AVERAGE WIND SPEED    MM

SKY COVER
  POSSIBLE SUNSHINE  MM            AVERAGE SKY COVER MM

WEATHER CONDITIONS
 THE FOLLOWING WEATHER WAS RECORDED TODAY.
 RAIN


RELATIVE HUMIDITY
 HIGHEST RH     MM PERCENT       MM
 LOWEST  RH     MM PERCENT       MM
 AVERAGE RH     MM PERCENT       MM
...................................................................

THE KING SALMON CLIMATE NORMALS FOR TOMORROW
                        NORMAL    RECORD   YEAR
 MAXIMUM TEMPERATURE      60        74     1974
 MINIMUM TEMPERATURE      44        27     1984

SUNRISE AND SUNSET
 SEP 2 2015..........SUNRISE  7:28 AM      SUNSET  9:24 PM
 SEP 3 2015..........SUNRISE  7:30 AM      SUNSET  9:22 PM

-  INDICATES NEGATIVE NUMBERS.
R  INDICATES RECORD HAS BEEN SET OR TIED.
MM INDICATES DATA IS MISSING.
T  INDICATES TRACE OF PRECIPITATION.

&&
-------------------------------------------------------------------

AMOUNT OF DAYLIGHT TODAY  (HOUR:MIN)........13 HOURS 56 MINUTES
LOSS SINCE YESTERDAY (HOUR:MIN:SEC)....-0:05:04

$$
JML SEP 15
