000
CDAK48 PAKN 251213
CLIAKN

CLIMATE REPORT
NATIONAL WEATHER SERVICE KING SALMON, AK
414 AM AKDT MON MAY 25 2015

...................................
...THE KING SALMON AP CLIMATE SUMMARY FOR MAY 24 2015...

CLIMATE NORMAL PERIOD  1981 TO  2010
CLIMATE RECORD PERIOD  1917 TO  2015

WEATHER ITEM   OBSERVED TIME    RECORD YEAR NORMAL DEPARTURE LAST
               VALUE    (LST)   VALUE       VALUE  FROM      YEAR
                                                   NORMAL
...................................................................
TEMPERATURE
YESTERDAY
 MAXIMUM            54  0251 PM    78  2006     56      -2     61
 MINIMUM            44  1159 PM    22  1938     36       8     39
 AVERAGE            49                          46       3     50

PRECIPITATION
(INCHES)
 YESTERDAY        0.24           0.50  1918   0.04    0.20   0.00
 MONTH TO DATE    3.02                        0.93    2.09   0.41
 SINCE MAR 1      6.15                        2.60    3.55   1.69
 SINCE JAN 1      6.94                        4.38    2.56   3.50

SNOWFALL
(INCHES)
 YESTERDAY         0.0            1.8  1976    0.0     0.0    0.0
 MONTH TO DATE     0.0                         0.7    -0.7    0.0
 SINCE MAR 1      12.4                        11.0     1.4    9.3
 SINCE JUL 1      26.1                        46.5   -20.4   36.0
 SNOW DEPTH (IN)     0                                          0

DEGREE DAYS
 HEATING
  YESTERDAY         16                          19      -3     15
  MONTH TO DATE    435                         522     -87    368
  SINCE MAR 1     2360                        2727    -367   2415
  SINCE JUL 1     8557                       10345   -1788   8775

 COOLING
  YESTERDAY          0                           0       0      0
  MONTH TO DATE      0                           0       0      0
  SINCE MAR 1        0                           0       0      0
  SINCE JAN 1        0                           0       0      0
...................................................................

WIND (MPH)
 HIGHEST WIND SPEED    23     HIGHEST WIND DIRECTION    170
 HIGHEST GUST SPEED    28     HIGHEST GUST DIRECTION    150
 AVERAGE WIND SPEED  10.7

SKY COVER
  POSSIBLE SUNSHINE    MM          AVERAGE SKY COVER     MM

WEATHER CONDITIONS
 THE FOLLOWING WEATHER WAS RECORDED YESTERDAY.
  FOG
RAIN


RELATIVE HUMIDITY
 HIGHEST RH     MM PERCENT       MM
 LOWEST  RH     MM PERCENT       MM
 AVERAGE RH     MM PERCENT       MM
...................................................................

THE KING SALMON CLIMATE NORMALS FOR TODAY
                           NORMAL    RECORD   YEAR
 MAXIMUM TEMPERATURE (F)     57        80     1997
 MINIMUM TEMPERATURE (F)     37        25     2000

SUNRISE AND SUNSET
 MAY 25 2015..........SUNRISE  5:39 AM      SUNSET 11:10 PM
 MAY 26 2015..........SUNRISE  5:37 AM      SUNSET 11:12 PM

-  INDICATES NEGATIVE NUMBERS.
R  INDICATES RECORD HAS BEEN SET OR TIED.
MM INDICATES DATA IS MISSING.
T  INDICATES TRACE OF PRECIPITATION.

&&
-------------------------------------------------------------------

AMOUNT OF DAYLIGHT TODAY  (HOUR:MIN)........17 HOURS 31 MINUTES
GAIN SINCE YESTERDAY (HOUR:MIN:SEC).........+0:03:37

$$
AM MAY 15
