000
CDAK48 PAKN 250022
CLIAKN

CLIMATE REPORT
NATIONAL WEATHER SERVICE KING SALMON, AK
422 PM AKDT THU APR 24 2014

...................................
...THE KING SALMON AP CLIMATE SUMMARY FOR APRIL 24 2014...
VALID TODAY AS OF 2:00 PM LOCAL TIME

CLIMATE NORMAL PERIOD  1981 TO  2010
CLIMATE RECORD PERIOD  1949 TO  2014

WEATHER ITEM   OBSERVED TIME    RECORD YEAR NORMAL DEPARTURE LAST
               VALUE    (LST)   VALUE       VALUE  FROM      YEAR
                                                   NORMAL
...................................................................
TEMPERATURE
TODAY
 MAXIMUM            52  0120 PM    58  2005     46       6     52
 MINIMUM            25  0555 AM    10  1955     28      -3     37
 AVERAGE            39                          37       2     45

PRECIPITATION
(INCHES)
 TODAY               T           0.47  1961   0.04   -0.04   0.00
 MONTH TO DATE    0.42                        0.76   -0.34   0.20
 SINCE MAR 1      1.18                        1.46   -0.28   1.70
 SINCE JAN 1      2.99                        3.24   -0.25   6.03

SNOWFALL
(INCHES)
 TODAY             0.0            2.1  1963    0.1    -0.1    0.0
 MONTH TO DATE     0.5                         3.5    -3.0    0.8
 SINCE MAR 1       9.3                         9.9    -0.6   12.1
 SINCE JUL 1      36.0                        45.4    -9.4   74.5
 SNOW DEPTH (IN)     0                                          0

DEGREE DAYS
 HEATING
  TODAY             26                          28      -2     20
  MONTH TO DATE    668                         780    -112    917
  SINCE MAR 1     1917                        2045    -128   2265
  SINCE JUL 1     8272                        9663   -1391  10130

 COOLING
  TODAY              0                           0       0      0
  MONTH TO DATE      0                           0       0      0
  SINCE MAR 1        0                           0       0      0
  SINCE JAN 1        0                           0       0      0
...................................................................

WIND (MPH)
 HIGHEST WIND SPEED    15     HIGHEST WIND DIRECTION    180
 HIGHEST GUST SPEED    24     HIGHEST GUST DIRECTION    120
 AVERAGE WIND SPEED    MM

SKY COVER
  POSSIBLE SUNSHINE  MM            AVERAGE SKY COVER MM

WEATHER CONDITIONS
 THE FOLLOWING WEATHER WAS RECORDED TODAY.
RAIN


RELATIVE HUMIDITY
 HIGHEST RH     MM PERCENT       MM
 LOWEST  RH     MM PERCENT       MM
 AVERAGE RH     MM PERCENT       MM
...................................................................

THE KING SALMON CLIMATE NORMALS FOR TOMORROW
                        NORMAL    RECORD   YEAR
 MAXIMUM TEMPERATURE      46        60     1998
 MINIMUM TEMPERATURE      29         8     1955

SUNRISE AND SUNSET
 APR 24 2014..........SUNRISE  6:49 AM      SUNSET 10:03 PM
 APR 25 2014..........SUNRISE  6:46 AM      SUNSET 10:05 PM

-  INDICATES NEGATIVE NUMBERS.
R  INDICATES RECORD HAS BEEN SET OR TIED.
MM INDICATES DATA IS MISSING.
T  INDICATES TRACE OF PRECIPITATION.

&&
-------------------------------------------------------------------

AMOUNT OF DAYLIGHT TODAY  (HOUR:MIN)........15 HOURS 14 MINUTES
GAIN/LOSS SINCE YESTERDAY (HOUR:MIN:SEC)....+0:05:00

$$
FS APR 14
