000
CDAK48 PAFC 220055
CLIAKN


CLIMATE REPORT
NATIONAL WEATHER SERVICE ANCHORAGE, AK
355 PM AKST TUE NOV 21 2017


...................................

...THE KING SALMON CLIMATE SUMMARY FOR NOVEMBER 21 2017...
VALID TODAY AS OF 0300 PM LOCAL TIME.

CLIMATE NORMAL PERIOD 1981 TO 2010
CLIMATE RECORD PERIOD 1917 TO 2017


WEATHER ITEM   OBSERVED TIME   RECORD YEAR NORMAL DEPARTURE LAST
                VALUE   (LST)  VALUE       VALUE  FROM      YEAR
                                                  NORMAL
..................................................................
TEMPERATURE (F)
 TODAY
  MAXIMUM         28    159 PM  50    1949  29     -1       15
  MINIMUM          9    109 AM -14    2008  14     -5        8
  AVERAGE         19                        22     -3       12

PRECIPITATION (IN)
  TODAY            0.04          0.48 2013   0.04   0.00      T
  MONTH TO DATE    0.78                      0.99  -0.21     0.58
  SINCE SEP 1      8.09                      6.26   1.83     6.53
  SINCE JAN 1     18.78                     17.86   0.92    24.50

SNOWFALL (IN)
  TODAY            T             5.1  2013   0.3   -0.3       T
  MONTH TO DATE    0.6                       4.3   -3.7      0.8
  SINCE SEP 1      3.2                       7.2   -4.0      0.8
  SINCE JUL 1      3.2                       7.2   -4.0      0.8
  SNOW DEPTH       0

DEGREE DAYS
 HEATING
  TODAY           46                        43      3       53
  MONTH TO DATE  785                       865    -80      793
  SINCE SEP 1   2081                      2363   -282     1947
  SINCE JUL 1   2578                      2979   -401     2264

 COOLING
  TODAY            0                         0      0        0
  MONTH TO DATE    0                         0      0        0
  SINCE SEP 1      0                         0      0        0
  SINCE JAN 1      1                         1      0        0
..................................................................


WIND (MPH)
  RESULTANT WIND SPEED   6   RESULTANT WIND DIRECTION   S (160)
  HIGHEST WIND SPEED    13   HIGHEST WIND DIRECTION    SE (120)
  HIGHEST GUST SPEED    16   HIGHEST GUST DIRECTION    SE (130)
  AVERAGE WIND SPEED     6.4



WEATHER CONDITIONS
 THE FOLLOWING WEATHER WAS RECORDED TODAY.
  LIGHT SNOW
  FOG


RELATIVE HUMIDITY (PERCENT)
 HIGHEST   100
 LOWEST     80
 AVERAGE    90

..........................................................


THE KING SALMON CLIMATE NORMALS FOR TOMORROW
                         NORMAL    RECORD    YEAR
 MAXIMUM TEMPERATURE (F)   29        52      2010
 MINIMUM TEMPERATURE (F)   14       -28      1988


SUNRISE AND SUNSET
NOVEMBER 21 2017......SUNRISE   932 AM AKST  SUNSET   453 PM AKST
NOVEMBER 22 2017......SUNRISE   934 AM AKST  SUNSET   451 PM AKST


-  INDICATES NEGATIVE NUMBERS.
R  INDICATES RECORD WAS SET OR TIED.
MM INDICATES DATA IS MISSING.
T  INDICATES TRACE AMOUNT.




$$
