000
CDAK48 PAKN 301152
CLIAKN

CLIMATE REPORT
NATIONAL WEATHER SERVICE KING SALMON, AK
352 AM AKDT TUE SEP 30 2014

...................................
...THE KING SALMON AP CLIMATE SUMMARY FOR SEPTEMBER 29 2014...

CLIMATE NORMAL PERIOD  1981 TO  2010
CLIMATE RECORD PERIOD  1917 TO  2013

WEATHER ITEM   OBSERVED TIME    RECORD YEAR NORMAL DEPARTURE LAST
               VALUE    (LST)   VALUE       VALUE  FROM      YEAR
                                                   NORMAL
...................................................................
TEMPERATURE
YESTERDAY
 MAXIMUM            52  0426 PM    67  1954     50       2     41
 MINIMUM            31  1155 PM    19  1957     34      -3     34
 AVERAGE            42                          42       0     38

PRECIPITATION
(INCHES)
 YESTERDAY        0.00           1.04  2004   0.10   -0.10   0.00
 MONTH TO DATE    3.37                        3.10    0.27   2.08
 SINCE SEP 1      3.37                        3.10    0.27   2.08
 SINCE JAN 1     17.64                       14.70    2.94  16.17

SNOWFALL
(INCHES)
 YESTERDAY         0.0            0.4  1981    0.0     0.0    0.0
 MONTH TO DATE     0.0                         0.1    -0.1    0.0
 SINCE SEP 1       0.0                         0.1    -0.1    0.0
 SINCE JUL 1       0.0                         0.1    -0.1    0.0
 SNOW DEPTH (IN)     0                                          0

DEGREE DAYS
 HEATING
  YESTERDAY         23                          23       0     27
  MONTH TO DATE    388                         499    -111    505
  SINCE SEP 1      388                         499    -111    505
  SINCE JUL 1      862                        1111    -249   1008

 COOLING
  YESTERDAY          0                           0       0      0
  MONTH TO DATE      0                           0       0      0
  SINCE SEP 1        0                           0       0      0
  SINCE JAN 1        0                           0       0      4
...................................................................

WIND (MPH)
 HIGHEST WIND SPEED    22     HIGHEST WIND DIRECTION    350
 HIGHEST GUST SPEED    27     HIGHEST GUST DIRECTION    340
 AVERAGE WIND SPEED   9.2

SKY COVER
  POSSIBLE SUNSHINE    MM          AVERAGE SKY COVER     MM

WEATHER CONDITIONS
 THE FOLLOWING WEATHER WAS RECORDED YESTERDAY.
  FOG


RELATIVE HUMIDITY
 HIGHEST RH     MM PERCENT       MM
 LOWEST  RH     MM PERCENT       MM
 AVERAGE RH     MM PERCENT       MM
...................................................................

THE KING SALMON CLIMATE NORMALS FOR TODAY
                           NORMAL    RECORD   YEAR
 MAXIMUM TEMPERATURE (F)     49        70     1954
 MINIMUM TEMPERATURE (F)     33        16     1957

SUNRISE AND SUNSET
 SEP 30 2014..........SUNRISE  8:30 AM      SUNSET  8:03 PM
 OCT 1 2014..........SUNRISE  8:32 AM      SUNSET  8:00 PM

-  INDICATES NEGATIVE NUMBERS.
R  INDICATES RECORD HAS BEEN SET OR TIED.
MM INDICATES DATA IS MISSING.
T  INDICATES TRACE OF PRECIPITATION.

&&
-------------------------------------------------------------------

AMOUNT OF DAYLIGHT TODAY  (HOUR:MIN)........11 HOURS 33 MINUTES
LOSS SINCE YESTERDAY (HOUR:MIN:SEC).........-0:05:06

AM SEP 14
