000
CDAK48 PAFC 270045
CLIAKN

CLIMATE REPORT
NATIONAL WEATHER SERVICE ANCHORAGE, AK
443 PM AKDT MON SEP 26 2016


...................................

...THE KING SALMON CLIMATE SUMMARY FOR SEPTEMBER 26 2016...
VALID TODAY AS OF 0400 PM LOCAL TIME.

CLIMATE NORMAL PERIOD 1981 TO 2010
CLIMATE RECORD PERIOD 1917 TO 2016


WEATHER ITEM   OBSERVED TIME   RECORD YEAR NORMAL DEPARTURE LAST
                VALUE   (LST)  VALUE       VALUE  FROM      YEAR
                                                  NORMAL
..................................................................
TEMPERATURE (F)
 TODAY
  MAXIMUM         54        MM  63    1942  51      3       MM
  MINIMUM         31        MM  15    1983  35     -4       MM
  AVERAGE         43                        43      0       MM

PRECIPITATION (IN)
  TODAY            0.00          0.65 1986   0.11  -0.11     0.10
  MONTH TO DATE    4.80                      2.80   2.00     2.76
  SINCE SEP 1      4.80                      2.80   2.00     2.76
  SINCE JAN 1     22.77                     14.40   8.37    15.70

SNOWFALL (IN)
  TODAY            0.0          MM      MM   0.0    0.0     MM
  MONTH TO DATE    0.0                       0.1   -0.1      0.0
  SINCE SEP 1      0.0                       0.1   -0.1      0.0
  SINCE JUL 1      0.0                       0.1   -0.1      0.0
  SNOW DEPTH       0

DEGREE DAYS
 HEATING
  TODAY           22                        22      0       MM
  MONTH TO DATE  332                       431    -99      395
  SINCE SEP 1    332                       431    -99      395
  SINCE JUL 1    649                      1047   -398      882

 COOLING
  TODAY            0                         0      0       MM
  MONTH TO DATE    0                         0      0        0
  SINCE SEP 1      0                         0      0        0
  SINCE JAN 1      0                         1     -1        2
..................................................................


WIND (MPH)
  RESULTANT WIND SPEED   3   RESULTANT WIND DIRECTION  SE (130)
  HIGHEST WIND SPEED     9   HIGHEST WIND DIRECTION    SE (150)
  HIGHEST GUST SPEED    MM   HIGHEST GUST DIRECTION    MM
  AVERAGE WIND SPEED     4.4



WEATHER CONDITIONS
 THE FOLLOWING WEATHER WAS RECORDED TODAY.
  NO SIGNIFICANT WEATHER WAS OBSERVED.


RELATIVE HUMIDITY (PERCENT)
 HIGHEST    96
 LOWEST     50
 AVERAGE    73

..........................................................


THE KING SALMON CLIMATE NORMALS FOR TOMORROW
                         NORMAL    RECORD    YEAR
 MAXIMUM TEMPERATURE (F)   51        64      1947
 MINIMUM TEMPERATURE (F)   35        17      2010


SUNRISE AND SUNSET
SEPTEMBER 26 2016.....SUNRISE   822 AM AKDT  SUNSET   812 PM AKDT
SEPTEMBER 27 2016.....SUNRISE   824 AM AKDT  SUNSET   809 PM AKDT

CIVIL TWILIGHT
SEPTEMBER 26 2016       START   713 AM AKDT     END   828 PM AKDT
SEPTEMBER 27 2016       START   716 AM AKDT     END   825 PM AKDT



-  INDICATES NEGATIVE NUMBERS.
R  INDICATES RECORD WAS SET OR TIED.
MM INDICATES DATA IS MISSING.
T  INDICATES TRACE AMOUNT.




$$
&&
------------------------------------------------------
AMOUNT OF DAYLIGHT TODAY  (HOUR:MIN)........11:49
GAIN/LOSS SINCE YESTERDAY (HOUR:MIN:SEC)....-0:05:39
