000
CDUS45 KBOU 210725
CLIAKO


CLIMATE REPORT
NATIONAL WEATHER SERVICE DENVER/BOULDER CO
125 AM MDT MON AUG 21 2017


...................................

...THE AKRON CO CLIMATE SUMMARY FOR AUGUST 20 2017...

CLIMATE NORMAL PERIOD 1981 TO 2010
CLIMATE RECORD PERIOD 9999 TO 9999


WEATHER ITEM   OBSERVED TIME   RECORD YEAR NORMAL DEPARTURE LAST
                VALUE   (LST)  VALUE       VALUE  FROM      YEAR
                                                  NORMAL
..................................................................
TEMPERATURE (F)
 YESTERDAY
  MAXIMUM         90    259 PM  97    1987  86      4
  MINIMUM         60    157 AM  40    2016  58      2
  AVERAGE         75                        72      3

PRECIPITATION (IN)
  YESTERDAY        0.00          0.42 1966   0.06  -0.06     0.00
  MONTH TO DATE    2.28                      1.64   0.64     1.36
  SINCE JUN 1      5.11                      6.65  -1.54     7.99
  SINCE JAN 1     11.76                     12.83  -1.07    14.50

DEGREE DAYS
 HEATING
  YESTERDAY        0
  MONTH TO DATE    9

 COOLING
  YESTERDAY       10
  MONTH TO DATE   99
..................................................................


WIND (MPH)
  HIGHEST WIND SPEED    16   HIGHEST WIND DIRECTION     E (90)
  HIGHEST GUST SPEED    19   HIGHEST GUST DIRECTION     W (270)




RELATIVE HUMIDITY (PERCENT)
 HIGHEST    81
 LOWEST     23
 AVERAGE    52

..........................................................


THE AKRON CO CLIMATE NORMALS FOR TODAY
                         NORMAL    RECORD    YEAR
 MAXIMUM TEMPERATURE (F)   85        99      1960
 MINIMUM TEMPERATURE (F)   58        40      1964


SUNRISE AND SUNSET
AUGUST 21 2017........SUNRISE   610 AM MDT   SUNSET   741 PM MDT
AUGUST 22 2017........SUNRISE   611 AM MDT   SUNSET   739 PM MDT


-  INDICATES NEGATIVE NUMBERS.
R  INDICATES RECORD WAS SET OR TIED.
MM INDICATES DATA IS MISSING.
T  INDICATES TRACE AMOUNT.




$$
