000
CDUS45 KBOU 271205
CLIAKO

CLIMATE REPORT
NATIONAL WEATHER SERVICE BOULDER, CO
1225 AM MST FRI FEB 27 2015


...................................

...THE AKRON CO CLIMATE SUMMARY FOR FEBRUARY 26 2015...

CLIMATE NORMAL PERIOD 1981 TO 2010

WEATHER ITEM   OBSERVED TIME   RECORD YEAR NORMAL DEPARTURE LAST
                VALUE   (LST)  VALUE       VALUE  FROM      YEAR
                                                  NORMAL
..................................................................
TEMPERATURE (F)
 YESTERDAY
  MAXIMUM         15    156 PM  70    1950  47    -32
  MINIMUM          8    701 AM -11    1962  22    -14
  AVERAGE         12                        34    -22

PRECIPITATION (IN)
  YESTERDAY        T             1.16 1987   0.02  -0.02     0.00
  MONTH TO DATE    0.09                      0.40  -0.31     0.19
  SINCE DEC 1      0.52                      1.10  -0.58     0.45
  SINCE JAN 1      0.28                      0.70  -0.42     0.43

DEGREE DAYS
 HEATING
  YESTERDAY       53
  MONTH TO DATE  792

 COOLING
  YESTERDAY        0
  MONTH TO DATE    0
..................................................................


WIND (MPH)
  HIGHEST WIND SPEED    17   HIGHEST WIND DIRECTION    SE (140)
  HIGHEST GUST SPEED    20   HIGHEST GUST DIRECTION    SE (140)




RELATIVE HUMIDITY (PERCENT)
 HIGHEST    92
 LOWEST     76
 AVERAGE    84

..........................................................


THE AKRON CO CLIMATE NORMALS FOR TODAY
                         NORMAL    RECORD    YEAR
 MAXIMUM TEMPERATURE (F)   47        71      2006
 MINIMUM TEMPERATURE (F)   22       -13      1962


SUNRISE AND SUNSET
FEBRUARY 27 2015......SUNRISE   630 AM MST   SUNSET   542 PM MST
FEBRUARY 28 2015......SUNRISE   628 AM MST   SUNSET   543 PM MST


-  INDICATES NEGATIVE NUMBERS.
R  INDICATES RECORD WAS SET OR TIED.
MM INDICATES DATA IS MISSING.
T  INDICATES TRACE AMOUNT.




$$
