000
CDUS45 KBOU 270725
CLIAKO


CLIMATE REPORT
NATIONAL WEATHER SERVICE DENVER/BOULDER CO
1225 AM MST MON FEB 27 2017


...................................

...THE AKRON CO CLIMATE SUMMARY FOR FEBRUARY 26 2017...

CLIMATE NORMAL PERIOD 1981 TO 2010
CLIMATE RECORD PERIOD 9999 TO 9999


WEATHER ITEM   OBSERVED TIME   RECORD YEAR NORMAL DEPARTURE LAST
                VALUE   (LST)  VALUE       VALUE  FROM      YEAR
                                                  NORMAL
..................................................................
TEMPERATURE (F)
 YESTERDAY
  MAXIMUM         42    415 PM  70    1950  47     -5
  MINIMUM         12    604 AM -11    1962  22    -10
  AVERAGE         27                        34     -7

PRECIPITATION (IN)
  YESTERDAY        0.00          1.16 1987   0.02  -0.02     0.00
  MONTH TO DATE    T                         0.40  -0.40     0.02
  SINCE DEC 1      0.25                      1.10  -0.85     0.13
  SINCE JAN 1      0.11                      0.70  -0.59     0.11

DEGREE DAYS
 HEATING
  YESTERDAY       38
  MONTH TO DATE  686

 COOLING
  YESTERDAY        0
  MONTH TO DATE    0
..................................................................


WIND (MPH)
  HIGHEST WIND SPEED    18   HIGHEST WIND DIRECTION    SE (150)
  HIGHEST GUST SPEED    23   HIGHEST GUST DIRECTION     S (160)




RELATIVE HUMIDITY (PERCENT)
 HIGHEST    73
 LOWEST     22
 AVERAGE    48

..........................................................


THE AKRON CO CLIMATE NORMALS FOR TODAY
                         NORMAL    RECORD    YEAR
 MAXIMUM TEMPERATURE (F)   47        73      2016
 MINIMUM TEMPERATURE (F)   22       -13      1962


SUNRISE AND SUNSET
FEBRUARY 27 2017......SUNRISE   629 AM MST   SUNSET   543 PM MST
FEBRUARY 28 2017......SUNRISE   627 AM MST   SUNSET   544 PM MST


-  INDICATES NEGATIVE NUMBERS.
R  INDICATES RECORD WAS SET OR TIED.
MM INDICATES DATA IS MISSING.
T  INDICATES TRACE AMOUNT.




$$
