000
CDUS45 KBOU 260725
CLIAKO


CLIMATE REPORT
NATIONAL WEATHER SERVICE BOULDER, CO
1225 AM MST MON JAN 26 2015


...................................

...THE AKRON CO CLIMATE SUMMARY FOR JANUARY 25 2015...

CLIMATE NORMAL PERIOD 1981 TO 2010
CLIMATE RECORD PERIOD 9999 TO 9999


WEATHER ITEM   OBSERVED TIME   RECORD YEAR NORMAL DEPARTURE LAST
                VALUE   (LST)  VALUE       VALUE  FROM      YEAR
                                                  NORMAL
..................................................................
TEMPERATURE (F)
 YESTERDAY
  MAXIMUM         50    359 PM  72    1946  40     10
  MINIMUM         29    741 AM  -9    1949  17     12
  AVERAGE         40                        29     11

PRECIPITATION (IN)
  YESTERDAY        0.00          0.17 1980   0.02  -0.02     0.00
  MONTH TO DATE    0.16                      0.23  -0.07     0.11
  SINCE DEC 1      0.40                      0.63  -0.23     0.13
  SINCE JAN 1      0.16                      0.23  -0.07     0.11

DEGREE DAYS
 HEATING
  YESTERDAY       25
  MONTH TO DATE  987

 COOLING
  YESTERDAY        0
  MONTH TO DATE    0
..................................................................


WIND (MPH)
  HIGHEST WIND SPEED    28   HIGHEST WIND DIRECTION     N (340)
  HIGHEST GUST SPEED    34   HIGHEST GUST DIRECTION     N (340)




RELATIVE HUMIDITY (PERCENT)
 HIGHEST    85
 LOWEST     50
 AVERAGE    68

..........................................................


THE AKRON CO CLIMATE NORMALS FOR TODAY
                         NORMAL    RECORD    YEAR
 MAXIMUM TEMPERATURE (F)   40        74      1982
 MINIMUM TEMPERATURE (F)   17       -11      1963


SUNRISE AND SUNSET
JANUARY 26 2015.......SUNRISE   707 AM MST   SUNSET   504 PM MST
JANUARY 27 2015.......SUNRISE   706 AM MST   SUNSET   505 PM MST


-  INDICATES NEGATIVE NUMBERS.
R  INDICATES RECORD WAS SET OR TIED.
MM INDICATES DATA IS MISSING.
T  INDICATES TRACE AMOUNT.




$$
