000
CDUS41 KALY 310625
CLIALB


CLIMATE REPORT
NATIONAL WEATHER SERVICE ALBANY NY
224 AM EDT TUE MAY 31 2016


...................................

...THE ALBANY NY CLIMATE SUMMARY FOR MAY 30 2016...

CLIMATE NORMAL PERIOD 1981 TO 2010
CLIMATE RECORD PERIOD 1874 TO 2016


WEATHER ITEM   OBSERVED TIME   RECORD YEAR NORMAL DEPARTURE LAST
                VALUE   (LST)  VALUE       VALUE  FROM      YEAR
                                                  NORMAL
..................................................................
TEMPERATURE (F)
 YESTERDAY
  MAXIMUM         84    410 PM  92    1987  73     11       87
  MINIMUM         65   1154 PM  33    1967  52     13       66
  AVERAGE         75                        62     13       77

PRECIPITATION (IN)
  YESTERDAY        0.61          1.44 1956   0.13   0.48     0.37
  MONTH TO DATE    2.43                      3.48  -1.05     0.79
  SINCE MAR 1      5.45                      9.86  -4.41     4.14
  SINCE JAN 1     10.76                     14.65  -3.89     8.46

SNOWFALL (IN)
  YESTERDAY        0.0           0.0    MM   0.0    0.0      0.0
  MONTH TO DATE    0.0                       0.1   -0.1      0.0
  SINCE MAR 1      6.6                      13.4   -6.8      5.3
  SINCE JUL 1     16.9                      60.3  -43.4     75.9
  SNOW DEPTH       0

DEGREE DAYS
 HEATING
  YESTERDAY        0                         4     -4        0
  MONTH TO DATE  236                       230      6       91
  SINCE MAR 1   1487                      1679   -192     1687
  SINCE JUL 1   5416                      6623  -1207     6817

 COOLING
  YESTERDAY       10                         2      8       12
  MONTH TO DATE   67                        22     45      123
  SINCE MAR 1     69                        26     43      123
  SINCE JAN 1     69                        26     43      123
..................................................................


WIND (MPH)
  HIGHEST WIND SPEED    17   HIGHEST WIND DIRECTION    SW (240)
  HIGHEST GUST SPEED    23   HIGHEST GUST DIRECTION     W (250)
  AVERAGE WIND SPEED     8.7


SKY COVER
  AVERAGE SKY COVER 0.8



RELATIVE HUMIDITY (PERCENT)
 HIGHEST    93
 LOWEST     51
 AVERAGE    72

..........................................................


THE ALBANY NY CLIMATE NORMALS FOR TODAY
                         NORMAL    RECORD    YEAR
 MAXIMUM TEMPERATURE (F)   74        92      2013
                                             1937
 MINIMUM TEMPERATURE (F)   52        34      1961


SUNRISE AND SUNSET
MAY 31 2016...........SUNRISE   520 AM EDT   SUNSET   826 PM EDT
JUNE  1 2016..........SUNRISE   519 AM EDT   SUNSET   827 PM EDT


-  INDICATES NEGATIVE NUMBERS.
R  INDICATES RECORD WAS SET OR TIED.
MM INDICATES DATA IS MISSING.
T  INDICATES TRACE AMOUNT.




$$
