000
CDUS43 KDMX 310639
CLIALO

CLIMATE REPORT
NATIONAL WEATHER SERVICE DES MOINES IA
138 AM CDT SUN AUG 31 2014


...................................

...THE WATERLOO IA CLIMATE SUMMARY FOR AUGUST 30 2014...

CLIMATE NORMAL PERIOD 1981 TO 2010
CLIMATE RECORD PERIOD 1895 TO 2014


WEATHER ITEM   OBSERVED TIME   RECORD YEAR NORMAL DEPARTURE LAST
                VALUE   (LST)  VALUE       VALUE  FROM      YEAR
                                                  NORMAL
..................................................................
TEMPERATURE (F)
 YESTERDAY
  MAXIMUM         80    414 PM  96    2012  81     -1       95
                                      1937
  MINIMUM         62   1159 PM  34    1915  58      4       73
  AVERAGE         71                        69      2       84

PRECIPITATION (IN)
  YESTERDAY        0.21          1.75 1956   0.13   0.08     0.09
  MONTH TO DATE    2.00                      4.15  -2.15     1.93
  SINCE JUN 1     12.77                     14.04  -1.27    10.64
  SINCE JAN 1     26.80                     26.16   0.64    34.22

SNOWFALL (IN)
  YESTERDAY        0.0          MM      MM   0.0    0.0      0.0
  MONTH TO DATE    0.0                       0.0    0.0      0.0
  SINCE JUN 1      0.0                       0.0    0.0      0.0
  SINCE JUL 1      0.0                       0.0    0.0      0.0
  SNOW DEPTH       0

DEGREE DAYS
 HEATING
  YESTERDAY        0                         1     -1        0
  MONTH TO DATE    0                        13    -13        6
  SINCE JUN 1     24                        43    -19       58
  SINCE JUL 1     17                        17      0       20

 COOLING
  YESTERDAY        6                         5      1       19
  MONTH TO DATE  214                       203     11      210
  SINCE JUN 1    533                       651   -118      633
  SINCE JAN 1    600                       707   -107      686
..................................................................


WIND (MPH)
  HIGHEST WIND SPEED    15   HIGHEST WIND DIRECTION     W (270)
  HIGHEST GUST SPEED    19   HIGHEST GUST DIRECTION     W (260)
  AVERAGE WIND SPEED     7.7


SKY COVER
  POSSIBLE SUNSHINE  MM
  AVERAGE SKY COVER 0.6


WEATHER CONDITIONS
 THE FOLLOWING WEATHER WAS RECORDED YESTERDAY.
  HEAVY RAIN
  LIGHT RAIN
  FOG


RELATIVE HUMIDITY (PERCENT)
 HIGHEST    93          1200 AM
 LOWEST     62           200 PM
 AVERAGE    78

..........................................................


THE WATERLOO IA CLIMATE NORMALS FOR TODAY
                         NORMAL    RECORD    YEAR
 MAXIMUM TEMPERATURE (F)   80        99      2000
 MINIMUM TEMPERATURE (F)   57        36      1915


SUNRISE AND SUNSET
AUGUST 31 2014........SUNRISE   633 AM CDT   SUNSET   745 PM CDT
SEPTEMBER  1 2014.....SUNRISE   635 AM CDT   SUNSET   744 PM CDT


-  INDICATES NEGATIVE NUMBERS.
R  INDICATES RECORD WAS SET OR TIED.
MM INDICATES DATA IS MISSING.
T  INDICATES TRACE AMOUNT.




$$
