122
CDUS43 KDMX 180635 RRA
CLIALO

CLIMATE REPORT
NATIONAL WEATHER SERVICE DES MOINES IA
1233 AM CST SAT NOV 18 2017

...................................

...THE WATERLOO IA CLIMATE SUMMARY FOR NOVEMBER 17 2017...

CLIMATE NORMAL PERIOD 1981 TO 2010
CLIMATE RECORD PERIOD 1895 TO 2017


WEATHER ITEM   OBSERVED TIME   RECORD YEAR NORMAL DEPARTURE LAST
                VALUE   (LST)  VALUE       VALUE  FROM      YEAR
                                                  NORMAL
..................................................................
TEMPERATURE (F)
 YESTERDAY
  MAXIMUM         41    504 PM  74    1941  45     -4       72
  MINIMUM         32    146 AM  -3    1959  26      6       51
  AVERAGE         37                        36      1       62

PRECIPITATION (IN)
  YESTERDAY        0.08          2.32 1958   0.06   0.02     0.00
  MONTH TO DATE    0.39                      1.22  -0.83     0.01
  SINCE SEP 1      6.73                      6.33   0.40     9.81
  SINCE JAN 1     29.41                     32.61  -3.20    38.50

SNOWFALL (IN)
  YESTERDAY        0.0           4.0  1928   0.1   -0.1      0.0
  MONTH TO DATE    T                         1.0   -1.0      0.0
  SINCE SEP 1      T                         1.3   -1.3      0.0
  SINCE JUL 1      T                         1.3   -1.3      0.0
  SNOW DEPTH       0

DEGREE DAYS
 HEATING
  YESTERDAY       28                        29     -1        3
  MONTH TO DATE  527                       424    103      259
  SINCE SEP 1   1002                      1027    -25      612
  SINCE JUL 1   1019                      1047    -28      617

 COOLING
  YESTERDAY        0                         0      0        0
  MONTH TO DATE    0                         0      0        0
  SINCE SEP 1    129                        87     42      116
  SINCE JAN 1    720                       799    -79      869
..................................................................


WIND (MPH)
  HIGHEST WIND SPEED    24   HIGHEST WIND DIRECTION     S (160)
  HIGHEST GUST SPEED    31   HIGHEST GUST DIRECTION    SE (140)
  AVERAGE WIND SPEED    11.7


SKY COVER
  POSSIBLE SUNSHINE  MM
  AVERAGE SKY COVER 0.9


WEATHER CONDITIONS
 THE FOLLOWING WEATHER WAS RECORDED YESTERDAY.
  LIGHT RAIN
  LIGHT SNOW
  FOG
  HAZE


RELATIVE HUMIDITY (PERCENT)
 HIGHEST   100          1100 AM
 LOWEST     78          1200 AM
 AVERAGE    89

..........................................................


THE WATERLOO IA CLIMATE NORMALS FOR TODAY
                         NORMAL    RECORD    YEAR
 MAXIMUM TEMPERATURE (F)   44        73      1999
 MINIMUM TEMPERATURE (F)   26         4      2014


SUNRISE AND SUNSET
NOVEMBER 18 2017......SUNRISE   705 AM CST   SUNSET   444 PM CST
NOVEMBER 19 2017......SUNRISE   706 AM CST   SUNSET   444 PM CST


-  INDICATES NEGATIVE NUMBERS.
R  INDICATES RECORD WAS SET OR TIED.
MM INDICATES DATA IS MISSING.
T  INDICATES TRACE AMOUNT.




$$
