000
CDUS43 KDMX 252227
CLIALO

CLIMATE REPORT
NATIONAL WEATHER SERVICE DES MOINES IA
525 PM CDT SUN JUN 25 2017

...................................

...THE WATERLOO IA CLIMATE SUMMARY FOR JUNE 25 2017...
VALID TODAY AS OF 0500 PM LOCAL TIME.

CLIMATE NORMAL PERIOD 1981 TO 2010
CLIMATE RECORD PERIOD 1895 TO 2017


WEATHER ITEM   OBSERVED TIME   RECORD YEAR NORMAL DEPARTURE LAST
                VALUE   (LST)  VALUE       VALUE  FROM      YEAR
                                                  NORMAL
..................................................................
TEMPERATURE (F)
 TODAY
  MAXIMUM         71    352 PM 104    1931  84    -13       91
  MINIMUM         50    439 AM  42    2004  62    -12       71
  AVERAGE         61                        73    -12       81

PRECIPITATION (IN)
  TODAY            0.00          1.94 2005   0.17  -0.17     0.00
  MONTH TO DATE    5.11                      4.10   1.01     7.37
  SINCE JUN 1      5.11                      4.10   1.01     7.37
  SINCE JAN 1     18.13                     16.22   1.91    17.86

SNOWFALL (IN)
  TODAY            0.0          MM      MM   0.0    0.0      0.0
  MONTH TO DATE    0.0                       0.0    0.0      0.0
  SINCE JUN 1      0.0                       0.0    0.0      0.0
  SINCE JUL 1     26.2                      35.3   -9.1     46.0
  SNOW DEPTH       0

DEGREE DAYS
 HEATING
  TODAY            4                         0      4        0
  MONTH TO DATE    9                        23    -14        4
  SINCE JUN 1      9                        23    -14        4
  SINCE JUL 1   6042                      7027   -985     6133

 COOLING
  TODAY            0                         8     -8       16
  MONTH TO DATE  186                       137     49      191
  SINCE JUN 1    186                       137     49      191
  SINCE JAN 1    222                       193     29      254
..................................................................


WIND (MPH)
  HIGHEST WIND SPEED    22   HIGHEST WIND DIRECTION    NW (320)
  HIGHEST GUST SPEED    28   HIGHEST GUST DIRECTION    NW (320)
  AVERAGE WIND SPEED    12.3


SKY COVER
  POSSIBLE SUNSHINE  MM
  AVERAGE SKY COVER 0.4


WEATHER CONDITIONS
 THE FOLLOWING WEATHER WAS RECORDED TODAY.
  NO SIGNIFICANT WEATHER WAS OBSERVED.


RELATIVE HUMIDITY (PERCENT)
 HIGHEST    77          1200 AM
 LOWEST     37           400 PM
 AVERAGE    57

..........................................................


THE WATERLOO IA CLIMATE NORMALS FOR TOMORROW
                         NORMAL    RECORD    YEAR
 MAXIMUM TEMPERATURE (F)   84       105      1931
 MINIMUM TEMPERATURE (F)   62        40      1926


SUNRISE AND SUNSET
JUNE 25 2017..........SUNRISE   533 AM CDT   SUNSET   851 PM CDT
JUNE 26 2017..........SUNRISE   534 AM CDT   SUNSET   851 PM CDT


-  INDICATES NEGATIVE NUMBERS.
R  INDICATES RECORD WAS SET OR TIED.
MM INDICATES DATA IS MISSING.
T  INDICATES TRACE AMOUNT.

$$
