000
CDUS43 KDMX 260628 RRA
CLIALO

CLIMATE REPORT
NATIONAL WEATHER SERVICE DES MOINES IA
126 AM CDT TUE JUL 26 2016

...................................

...THE WATERLOO IA CLIMATE SUMMARY FOR JULY 25 2016...

CLIMATE NORMAL PERIOD 1981 TO 2010
CLIMATE RECORD PERIOD 1895 TO 2016


WEATHER ITEM   OBSERVED TIME   RECORD YEAR NORMAL DEPARTURE LAST
                VALUE   (LST)  VALUE       VALUE  FROM      YEAR
                                                  NORMAL
..................................................................
TEMPERATURE (F)
 YESTERDAY
  MAXIMUM         84    434 PM 104    2012  84      0       89
  MINIMUM         63    510 AM  46    2004  63      0       69
  AVERAGE         74                        73      1       79

PRECIPITATION (IN)
  YESTERDAY        0.00          3.09 2013   0.15  -0.15     0.00
  MONTH TO DATE    4.01                      4.06  -0.05     1.65
  SINCE JUN 1     12.98                      9.04   3.94     7.12
  SINCE JAN 1     23.42                     21.16   2.26    17.98

SNOWFALL (IN)
  YESTERDAY        0.0          MM      MM   0.0    0.0      0.0
  MONTH TO DATE    0.0                       0.0    0.0      0.0
  SINCE JUN 1      0.0                       0.0    0.0      0.0
  SINCE JUL 1      0.0                       0.0    0.0      0.0
  SNOW DEPTH       0

DEGREE DAYS
 HEATING
  YESTERDAY        0                         0      0        0
  MONTH TO DATE    2                         0      2       11
  SINCE JUN 1      6                        26    -20       23
  SINCE JUL 1      2                         0      2       11

 COOLING
  YESTERDAY        9                         8      1       14
  MONTH TO DATE  207                       223    -16      174
  SINCE JUN 1    424                       400     24      323
  SINCE JAN 1    487                       456     31      370
..................................................................


WIND (MPH)
  HIGHEST WIND SPEED    15   HIGHEST WIND DIRECTION    NW (330)
  HIGHEST GUST SPEED    19   HIGHEST GUST DIRECTION     N (340)
  AVERAGE WIND SPEED     5.8


SKY COVER
  POSSIBLE SUNSHINE  MM
  AVERAGE SKY COVER 0.0


WEATHER CONDITIONS
 THE FOLLOWING WEATHER WAS RECORDED YESTERDAY.
  NO SIGNIFICANT WEATHER WAS OBSERVED.


RELATIVE HUMIDITY (PERCENT)
 HIGHEST    93           200 AM
 LOWEST     44           300 PM
 AVERAGE    69

..........................................................


THE WATERLOO IA CLIMATE NORMALS FOR TODAY
                         NORMAL    RECORD    YEAR
 MAXIMUM TEMPERATURE (F)   84       109      1936
 MINIMUM TEMPERATURE (F)   62        46      1911


SUNRISE AND SUNSET
JULY 26 2016..........SUNRISE   556 AM CDT   SUNSET   835 PM CDT
JULY 27 2016..........SUNRISE   557 AM CDT   SUNSET   834 PM CDT


-  INDICATES NEGATIVE NUMBERS.
R  INDICATES RECORD WAS SET OR TIED.
MM INDICATES DATA IS MISSING.
T  INDICATES TRACE AMOUNT.

$$

REV
