000
CDUS45 KPUB 051046
CLIALS


CLIMATE REPORT
NATIONAL WEATHER SERVICE PUEBLO
446 AM MDT THU MAY 5 2016


...................................

...THE ALAMOSA CO CLIMATE SUMMARY FOR MAY 4 2016...

CLIMATE NORMAL PERIOD 1981 TO 2010
CLIMATE RECORD PERIOD 1932 TO 2016


WEATHER ITEM   OBSERVED TIME   RECORD YEAR NORMAL DEPARTURE LAST
                VALUE   (LST)  VALUE       VALUE  FROM      YEAR
                                                  NORMAL
..................................................................
TEMPERATURE (F)
 YESTERDAY
  MAXIMUM         70    409 PM  81    1943  65      5       64
  MINIMUM         29    438 AM  13    1935  30     -1       33
  AVERAGE         50                        48      2       49

PRECIPITATION (IN)
  YESTERDAY        0.00          0.51 2001   0.02  -0.02      T
  MONTH TO DATE    0.08                      0.08   0.00     0.02
  SINCE MAR 1      2.35                      1.20   1.15     0.85
  SINCE JAN 1      3.33                      1.72   1.61     2.19

SNOWFALL (IN)
  YESTERDAY        0.0           3.5  2001   0.1   -0.1      0.0
  MONTH TO DATE    0.8                       0.3    0.5      0.0
  SINCE MAR 1     24.2                       8.9   15.3      0.7
  SINCE JUL 1     43.0                      27.0   16.0     23.8
  SNOW DEPTH       0

DEGREE DAYS
 HEATING
  YESTERDAY       15                        17     -2       16
  MONTH TO DATE   84                        71     13       52
  SINCE MAR 1   1686                      1742    -56     1477
  SINCE JUL 1   7452                      8071   -619     6969

 COOLING
  YESTERDAY        0                         0      0        0
  MONTH TO DATE    0                         0      0        0
  SINCE MAR 1      0                         0      0        0
  SINCE JAN 1      0                         0      0        0
..................................................................


WIND (MPH)
  HIGHEST WIND SPEED    14   HIGHEST WIND DIRECTION     S (190)
  HIGHEST GUST SPEED    17   HIGHEST GUST DIRECTION     S (190)
  AVERAGE WIND SPEED     4.6


SKY COVER
  POSSIBLE SUNSHINE  MM
  AVERAGE SKY COVER 0.0


WEATHER CONDITIONS
 THE FOLLOWING WEATHER WAS RECORDED YESTERDAY.
  NO SIGNIFICANT WEATHER WAS OBSERVED.


RELATIVE HUMIDITY (PERCENT)
 HIGHEST    85           300 AM
 LOWEST     12           500 PM
 AVERAGE    49

..........................................................


THE ALAMOSA CO CLIMATE NORMALS FOR TODAY
                         NORMAL    RECORD    YEAR
 MAXIMUM TEMPERATURE (F)   66        80      2000
                                             1947
 MINIMUM TEMPERATURE (F)   31        17      1991


SUNRISE AND SUNSET
MAY  5 2016...........SUNRISE   603 AM MDT   SUNSET   757 PM MDT
MAY  6 2016...........SUNRISE   602 AM MDT   SUNSET   758 PM MDT


-  INDICATES NEGATIVE NUMBERS.
R  INDICATES RECORD WAS SET OR TIED.
MM INDICATES DATA IS MISSING.
T  INDICATES TRACE AMOUNT.




$$
