000
CDUS45 KPUB 190024
CLIALS


CLIMATE REPORT
NATIONAL WEATHER SERVICE PUEBLO
624 PM MDT THU SEP 18 2014


...................................

...THE ALAMOSA CO CLIMATE SUMMARY FOR SEPTEMBER 18 2014...
VALID TODAY AS OF 0500 PM LOCAL TIME.

CLIMATE NORMAL PERIOD 1981 TO 2010
CLIMATE RECORD PERIOD 1932 TO 2014


WEATHER ITEM   OBSERVED TIME   RECORD YEAR NORMAL DEPARTURE LAST
                VALUE   (LST)  VALUE       VALUE  FROM      YEAR
                                                  NORMAL
..................................................................
TEMPERATURE (F)
 TODAY
  MAXIMUM         82    320 PM  84    2010  72     10       71
  MINIMUM         35    544 AM  19    2006  36     -1       49
  AVERAGE         59                        54      5       60

PRECIPITATION (IN)
  TODAY            0.00          0.72 2002   0.03  -0.03     0.13
  MONTH TO DATE    0.09                      0.61  -0.52     1.91
  SINCE SEP 1      0.09                      0.61  -0.52     1.91
  SINCE JAN 1      3.97                      5.56  -1.59     6.78

SNOWFALL (IN)
  TODAY            0.0           1.2  1971   0.0    0.0      0.0
  MONTH TO DATE    0.0                       0.0    0.0      0.0
  SINCE SEP 1      0.0                       0.0    0.0      0.0
  SINCE JUL 1      0.0                       0.0    0.0      0.0
  SNOW DEPTH       0

DEGREE DAYS
 HEATING
  TODAY            6                        11     -5        5
  MONTH TO DATE   96                       141    -45       63
  SINCE SEP 1     96                       141    -45       63
  SINCE JUL 1    217                       270    -53      138

 COOLING
  TODAY            0                         0      0        0
  MONTH TO DATE    0                         0      0       14
  SINCE SEP 1      0                         0      0       14
  SINCE JAN 1     60                        51      9      113
..................................................................


WIND (MPH)
  HIGHEST WIND SPEED    13   HIGHEST WIND DIRECTION     W (260)
  HIGHEST GUST SPEED    18   HIGHEST GUST DIRECTION     W (250)
  AVERAGE WIND SPEED     3.1


SKY COVER
  POSSIBLE SUNSHINE  MM
  AVERAGE SKY COVER 0.0


WEATHER CONDITIONS
 THE FOLLOWING WEATHER WAS RECORDED TODAY.
  NO SIGNIFICANT WEATHER WAS OBSERVED.


RELATIVE HUMIDITY (PERCENT)
 HIGHEST    89           200 AM
 LOWEST     15           300 PM
 AVERAGE    52

..........................................................


THE ALAMOSA CO CLIMATE NORMALS FOR TOMORROW
                         NORMAL    RECORD    YEAR
 MAXIMUM TEMPERATURE (F)   72        84      2010
 MINIMUM TEMPERATURE (F)   36        20      1988


SUNRISE AND SUNSET
SEPTEMBER 18 2014.....SUNRISE   648 AM MDT   SUNSET   706 PM MDT
SEPTEMBER 19 2014.....SUNRISE   649 AM MDT   SUNSET   705 PM MDT


-  INDICATES NEGATIVE NUMBERS.
R  INDICATES RECORD WAS SET OR TIED.
MM INDICATES DATA IS MISSING.
T  INDICATES TRACE AMOUNT.




$$
