334
CDUS45 KPUB 071135
CLIALS


CLIMATE REPORT
NATIONAL WEATHER SERVICE PUEBLO
435 AM MST WED DEC 7 2016


...................................

...THE ALAMOSA CO CLIMATE SUMMARY FOR DECEMBER 6 2016...

CLIMATE NORMAL PERIOD 1981 TO 2010
CLIMATE RECORD PERIOD 1932 TO 2016


WEATHER ITEM   OBSERVED TIME   RECORD YEAR NORMAL DEPARTURE LAST
                VALUE   (LST)  VALUE       VALUE  FROM      YEAR
                                                  NORMAL
..................................................................
TEMPERATURE (F)
 YESTERDAY
  MAXIMUM         39   1201 PM  59    1943  37      2       41
  MINIMUM         -3    701 AM -31    1964   3     -6        1
  AVERAGE         18                        20     -2       21

PRECIPITATION (IN)
  YESTERDAY        0.00          0.68 1978   0.01  -0.01     0.00
  MONTH TO DATE    0.07                      0.07   0.00      T
  SINCE DEC 1      0.07                      0.07   0.00      T
  SINCE JAN 1      8.16                      7.03   1.13     9.17

SNOWFALL (IN)
  YESTERDAY        0.0           9.6  1978   0.2   -0.2      0.0
  MONTH TO DATE    1.4                       0.9    0.5      0.0
  SINCE DEC 1      1.4                       0.9    0.5      0.0
  SINCE JUL 1      2.4                       6.7   -4.3      4.3
  SNOW DEPTH       0

DEGREE DAYS
 HEATING
  YESTERDAY       47                        45      2       44
  MONTH TO DATE  291                       264     27      250
  SINCE DEC 1    291                       264     27      250
  SINCE JUL 1   2155                      2439   -284     2028

 COOLING
  YESTERDAY        0                         0      0        0
  MONTH TO DATE    0                         0      0        0
  SINCE DEC 1      0                         0      0        0
  SINCE JAN 1    115                        51     64       74
..................................................................


WIND (MPH)
  HIGHEST WIND SPEED    30   HIGHEST WIND DIRECTION    SW (230)
  HIGHEST GUST SPEED    37   HIGHEST GUST DIRECTION    SW (230)
  AVERAGE WIND SPEED    12.6


SKY COVER
  POSSIBLE SUNSHINE  MM
  AVERAGE SKY COVER 0.1


WEATHER CONDITIONS
 THE FOLLOWING WEATHER WAS RECORDED YESTERDAY.
  NO SIGNIFICANT WEATHER WAS OBSERVED.


RELATIVE HUMIDITY (PERCENT)
 HIGHEST    87           300 AM
 LOWEST     38          1100 AM
 AVERAGE    63

..........................................................


THE ALAMOSA CO CLIMATE NORMALS FOR TODAY
                         NORMAL    RECORD    YEAR
 MAXIMUM TEMPERATURE (F)   37        59      1977
                                             1946
 MINIMUM TEMPERATURE (F)    3       -35      1964


SUNRISE AND SUNSET
DECEMBER  7 2016......SUNRISE   705 AM MST   SUNSET   445 PM MST
DECEMBER  8 2016......SUNRISE   706 AM MST   SUNSET   445 PM MST


-  INDICATES NEGATIVE NUMBERS.
R  INDICATES RECORD WAS SET OR TIED.
MM INDICATES DATA IS MISSING.
T  INDICATES TRACE AMOUNT.




$$
