241
CDUS45 KPUB 260022
CLIALS


CLIMATE REPORT
NATIONAL WEATHER SERVICE PUEBLO
622 PM MDT MON SEP 25 2017


...................................

...THE ALAMOSA CO CLIMATE SUMMARY FOR SEPTEMBER 25 2017...
VALID TODAY AS OF 0500 PM LOCAL TIME.

CLIMATE NORMAL PERIOD 1981 TO 2010
CLIMATE RECORD PERIOD 1932 TO 2017


WEATHER ITEM   OBSERVED TIME   RECORD YEAR NORMAL DEPARTURE LAST
                VALUE   (LST)  VALUE       VALUE  FROM      YEAR
                                                  NORMAL
..................................................................
TEMPERATURE (F)
 TODAY
  MAXIMUM         67    343 PM  81    2014  70     -3       68
  MINIMUM         25    504 AM  16    2000  33     -8       25
  AVERAGE         46                        51     -5       47

PRECIPITATION (IN)
  TODAY            0.00          0.35 1954   0.03  -0.03     0.00
  MONTH TO DATE    0.38                      0.80  -0.42     0.26
  SINCE SEP 1      0.38                      0.80  -0.42     0.26
  SINCE JAN 1      9.07                      5.75   3.32     7.61

SNOWFALL (IN)
  TODAY            0.0           0.0  2002   0.0    0.0      0.0
  MONTH TO DATE    0.0                       0.0    0.0      0.0
  SINCE SEP 1      0.0                       0.0    0.0      0.0
  SINCE JUL 1      T                         0.0    0.0      0.0
  SNOW DEPTH       0

DEGREE DAYS
 HEATING
  TODAY           19                        14      5       18
  MONTH TO DATE  161                       228    -67      194
  SINCE SEP 1    161                       228    -67      194
  SINCE JUL 1    260                       357    -97      338

 COOLING
  TODAY            0                         0      0        0
  MONTH TO DATE    0                         0      0        0
  SINCE SEP 1      0                         0      0        0
  SINCE JAN 1     76                        51     25      115
..................................................................


WIND (MPH)
  HIGHEST WIND SPEED    18   HIGHEST WIND DIRECTION     S (190)
  HIGHEST GUST SPEED    23   HIGHEST GUST DIRECTION     W (250)
  AVERAGE WIND SPEED     5.2


SKY COVER
  POSSIBLE SUNSHINE  MM
  AVERAGE SKY COVER 0.2


WEATHER CONDITIONS
 THE FOLLOWING WEATHER WAS RECORDED TODAY.
  NO SIGNIFICANT WEATHER WAS OBSERVED.


RELATIVE HUMIDITY (PERCENT)
 HIGHEST    92           400 AM
 LOWEST      7           400 PM
 AVERAGE    50

..........................................................


THE ALAMOSA CO CLIMATE NORMALS FOR TOMORROW
                         NORMAL    RECORD    YEAR
 MAXIMUM TEMPERATURE (F)   70        81      2015
                                             1999
 MINIMUM TEMPERATURE (F)   32        19      1970


SUNRISE AND SUNSET
SEPTEMBER 25 2017.....SUNRISE   654 AM MDT   SUNSET   655 PM MDT
SEPTEMBER 26 2017.....SUNRISE   655 AM MDT   SUNSET   654 PM MDT


-  INDICATES NEGATIVE NUMBERS.
R  INDICATES RECORD WAS SET OR TIED.
MM INDICATES DATA IS MISSING.
T  INDICATES TRACE AMOUNT.




$$
