000
CDUS44 KAMA 202137
CLIAMA


CLIMATE REPORT
NATIONAL WEATHER SERVICE AMARILLO TX
434 PM CDT SUN APR 20 2014


...................................

...THE AMARILLO CLIMATE SUMMARY FOR APRIL 20 2014...
VALID TODAY AS OF 0400 PM LOCAL TIME.

CLIMATE NORMAL PERIOD 1981 TO 2010
CLIMATE RECORD PERIOD 1892 TO 2014


WEATHER ITEM   OBSERVED TIME   RECORD YEAR NORMAL DEPARTURE LAST
                VALUE   (LST)  VALUE       VALUE  FROM      YEAR
                                                  NORMAL
..................................................................
TEMPERATURE (F)
 TODAY
  MAXIMUM         77    103 PM  91    1989  72      5       79
  MINIMUM         49    644 AM  25    1966  43      6       47
  AVERAGE         63                        58      5       63

PRECIPITATION (IN)
  TODAY            0.04          0.99 1942   0.06  -0.02     0.00
  MONTH TO DATE    0.55                      0.88  -0.33     0.05
  SINCE MAR 1      0.75                      2.27  -1.52     0.20
  SINCE JAN 1      1.14                      3.55  -2.41     3.49

SNOWFALL (IN)
  TODAY            0.0           2.2  1907   0.0    0.0      0.0
  MONTH TO DATE    0.4                       0.6   -0.2       T
  SINCE MAR 1      0.7                       3.5   -2.8      0.1
  SINCE JUL 1     12.8                      17.5   -4.7     29.7
  SNOW DEPTH       0

DEGREE DAYS
 HEATING
  TODAY            2                         8     -6        2
  MONTH TO DATE  203                       213    -10      257
  SINCE MAR 1    762                       745     17      694
  SINCE JUL 1   4115                      4022     93     3559

 COOLING
  TODAY            0                         1     -1        0
  MONTH TO DATE    5                         6     -1       11
  SINCE MAR 1      5                         8     -3       11
  SINCE JAN 1      5                         8     -3       11
..................................................................


WIND (MPH)
  RESULTANT WIND SPEED  10   RESULTANT WIND DIRECTION   S (180)
  HIGHEST WIND SPEED    26   HIGHEST WIND DIRECTION     S (190)
  HIGHEST GUST SPEED    33   HIGHEST GUST DIRECTION     S (190)
  AVERAGE WIND SPEED    11.0


SKY COVER
  AVERAGE SKY COVER 0.3


WEATHER CONDITIONS
 THE FOLLOWING WEATHER WAS RECORDED TODAY.
  THUNDERSTORM
  LIGHT RAIN
  FOG


RELATIVE HUMIDITY (PERCENT)
 HIGHEST    93           400 AM
 LOWEST     41           100 PM
 AVERAGE    67

..........................................................


THE AMARILLO CLIMATE NORMALS FOR TOMORROW
                         NORMAL    RECORD    YEAR
 MAXIMUM TEMPERATURE (F)   73        91      1963
 MINIMUM TEMPERATURE (F)   43        27      1982


SUNRISE AND SUNSET
APRIL 20 2014.........SUNRISE   708 AM CDT   SUNSET   824 PM CDT
APRIL 21 2014.........SUNRISE   707 AM CDT   SUNSET   824 PM CDT


-  INDICATES NEGATIVE NUMBERS.
R  INDICATES RECORD WAS SET OR TIED.
MM INDICATES DATA IS MISSING.
T  INDICATES TRACE AMOUNT.




$$
