000
CDUS44 KAMA 261427
CLIAMA


CLIMATE REPORT
NATIONAL WEATHER SERVICE AMARILLO TX
926 AM CDT MON JUN 26 2017


...................................

...THE AMARILLO CLIMATE SUMMARY FOR JUNE 26 2017...
VALID AS OF 0900 AM LOCAL TIME.

CLIMATE NORMAL PERIOD 1981 TO 2010
CLIMATE RECORD PERIOD 1892 TO 2017


WEATHER ITEM   OBSERVED TIME   RECORD YEAR NORMAL DEPARTURE LAST
                VALUE   (LST)  VALUE       VALUE  FROM      YEAR
                                                  NORMAL
..................................................................
TEMPERATURE (F)
 TODAY
  MINIMUM         58    623 AM  48    1958  64     -6       65

PRECIPITATION (IN)
  TODAY            0.01          1.70 1982   0.09  -0.08      T
  MONTH TO DATE    1.50                      2.79  -1.29     1.25
  SINCE JUN 1      1.50                      2.79  -1.29     1.25
  SINCE JAN 1      9.65                      9.15   0.50     7.14

SNOWFALL (IN)
  TODAY            0.0           T    2007   0.0    0.0      0.0
  MONTH TO DATE    0.0                       0.0    0.0      0.0
  SINCE JUN 1      0.0                       0.0    0.0      0.0
  SINCE JUL 1     10.0                      17.8   -7.8     13.4
  SNOW DEPTH       0

..................................................................


WIND (MPH)
  RESULTANT WIND SPEED   5   RESULTANT WIND DIRECTION  NW (300)
  HIGHEST WIND SPEED    30   HIGHEST WIND DIRECTION     S (170)
  HIGHEST GUST SPEED    39   HIGHEST GUST DIRECTION     S (160)
  AVERAGE WIND SPEED     9.8


SKY COVER
  AVERAGE SKY COVER 0.0


WEATHER CONDITIONS
 THE FOLLOWING WEATHER WAS RECORDED TODAY.
  THUNDERSTORM
  RAIN
  FOG


RELATIVE HUMIDITY (PERCENT)
 HIGHEST    93           500 AM
 LOWEST     84           200 AM
 AVERAGE    89

..........................................................


THE AMARILLO CLIMATE NORMALS FOR TOMORROW
                         NORMAL    RECORD    YEAR
 MAXIMUM TEMPERATURE (F)   91       108      1998
 MINIMUM TEMPERATURE (F)   64        51      1958


SUNRISE AND SUNSET
JUNE 26 2017..........SUNRISE   634 AM CDT   SUNSET   905 PM CDT
JUNE 27 2017..........SUNRISE   634 AM CDT   SUNSET   905 PM CDT


-  INDICATES NEGATIVE NUMBERS.
R  INDICATES RECORD WAS SET OR TIED.
MM INDICATES DATA IS MISSING.
T  INDICATES TRACE AMOUNT.




$$
