000
CDUS44 KAMA 242231
CLIAMA


CLIMATE REPORT
NATIONAL WEATHER SERVICE AMARILLO TX
431 PM CST TUE JAN 24 2017


...................................

...THE AMARILLO CLIMATE SUMMARY FOR JANUARY 24 2017...
VALID TODAY AS OF 0400 PM LOCAL TIME.

CLIMATE NORMAL PERIOD 1981 TO 2010
CLIMATE RECORD PERIOD 1892 TO 2017


WEATHER ITEM   OBSERVED TIME   RECORD YEAR NORMAL DEPARTURE LAST
                VALUE   (LST)  VALUE       VALUE  FROM      YEAR
                                                  NORMAL
..................................................................
TEMPERATURE (F)
 TODAY
  MAXIMUM         59    118 PM  79    1970  51      8       70
  MINIMUM         43    119 AM  -2    1894  24     19       33
  AVERAGE         51                        37     14       52

PRECIPITATION (IN)
  TODAY            0.00          0.11 1978   0.02  -0.02     0.00
  MONTH TO DATE    3.17                      0.52   2.65     0.19
  SINCE DEC 1      3.44                      1.23   2.21     0.97
  SINCE JAN 1      3.17                      0.52   2.65     0.19

SNOWFALL (IN)
  TODAY            0.0           2.5  1978   0.2   -0.2      0.0
  MONTH TO DATE    6.4                       3.4    3.0      1.4
  SINCE DEC 1      6.9                       7.1   -0.2      7.6
  SINCE JUL 1      6.9                       9.8   -2.9      8.9
  SNOW DEPTH       0

DEGREE DAYS
 HEATING
  TODAY           14                        28    -14       13
  MONTH TO DATE  598                       678    -80      671
  SINCE DEC 1   1424                      1551   -127     1406
  SINCE JUL 1   1889                      2395   -506     2065

 COOLING
  TODAY            0                         0      0        0
  MONTH TO DATE    0                         0      0        0
  SINCE DEC 1      0                         0      0        0
  SINCE JAN 1      0                         0      0        0
..................................................................


WIND (MPH)
  RESULTANT WIND SPEED  20   RESULTANT WIND DIRECTION  SW (230)
  HIGHEST WIND SPEED    39   HIGHEST WIND DIRECTION     W (250)
  HIGHEST GUST SPEED    47   HIGHEST GUST DIRECTION    SW (240)
  AVERAGE WIND SPEED    21.3


SKY COVER
  AVERAGE SKY COVER 0.0


WEATHER CONDITIONS
 THE FOLLOWING WEATHER WAS RECORDED TODAY.
  NO SIGNIFICANT WEATHER WAS OBSERVED.


RELATIVE HUMIDITY (PERCENT)
 HIGHEST    62           100 AM
 LOWEST     15           400 PM
 AVERAGE    39

..........................................................


THE AMARILLO CLIMATE NORMALS FOR TOMORROW
                         NORMAL    RECORD    YEAR
 MAXIMUM TEMPERATURE (F)   51        77      1952
 MINIMUM TEMPERATURE (F)   24         0      1897


SUNRISE AND SUNSET
JANUARY 24 2017.......SUNRISE   751 AM CST   SUNSET   607 PM CST
JANUARY 25 2017.......SUNRISE   750 AM CST   SUNSET   608 PM CST


-  INDICATES NEGATIVE NUMBERS.
R  INDICATES RECORD WAS SET OR TIED.
MM INDICATES DATA IS MISSING.
T  INDICATES TRACE AMOUNT.




$$
