000
CDUS44 KAMA 242134
CLIAMA


CLIMATE REPORT
NATIONAL WEATHER SERVICE AMARILLO TX
432 PM CDT SUN MAY 24 2015


...................................

...THE AMARILLO CLIMATE SUMMARY FOR MAY 24 2015...
VALID TODAY AS OF 0400 PM LOCAL TIME.

CLIMATE NORMAL PERIOD 1981 TO 2010
CLIMATE RECORD PERIOD 1892 TO 2015


WEATHER ITEM   OBSERVED TIME   RECORD YEAR NORMAL DEPARTURE LAST
                VALUE   (LST)  VALUE       VALUE  FROM      YEAR
                                                  NORMAL
..................................................................
TEMPERATURE (F)
 TODAY
  MAXIMUM         77    308 PM 100    2000  82     -5       72
  MINIMUM         54    528 AM  41    1924  54      0       55
  AVERAGE         66                        68     -2       64

PRECIPITATION (IN)
  TODAY            0.00          3.17 1936   0.08  -0.08     1.01
  MONTH TO DATE    9.26                      1.58   7.68     2.72
  SINCE MAR 1     12.44                      4.37   8.07     3.49
  SINCE JAN 1     14.52                      5.65   8.87     3.88

SNOWFALL (IN)
  TODAY            0.0           T    1996   0.0    0.0      0.0
  MONTH TO DATE    0.0                       0.2   -0.2      0.0
  SINCE MAR 1      0.1                       3.8   -3.7      0.7
  SINCE JUL 1     23.9                      17.8    6.1     12.8
  SNOW DEPTH       0

DEGREE DAYS
 HEATING
  TODAY            0                         2     -2        1
  MONTH TO DATE   99                        76     23       64
  SINCE MAR 1    727                       887   -160      869
  SINCE JUL 1   3852                      4164   -312     4222

 COOLING
  TODAY            1                         5     -4        0
  MONTH TO DATE   18                        66    -48      126
  SINCE MAR 1     40                        87    -47      157
  SINCE JAN 1     40                        87    -47      157
..................................................................


WIND (MPH)
  RESULTANT WIND SPEED  16   RESULTANT WIND DIRECTION   S (170)
  HIGHEST WIND SPEED    28   HIGHEST WIND DIRECTION    SE (140)
  HIGHEST GUST SPEED    32   HIGHEST GUST DIRECTION    SE (130)
  AVERAGE WIND SPEED    16.9


SKY COVER
  AVERAGE SKY COVER 0.5


WEATHER CONDITIONS
 THE FOLLOWING WEATHER WAS RECORDED TODAY.
  NO SIGNIFICANT WEATHER WAS OBSERVED.


RELATIVE HUMIDITY (PERCENT)
 HIGHEST   100           200 AM
 LOWEST     43           300 PM
 AVERAGE    72

..........................................................


THE AMARILLO CLIMATE NORMALS FOR TOMORROW
                         NORMAL    RECORD    YEAR
 MAXIMUM TEMPERATURE (F)   82       102      1953
 MINIMUM TEMPERATURE (F)   55        42      1950


SUNRISE AND SUNSET
MAY 24 2015...........SUNRISE   637 AM CDT   SUNSET   851 PM CDT
MAY 25 2015...........SUNRISE   636 AM CDT   SUNSET   851 PM CDT


-  INDICATES NEGATIVE NUMBERS.
R  INDICATES RECORD WAS SET OR TIED.
MM INDICATES DATA IS MISSING.
T  INDICATES TRACE AMOUNT.




$$
