000
CDUS44 KAMA 280632
CLIAMA


CLIMATE REPORT
NATIONAL WEATHER SERVICE AMARILLO TX
132 AM CDT THU AUG 28 2014


...................................

...THE AMARILLO CLIMATE SUMMARY FOR AUGUST 27 2014...

CLIMATE NORMAL PERIOD 1981 TO 2010
CLIMATE RECORD PERIOD 1892 TO 2014


WEATHER ITEM   OBSERVED TIME   RECORD YEAR NORMAL DEPARTURE LAST
                VALUE   (LST)  VALUE       VALUE  FROM      YEAR
                                                  NORMAL
..................................................................
TEMPERATURE (F)
 YESTERDAY
  MAXIMUM         93    216 PM 102    2011  88      5       90
  MINIMUM         66    545 AM  53    1906  63      3       66
  AVERAGE         80                        76      4       78

PRECIPITATION (IN)
  YESTERDAY        T             1.54 1933   0.08  -0.08     0.00
  MONTH TO DATE    1.75                      2.61  -0.86     1.42
  SINCE JUN 1      8.97                      8.61   0.36     6.08
  SINCE JAN 1     13.68                     14.97  -1.29    12.37

SNOWFALL (IN)
  YESTERDAY        0.0           0.0    MM   0.0    0.0      0.0
  MONTH TO DATE    0.0                       0.0    0.0      0.0
  SINCE JUN 1      0.0                       0.0    0.0      0.0
  SINCE JUL 1      0.0                       0.0    0.0      0.0
  SNOW DEPTH       0

DEGREE DAYS
 HEATING
  YESTERDAY        0                         0      0        0
  MONTH TO DATE    0                         0      0        0
  SINCE JUN 1      4                         7     -3        0
  SINCE JUL 1      0                         0      0        0

 COOLING
  YESTERDAY       15                        11      4       13
  MONTH TO DATE  391                       327     64      378
  SINCE JUN 1   1072                      1027     45     1177
  SINCE JAN 1   1269                      1152    117     1425
..................................................................


WIND (MPH)
  RESULTANT WIND SPEED   7   RESULTANT WIND DIRECTION  SE (130)
  HIGHEST WIND SPEED    31   HIGHEST WIND DIRECTION     S (170)
  HIGHEST GUST SPEED    40   HIGHEST GUST DIRECTION     S (190)
  AVERAGE WIND SPEED    12.2


SKY COVER
  AVERAGE SKY COVER 0.4


WEATHER CONDITIONS
 THE FOLLOWING WEATHER WAS RECORDED YESTERDAY.
  THUNDERSTORM
  LIGHT RAIN


RELATIVE HUMIDITY (PERCENT)
 HIGHEST    93           300 AM
 LOWEST     34           300 PM
 AVERAGE    64

..........................................................


THE AMARILLO CLIMATE NORMALS FOR TODAY
                         NORMAL    RECORD    YEAR
 MAXIMUM TEMPERATURE (F)   88       102      2011
 MINIMUM TEMPERATURE (F)   63        52      1987


SUNRISE AND SUNSET
AUGUST 28 2014........SUNRISE   716 AM CDT   SUNSET   819 PM CDT
AUGUST 29 2014........SUNRISE   717 AM CDT   SUNSET   818 PM CDT


-  INDICATES NEGATIVE NUMBERS.
R  INDICATES RECORD WAS SET OR TIED.
MM INDICATES DATA IS MISSING.
T  INDICATES TRACE AMOUNT.




$$
