000
CDUS44 KAMA 250635
CLIAMA


CLIMATE REPORT
NATIONAL WEATHER SERVICE AMARILLO TX
131 AM CDT WED MAY 25 2016


...................................

...THE AMARILLO CLIMATE SUMMARY FOR MAY 24 2016...

CLIMATE NORMAL PERIOD 1981 TO 2010
CLIMATE RECORD PERIOD 1892 TO 2016


WEATHER ITEM   OBSERVED TIME   RECORD YEAR NORMAL DEPARTURE LAST
                VALUE   (LST)  VALUE       VALUE  FROM      YEAR
                                                  NORMAL
..................................................................
TEMPERATURE (F)
 YESTERDAY
  MAXIMUM         90    334 PM 100    2000  82      8       77
  MINIMUM         59   1121 PM  41    1924  54      5       54
  AVERAGE         75                        68      7       66

PRECIPITATION (IN)
  YESTERDAY        0.00          3.17 1936   0.08  -0.08     0.00
  MONTH TO DATE    0.81                      1.58  -0.77     9.26
  SINCE MAR 1      4.41                      4.37   0.04    12.44
  SINCE JAN 1      5.10                      5.65  -0.55    14.52

SNOWFALL (IN)
  YESTERDAY        0.0           T    1996   0.0    0.0      0.0
  MONTH TO DATE    T                         0.2   -0.2      0.0
  SINCE MAR 1      1.3                       3.8   -2.5      0.1
  SINCE JUL 1     13.4                      17.8   -4.4     23.9
  SNOW DEPTH       0

DEGREE DAYS
 HEATING
  YESTERDAY        0                         2     -2        0
  MONTH TO DATE  124                        76     48       99
  SINCE MAR 1    718                       887   -169      727
  SINCE JUL 1   3459                      4164   -705     3852

 COOLING
  YESTERDAY       10                         5      5        1
  MONTH TO DATE   59                        66     -7       18
  SINCE MAR 1     69                        87    -18       40
  SINCE JAN 1     70                        87    -17       40
..................................................................


WIND (MPH)
  RESULTANT WIND SPEED  17   RESULTANT WIND DIRECTION   S (170)
  HIGHEST WIND SPEED    33   HIGHEST WIND DIRECTION    SE (130)
  HIGHEST GUST SPEED    40   HIGHEST GUST DIRECTION    SE (130)
  AVERAGE WIND SPEED    18.2


SKY COVER
  AVERAGE SKY COVER 0.1


WEATHER CONDITIONS
 THE FOLLOWING WEATHER WAS RECORDED YESTERDAY.
  FOG


RELATIVE HUMIDITY (PERCENT)
 HIGHEST    93           300 AM
 LOWEST     31           200 PM
 AVERAGE    62

..........................................................


THE AMARILLO CLIMATE NORMALS FOR TODAY
                         NORMAL    RECORD    YEAR
 MAXIMUM TEMPERATURE (F)   82       102      1953
 MINIMUM TEMPERATURE (F)   55        42      1950


SUNRISE AND SUNSET
MAY 25 2016...........SUNRISE   636 AM CDT   SUNSET   852 PM CDT
MAY 26 2016...........SUNRISE   636 AM CDT   SUNSET   853 PM CDT


-  INDICATES NEGATIVE NUMBERS.
R  INDICATES RECORD WAS SET OR TIED.
MM INDICATES DATA IS MISSING.
T  INDICATES TRACE AMOUNT.




$$
