000
CDUS42 KJAX 030534
CLIAMG


CLIMATE REPORT
NATIONAL WEATHER SERVICE JACKSONVILLE FL
1234 AM EST SAT DEC 3 2016


...................................

...THE ALMA CLIMATE SUMMARY FOR DECEMBER 2 2016...

CLIMATE NORMAL PERIOD 1981 TO 2010
CLIMATE RECORD PERIOD 1948 TO 2016


WEATHER ITEM   OBSERVED TIME   RECORD YEAR NORMAL DEPARTURE LAST
                VALUE   (LST)  VALUE       VALUE  FROM      YEAR
                                                  NORMAL
..................................................................
TEMPERATURE (F)
 YESTERDAY
  MAXIMUM         66    249 PM  81    1982  67     -1       69
  MINIMUM         36    621 AM  23    1956  44     -8       59
  AVERAGE         51                        56     -5       64

PRECIPITATION (IN)
  YESTERDAY        0.00          2.38 2009   0.09  -0.09     0.37
  MONTH TO DATE    0.00                      0.19  -0.19     0.37
  SINCE DEC 1      0.00                      0.19  -0.19     0.37
  SINCE JAN 1     39.77                     43.55  -3.78    40.01

SNOWFALL (IN)
  YESTERDAY        0.0           0.0    MM   0.0    0.0      0.0
  MONTH TO DATE    0.0                       0.0    0.0      0.0
  SINCE DEC 1      0.0                       0.0    0.0      0.0
  SINCE JUL 1      0.0                       0.0    0.0      0.0
  SNOW DEPTH       0

DEGREE DAYS
 HEATING
  YESTERDAY       14                        10      4        1
  MONTH TO DATE   25                        20      5        1
  SINCE DEC 1     25                        20      5        1
  SINCE JUL 1    213                       264    -51      119

 COOLING
  YESTERDAY        0                         1     -1        0
  MONTH TO DATE    0                         2     -2        0
  SINCE DEC 1      0                         2     -2        0
  SINCE JAN 1   2700                      2467    233     2705
..................................................................


WIND (MPH)
  HIGHEST WIND SPEED    14   HIGHEST WIND DIRECTION     N (360)
  HIGHEST GUST SPEED    19   HIGHEST GUST DIRECTION     N (360)
  AVERAGE WIND SPEED     4.0


SKY COVER
  POSSIBLE SUNSHINE  MM
  AVERAGE SKY COVER 0.0


WEATHER CONDITIONS
 THE FOLLOWING WEATHER WAS RECORDED YESTERDAY.
  NO SIGNIFICANT WEATHER WAS OBSERVED.


RELATIVE HUMIDITY (PERCENT)
 HIGHEST    93          1200 AM
 LOWEST     30           300 PM
 AVERAGE    62

..........................................................


THE ALMA CLIMATE NORMALS FOR TODAY
                         NORMAL    RECORD    YEAR
 MAXIMUM TEMPERATURE (F)   66        80      1990
 MINIMUM TEMPERATURE (F)   44        20      1960


SUNRISE AND SUNSET
DECEMBER  3 2016......SUNRISE   714 AM EST   SUNSET   526 PM EST
DECEMBER  4 2016......SUNRISE   714 AM EST   SUNSET   526 PM EST


-  INDICATES NEGATIVE NUMBERS.
R  INDICATES RECORD WAS SET OR TIED.
MM INDICATES DATA IS MISSING.
T  INDICATES TRACE AMOUNT.




$$
