000
CDUS42 KJAX 012228
CLIAMG


CLIMATE REPORT
NATIONAL WEATHER SERVICE JACKSONVILLE FL
528 PM EST SUN FEB 1 2015


...................................

...THE ALMA CLIMATE SUMMARY FOR FEBRUARY 1 2015...
VALID TODAY AS OF 0500 PM LOCAL TIME.

CLIMATE NORMAL PERIOD 1981 TO 2010
CLIMATE RECORD PERIOD 1948 TO 2015


WEATHER ITEM   OBSERVED TIME   RECORD YEAR NORMAL DEPARTURE LAST
                VALUE   (LST)  VALUE       VALUE  FROM      YEAR
                                                  NORMAL
..................................................................
TEMPERATURE (F)
 TODAY
  MAXIMUM         72    346 PM  84    2002  63      9       56
  MINIMUM         36    540 AM  22    1977  41     -5       49
  AVERAGE         54                        52      2       53

PRECIPITATION (IN)
  TODAY            0.00          1.76 2007   0.14  -0.14     0.12
  MONTH TO DATE    0.00                      0.14  -0.14     0.12
  SINCE DEC 1      6.63                      7.69  -1.06     4.56
  SINCE JAN 1      2.21                      4.40  -2.19     1.73

SNOWFALL (IN)
  TODAY            0.0           0.0    MM   0.0    0.0      0.0
  MONTH TO DATE    0.0                       0.0    0.0      0.0
  SINCE DEC 1      0.0                       0.1   -0.1       T
  SINCE JUL 1      0.0                       0.1   -0.1       T
  SNOW DEPTH       0

DEGREE DAYS
 HEATING
  TODAY           11                        13     -2       12
  MONTH TO DATE   11                        13     -2       12
  SINCE DEC 1    811                       858    -47      901
  SINCE JUL 1   1209                      1102    107     1176

 COOLING
  TODAY            0                         0      0        0
  MONTH TO DATE    0                         0      0        0
  SINCE DEC 1      4                        16    -12       31
  SINCE JAN 1      3                         5     -2        1
..................................................................


WIND (MPH)
  HIGHEST WIND SPEED    20   HIGHEST WIND DIRECTION     S (190)
  HIGHEST GUST SPEED    26   HIGHEST GUST DIRECTION     S (170)
  AVERAGE WIND SPEED     7.1


SKY COVER
  POSSIBLE SUNSHINE  MM
  AVERAGE SKY COVER 0.1


WEATHER CONDITIONS
 THE FOLLOWING WEATHER WAS RECORDED TODAY.
  NO SIGNIFICANT WEATHER WAS OBSERVED.


RELATIVE HUMIDITY (PERCENT)
 HIGHEST    92           500 AM
 LOWEST     38           200 PM
 AVERAGE    65

..........................................................


THE ALMA CLIMATE NORMALS FOR TOMORROW
                         NORMAL    RECORD    YEAR
 MAXIMUM TEMPERATURE (F)   63        83      1990
 MINIMUM TEMPERATURE (F)   41        19      1951


SUNRISE AND SUNSET
FEBRUARY  1 2015......SUNRISE   723 AM EST   SUNSET   605 PM EST
FEBRUARY  2 2015......SUNRISE   722 AM EST   SUNSET   605 PM EST


-  INDICATES NEGATIVE NUMBERS.
R  INDICATES RECORD WAS SET OR TIED.
MM INDICATES DATA IS MISSING.
T  INDICATES TRACE AMOUNT.




$$
