000
CDUS44 KBMX 040800
CLIANB


CLIMATE REPORT
NATIONAL WEATHER SERVICE BIRMINGHAM, AL
300 AM CDT WED MAY 4 2016


...................................

...THE ANNISTON CLIMATE SUMMARY FOR MAY 3 2016...

CLIMATE NORMAL PERIOD 1981 TO 2010
CLIMATE RECORD PERIOD 1903 TO 2016


WEATHER ITEM   OBSERVED TIME   RECORD YEAR NORMAL DEPARTURE LAST
                VALUE   (LST)  VALUE       VALUE  FROM      YEAR
                                                  NORMAL
..................................................................
TEMPERATURE (F)
 YESTERDAY
  MAXIMUM         75    346 PM  90    1959  78     -3       80
                                      2001
  MINIMUM         61   1159 PM  37    1961  55      6       50
  AVERAGE         68                        66      2       65

PRECIPITATION (IN)
  YESTERDAY        0.02          2.04 1984   0.14  -0.12     0.00
  MONTH TO DATE    3.25                      0.43   2.82     0.00
  SINCE MAR 1      9.64                      9.50   0.14    13.83
  SINCE JAN 1     18.48                     19.10  -0.62    21.99

..................................................................


WIND (MPH)
  HIGHEST WIND SPEED    13   HIGHEST WIND DIRECTION    SW (240)
  HIGHEST GUST SPEED    20   HIGHEST GUST DIRECTION     W (250)
  AVERAGE WIND SPEED     5.4


SKY COVER
  AVERAGE SKY COVER 0.8


WEATHER CONDITIONS
 THE FOLLOWING WEATHER WAS RECORDED YESTERDAY.
  LIGHT RAIN
  FOG


RELATIVE HUMIDITY (PERCENT)
 HIGHEST    93
 LOWEST     46
 AVERAGE    70

..........................................................


THE ANNISTON CLIMATE NORMALS FOR TODAY
                         NORMAL    RECORD    YEAR
 MAXIMUM TEMPERATURE (F)   78        91      1955
 MINIMUM TEMPERATURE (F)   55        35      1971


SUNRISE AND SUNSET
MAY  4 2016...........SUNRISE   552 AM CDT   SUNSET   729 PM CDT
MAY  5 2016...........SUNRISE   551 AM CDT   SUNSET   730 PM CDT


-  INDICATES NEGATIVE NUMBERS.
R  INDICATES RECORD WAS SET OR TIED.
MM INDICATES DATA IS MISSING.
T  INDICATES TRACE AMOUNT.




$$
