682
CDUS44 KBMX 222142
CLIANB


CLIMATE REPORT
NATIONAL WEATHER SERVICE BIRMINGHAM, AL
442 PM CDT SUN OCT 22 2017


...................................

...THE ANNISTON CLIMATE SUMMARY FOR OCTOBER 22 2017...
VALID TODAY AS OF 0400 PM LOCAL TIME.

CLIMATE NORMAL PERIOD 1981 TO 2010
CLIMATE RECORD PERIOD 1903 TO 2017


WEATHER ITEM   OBSERVED RECORD YEAR NORMAL DEPARTURE LAST
                VALUE   VALUE       VALUE  FROM      YEAR
                                           NORMAL
...........................................................
TEMPERATURE (F)
 TODAY
  MAXIMUM         79     87    1963  73      6       70
                               1955
  MINIMUM         58     28    1987  49      9       40
  AVERAGE         69

PRECIPITATION (IN)
  TODAY            0.00   1.83 1945   0.10  -0.10     0.00
  MONTH TO DATE    5.04               2.16   2.88      T
  SINCE SEP 1      9.02               5.09   3.93     0.61
  SINCE JAN 1     53.32              40.01  13.31    26.47

SNOWFALL (IN)
  TODAY            0.0                0.0             0.0
  MONTH TO DATE    0.0                0.0             0.0
  SINCE SEP 1      0.0                0.0             0.0
  SINCE JUL 1      0.0                0.0             0.0

DEGREE DAYS

 COOLING
  TODAY            4                  2      2        0
  MONTH TO DATE  130                 62     68      128
  SINCE SEP 1    377                328     49      566
  SINCE JAN 1   1943               1845     98     2390
...........................................................


WIND (MPH)
  HIGHEST WIND SPEED    17   HIGHEST WIND DIRECTION    SE (150)
  HIGHEST GUST SPEED    24   HIGHEST GUST DIRECTION     S (170)
  AVERAGE WIND SPEED     5.8


SKY COVER
  AVERAGE SKY COVER 0.3


WEATHER CONDITIONS
 THE FOLLOWING WEATHER WAS RECORDED TODAY.
  NO SIGNIFICANT WEATHER WAS OBSERVED.


RELATIVE HUMIDITY (PERCENT)
 HIGHEST    90
 LOWEST     62
 AVERAGE    76

..........................................................


THE ANNISTON CLIMATE NORMALS FOR TOMORROW
                         NORMAL    RECORD    YEAR
 MAXIMUM TEMPERATURE (F)   73        86      1953
 MINIMUM TEMPERATURE (F)   49        25      1904


SUNRISE AND SUNSET
OCTOBER 22 2017.......SUNRISE   654 AM CDT   SUNSET   601 PM CDT
OCTOBER 23 2017.......SUNRISE   655 AM CDT   SUNSET   600 PM CDT


-  INDICATES NEGATIVE NUMBERS.
R  INDICATES RECORD WAS SET OR TIED.
MM INDICATES DATA IS MISSING.
T  INDICATES TRACE AMOUNT.




$$
