000
CDUS44 KBMX 062214
CLIANB


CLIMATE REPORT
NATIONAL WEATHER SERVICE BIRMINGHAM, AL
414 PM CST SAT FEB 6 2016


...................................

...THE ANNISTON CLIMATE SUMMARY FOR FEBRUARY 6 2016...
VALID AS OF 0400 PM LOCAL TIME.

CLIMATE NORMAL PERIOD 1981 TO 2010
CLIMATE RECORD PERIOD 1903 TO 2016


WEATHER ITEM   OBSERVED TIME   RECORD YEAR NORMAL DEPARTURE LAST
                VALUE   (LST)  VALUE       VALUE  FROM      YEAR
                                                  NORMAL
..................................................................
TEMPERATURE (F)
 TODAY
  MAXIMUM         53   1225 PM  76    1999  56     -3       55
  MINIMUM         27    617 AM  16    2000  35     -8       22
  AVERAGE         40

PRECIPITATION (IN)
  TODAY            0.00          3.04 2006   0.17  -0.17     0.00
  MONTH TO DATE    0.94                      1.05  -0.11     0.59
  SINCE DEC 1     13.42                      9.69   3.73    12.31
  SINCE JAN 1      4.13                      5.57  -1.44     6.09

DEGREE DAYS
 HEATING
  TODAY           25
  MONTH TO DATE   78
  SINCE DEC 1   1057
  SINCE JUL 1   1348
..................................................................


WIND (MPH)
  HIGHEST WIND SPEED    15   HIGHEST WIND DIRECTION     N (10)
  HIGHEST GUST SPEED    20   HIGHEST GUST DIRECTION     N (10)
  AVERAGE WIND SPEED     4.1


SKY COVER
  AVERAGE SKY COVER 0.0


WEATHER CONDITIONS
 THE FOLLOWING WEATHER WAS RECORDED TODAY.
  NO SIGNIFICANT WEATHER WAS OBSERVED.


RELATIVE HUMIDITY (PERCENT)
 HIGHEST    85
 LOWEST     26
 AVERAGE    56

..........................................................


THE ANNISTON CLIMATE NORMALS FOR TOMORROW
                         NORMAL    RECORD    YEAR
 MAXIMUM TEMPERATURE (F)   56        78      1957
 MINIMUM TEMPERATURE (F)   35        14      1988


SUNRISE AND SUNSET
FEBRUARY  6 2016......SUNRISE   636 AM CST   SUNSET   519 PM CST
FEBRUARY  7 2016......SUNRISE   635 AM CST   SUNSET   520 PM CST


-  INDICATES NEGATIVE NUMBERS.
R  INDICATES RECORD WAS SET OR TIED.
MM INDICATES DATA IS MISSING.
T  INDICATES TRACE AMOUNT.




$$
