000
CDUS44 KBMX 240735
CLIANB


CLIMATE REPORT
NATIONAL WEATHER SERVICE BIRMINGHAM, AL
235 AM CDT SAT JUN 24 2017


...................................

...THE ANNISTON CLIMATE SUMMARY FOR JUNE 23 2017...

CLIMATE NORMAL PERIOD 1981 TO 2010
CLIMATE RECORD PERIOD 1903 TO 2017


WEATHER ITEM   OBSERVED TIME   RECORD YEAR NORMAL DEPARTURE LAST
                VALUE   (LST)  VALUE       VALUE  FROM      YEAR
                                                  NORMAL
..................................................................
TEMPERATURE (F)
 YESTERDAY
  MAXIMUM         88    249 PM  99    2007  89     -1       91
  MINIMUM         72   1130 PM  52    1972  68      4       66
  AVERAGE         80                        78      2       79

PRECIPITATION (IN)
  YESTERDAY        1.58R         1.45 1957   0.14   1.44     0.00
  MONTH TO DATE    6.06                      3.08   2.98     1.56
  SINCE JUN 1      6.06                      3.08   2.98     1.56
  SINCE JAN 1     31.98                     26.01   5.97    21.28

..................................................................


WIND (MPH)
  HIGHEST WIND SPEED    29   HIGHEST WIND DIRECTION     W (260)
  HIGHEST GUST SPEED    39   HIGHEST GUST DIRECTION     W (260)
  AVERAGE WIND SPEED     9.1


SKY COVER
  AVERAGE SKY COVER 0.6


WEATHER CONDITIONS
 THE FOLLOWING WEATHER WAS RECORDED YESTERDAY.
  THUNDERSTORM
  HEAVY RAIN
  RAIN
  LIGHT RAIN
  FOG


RELATIVE HUMIDITY (PERCENT)
 HIGHEST   100
 LOWEST     55
 AVERAGE    78

..........................................................


THE ANNISTON CLIMATE NORMALS FOR TODAY
                         NORMAL    RECORD    YEAR
 MAXIMUM TEMPERATURE (F)   89        98      1981
 MINIMUM TEMPERATURE (F)   68        53      1972


SUNRISE AND SUNSET
JUNE 24 2017..........SUNRISE   534 AM CDT   SUNSET   757 PM CDT
JUNE 25 2017..........SUNRISE   535 AM CDT   SUNSET   757 PM CDT


-  INDICATES NEGATIVE NUMBERS.
R  INDICATES RECORD WAS SET OR TIED.
MM INDICATES DATA IS MISSING.
T  INDICATES TRACE AMOUNT.




$$
