755
CDUS44 KBMX 160736
CLIANB


CLIMATE REPORT
NATIONAL WEATHER SERVICE BIRMINGHAM, AL
236 AM CDT WED AUG 16 2017


...................................

...THE ANNISTON CLIMATE SUMMARY FOR AUGUST 15 2017...

CLIMATE NORMAL PERIOD 1981 TO 2010
CLIMATE RECORD PERIOD 1903 TO 2017


WEATHER ITEM   OBSERVED TIME   RECORD YEAR NORMAL DEPARTURE LAST
                VALUE   (LST)  VALUE       VALUE  FROM      YEAR
                                                  NORMAL
..................................................................
TEMPERATURE (F)
 YESTERDAY
  MAXIMUM         92    408 PM 104    2007  90      2       92
  MINIMUM         73   1159 PM  55    2004  70      3       71
  AVERAGE         83                        80      3       82

PRECIPITATION (IN)
  YESTERDAY        0.00          2.40 1969   0.10  -0.10     0.00
  MONTH TO DATE    4.22                      1.68   2.54     1.35
  SINCE JUN 1     16.89                     10.38   6.51     5.93
  SINCE JAN 1     42.81                     33.31   9.50    25.65

..................................................................


WIND (MPH)
  HIGHEST WIND SPEED    14   HIGHEST WIND DIRECTION    SW (230)
  HIGHEST GUST SPEED    17   HIGHEST GUST DIRECTION    SW (240)
  AVERAGE WIND SPEED     5.0


SKY COVER
  AVERAGE SKY COVER 0.4


WEATHER CONDITIONS
 THE FOLLOWING WEATHER WAS RECORDED YESTERDAY.
  THUNDERSTORM
  FOG


RELATIVE HUMIDITY (PERCENT)
 HIGHEST   100
 LOWEST     56
 AVERAGE    78

..........................................................


THE ANNISTON CLIMATE NORMALS FOR TODAY
                         NORMAL    RECORD    YEAR
 MAXIMUM TEMPERATURE (F)   90       104      2007
 MINIMUM TEMPERATURE (F)   70        61      2014
                                             1904


SUNRISE AND SUNSET
AUGUST 16 2017........SUNRISE   606 AM CDT   SUNSET   728 PM CDT
AUGUST 17 2017........SUNRISE   607 AM CDT   SUNSET   727 PM CDT


-  INDICATES NEGATIVE NUMBERS.
R  INDICATES RECORD WAS SET OR TIED.
MM INDICATES DATA IS MISSING.
T  INDICATES TRACE AMOUNT.




$$
