000
CDUS44 KBMX 190905
CLIANB


CLIMATE REPORT
NATIONAL WEATHER SERVICE BIRMINGHAM, AL
304 AM CST FRI JAN 19 2018


...................................

...THE ANNISTON CLIMATE SUMMARY FOR JANUARY 18 2018...

CLIMATE NORMAL PERIOD 1981 TO 2010
CLIMATE RECORD PERIOD 1903 TO 2018


WEATHER ITEM   OBSERVED TIME   RECORD YEAR NORMAL DEPARTURE LAST
                VALUE   (LST)  VALUE       VALUE  FROM      YEAR
                                                  NORMAL
..................................................................
TEMPERATURE (F)
 YESTERDAY
  MAXIMUM         41    341 PM  78    2010  54    -13       66
  MINIMUM         13    651 AM   8    1977  33    -20       53
  AVERAGE         27                        43    -16       60

PRECIPITATION (IN)
  YESTERDAY        0.00          2.77 1987   0.14  -0.14     0.01
  MONTH TO DATE    0.82                      2.43  -1.61     3.83
  SINCE DEC 1      4.27                      6.55  -2.28     6.47
  SINCE JAN 1      0.82                      2.43  -1.61     3.83

SNOWFALL (IN)
  YESTERDAY        0.0                       0.0             0.0
  MONTH TO DATE    0.0                       0.3             0.0
  SINCE DEC 1      0.0                       0.3             0.0
  SINCE JUL 1      0.0                       0.3             0.0

DEGREE DAYS
 HEATING
  YESTERDAY       38
  MONTH TO DATE  490
  SINCE DEC 1   1105
  SINCE JUL 1   1561
..................................................................


WIND (MPH)
  HIGHEST WIND SPEED    13   HIGHEST WIND DIRECTION     N (360)
  HIGHEST GUST SPEED    15   HIGHEST GUST DIRECTION    NE (50)
  AVERAGE WIND SPEED     3.1


SKY COVER
  AVERAGE SKY COVER 0.0


WEATHER CONDITIONS
 THE FOLLOWING WEATHER WAS RECORDED YESTERDAY.
  NO SIGNIFICANT WEATHER WAS OBSERVED.


RELATIVE HUMIDITY (PERCENT)
 HIGHEST    84
 LOWEST     30
 AVERAGE    57

..........................................................


THE ANNISTON CLIMATE NORMALS FOR TODAY
                         NORMAL    RECORD    YEAR
 MAXIMUM TEMPERATURE (F)   54        71      2017
                                             1988
                                             1951
 MINIMUM TEMPERATURE (F)   33         4      1977


SUNRISE AND SUNSET
JANUARY 19 2018.......SUNRISE   647 AM CST   SUNSET   502 PM CST
JANUARY 20 2018.......SUNRISE   646 AM CST   SUNSET   503 PM CST


-  INDICATES NEGATIVE NUMBERS.
R  INDICATES RECORD WAS SET OR TIED.
MM INDICATES DATA IS MISSING.
T  INDICATES TRACE AMOUNT.




$$
