000
CDUS44 KBMX 250750
CLIANB


CLIMATE REPORT
NATIONAL WEATHER SERVICE BIRMINGHAM, AL
248 AM CDT SUN SEP 25 2016


...................................

...THE ANNISTON CLIMATE SUMMARY FOR SEPTEMBER 24 2016...

CLIMATE NORMAL PERIOD 1981 TO 2010
CLIMATE RECORD PERIOD 1903 TO 2016


WEATHER ITEM   OBSERVED TIME   RECORD YEAR NORMAL DEPARTURE LAST
                VALUE   (LST)  VALUE       VALUE  FROM      YEAR
                                                  NORMAL
..................................................................
TEMPERATURE (F)
 YESTERDAY
  MAXIMUM         97R   318 PM  96    1931  82     15       84
  MINIMUM         67    607 AM  37    1903  60      7       62
  AVERAGE         82                        71     11       73

PRECIPITATION (IN)
  YESTERDAY        0.00          2.10 1951   0.10  -0.10     0.03
  MONTH TO DATE    0.60                      2.33  -1.73     2.34
  SINCE SEP 1      0.60                      2.33  -1.73     2.34
  SINCE JAN 1     26.46                     37.25 -10.79    39.50

DEGREE DAYS
 HEATING
  YESTERDAY        0
  MONTH TO DATE    0
  SINCE SEP 1      0
  SINCE JUL 1      0
..................................................................


WIND (MPH)
  HIGHEST WIND SPEED    10   HIGHEST WIND DIRECTION     N (340)
  HIGHEST GUST SPEED    13   HIGHEST GUST DIRECTION     N (10)
  AVERAGE WIND SPEED     2.5


SKY COVER
  AVERAGE SKY COVER 0.1


WEATHER CONDITIONS
 THE FOLLOWING WEATHER WAS RECORDED YESTERDAY.
  NO SIGNIFICANT WEATHER WAS OBSERVED.


RELATIVE HUMIDITY (PERCENT)
 HIGHEST    87
 LOWEST     22
 AVERAGE    55

..........................................................


THE ANNISTON CLIMATE NORMALS FOR TODAY
                         NORMAL    RECORD    YEAR
 MAXIMUM TEMPERATURE (F)   81        96      1931
 MINIMUM TEMPERATURE (F)   59        42      1990


SUNRISE AND SUNSET
SEPTEMBER 25 2016.....SUNRISE   634 AM CDT   SUNSET   635 PM CDT
SEPTEMBER 26 2016.....SUNRISE   635 AM CDT   SUNSET   634 PM CDT


-  INDICATES NEGATIVE NUMBERS.
R  INDICATES RECORD WAS SET OR TIED.
MM INDICATES DATA IS MISSING.
T  INDICATES TRACE AMOUNT.




$$
