000
CDUS44 KBMX 260857
CLIANB


CLIMATE REPORT
NATIONAL WEATHER SERVICE BIRMINGHAM, AL
255 AM CST SUN FEB 26 2017


...................................

...THE ANNISTON CLIMATE SUMMARY FOR FEBRUARY 25 2017...

CLIMATE NORMAL PERIOD 1981 TO 2010
CLIMATE RECORD PERIOD 1903 TO 2017


WEATHER ITEM   OBSERVED TIME   RECORD YEAR NORMAL DEPARTURE LAST
                VALUE   (LST)  VALUE       VALUE  FROM      YEAR
                                                  NORMAL
..................................................................
TEMPERATURE (F)
 YESTERDAY
  MAXIMUM         67    104 AM  79    1996  61      6       54
                                      1977
  MINIMUM         41   1159 PM  13    1967  39      2       36
  AVERAGE         54                        50      4       45

PRECIPITATION (IN)
  YESTERDAY        0.05          2.36 1992   0.19  -0.14     0.00
  MONTH TO DATE    2.74                      4.52  -1.78     5.65
  SINCE DEC 1     12.93                     13.16  -0.23    18.13
  SINCE JAN 1     10.29                      9.04   1.25     8.84

SNOWFALL (IN)
  YESTERDAY       MM                         0.0             0.0
  MONTH TO DATE    0.0                       0.3              T
  SINCE DEC 1      0.0                       1.0              T
  SINCE JUL 1      0.0                       1.0              T

DEGREE DAYS
 HEATING
  YESTERDAY       11
  MONTH TO DATE  256
  SINCE DEC 1   1163
  SINCE JUL 1   1436
..................................................................


WIND (MPH)
  HIGHEST WIND SPEED    22   HIGHEST WIND DIRECTION     W (250)
  HIGHEST GUST SPEED    28   HIGHEST GUST DIRECTION    NW (330)
  AVERAGE WIND SPEED    10.2


SKY COVER
  AVERAGE SKY COVER 0.2


WEATHER CONDITIONS
 THE FOLLOWING WEATHER WAS RECORDED YESTERDAY.
  THUNDERSTORM
  RAIN
  LIGHT RAIN
  FOG


RELATIVE HUMIDITY (PERCENT)
 HIGHEST    87
 LOWEST     15
 AVERAGE    51

..........................................................


THE ANNISTON CLIMATE NORMALS FOR TODAY
                         NORMAL    RECORD    YEAR
 MAXIMUM TEMPERATURE (F)   61        84      1977
 MINIMUM TEMPERATURE (F)   39        16      1967


SUNRISE AND SUNSET
FEBRUARY 26 2017......SUNRISE   615 AM CST   SUNSET   538 PM CST
FEBRUARY 27 2017......SUNRISE   614 AM CST   SUNSET   539 PM CST


-  INDICATES NEGATIVE NUMBERS.
R  INDICATES RECORD WAS SET OR TIED.
MM INDICATES DATA IS MISSING.
T  INDICATES TRACE AMOUNT.




$$
