000
CDUS44 KBMX 230743
CLIANB


CLIMATE REPORT
NATIONAL WEATHER SERVICE BIRMINGHAM, AL
240 AM CDT SAT MAY 23 2015


...................................

...THE ANNISTON CLIMATE SUMMARY FOR MAY 22 2015...

CLIMATE NORMAL PERIOD 1981 TO 2010
CLIMATE RECORD PERIOD 1903 TO 2015


WEATHER ITEM   OBSERVED TIME   RECORD YEAR NORMAL DEPARTURE LAST
                VALUE   (LST)  VALUE       VALUE  FROM      YEAR
                                                  NORMAL
..................................................................
TEMPERATURE (F)
 YESTERDAY
  MAXIMUM         78    437 PM  94    2006  82     -4       88
                                      1970
  MINIMUM         50    411 AM  42    2002  61    -11       59
  AVERAGE         64                        72     -8       74

PRECIPITATION (IN)
  YESTERDAY        0.00          2.42 1905   0.13  -0.13     0.00
  MONTH TO DATE    0.89                      3.10  -2.21     2.41
  SINCE MAR 1     14.72                     12.17   2.55    15.67
  SINCE JAN 1     22.88                     21.77   1.11    22.83

..................................................................


WIND (MPH)
  HIGHEST WIND SPEED    13   HIGHEST WIND DIRECTION     N (360)
  HIGHEST GUST SPEED    16   HIGHEST GUST DIRECTION     N (360)
  AVERAGE WIND SPEED     4.4


SKY COVER
  AVERAGE SKY COVER 0.0


WEATHER CONDITIONS
 THE FOLLOWING WEATHER WAS RECORDED YESTERDAY.
  NO SIGNIFICANT WEATHER WAS OBSERVED.


RELATIVE HUMIDITY (PERCENT)
 HIGHEST    83
 LOWEST     39
 AVERAGE    61

..........................................................


THE ANNISTON CLIMATE NORMALS FOR TODAY
                         NORMAL    RECORD    YEAR
 MAXIMUM TEMPERATURE (F)   83        94      1996
 MINIMUM TEMPERATURE (F)   61        45      1948


SUNRISE AND SUNSET
MAY 23 2015...........SUNRISE   538 AM CDT   SUNSET   743 PM CDT
MAY 24 2015...........SUNRISE   537 AM CDT   SUNSET   743 PM CDT


-  INDICATES NEGATIVE NUMBERS.
R  INDICATES RECORD WAS SET OR TIED.
MM INDICATES DATA IS MISSING.
T  INDICATES TRACE AMOUNT.




$$
