000
CDAK48 PAFC 301245
CLIANC

CLIMATE REPORT
NATIONAL WEATHER SERVICE ANCHORAGE, AK
444 AM AKDT WED JUL 30 2014


...................................

...THE ANCHORAGE AK CLIMATE SUMMARY FOR JULY 29 2014...

CLIMATE NORMAL PERIOD 1981 TO 2010
CLIMATE RECORD PERIOD 1915 TO 2014


WEATHER ITEM   OBSERVED RECORD YEAR NORMAL DEPARTURE LAST
                VALUE   VALUE       VALUE  FROM      YEAR
                                           NORMAL
...........................................................
TEMPERATURE (F)
 YESTERDAY
  MAXIMUM         69     79    1977  66      3       73
  MINIMUM         50     39    1916  53     -3       55
  AVERAGE         60                 59      1       64

PRECIPITATION (IN)
  YESTERDAY        T      0.75 1995   0.07  -0.07
  MONTH TO DATE    3.23               1.67   1.56
  SINCE JUN 1      6.56               2.64   3.92
  SINCE JAN 1      9.79               5.88   3.91

SNOWFALL (IN)
  YESTERDAY        0.0    0.0    MM   0.0    0.0
  MONTH TO DATE    0.0                0.0    0.0
  SINCE JUN 1      0.0                0.0    0.0
  SINCE JUL 1      0.0                0.0    0.0
  SNOW DEPTH       0

DEGREE DAYS
 HEATING
  YESTERDAY        5                        -1
  MONTH TO DATE  147                       -36
  SINCE JUN 1    475                        -1
  SINCE JUL 1    147                       -36

 COOLING
  YESTERDAY        0                         0
  MONTH TO DATE    3                         3
  SINCE JUN 1      3                         3
  SINCE JAN 1      3                         3
...........................................................


WIND (MPH)
  HIGHEST WIND SPEED    13   HIGHEST WIND DIRECTION    SW (210)
  HIGHEST GUST SPEED    MM   HIGHEST GUST DIRECTION    MM
  AVERAGE WIND SPEED     6.1




RELATIVE HUMIDITY (PERCENT)
 HIGHEST    89
 LOWEST     55
 AVERAGE    72

..........................................................


THE ANCHORAGE AK CLIMATE NORMALS FOR TODAY
                         NORMAL    RECORD    YEAR
 MAXIMUM TEMPERATURE (F)   66        78      2002
 MINIMUM TEMPERATURE (F)   53        41      1916


SUNRISE AND SUNSET
JULY 30 2014..........SUNRISE   528 AM AKDT  SUNSET  1043 PM AKDT
JULY 31 2014..........SUNRISE   531 AM AKDT  SUNSET  1040 PM AKDT

CIVIL TWILIGHT
JULY 30 2014            START   421 AM AKDT     END  1150 PM AKDT
JULY 31 2014            START   424 AM AKDT     END  1146 PM AKDT



-  INDICATES NEGATIVE NUMBERS.
R  INDICATES RECORD WAS SET OR TIED.
MM INDICATES DATA IS MISSING.
T  INDICATES TRACE AMOUNT.




$$
&&
------------------------------------------------------
AMOUNT OF DAYLIGHT TODAY  (HOUR:MIN)........17:15
GAIN/LOSS SINCE YESTERDAY (HOUR:MIN:SEC)....-0:05:07
