000
CDAK48 PAFC 031302
CLIANC

CLIMATE REPORT
NATIONAL WEATHER SERVICE ANCHORAGE, AK
501 AM AKDT TUE MAY 3 2016


...................................

...THE ANCHORAGE AK CLIMATE SUMMARY FOR MAY 2 2016...

CLIMATE NORMAL PERIOD 1981 TO 2010
CLIMATE RECORD PERIOD 1952 TO 2016


WEATHER ITEM   OBSERVED TIME   RECORD YEAR NORMAL DEPARTURE LAST
                VALUE   (LST)  VALUE       VALUE  FROM      YEAR
                                                  NORMAL
..................................................................
TEMPERATURE (F)
 YESTERDAY
  MAXIMUM         53        MM  69    2014  51      2       60
  MINIMUM         34        MM  27    2002  35     -1       33
                                      1964
                                      1963
  AVERAGE         44                        43      1       47

PRECIPITATION (IN)
  YESTERDAY        T             0.20 1971   0.02  -0.02
  MONTH TO DATE    T                         0.04  -0.04
  SINCE MAR 1      1.25                      1.11   0.14
  SINCE JAN 1      1.83                      2.56  -0.73

SNOWFALL (IN)
  YESTERDAY        0.0           0.2  1965   0.1   -0.1      0.0
  MONTH TO DATE    0.0                       0.1   -0.1      0.0
  SINCE MAR 1     10.7                      14.0   -3.3      4.6
  SINCE JUL 1     38.3                      74.3  -36.0     25.1
  SNOW DEPTH       0

DEGREE DAYS
 HEATING
  YESTERDAY       21                               -1
  MONTH TO DATE   42                               -2
  SINCE MAR 1   1651                             -431
  SINCE JUL 1   7987                            -1424

 COOLING
  YESTERDAY        0                                0
  MONTH TO DATE    0                                0
  SINCE MAR 1      0                                0
  SINCE JAN 1      0                                0
..................................................................


WIND (MPH)
  HIGHEST WIND SPEED    20   HIGHEST WIND DIRECTION    SE (150)
  HIGHEST GUST SPEED    35   HIGHEST GUST DIRECTION    SE (140)
  AVERAGE WIND SPEED     9.1




RELATIVE HUMIDITY (PERCENT)
 HIGHEST    89
 LOWEST     48
 AVERAGE    69

..........................................................


THE ANCHORAGE AK CLIMATE NORMALS FOR TODAY
                         NORMAL    RECORD    YEAR
 MAXIMUM TEMPERATURE (F)   52        67      2014
 MINIMUM TEMPERATURE (F)   36        24      2001


SUNRISE AND SUNSET
MAY  3 2016...........SUNRISE   544 AM AKDT  SUNSET  1012 PM AKDT
MAY  4 2016...........SUNRISE   541 AM AKDT  SUNSET  1015 PM AKDT

CIVIL TWILIGHT
MAY 3 2016              START   445 AM AKDT     END  1112 PM AKDT
MAY 4 2016              START   442 AM AKDT     END  1115 PM AKDT



-  INDICATES NEGATIVE NUMBERS.
R  INDICATES RECORD WAS SET OR TIED.
MM INDICATES DATA IS MISSING.
T  INDICATES TRACE AMOUNT.




$$
&&
------------------------------------------------------
AMOUNT OF DAYLIGHT TODAY  (HOUR:MIN)........16:28
GAIN/LOSS SINCE YESTERDAY (HOUR:MIN:SEC)....+0:05:29

$$
