000
CDAK48 PAFC 241305
CLIANC

CLIMATE REPORT
NATIONAL WEATHER SERVICE ANCHORAGE, AK
503 AM AKDT SUN SEP 24 2017


...................................

...THE ANCHORAGE AK CLIMATE SUMMARY FOR SEPTEMBER 23 2017...

CLIMATE NORMAL PERIOD 1981 TO 2010
CLIMATE RECORD PERIOD 1952 TO 2017


WEATHER ITEM   OBSERVED TIME   RECORD YEAR NORMAL DEPARTURE LAST
                VALUE   (LST)  VALUE       VALUE  FROM      YEAR
                                                  NORMAL
..................................................................
TEMPERATURE (F)
 YESTERDAY
  MAXIMUM         51        MM  61    1965  52     -1       56
  MINIMUM         48        MM  23    1992  40      8       47
  AVERAGE         50                        46      4       52

PRECIPITATION (IN)
  YESTERDAY        0.14          0.53 1974   0.10   0.04
  MONTH TO DATE    2.13                      2.31  -0.18
  SINCE SEP 1      2.13                      2.31  -0.18
  SINCE JAN 1     14.07                     11.60   2.47

SNOWFALL (IN)
  YESTERDAY        0.0           T    2013   0.0    0.0      0.0
                                      1983
  MONTH TO DATE    0.0                       0.1   -0.1      0.0
  SINCE SEP 1      0.0                       0.1   -0.1      0.0
  SINCE JUL 1      0.0                       0.1   -0.1      0.0
  SNOW DEPTH       0

DEGREE DAYS
 HEATING
  YESTERDAY       15                               -4
  MONTH TO DATE  292                              -56
  SINCE SEP 1    292                              -56
  SINCE JUL 1    660                             -138

 COOLING
  YESTERDAY        0                                0
  MONTH TO DATE    0                                0
  SINCE SEP 1      0                                0
  SINCE JAN 1      3                                1
..................................................................


WIND (MPH)
  HIGHEST WIND SPEED     9   HIGHEST WIND DIRECTION    NW (300)
  HIGHEST GUST SPEED    MM   HIGHEST GUST DIRECTION    MM
  AVERAGE WIND SPEED     4.5




RELATIVE HUMIDITY (PERCENT)
 HIGHEST   100
 LOWEST     86
 AVERAGE    93

..........................................................


THE ANCHORAGE AK CLIMATE NORMALS FOR TODAY
                         NORMAL    RECORD    YEAR
 MAXIMUM TEMPERATURE (F)   52        61      1997
                                             1989
 MINIMUM TEMPERATURE (F)   39        19      1992


SUNRISE AND SUNSET
SEPTEMBER 24 2017.....SUNRISE   750 AM AKDT  SUNSET   752 PM AKDT
SEPTEMBER 25 2017.....SUNRISE   753 AM AKDT  SUNSET   749 PM AKDT

CIVIL TWILIGHT
SEPTEMBER 24 2017       START    707 AM GMT     END    835 PM GMT
SEPTEMBER 25 2017       START    710 AM GMT     END    832 PM GMT



-  INDICATES NEGATIVE NUMBERS.
R  INDICATES RECORD WAS SET OR TIED.
MM INDICATES DATA IS MISSING.
T  INDICATES TRACE AMOUNT.




$$
&&
------------------------------------------------------
AMOUNT OF DAYLIGHT TODAY  (HOUR:MIN)........12:02
GAIN/LOSS SINCE YESTERDAY (HOUR:MIN:SEC)....-0:05:39
