000
CDAK48 PAFC 311237
CLIANC

CLIMATE REPORT
NATIONAL WEATHER SERVICE ANCHORAGE, AK
436 AM AKDT MON AUG 31 2015


...................................

...THE ANCHORAGE AK CLIMATE SUMMARY FOR AUGUST 30 2015...

CLIMATE NORMAL PERIOD 1981 TO 2010
CLIMATE RECORD PERIOD 1952 TO 2015


WEATHER ITEM   OBSERVED RECORD YEAR NORMAL DEPARTURE LAST
                VALUE   VALUE       VALUE  FROM      YEAR
                                           NORMAL
...........................................................
TEMPERATURE (F)
 YESTERDAY
  MAXIMUM         57     73    1974  61     -4       62
  MINIMUM         43     34    1955  47     -4       43
  AVERAGE         50                 54     -4       53

PRECIPITATION (IN)
  YESTERDAY        0.00   0.70 1993   0.11  -0.11
  MONTH TO DATE    0.97               3.14  -2.17
  SINCE JUN 1      4.24               5.94  -1.70
  SINCE JAN 1      7.30               9.18  -1.88

SNOWFALL (IN)
  YESTERDAY        0.0    0.0    MM   0.0    0.0
                               2000
  MONTH TO DATE    0.0                0.0    0.0
  SINCE JUN 1      0.0                0.0    0.0
  SINCE JUL 1      0.0                0.0    0.0
  SNOW DEPTH       0

DEGREE DAYS
 HEATING
  YESTERDAY       15                         4
  MONTH TO DATE  174                       -70
  SINCE JUN 1    440                      -291
  SINCE JUL 1    267                      -171

 COOLING
  YESTERDAY        0                         0
  MONTH TO DATE    8                         8
  SINCE JUN 1     34                        32
  SINCE JAN 1     34                        32
...........................................................


WIND (MPH)
  HIGHEST WIND SPEED    20   HIGHEST WIND DIRECTION    NW (310)
  HIGHEST GUST SPEED    31   HIGHEST GUST DIRECTION    NW (310)
  AVERAGE WIND SPEED    13.7




RELATIVE HUMIDITY (PERCENT)
 HIGHEST    60
 LOWEST     30
 AVERAGE    45

..........................................................


THE ANCHORAGE AK CLIMATE NORMALS FOR TODAY
                         NORMAL    RECORD    YEAR
 MAXIMUM TEMPERATURE (F)   61        71      1963
 MINIMUM TEMPERATURE (F)   47        31      1984


SUNRISE AND SUNSET
AUGUST 31 2015........SUNRISE   649 AM AKDT  SUNSET   910 PM AKDT
SEPTEMBER  1 2015.....SUNRISE   652 AM AKDT  SUNSET   907 PM AKDT

CIVIL TWILIGHT
AUGUST 31 2015          START   602 AM AKDT     END   957 PM AKDT
SEPTEMBER 1 2015        START   605 AM AKDT     END   954 PM AKDT



-  INDICATES NEGATIVE NUMBERS.
R  INDICATES RECORD WAS SET OR TIED.
MM INDICATES DATA IS MISSING.
T  INDICATES TRACE AMOUNT.




$$
&&
------------------------------------------------------
AMOUNT OF DAYLIGHT TODAY  (HOUR:MIN)........14:20
GAIN/LOSS SINCE YESTERDAY (HOUR:MIN:SEC)....-0:05:38
