000
CDAK48 PAFC 271248 CCA
CLIANC

CLIMATE REPORT...CORRECTED
NATIONAL WEATHER SERVICE ANCHORAGE, AK
447 AM AKDT WED AUG 27 2014

...CORRECTED SNOWFALL DATA...
...................................

...THE ANCHORAGE AK CLIMATE SUMMARY FOR AUGUST 26 2014...

CLIMATE NORMAL PERIOD 1981 TO 2010
CLIMATE RECORD PERIOD 1915 TO 2014


WEATHER ITEM   OBSERVED RECORD YEAR NORMAL DEPARTURE LAST
                VALUE   VALUE       VALUE  FROM      YEAR
                                           NORMAL
...........................................................
TEMPERATURE (F)
 YESTERDAY
  MAXIMUM         63     74    1981  62      1       67
  MINIMUM         48     31    1918  48      0       45
  AVERAGE         56                 55      1       56

PRECIPITATION (IN)
  YESTERDAY        0.01   2.71 1989   0.12  -0.11
  MONTH TO DATE    1.81               2.69  -0.88
  SINCE JUN 1      8.37               5.49   2.88
  SINCE JAN 1     11.60               8.73   2.87

SNOWFALL (IN)
  YESTERDAY        0.0    0.0    MM   0.0    0.0
  MONTH TO DATE    0.0                0.0    0.0
  SINCE JUN 1      0.0                0.0    0.0
  SINCE JUL 1      0.0                0.0    0.0
  SNOW DEPTH       0

DEGREE DAYS
 HEATING
  YESTERDAY        9                        -1
  MONTH TO DATE  143                       -58
  SINCE JUN 1    625                       -63
  SINCE JUL 1    297                       -98

 COOLING
  YESTERDAY        0                         0
  MONTH TO DATE    0                         0
  SINCE JUN 1      3                         1
  SINCE JAN 1      3                         1
...........................................................


WIND (MPH)
  HIGHEST WIND SPEED     9   HIGHEST WIND DIRECTION    SE (150)
  HIGHEST GUST SPEED    23   HIGHEST GUST DIRECTION     S (160)
  AVERAGE WIND SPEED     4.3




RELATIVE HUMIDITY (PERCENT)
 HIGHEST    86
 LOWEST     56
 AVERAGE    71

..........................................................


THE ANCHORAGE AK CLIMATE NORMALS FOR TODAY
                         NORMAL    RECORD    YEAR
 MAXIMUM TEMPERATURE (F)   62        73      1929
 MINIMUM TEMPERATURE (F)   48        33      1952


SUNRISE AND SUNSET
AUGUST 27 2014........SUNRISE   640 AM AKDT  SUNSET   921 PM AKDT
AUGUST 28 2014........SUNRISE   642 AM AKDT  SUNSET   918 PM AKDT

CIVIL TWILIGHT
AUGUST 27 2014          START   551 AM AKDT     END  1010 PM AKDT
AUGUST 28 2014          START   554 AM AKDT     END  1007 PM AKDT



-  INDICATES NEGATIVE NUMBERS.
R  INDICATES RECORD WAS SET OR TIED.
MM INDICATES DATA IS MISSING.
T  INDICATES TRACE AMOUNT.




$$
&&
------------------------------------------------------
AMOUNT OF DAYLIGHT TODAY  (HOUR:MIN)........14:42
GAIN/LOSS SINCE YESTERDAY (HOUR:MIN:SEC)....-0:05:37
