000
CDAK48 PAFC 101315
CLIANC

CLIMATE REPORT
NATIONAL WEATHER SERVICE ANCHORAGE, AK
414 AM AKST WED FEB 10 2016


...................................

...THE ANCHORAGE AK CLIMATE SUMMARY FOR FEBRUARY 9 2016...

CLIMATE NORMAL PERIOD 1981 TO 2010
CLIMATE RECORD PERIOD 1952 TO 2016


WEATHER ITEM   OBSERVED RECORD YEAR NORMAL DEPARTURE LAST
                VALUE   VALUE       VALUE  FROM      YEAR
                                           NORMAL
...........................................................
TEMPERATURE (F)
 YESTERDAY
  MAXIMUM         32     42    2012  25      7       17
  MINIMUM         23    -15    1999  13     10        8
  AVERAGE         28                 19      9       13

PRECIPITATION (IN)
  YESTERDAY        0.00   0.31 1995   0.03  -0.03
  MONTH TO DATE    0.08               0.25  -0.17
  SINCE DEC 1      0.59               2.09  -1.50
  SINCE JAN 1      0.36               0.98  -0.62

SNOWFALL (IN)
  YESTERDAY        0.0    3.7  1996   0.4   -0.4
  MONTH TO DATE    T                  3.7   -3.7
  SINCE DEC 1      6.1               31.7  -25.6
  SINCE JUL 1     25.8               53.1  -27.3
  SNOW DEPTH       1

DEGREE DAYS
 HEATING
  YESTERDAY       37                        -9
  MONTH TO DATE  342                       -77
  SINCE DEC 1   2853                      -477
  SINCE JUL 1   5667                      -827

 COOLING
  YESTERDAY        0                         0
  MONTH TO DATE    0                         0
  SINCE DEC 1      0                         0
  SINCE JAN 1      0                         0
...........................................................


WIND (MPH)
  HIGHEST WIND SPEED    14   HIGHEST WIND DIRECTION     N (350)
  HIGHEST GUST SPEED    MM   HIGHEST GUST DIRECTION    MM
  AVERAGE WIND SPEED     4.3




RELATIVE HUMIDITY (PERCENT)
 HIGHEST    88
 LOWEST     58
 AVERAGE    73

..........................................................


THE ANCHORAGE AK CLIMATE NORMALS FOR TODAY
                         NORMAL    RECORD    YEAR
 MAXIMUM TEMPERATURE (F)   26        45      2004
 MINIMUM TEMPERATURE (F)   13       -17      1999


SUNRISE AND SUNSET
FEBRUARY 10 2016......SUNRISE   857 AM AKST  SUNSET   532 PM AKST
FEBRUARY 11 2016......SUNRISE   854 AM AKST  SUNSET   535 PM AKST

CIVIL TWILIGHT
FEBRUARY 10 2016        START   811 AM AKST     END   620 PM AKST
FEBRUARY 11 2016        START   808 AM AKST     END   622 PM AKST



-  INDICATES NEGATIVE NUMBERS.
R  INDICATES RECORD WAS SET OR TIED.
MM INDICATES DATA IS MISSING.
T  INDICATES TRACE AMOUNT.




$$
&&
------------------------------------------------------
AMOUNT OF DAYLIGHT TODAY  (HOUR:MIN)........ 8:35
GAIN/LOSS SINCE YESTERDAY (HOUR:MIN:SEC)....+0:05:33

$$
