000
CDAK48 PAFC 011241
CLIANC

CLIMATE REPORT
NATIONAL WEATHER SERVICE ANCHORAGE, AK
440 AM AKDT SAT OCT 1 2016


...................................

...THE ANCHORAGE AK CLIMATE SUMMARY FOR SEPTEMBER 30 2016...

CLIMATE NORMAL PERIOD 1981 TO 2010
CLIMATE RECORD PERIOD 1952 TO 2016


WEATHER ITEM   OBSERVED TIME   RECORD YEAR NORMAL DEPARTURE LAST
                VALUE   (LST)  VALUE       VALUE  FROM      YEAR
                                                  NORMAL
..................................................................
TEMPERATURE (F)
 YESTERDAY
  MAXIMUM         54    431 PM  60    2003  49      5       43
                                      1993
  MINIMUM         32    732 AM  27    2000  37     -5       32
                                      1957
  AVERAGE         43                        43      0       38

PRECIPITATION (IN)
  YESTERDAY        0.00          1.30 2004   0.10  -0.10
  MONTH TO DATE    2.35                      2.99  -0.64
  SINCE SEP 1      2.35                      2.99  -0.64
  SINCE JAN 1     14.15                     12.28   1.87

SNOWFALL (IN)
  YESTERDAY        0.0           3.0  1992   0.1   -0.1      2.5
  MONTH TO DATE    0.0                       0.4   -0.4      2.8
  SINCE SEP 1      0.0                       0.4   -0.4      2.8
  SINCE JUL 1      0.0                       0.4   -0.4      2.8
  SNOW DEPTH       0

DEGREE DAYS
 HEATING
  YESTERDAY       22                                0
  MONTH TO DATE  393                             -100
  SINCE SEP 1    393                             -101
  SINCE JUL 1    597                             -347

 COOLING
  YESTERDAY        0                                0
  MONTH TO DATE    0                                0
  SINCE SEP 1      0                                0
  SINCE JAN 1     13                               11
..................................................................


WIND (MPH)
  HIGHEST WIND SPEED     7   HIGHEST WIND DIRECTION     N (20)
  HIGHEST GUST SPEED    11   HIGHEST GUST DIRECTION    NE (40)
  AVERAGE WIND SPEED     2.1




RELATIVE HUMIDITY (PERCENT)
 HIGHEST    92
 LOWEST     45
 AVERAGE    69

..........................................................


THE ANCHORAGE AK CLIMATE NORMALS FOR TODAY
                         NORMAL    RECORD    YEAR
 MAXIMUM TEMPERATURE (F)   49        62      2003
 MINIMUM TEMPERATURE (F)   37        25      1957


SUNRISE AND SUNSET
OCTOBER  1 2016.......SUNRISE   808 AM AKDT  SUNSET   729 PM AKDT
OCTOBER  2 2016.......SUNRISE   811 AM AKDT  SUNSET   726 PM AKDT

CIVIL TWILIGHT
OCTOBER 1 2016          START   726 AM AKDT     END   812 PM AKDT
OCTOBER 2 2016          START   728 AM AKDT     END   809 PM AKDT



-  INDICATES NEGATIVE NUMBERS.
R  INDICATES RECORD WAS SET OR TIED.
MM INDICATES DATA IS MISSING.
T  INDICATES TRACE AMOUNT.




$$
&&
------------------------------------------------------
AMOUNT OF DAYLIGHT TODAY  (HOUR:MIN)........11:21
GAIN/LOSS SINCE YESTERDAY (HOUR:MIN:SEC)....-0:05:39
