611
CDAK48 PAFC 191251
CLIANC

CLIMATE REPORT
NATIONAL WEATHER SERVICE ANCHORAGE, AK
349 AM AKST FRI JAN 19 2018


...................................

...THE ANCHORAGE AK CLIMATE SUMMARY FOR JANUARY 18 2018...

CLIMATE NORMAL PERIOD 1981 TO 2010
CLIMATE RECORD PERIOD 1952 TO 2018


WEATHER ITEM   OBSERVED TIME   RECORD YEAR NORMAL DEPARTURE LAST
                VALUE   (LST)  VALUE       VALUE  FROM      YEAR
                                                  NORMAL
..................................................................
TEMPERATURE (F)
 YESTERDAY
  MAXIMUM         31    255 PM  46    1981  23      8       -1
  MINIMUM         22   1159 PM -19    1989  11     11      -15
                                      1972
  AVERAGE         27                        17     10       -8

PRECIPITATION (IN)
  YESTERDAY        0.00          0.23 2010   0.03  -0.03
  MONTH TO DATE    0.56                      0.43   0.13
  SINCE SEP 1      7.27                      7.72  -0.45
  SINCE JAN 1      0.56                      0.43   0.13

SNOWFALL (IN)
  YESTERDAY        0.0           3.3  2010   0.3   -0.3       T
  MONTH TO DATE    4.2                       6.6   -2.4     10.8
  SINCE SEP 1     14.6                      44.7  -30.1     31.6
  SINCE JUL 1     14.6                      44.7  -30.1     31.6
  SNOW DEPTH       5

DEGREE DAYS
 HEATING
  YESTERDAY       38                              -10
  MONTH TO DATE  721                             -140
  SINCE DEC 1   1907                             -380
  SINCE JUL 1   4781                             -670

 COOLING
  YESTERDAY        0                                0
  MONTH TO DATE    0                                0
  SINCE DEC 1      0                                0
  SINCE JAN 1      0                                0
..................................................................


WIND (MPH)
  HIGHEST WIND SPEED     6   HIGHEST WIND DIRECTION     E (90)
  HIGHEST GUST SPEED     8   HIGHEST GUST DIRECTION     S (170)
  AVERAGE WIND SPEED     1.3




RELATIVE HUMIDITY (PERCENT)
 HIGHEST    92
 LOWEST     78
 AVERAGE    85

..........................................................


THE ANCHORAGE AK CLIMATE NORMALS FOR TODAY
                         NORMAL    RECORD    YEAR
 MAXIMUM TEMPERATURE (F)   23        50      1961
 MINIMUM TEMPERATURE (F)   11       -24      1989


SUNRISE AND SUNSET
JANUARY 19 2018.......SUNRISE   949 AM AKST  SUNSET   433 PM AKST
JANUARY 20 2018.......SUNRISE   947 AM AKST  SUNSET   436 PM AKST

CIVIL TWILIGHT
JANUARY 19 2018         START    855 AM GMT     END    528 PM GMT
JANUARY 20 2018         START    854 AM GMT     END    530 PM GMT



-  INDICATES NEGATIVE NUMBERS.
R  INDICATES RECORD WAS SET OR TIED.
MM INDICATES DATA IS MISSING.
T  INDICATES TRACE AMOUNT.




$$
&&
------------------------------------------------------
AMOUNT OF DAYLIGHT TODAY  (HOUR:MIN)........ 6:44
GAIN/LOSS SINCE YESTERDAY (HOUR:MIN:SEC)....+0:04:30

$$
