000
CDAK48 PAFC 160057
CLIANC

CLIMATE REPORT
NATIONAL WEATHER SERVICE ANCHORAGE, AK
455 PM AKDT MON SEP 15 2014


...................................

...THE ANCHORAGE AK CLIMATE SUMMARY FOR SEPTEMBER 15 2014...
VALID TODAY AS OF 0400 PM LOCAL TIME.

CLIMATE NORMAL PERIOD 1981 TO 2010
CLIMATE RECORD PERIOD 1915 TO 2014


WEATHER ITEM   OBSERVED RECORD YEAR NORMAL DEPARTURE LAST
                VALUE   VALUE       VALUE  FROM      YEAR
                                           NORMAL
...........................................................
TEMPERATURE (F)
 TODAY
  MAXIMUM         54     65    1982  56     -2       59
  MINIMUM         50     25    1928  42      8       42
  AVERAGE         52                 49              51

PRECIPITATION (IN)
  TODAY            0.24   0.61 1962   0.10   0.14     0.00
  MONTH TO DATE    2.69               1.51   1.18     4.19
  SINCE JUN 1     11.77               7.56   4.21    11.17
  SINCE JAN 1     15.00              10.80   4.20    17.55

SNOWFALL (IN)
  TODAY            0.0    0.0    MM   0.0    0.0      0.0
  MONTH TO DATE    0.0                0.0    0.0      0.0
  SINCE JUN 1      0.0                0.0    0.0      0.0
  SINCE JUL 1      0.0                0.0    0.0      0.0
  SNOW DEPTH       0

DEGREE DAYS
 HEATING
  TODAY           13                 16     -3       14
  MONTH TO DATE  167                207    -40      175
  SINCE SEP 1    167                207    -40      175
  SINCE JUL 1    516                657   -141      516

 COOLING
  TODAY            0                  0      0        0
  MONTH TO DATE    0                  0      0        0
  SINCE SEP 1      0                  0      0        0
  SINCE JAN 1      3                  2      1       21
...........................................................


WIND (MPH)
  RESULTANT WIND SPEED   2   RESULTANT WIND DIRECTION  NE (50)
  HIGHEST WIND SPEED     7   HIGHEST WIND DIRECTION    NE (60)
  HIGHEST GUST SPEED    MM   HIGHEST GUST DIRECTION    MM
  AVERAGE WIND SPEED     2.6


SKY COVER
  POSSIBLE SUNSHINE  MM
  AVERAGE SKY COVER 0.9


WEATHER CONDITIONS
 THE FOLLOWING WEATHER WAS RECORDED TODAY.
  RAIN
  LIGHT RAIN


RELATIVE HUMIDITY (PERCENT)
 HIGHEST    86           600 AM
 LOWEST     71          1200 AM
 AVERAGE    79

..........................................................


THE ANCHORAGE AK CLIMATE NORMALS FOR TOMORROW
                         NORMAL    RECORD    YEAR
 MAXIMUM TEMPERATURE (F)   55        70      1919
 MINIMUM TEMPERATURE (F)   42        26      1935


SUNRISE AND SUNSET
SEPTEMBER 15 2014.....SUNRISE   727 AM AKDT  SUNSET   822 PM AKDT
SEPTEMBER 16 2014.....SUNRISE   730 AM AKDT  SUNSET   818 PM AKDT

CIVIL TWILIGHT
SEPTEMBER 15 2014       START   644 AM AKDT     END   906 PM AKDT
SEPTEMBER 16 2014       START   646 AM AKDT     END   902 PM AKDT



-  INDICATES NEGATIVE NUMBERS.
R  INDICATES RECORD WAS SET OR TIED.
MM INDICATES DATA IS MISSING.
T  INDICATES TRACE AMOUNT.




$$
&&
------------------------------------------------------
AMOUNT OF DAYLIGHT TODAY  (HOUR:MIN)........12:54
