000
CDAK48 PAFC 310042
CLIANC

CLIMATE REPORT
NATIONAL WEATHER SERVICE ANCHORAGE, AK
441 PM AKDT MON MAY 30 2016


...................................

...THE ANCHORAGE AK CLIMATE SUMMARY FOR MAY 30 2016...
VALID TODAY AS OF 0400 PM LOCAL TIME.

CLIMATE NORMAL PERIOD 1981 TO 2010
CLIMATE RECORD PERIOD 1952 TO 2016


WEATHER ITEM   OBSERVED TIME   RECORD YEAR NORMAL DEPARTURE LAST
                VALUE   (LST)  VALUE       VALUE  FROM      YEAR
                                                  NORMAL
..................................................................
TEMPERATURE (F)
 TODAY
  MAXIMUM         65        MM  76    1993  60      5       71
  MINIMUM         51        MM  37    1987  44      7       46
                                      1974
                                      1962
  AVERAGE         58                        52      6       59

PRECIPITATION (IN)
  TODAY            0.03          0.97 1980   0.03   0.00     0.00
  MONTH TO DATE    0.33                      0.69  -0.36     0.55
  SINCE MAR 1      1.58                      1.76  -0.18     1.98
  SINCE JAN 1      2.16                      3.21  -1.05     3.06

SNOWFALL (IN)
  TODAY            0.0           0.0    MM   0.0    0.0      0.0
  MONTH TO DATE    0.0                       0.3   -0.3      0.0
  SINCE MAR 1     10.7                      14.2   -3.5      4.6
  SINCE JUL 1     38.3                      74.5  -36.2     25.1
  SNOW DEPTH       0

DEGREE DAYS
 HEATING
  TODAY            7                        13     -6        6
  MONTH TO DATE  385                       520   -135      445
  SINCE MAR 1   1994                      2558   -564     2257
  SINCE JUL 1   8330                      9887  -1557     8609

 COOLING
  TODAY            0                         0      0        0
  MONTH TO DATE    0                         0      0        0
  SINCE MAR 1      0                         0      0        0
  SINCE JAN 1      0                         0      0        0
..................................................................


WIND (MPH)
  RESULTANT WIND SPEED  10   RESULTANT WIND DIRECTION  SE (150)
  HIGHEST WIND SPEED    20   HIGHEST WIND DIRECTION    SE (150)
  HIGHEST GUST SPEED    32   HIGHEST GUST DIRECTION     S (160)
  AVERAGE WIND SPEED    13.2


SKY COVER
  POSSIBLE SUNSHINE  MM
  AVERAGE SKY COVER 0.7


WEATHER CONDITIONS
 THE FOLLOWING WEATHER WAS RECORDED TODAY.
  LIGHT RAIN


RELATIVE HUMIDITY (PERCENT)
 HIGHEST    83           500 AM
 LOWEST     43           300 PM
 AVERAGE    63

..........................................................


THE ANCHORAGE AK CLIMATE NORMALS FOR TOMORROW
                         NORMAL    RECORD    YEAR
 MAXIMUM TEMPERATURE (F)   60        75      1964
 MINIMUM TEMPERATURE (F)   44        36      1999
                                             1995


SUNRISE AND SUNSET
MAY 30 2016...........SUNRISE   439 AM AKDT  SUNSET  1118 PM AKDT
MAY 31 2016...........SUNRISE   438 AM AKDT  SUNSET  1120 PM AKDT

CIVIL TWILIGHT
MAY 30 2016             START   301 AM AKDT     END   100 AM AKDT
MAY 31 2016             START   256 AM AKDT     END   105 AM AKDT



-  INDICATES NEGATIVE NUMBERS.
R  INDICATES RECORD WAS SET OR TIED.
MM INDICATES DATA IS MISSING.
T  INDICATES TRACE AMOUNT.




$$
&&
------------------------------------------------------
AMOUNT OF DAYLIGHT TODAY  (HOUR:MIN)........18:39
GAIN/LOSS SINCE YESTERDAY (HOUR:MIN:SEC)....+0:03:47

-
