222
CDAK48 PAFC 221256
CLIANC

CLIMATE REPORT
NATIONAL WEATHER SERVICE ANCHORAGE, AK
455 AM AKDT FRI MAY 22 2015


...................................

...THE ANCHORAGE AK CLIMATE SUMMARY FOR MAY 21 2015...

CLIMATE NORMAL PERIOD 1981 TO 2010
CLIMATE RECORD PERIOD 1952 TO 2015


WEATHER ITEM   OBSERVED RECORD YEAR NORMAL DEPARTURE LAST
                VALUE   VALUE       VALUE  FROM      YEAR
                                           NORMAL
...........................................................
TEMPERATURE (F)
 YESTERDAY
  MAXIMUM         62     77    2002  58      4       65
  MINIMUM         43     29    1985  41      2       37
  AVERAGE         53                 49      4       51

PRECIPITATION (IN)
  YESTERDAY        0.00   0.46 1989   0.02  -0.02
  MONTH TO DATE    0.31               0.45  -0.14
  SINCE MAR 1      1.74               1.52   0.22
  SINCE JAN 1      2.82               2.97  -0.15

SNOWFALL (IN)
  YESTERDAY        0.0    T    1990   0.0    0.0
                               1972
                               1964
  MONTH TO DATE    0.0                0.3   -0.3
  SINCE MAR 1      4.6               14.2   -9.6
  SINCE JUL 1     25.1               74.5  -49.4
  SNOW DEPTH       0

DEGREE DAYS
 HEATING
  YESTERDAY       12                        -4
  MONTH TO DATE  344                       -49
  SINCE MAR 1   2156                      -275
  SINCE JUL 1   8508                     -1252

 COOLING
  YESTERDAY        0                         0
  MONTH TO DATE    0                         0
  SINCE MAR 1      0                         0
  SINCE JAN 1      0                         0
...........................................................


WIND (MPH)
  HIGHEST WIND SPEED    17   HIGHEST WIND DIRECTION     S (190)
  HIGHEST GUST SPEED    30   HIGHEST GUST DIRECTION     S (180)
  AVERAGE WIND SPEED     7.5




RELATIVE HUMIDITY (PERCENT)
 HIGHEST    82
 LOWEST     43
 AVERAGE    63

..........................................................


THE ANCHORAGE AK CLIMATE NORMALS FOR TODAY
                         NORMAL    RECORD    YEAR
 MAXIMUM TEMPERATURE (F)   58        72      1960
 MINIMUM TEMPERATURE (F)   42        32      1964


SUNRISE AND SUNSET
MAY 22 2015...........SUNRISE   457 AM AKDT  SUNSET  1059 PM AKDT
MAY 23 2015...........SUNRISE   455 AM AKDT  SUNSET  1101 PM AKDT

CIVIL TWILIGHT
MAY 22 2015             START   337 AM AKDT     END  1220 AM AKDT
MAY 23 2015             START   333 AM AKDT     END  1225 AM AKDT



-  INDICATES NEGATIVE NUMBERS.
R  INDICATES RECORD WAS SET OR TIED.
MM INDICATES DATA IS MISSING.
T  INDICATES TRACE AMOUNT.




$$
&&
------------------------------------------------------
AMOUNT OF DAYLIGHT TODAY  (HOUR:MIN)........18:02
GAIN/LOSS SINCE YESTERDAY (HOUR:MIN:SEC)....+0:04:39

$$
