000
CDAK48 PAFC 271256
CLIANC

CLIMATE REPORT
NATIONAL WEATHER SERVICE ANCHORAGE, AK
356 AM AKST FRI FEB 27 2015


...................................

...THE ANCHORAGE AK CLIMATE SUMMARY FOR FEBRUARY 26 2015...

CLIMATE NORMAL PERIOD 1981 TO 2010
CLIMATE RECORD PERIOD 1952 TO 2015


WEATHER ITEM   OBSERVED RECORD YEAR NORMAL DEPARTURE LAST
                VALUE   VALUE       VALUE  FROM      YEAR
                                           NORMAL
...........................................................
TEMPERATURE (F)
 YESTERDAY
  MAXIMUM         30     43    1990  29      1       35
  MINIMUM         20    -22    1954  16      4       25
  AVERAGE         25                 22      3       30

PRECIPITATION (IN)
  YESTERDAY        0.00   0.25 1993   0.02  -0.02
  MONTH TO DATE    0.68               0.68   0.00
  SINCE DEC 1      1.72               2.52  -0.80
  SINCE JAN 1      1.04               1.41  -0.37

SNOWFALL (IN)
  YESTERDAY        0.0    6.2  1993   0.3   -0.3
  MONTH TO DATE    0.9               10.3   -9.4
  SINCE DEC 1     14.3               38.3  -24.0
  SINCE JUL 1     20.3               59.7  -39.4
  SNOW DEPTH       1

DEGREE DAYS
 HEATING
  YESTERDAY       40                        -3
  MONTH TO DATE 1036                      -135
  SINCE DEC 1   3560                      -522
  SINCE JUL 1   6275                      -971

 COOLING
  YESTERDAY        0                         0
  MONTH TO DATE    0                         0
  SINCE DEC 1      0                         0
  SINCE JAN 1      0                         0
...........................................................


WIND (MPH)
  HIGHEST WIND SPEED     7   HIGHEST WIND DIRECTION    NE (60)
  HIGHEST GUST SPEED    MM   HIGHEST GUST DIRECTION    MM
  AVERAGE WIND SPEED     1.8




RELATIVE HUMIDITY (PERCENT)
 HIGHEST    96
 LOWEST     62
 AVERAGE    79

..........................................................


THE ANCHORAGE AK CLIMATE NORMALS FOR TODAY
                         NORMAL    RECORD    YEAR
 MAXIMUM TEMPERATURE (F)   30        49      2014
 MINIMUM TEMPERATURE (F)   16       -25      1954


SUNRISE AND SUNSET
FEBRUARY 27 2015......SUNRISE   807 AM AKST  SUNSET   620 PM AKST
FEBRUARY 28 2015......SUNRISE   804 AM AKST  SUNSET   623 PM AKST

CIVIL TWILIGHT
FEBRUARY 27 2015        START   724 AM AKST     END   704 PM AKST
FEBRUARY 28 2015        START   721 AM AKST     END   707 PM AKST



-  INDICATES NEGATIVE NUMBERS.
R  INDICATES RECORD WAS SET OR TIED.
MM INDICATES DATA IS MISSING.
T  INDICATES TRACE AMOUNT.




$$
&&
------------------------------------------------------
AMOUNT OF DAYLIGHT TODAY  (HOUR:MIN)........10:13
GAIN/LOSS SINCE YESTERDAY (HOUR:MIN:SEC)....+0:05:43

-
