000
CDUS43 KAPX 012128
CLIANJ


CLIMATE REPORT
NATIONAL WEATHER SERVICE GAYLORD MI
528 PM EDT WED JUL 1 2015


...................................

...THE SAULT STE MARIE MI CLIMATE SUMMARY FOR JULY 1 2015...
VALID TODAY AS OF 0500 PM LOCAL TIME.

CLIMATE NORMAL PERIOD 1981 TO 2010
CLIMATE RECORD PERIOD 1888 TO 2015


WEATHER ITEM   OBSERVED TIME   RECORD YEAR NORMAL DEPARTURE LAST
                VALUE   (LST)  VALUE       VALUE  FROM      YEAR
                                                  NORMAL
..................................................................
TEMPERATURE (F)
 TODAY
  MAXIMUM         63    319 PM  97    1931  75    -12       75
  MINIMUM         50    124 AM  37    1982  52     -2       63
  AVERAGE         57                        64     -7       69

PRECIPITATION (IN)
  TODAY            T             1.69 1903   0.08  -0.08     0.39
  MONTH TO DATE    T                         0.08  -0.08     0.39
  SINCE JUN 1      2.73                      2.78  -0.05     3.31
  SINCE JAN 1     11.43                     13.22  -1.79    15.35

DEGREE DAYS
 HEATING
  TODAY            8                         3      5        0
  MONTH TO DATE    8                         3      5        0
  SINCE JUN 1    196                       183     13      109
  SINCE JUL 1      8                         3      5        0

 COOLING
  TODAY            0                         2     -2        4
  MONTH TO DATE    0                         2     -2        4
  SINCE JUN 1      7                        32    -25       41
  SINCE JAN 1      9                        37    -28       43
..................................................................


WIND (MPH)
  RESULTANT WIND SPEED   5   RESULTANT WIND DIRECTION  NW (320)
  HIGHEST WIND SPEED    16   HIGHEST WIND DIRECTION    NW (310)
  HIGHEST GUST SPEED    22   HIGHEST GUST DIRECTION    NW (310)
  AVERAGE WIND SPEED     6.4


SKY COVER
  POSSIBLE SUNSHINE  MM
  AVERAGE SKY COVER 0.9


WEATHER CONDITIONS
 THE FOLLOWING WEATHER WAS RECORDED TODAY.
  NO SIGNIFICANT WEATHER WAS OBSERVED.


RELATIVE HUMIDITY (PERCENT)
 HIGHEST    96           300 AM
 LOWEST     56           400 PM
 AVERAGE    76

..........................................................


THE SAULT STE MARIE MI CLIMATE NORMALS FOR TOMORROW
                         NORMAL    RECORD    YEAR
 MAXIMUM TEMPERATURE (F)   75        97      1911
 MINIMUM TEMPERATURE (F)   53        38      1942
                                             1918


SUNRISE AND SUNSET
JULY  1 2015..........SUNRISE   548 AM EDT   SUNSET   934 PM EDT
JULY  2 2015..........SUNRISE   549 AM EDT   SUNSET   934 PM EDT


-  INDICATES NEGATIVE NUMBERS.
R  INDICATES RECORD WAS SET OR TIED.
MM INDICATES DATA IS MISSING.
T  INDICATES TRACE AMOUNT.




$$
