000
CDUS43 KAPX 310538
CLIANJ


CLIMATE REPORT
NATIONAL WEATHER SERVICE GAYLORD MI
138 AM EDT TUE MAY 31 2016


...................................

...THE SAULT STE MARIE MI CLIMATE SUMMARY FOR MAY 30 2016...

CLIMATE NORMAL PERIOD 1981 TO 2010
CLIMATE RECORD PERIOD 1888 TO 2016


WEATHER ITEM   OBSERVED TIME   RECORD YEAR NORMAL DEPARTURE LAST
                VALUE   (LST)  VALUE       VALUE  FROM      YEAR
                                                  NORMAL
..................................................................
TEMPERATURE (F)
 YESTERDAY
  MAXIMUM         70   1204 PM  91    1919  67      3       58
  MINIMUM         51   1159 PM  31    2009  44      7       38
                                      1996
                                      1973
  AVERAGE         61                        56      5       48

PRECIPITATION (IN)
  YESTERDAY        T             1.48 1953   0.09  -0.09     0.02
  MONTH TO DATE    1.76                      2.48  -0.72     2.17
  SINCE MAR 1      6.84                      6.82   0.02     5.33
  SINCE JAN 1     10.55                     10.35   0.20     8.70

DEGREE DAYS
 HEATING
  YESTERDAY        4                        10     -6       17
  MONTH TO DATE  343                       404    -61      351
  SINCE MAR 1   2197                      2347   -150     2474
  SINCE JUL 1   7338                      8473  -1135     9253

 COOLING
  YESTERDAY        0                         0      0        0
  MONTH TO DATE   11                         0     11        2
  SINCE MAR 1     11                         0     11        2
  SINCE JAN 1     11                         0     11        2
..................................................................


WIND (MPH)
  HIGHEST WIND SPEED    20   HIGHEST WIND DIRECTION     W (290)
  HIGHEST GUST SPEED    29   HIGHEST GUST DIRECTION     W (290)
  AVERAGE WIND SPEED     9.6




RELATIVE HUMIDITY (PERCENT)
 HIGHEST    93
 LOWEST     56
 AVERAGE    75

..........................................................


THE SAULT STE MARIE MI CLIMATE NORMALS FOR TODAY
                         NORMAL    RECORD    YEAR
 MAXIMUM TEMPERATURE (F)   67        91      1919
 MINIMUM TEMPERATURE (F)   45        30      1945


SUNRISE AND SUNSET
MAY 31 2016...........SUNRISE   549 AM EDT   SUNSET   922 PM EDT
JUNE  1 2016..........SUNRISE   548 AM EDT   SUNSET   923 PM EDT


-  INDICATES NEGATIVE NUMBERS.
R  INDICATES RECORD WAS SET OR TIED.
MM INDICATES DATA IS MISSING.
T  INDICATES TRACE AMOUNT.




$$
