669
CDUS43 KAPX 232126
CLIANJ


CLIMATE REPORT
NATIONAL WEATHER SERVICE GAYLORD MI
525 PM EDT SAT JUL 23 2016


...................................

...THE SAULT STE MARIE MI CLIMATE SUMMARY FOR JULY 23 2016...
VALID TODAY AS OF 0500 PM LOCAL TIME.

CLIMATE NORMAL PERIOD 1981 TO 2010
CLIMATE RECORD PERIOD 1888 TO 2016


WEATHER ITEM   OBSERVED TIME   RECORD YEAR NORMAL DEPARTURE LAST
                VALUE   (LST)  VALUE       VALUE  FROM      YEAR
                                                  NORMAL
..................................................................
TEMPERATURE (F)
 TODAY
  MAXIMUM         87    359 PM  92    1989  77     10       83
  MINIMUM         61    552 AM  39    1981  55      6       45
  AVERAGE         74                        66      8       64

PRECIPITATION (IN)
  TODAY            0.00          1.13 1918   0.10  -0.10     0.00
  MONTH TO DATE    2.72                      2.05   0.67     1.64
  SINCE JUN 1      4.60                      4.75  -0.15     4.37
  SINCE JAN 1     15.15                     15.19  -0.04    13.07

DEGREE DAYS
 HEATING
  TODAY            0                         2     -2        1
  MONTH TO DATE   23                        56    -33       51
  SINCE JUN 1    186                       236    -50      239
  SINCE JUL 1     23                        56    -33       51

 COOLING
  TODAY            9                         3      6        0
  MONTH TO DATE   90                        60     30       39
  SINCE JUN 1    126                        90     36       46
  SINCE JAN 1    137                        95     42       48
..................................................................


WIND (MPH)
  RESULTANT WIND SPEED   3   RESULTANT WIND DIRECTION   W (280)
  HIGHEST WIND SPEED    10   HIGHEST WIND DIRECTION     W (280)
  HIGHEST GUST SPEED    14   HIGHEST GUST DIRECTION     W (270)
  AVERAGE WIND SPEED     4.8


SKY COVER
  POSSIBLE SUNSHINE  MM
  AVERAGE SKY COVER 0.0


WEATHER CONDITIONS
 THE FOLLOWING WEATHER WAS RECORDED TODAY.
  NO SIGNIFICANT WEATHER WAS OBSERVED.


RELATIVE HUMIDITY (PERCENT)
 HIGHEST    84           200 AM
 LOWEST     36           400 PM
 AVERAGE    60

..........................................................


THE SAULT STE MARIE MI CLIMATE NORMALS FOR TOMORROW
                         NORMAL    RECORD    YEAR
 MAXIMUM TEMPERATURE (F)   77        92      1941
 MINIMUM TEMPERATURE (F)   55        42      1992


SUNRISE AND SUNSET
JULY 23 2016..........SUNRISE   609 AM EDT   SUNSET   919 PM EDT
JULY 24 2016..........SUNRISE   610 AM EDT   SUNSET   918 PM EDT


-  INDICATES NEGATIVE NUMBERS.
R  INDICATES RECORD WAS SET OR TIED.
MM INDICATES DATA IS MISSING.
T  INDICATES TRACE AMOUNT.




$$
