000
CDUS43 KAPX 240533
CLIANJ


CLIMATE REPORT
NATIONAL WEATHER SERVICE GAYLORD MI
1232 AM EST FRI NOV 24 2017


...................................

...THE SAULT STE MARIE MI CLIMATE SUMMARY FOR NOVEMBER 23 2017...

CLIMATE NORMAL PERIOD 1981 TO 2010
CLIMATE RECORD PERIOD 1888 TO 2017


WEATHER ITEM   OBSERVED TIME   RECORD YEAR NORMAL DEPARTURE LAST
                VALUE   (LST)  VALUE       VALUE  FROM      YEAR
                                                  NORMAL
..................................................................
TEMPERATURE (F)
 YESTERDAY
  MAXIMUM         34   1011 PM  59    1931  37     -3       31
  MINIMUM         28   1026 AM  -5    1956  26      2       21
  AVERAGE         31                        31      0       26

PRECIPITATION (IN)
  YESTERDAY        T             1.48 2003   0.11  -0.11     0.18
  MONTH TO DATE    3.44                      2.60   0.84     0.76
  SINCE SEP 1     11.09                     10.22   0.87     8.87
  SINCE JAN 1     38.85                     29.39   9.46    28.95

SNOWFALL (IN)
  YESTERDAY        T             6.8  1950   0.7   -0.7      3.3
  MONTH TO DATE   13.9                       9.9    4.0      5.7
  SINCE OCT 1     14.6                      11.5    3.1      5.7
  SINCE JUL 1     14.6                      11.5    3.1      5.7
  SNOW DEPTH       3

DEGREE DAYS
 HEATING
  YESTERDAY       34                        34      0       39
  MONTH TO DATE  751                       678     73      506
  SINCE SEP 1   1301                      1536   -235     1052
  SINCE JUL 1   1384                      1683   -299     1087
..................................................................


WIND (MPH)
  HIGHEST WIND SPEED    15   HIGHEST WIND DIRECTION     W (260)
  HIGHEST GUST SPEED    21   HIGHEST GUST DIRECTION     W (260)
  AVERAGE WIND SPEED     7.2




RELATIVE HUMIDITY (PERCENT)
 HIGHEST    85
 LOWEST     63
 AVERAGE    74

..........................................................


THE SAULT STE MARIE MI CLIMATE NORMALS FOR TODAY
                         NORMAL    RECORD    YEAR
 MAXIMUM TEMPERATURE (F)   36        62      1931
 MINIMUM TEMPERATURE (F)   25        -4      1995


SUNRISE AND SUNSET
NOVEMBER 24 2017......SUNRISE   752 AM EST   SUNSET   456 PM EST
NOVEMBER 25 2017......SUNRISE   753 AM EST   SUNSET   455 PM EST


-  INDICATES NEGATIVE NUMBERS.
R  INDICATES RECORD WAS SET OR TIED.
MM INDICATES DATA IS MISSING.
T  INDICATES TRACE AMOUNT.




$$
