000
CDUS43 KAPX 260526
CLIANJ


CLIMATE REPORT
NATIONAL WEATHER SERVICE GAYLORD MI
126 AM EDT FRI MAY 26 2017


...................................

...THE SAULT STE MARIE MI CLIMATE SUMMARY FOR MAY 25 2017...

CLIMATE NORMAL PERIOD 1981 TO 2010
CLIMATE RECORD PERIOD 1888 TO 2017


WEATHER ITEM   OBSERVED TIME   RECORD YEAR NORMAL DEPARTURE LAST
                VALUE   (LST)  VALUE       VALUE  FROM      YEAR
                                                  NORMAL
..................................................................
TEMPERATURE (F)
 YESTERDAY
  MAXIMUM         67   1230 PM  86    2010  66      1       75
  MINIMUM         54    455 AM  28    1969  43     11       51
  AVERAGE         61                        54      7       63

PRECIPITATION (IN)
  YESTERDAY        0.09          1.55 2001   0.08   0.01     0.00
  MONTH TO DATE    2.61                      2.03   0.58     0.69
  SINCE MAR 1      7.23                      6.37   0.86     5.77
  SINCE JAN 1     13.19                      9.90   3.29     9.48

DEGREE DAYS
 HEATING
  YESTERDAY        4                        11     -7        2
  MONTH TO DATE  363                       353     10      339
  SINCE MAR 1   2213                      2296    -83     2193
  SINCE JUL 1   7087                      8422  -1335     7334

 COOLING
  YESTERDAY        0                         0      0        0
  MONTH TO DATE    1                         0      1        1
  SINCE MAR 1      1                         0      1        1
  SINCE JAN 1      1                         0      1        1
..................................................................


WIND (MPH)
  HIGHEST WIND SPEED    14   HIGHEST WIND DIRECTION     E (80)
  HIGHEST GUST SPEED    22   HIGHEST GUST DIRECTION     E (70)
  AVERAGE WIND SPEED     5.8




RELATIVE HUMIDITY (PERCENT)
 HIGHEST    93
 LOWEST     63
 AVERAGE    78

..........................................................


THE SAULT STE MARIE MI CLIMATE NORMALS FOR TODAY
                         NORMAL    RECORD    YEAR
 MAXIMUM TEMPERATURE (F)   66        86      2010
 MINIMUM TEMPERATURE (F)   43        24      1969


SUNRISE AND SUNSET
MAY 26 2017...........SUNRISE   552 AM EDT   SUNSET   917 PM EDT
MAY 27 2017...........SUNRISE   552 AM EDT   SUNSET   918 PM EDT


-  INDICATES NEGATIVE NUMBERS.
R  INDICATES RECORD WAS SET OR TIED.
MM INDICATES DATA IS MISSING.
T  INDICATES TRACE AMOUNT.




$$
