392
CDUS43 KAPX 230528
CLIANJ


CLIMATE REPORT
NATIONAL WEATHER SERVICE GAYLORD MI
127 AM EDT THU MAR 23 2017


...................................

...THE SAULT STE MARIE MI CLIMATE SUMMARY FOR MARCH 22 2017...

CLIMATE NORMAL PERIOD 1981 TO 2010
CLIMATE RECORD PERIOD 1888 TO 2017


WEATHER ITEM   OBSERVED TIME   RECORD YEAR NORMAL DEPARTURE LAST
                VALUE   (LST)  VALUE       VALUE  FROM      YEAR
                                                  NORMAL
..................................................................
TEMPERATURE (F)
 YESTERDAY
  MAXIMUM         26    518 PM  57    1987  37    -11       32
  MINIMUM         12    633 AM -12    1934  20     -8       28
  AVERAGE         19                        28     -9       30

PRECIPITATION (IN)
  YESTERDAY        0.00          0.97 1955   0.07  -0.07     0.07
  MONTH TO DATE    1.23                      1.31  -0.08     1.12
  SINCE MAR 1      1.23                      1.31  -0.08     1.12
  SINCE JAN 1      7.19                      4.84   2.35     4.83

SNOWFALL (IN)
  YESTERDAY        0.0           8.1  1955   0.4   -0.4      1.4
  MONTH TO DATE   13.4                      10.3    3.1      2.7
  SINCE OCT 1    136.5                     110.5   26.0     66.9
  SINCE JUL 1    136.5                     110.5   26.0     66.9
  SNOW DEPTH      12

DEGREE DAYS
 HEATING
  YESTERDAY       46                        37      9       35
  MONTH TO DATE  940                       892     48      731
  SINCE MAR 1    940                       892     48      731
  SINCE JUL 1   5814                      7018  -1204     5872

 COOLING
  YESTERDAY        0                         0      0        0
  MONTH TO DATE    0                         0      0        0
  SINCE MAR 1      0                         0      0        0
  SINCE JAN 1      0                         0      0        0
..................................................................


WIND (MPH)
  HIGHEST WIND SPEED    15   HIGHEST WIND DIRECTION     N (360)
  HIGHEST GUST SPEED    20   HIGHEST GUST DIRECTION     N (350)
  AVERAGE WIND SPEED     7.0




RELATIVE HUMIDITY (PERCENT)
 HIGHEST    67
 LOWEST     40
 AVERAGE    54

..........................................................


THE SAULT STE MARIE MI CLIMATE NORMALS FOR TODAY
                         NORMAL    RECORD    YEAR
 MAXIMUM TEMPERATURE (F)   37        60      2000
 MINIMUM TEMPERATURE (F)   21       -14      1934
                                             1906


SUNRISE AND SUNSET
MARCH 23 2017.........SUNRISE   734 AM EDT   SUNSET   755 PM EDT
MARCH 24 2017.........SUNRISE   732 AM EDT   SUNSET   756 PM EDT


-  INDICATES NEGATIVE NUMBERS.
R  INDICATES RECORD WAS SET OR TIED.
MM INDICATES DATA IS MISSING.
T  INDICATES TRACE AMOUNT.




$$
