000
CDUS43 KAPX 220534
CLIANJ


CLIMATE REPORT
NATIONAL WEATHER SERVICE GAYLORD MI
134 AM EDT TUE JUL 22 2014


...................................

...THE SAULT STE MARIE MI CLIMATE SUMMARY FOR JULY 21 2014...

CLIMATE NORMAL PERIOD 1981 TO 2010
CLIMATE RECORD PERIOD 1888 TO 2014


WEATHER ITEM   OBSERVED TIME   RECORD YEAR NORMAL DEPARTURE LAST
                VALUE   (LST)  VALUE       VALUE  FROM      YEAR
                                                  NORMAL
..................................................................
TEMPERATURE (F)
 YESTERDAY
  MAXIMUM         82    412 PM  92    1955  77      5       71
  MINIMUM         58    542 AM  36    1992  55      3       49
  AVERAGE         70                        66      4       60

PRECIPITATION (IN)
  YESTERDAY        0.00          1.80 1965   0.10  -0.10     0.00
  MONTH TO DATE    0.59                      1.85  -1.26     2.18
  SINCE JUN 1      3.51                      4.55  -1.04     5.43
  SINCE JAN 1     15.55                     14.99   0.56    19.69

DEGREE DAYS
 HEATING
  YESTERDAY        0                         2     -2        5
  MONTH TO DATE   75                        52     23       18
  SINCE JUN 1    184                       232    -48      164
  SINCE JUL 1     75                        52     23       18

 COOLING
  YESTERDAY        5                         3      2        0
  MONTH TO DATE   20                        54    -34      111
  SINCE JUN 1     57                        84    -27      150
  SINCE JAN 1     59                        89    -30      159
..................................................................


WIND (MPH)
  HIGHEST WIND SPEED    18   HIGHEST WIND DIRECTION    SW (220)
  HIGHEST GUST SPEED    25   HIGHEST GUST DIRECTION    SW (210)
  AVERAGE WIND SPEED     6.3




RELATIVE HUMIDITY (PERCENT)
 HIGHEST    93
 LOWEST     54
 AVERAGE    74

..........................................................


THE SAULT STE MARIE MI CLIMATE NORMALS FOR TODAY
                         NORMAL    RECORD    YEAR
 MAXIMUM TEMPERATURE (F)   77        90      1940
                                             1917
 MINIMUM TEMPERATURE (F)   55        42      1992
                                             1981


SUNRISE AND SUNSET
JULY 22 2014..........SUNRISE   607 AM EDT   SUNSET   920 PM EDT
JULY 23 2014..........SUNRISE   608 AM EDT   SUNSET   919 PM EDT


-  INDICATES NEGATIVE NUMBERS.
R  INDICATES RECORD WAS SET OR TIED.
MM INDICATES DATA IS MISSING.
T  INDICATES TRACE AMOUNT.




$$
