000
CDAK47 PANT 290930
CLIANN

CLIMATE REPORT
NATIONAL WEATHER SERVICE ANNETTE, AK
130 AM AKDT FRI JUL 29 2016

...................................
...THE ANNETTE WSO AP CLIMATE SUMMARY FOR JULY 28 2016...

CLIMATE NORMAL PERIOD  1981 TO  2010
CLIMATE RECORD PERIOD  1948 TO  2016

WEATHER ITEM   OBSERVED TIME    RECORD YEAR NORMAL DEPARTURE LAST
               VALUE    (LST)   VALUE       VALUE  FROM      YEAR
                                                   NORMAL
...................................................................
TEMPERATURE
YESTERDAY
 MAXIMUM            67  0446 PM    84  1971     66       1     60
 MINIMUM            55  1159 PM    46  1974     54       1     55
 AVERAGE            61                          60       1     58

PRECIPITATION
(INCHES)
 YESTERDAY        0.23           1.72  2014   0.15    0.08   0.02
 MONTH TO DATE    3.76                        4.17   -0.41   5.78
 SINCE JUN 1      8.01                        9.05   -1.04   9.77
 SINCE JAN 1     57.75                       47.47   10.28  53.25

SNOWFALL
(INCHES)
 YESTERDAY         0.0            0.0  2016    0.0     0.0    0.0
 MONTH TO DATE     0.0                         0.0     0.0    0.0
 SINCE JUN 1       0.0                         0.0     0.0    0.0
 SINCE JUL 1       0.0                         0.0     0.0    0.0
 SNOW DEPTH (IN)     0                                          0

DEGREE DAYS
 HEATING
  YESTERDAY          4                           6      -2      7
  MONTH TO DATE    117                         190     -73     98
  SINCE JUN 1      386                         488    -102    286
  SINCE JUL 1      117                         190     -73     98

 COOLING
  YESTERDAY          0                           0       0      0
  MONTH TO DATE     20                           0      20     35
  SINCE JUN 1       20                           0      20     37
  SINCE JAN 1       22                           0      22     37
...................................................................

WIND (MPH)
 HIGHEST WIND SPEED    10     HIGHEST WIND DIRECTION    140
 HIGHEST GUST SPEED    14     HIGHEST GUST DIRECTION    230
 AVERAGE WIND SPEED   5.8

SKY COVER
  POSSIBLE SUNSHINE    MM          AVERAGE SKY COVER     MM

WEATHER CONDITIONS
 THE FOLLOWING WEATHER WAS RECORDED YESTERDAY.
  FOG
RAIN


RELATIVE HUMIDITY
 HIGHEST RH     MM PERCENT       MM
 LOWEST  RH     MM PERCENT       MM
 AVERAGE RH     MM PERCENT       MM
...................................................................

THE ANNETTE CLIMATE NORMALS FOR TODAY
                           NORMAL    RECORD   YEAR
 MAXIMUM TEMPERATURE (F)     66        88     2009
 MINIMUM TEMPERATURE (F)     54        44     1999

SUNRISE AND SUNSET
 JUL 29 2016..........SUNRISE  4:51 AM      SUNSET  8:54 PM
 JUL 30 2016..........SUNRISE  4:53 AM      SUNSET  8:52 PM

-  INDICATES NEGATIVE NUMBERS.
R  INDICATES RECORD HAS BEEN SET OR TIED.
MM INDICATES DATA IS MISSING.
T  INDICATES TRACE OF PRECIPITATION.

&&
-------------------------------------------------------------------

AMOUNT OF DAYLIGHT TODAY  (HOUR:MIN)........16 HOURS 3 MINUTES
GAIN/LOSS SINCE YESTERDAY (HOUR:MIN:SEC)....-0:03:34

$$
JH JUL 16
