000
CDAK47 PANT 111400
CLIANN

CLIMATE REPORT
NATIONAL WEATHER SERVICE ANNETTE, AK
600 AM AKDT FRI JUL 11 2014

...................................
...THE ANNETTE WSO AP CLIMATE SUMMARY FOR JULY 10 2014...

CLIMATE NORMAL PERIOD  1981 TO  2010
CLIMATE RECORD PERIOD  1948 TO  2014

WEATHER ITEM   OBSERVED TIME    RECORD YEAR NORMAL DEPARTURE LAST
               VALUE    (LST)   VALUE       VALUE  FROM      YEAR
                                                   NORMAL
...................................................................
TEMPERATURE
YESTERDAY
 MAXIMUM            72  1246 PM    83  1989     64       8     56
 MINIMUM            51  0408 AM    43  2008     52      -1     49
 AVERAGE            62                          58       4     53

PRECIPITATION
(INCHES)
 YESTERDAY        0.00           1.60  1967   0.14   -0.14   0.93
 MONTH TO DATE    1.15                        1.45   -0.30   1.65
 SINCE JUN 1      8.90                        6.33    2.57   5.63
 SINCE JAN 1     49.70                       44.75    4.95  44.94

SNOWFALL
(INCHES)
 YESTERDAY         0.0            0.0  2014    0.0     0.0    0.0
 MONTH TO DATE     0.0                         0.0     0.0    0.0
 SINCE JUN 1       0.0                         0.0     0.0    0.0
 SINCE JUL 1       0.0                         0.0     0.0    0.0
 SNOW DEPTH (IN)     0                                          0

DEGREE DAYS
 HEATING
  YESTERDAY          3                           7      -4     12
  MONTH TO DATE     74                          77      -3     62
  SINCE JUN 1      401                         375      26    282
  SINCE JUL 1       74                          77      -3     62

 COOLING
  YESTERDAY          0                           0       0      0
  MONTH TO DATE      0                           0       0      0
  SINCE JUN 1        0                           0       0      6
  SINCE JAN 1        0                           0       0      6
...................................................................

WIND (MPH)
 HIGHEST WIND SPEED    14     HIGHEST WIND DIRECTION    330
 HIGHEST GUST SPEED    19     HIGHEST GUST DIRECTION    320
 AVERAGE WIND SPEED   7.2

SKY COVER
  POSSIBLE SUNSHINE    MM          AVERAGE SKY COVER     MM

WEATHER CONDITIONS
 THE FOLLOWING WEATHER WAS RECORDED YESTERDAY.
  NO SIGNIFICANT WEATHER WAS OBSERVED.

RELATIVE HUMIDITY
 HIGHEST RH     MM PERCENT       MM
 LOWEST  RH     MM PERCENT       MM
 AVERAGE RH     MM PERCENT       MM
...................................................................

THE ANNETTE CLIMATE NORMALS FOR TODAY
                           NORMAL    RECORD   YEAR
 MAXIMUM TEMPERATURE (F)     64        86     1952
 MINIMUM TEMPERATURE (F)     52        46     2012

SUNRISE AND SUNSET
 JUL 11 2014..........SUNRISE  4:23 AM      SUNSET  9:21 PM
 JUL 12 2014..........SUNRISE  4:24 AM      SUNSET  9:20 PM

-  INDICATES NEGATIVE NUMBERS.
R  INDICATES RECORD HAS BEEN SET OR TIED.
MM INDICATES DATA IS MISSING.
T  INDICATES TRACE OF PRECIPITATION.

&&
-------------------------------------------------------------------

AMOUNT OF DAYLIGHT TODAY  (HOUR:MIN)........16 HOURS 58 MINUTES
GAIN/LOSS SINCE YESTERDAY (HOUR:MIN:SEC)....-0:02:15

$$
JH JUL 14
