000
CDAK47 PANT 030903
CLIANN

CLIMATE REPORT
NATIONAL WEATHER SERVICE ANNETTE, AK
103 AM AKDT MON AUG 3 2015

...................................
...THE ANNETTE WSO AP CLIMATE SUMMARY FOR AUGUST 2 2015...

CLIMATE NORMAL PERIOD  1981 TO  2010
CLIMATE RECORD PERIOD  1948 TO  2015

WEATHER ITEM   OBSERVED TIME    RECORD YEAR NORMAL DEPARTURE LAST
               VALUE    (LST)   VALUE       VALUE  FROM      YEAR
                                                   NORMAL
...................................................................
TEMPERATURE
YESTERDAY
 MAXIMUM            67  1203 PM    77  1993     66       1     72
 MINIMUM            53  1033 PM    47  1975     54      -1     53
 AVERAGE            60                          60       0     63

PRECIPITATION
(INCHES)
 YESTERDAY        0.16           2.16  1983   0.17   -0.01   0.00
 MONTH TO DATE    0.16                        0.34   -0.18   0.00
 SINCE JUN 1     11.79                        9.87    1.92  15.35
 SINCE JAN 1     55.27                       48.29    6.98  56.15

SNOWFALL
(INCHES)
 YESTERDAY         0.0            0.0  2015    0.0     0.0    0.0
 MONTH TO DATE     0.0                         0.0     0.0    0.0
 SINCE JUN 1       0.0                         0.0     0.0    0.0
 SINCE JUL 1       0.0                         0.0     0.0    0.0
 SNOW DEPTH (IN)     0                                          0

DEGREE DAYS
 HEATING
  YESTERDAY          5                           5       0      2
  MONTH TO DATE     10                          10       0     MM
  SINCE JUN 1      317                         514    -197    768
  SINCE JUL 1      129                         216     -87     MM

 COOLING
  YESTERDAY          0                           0       0      0
  MONTH TO DATE      0                           0       0     MM
  SINCE JUN 1       37                           0      37      8
  SINCE JAN 1       37                           0      37     MM
...................................................................

WIND (MPH)
 HIGHEST WIND SPEED     8     HIGHEST WIND DIRECTION    300
 HIGHEST GUST SPEED    11     HIGHEST GUST DIRECTION    310
 AVERAGE WIND SPEED   2.2

SKY COVER
  POSSIBLE SUNSHINE    MM          AVERAGE SKY COVER     MM

WEATHER CONDITIONS
 THE FOLLOWING WEATHER WAS RECORDED YESTERDAY.
  FOG
  RAIN


RELATIVE HUMIDITY
 HIGHEST RH     MM PERCENT       MM
 LOWEST  RH     MM PERCENT       MM
 AVERAGE RH     MM PERCENT       MM
...................................................................

THE ANNETTE CLIMATE NORMALS FOR TODAY
                           NORMAL    RECORD   YEAR
 MAXIMUM TEMPERATURE (F)     66        81     1957
 MINIMUM TEMPERATURE (F)     54        44     1975

SUNRISE AND SUNSET
 AUG 3 2015..........SUNRISE  4:59 AM      SUNSET  8:46 PM
 AUG 4 2015..........SUNRISE  5:01 AM      SUNSET  8:44 PM

-  INDICATES NEGATIVE NUMBERS.
R  INDICATES RECORD HAS BEEN SET OR TIED.
MM INDICATES DATA IS MISSING.
T  INDICATES TRACE OF PRECIPITATION.

&&
-------------------------------------------------------------------

AMOUNT OF DAYLIGHT TODAY  (HOUR:MIN)........15 HOURS 47 MINUTES
GAIN/LOSS SINCE YESTERDAY (HOUR:MIN:SEC)....-0:03:45

$$
MM AUG 15
