000
CDAK47 PANT 260930
CLIANN

CLIMATE REPORT
NATIONAL WEATHER SERVICE ANNETTE, AK
130 AM AKDT THU MAR 26 2015

...................................
...THE ANNETTE WSO AP CLIMATE SUMMARY FOR MARCH 25 2015...

CLIMATE NORMAL PERIOD  1981 TO  2010
CLIMATE RECORD PERIOD  1948 TO  2015

WEATHER ITEM   OBSERVED TIME    RECORD YEAR NORMAL DEPARTURE LAST
               VALUE    (LST)   VALUE       VALUE  FROM      YEAR
                                                   NORMAL
...................................................................
TEMPERATURE
YESTERDAY
 MAXIMUM            49  0155 PM    57  2011     46       3     49
 MINIMUM            45  0114 AM    20  1967     35      10     36
 AVERAGE            47                          41       6     43

PRECIPITATION
(INCHES)
 YESTERDAY        0.39           1.81  1960   0.27    0.12   0.06
 MONTH TO DATE    7.46                        6.46    1.00   8.10
 SINCE MAR 1      7.46                        6.46    1.00   8.10
 SINCE JAN 1     28.52                       24.50    4.02  20.20

SNOWFALL
(INCHES)
 YESTERDAY         0.0            5.7  1957    0.2    -0.2    0.0
 MONTH TO DATE     0.0                         6.0    -6.0    0.3
 SINCE MAR 1       0.0                         6.0    -6.0    0.3
 SINCE JUL 1      10.2                        32.5   -22.3   25.4
 SNOW DEPTH (IN)     0                                          0

DEGREE DAYS
 HEATING
  YESTERDAY         18                          24      -6     22
  MONTH TO DATE    529                         642    -113    741
  SINCE MAR 1      529                         642    -113    741
  SINCE JUL 1     4613                        5180    -567   5230

 COOLING
  YESTERDAY          0                           0       0      0
  MONTH TO DATE      0                           0       0      0
  SINCE MAR 1        0                           0       0      0
  SINCE JAN 1        0                           0       0      0
...................................................................

WIND (MPH)
 HIGHEST WIND SPEED    18     HIGHEST WIND DIRECTION    130
 HIGHEST GUST SPEED    25     HIGHEST GUST DIRECTION    120
 AVERAGE WIND SPEED   8.7

SKY COVER
  POSSIBLE SUNSHINE    MM          AVERAGE SKY COVER     MM

WEATHER CONDITIONS
 THE FOLLOWING WEATHER WAS RECORDED YESTERDAY.
  FOG
RAIN


RELATIVE HUMIDITY
 HIGHEST RH     MM PERCENT       MM
 LOWEST  RH     MM PERCENT       MM
 AVERAGE RH     MM PERCENT       MM
...................................................................

THE ANNETTE CLIMATE NORMALS FOR TODAY
                           NORMAL    RECORD   YEAR
 MAXIMUM TEMPERATURE (F)     46        58     1961
 MINIMUM TEMPERATURE (F)     36        16     1967

SUNRISE AND SUNSET
 MAR 26 2015..........SUNRISE  6:34 AM      SUNSET  7:12 PM
 MAR 27 2015..........SUNRISE  6:31 AM      SUNSET  7:14 PM

-  INDICATES NEGATIVE NUMBERS.
R  INDICATES RECORD HAS BEEN SET OR TIED.
MM INDICATES DATA IS MISSING.
T  INDICATES TRACE OF PRECIPITATION.

&&
-------------------------------------------------------------------

AMOUNT OF DAYLIGHT TODAY  (HOUR:MIN)........12 HOURS 38 MINUTES
GAIN/LOSS SINCE YESTERDAY (HOUR:MIN:SEC)....+0:04:30

$$
JH MAR 15
