000
CDAK47 PANT 270901
CLIANN

CLIMATE REPORT
NATIONAL WEATHER SERVICE ANNETTE, AK
1201 AM AKST FRI FEB 27 2015

...................................
...THE ANNETTE WSO AP CLIMATE SUMMARY FOR FEBRUARY 26 2015...

CLIMATE NORMAL PERIOD  1981 TO  2010
CLIMATE RECORD PERIOD  1948 TO  2015

WEATHER ITEM   OBSERVED TIME    RECORD YEAR NORMAL DEPARTURE LAST
               VALUE    (LST)   VALUE       VALUE  FROM      YEAR
                                                   NORMAL
...................................................................
TEMPERATURE
YESTERDAY
 MAXIMUM            50  1125 AM    60  1992     43       7     47
 MINIMUM            39  0703 AM    11  1972     33       6     26
 AVERAGE            45                          38       7     37

PRECIPITATION
(INCHES)
 YESTERDAY        0.06           3.80  1993   0.25   -0.19   0.00
 MONTH TO DATE    6.35                        6.83   -0.48   3.97
 SINCE DEC 1     34.02                       28.28    5.74  30.48
 SINCE JAN 1     21.06                       17.56    3.50  12.10

SNOWFALL
(INCHES)
 YESTERDAY         0.0            5.0  2002    0.3    -0.3    0.0
 MONTH TO DATE     2.3                         6.7    -4.4   15.0
 SINCE DEC 1       6.0                        22.4   -16.4   19.4
 SINCE JUL 1      10.2                        26.0   -15.8   25.1
 SNOW DEPTH (IN)     0                                          0

DEGREE DAYS
 HEATING
  YESTERDAY         20                          27      -7     28
  MONTH TO DATE    617                         705     -88    903
  SINCE DEC 1     2036                        2434    -398   2619
  SINCE JUL 1     4041                        4484    -443   4433

 COOLING
  YESTERDAY          0                           0       0      0
  MONTH TO DATE      0                           0       0      0
  SINCE DEC 1        0                           0       0      0
  SINCE JAN 1        0                           0       0      0
...................................................................

WIND (MPH)
 HIGHEST WIND SPEED    14     HIGHEST WIND DIRECTION    330
 HIGHEST GUST SPEED    19     HIGHEST GUST DIRECTION    340
 AVERAGE WIND SPEED   7.5

SKY COVER
  POSSIBLE SUNSHINE    MM          AVERAGE SKY COVER     MM

WEATHER CONDITIONS
 THE FOLLOWING WEATHER WAS RECORDED YESTERDAY.
  RAIN


RELATIVE HUMIDITY
 HIGHEST RH     MM PERCENT       MM
 LOWEST  RH     MM PERCENT       MM
 AVERAGE RH     MM PERCENT       MM
...................................................................

THE ANNETTE CLIMATE NORMALS FOR TODAY
                           NORMAL    RECORD   YEAR
 MAXIMUM TEMPERATURE (F)     43        62     1992
 MINIMUM TEMPERATURE (F)     33        11     1972

SUNRISE AND SUNSET
 FEB 27 2015..........SUNRISE  6:42 AM      SUNSET  5:18 PM
 FEB 28 2015..........SUNRISE  6:39 AM      SUNSET  5:20 PM

-  INDICATES NEGATIVE NUMBERS.
R  INDICATES RECORD HAS BEEN SET OR TIED.
MM INDICATES DATA IS MISSING.
T  INDICATES TRACE OF PRECIPITATION.

&&
-------------------------------------------------------------------

AMOUNT OF DAYLIGHT TODAY  (HOUR:MIN)........10 HOURS 36 MINUTES
GAIN/LOSS SINCE YESTERDAY (HOUR:MIN:SEC)....+0:04:27

$$
JZ FEB 15
