000
CDUS41 KCTP 282223
CLIAOO


CLIMATE REPORT
NATIONAL WEATHER SERVICE STATE COLLEGE PA
522 PM EST FRI NOV 28 2014


...................................

...THE ALTOONA CLIMATE SUMMARY FOR NOVEMBER 28 2014...
VALID TODAY AS OF 0500 PM LOCAL TIME.

CLIMATE NORMAL PERIOD 1981 TO 2010
CLIMATE RECORD PERIOD 1948 TO 2014


WEATHER ITEM   OBSERVED TIME   RECORD YEAR NORMAL DEPARTURE LAST
                VALUE   (LST)  VALUE       VALUE  FROM      YEAR
                                                  NORMAL
..................................................................
TEMPERATURE (F)
 TODAY
  MAXIMUM         29    245 AM  72    1990  44    -15       27
  MINIMUM         22    443 PM   8    1950  29     -7       19
  AVERAGE         26                        37    -11       23

PRECIPITATION (IN)
  TODAY            0.01          1.42 1966   0.10  -0.09      T
  MONTH TO DATE    1.57                      3.01  -1.44     2.31
  SINCE SEP 1      5.36                      9.07  -3.71     8.28
  SINCE JAN 1     33.98                     29.99   3.99    27.29

DEGREE DAYS
 HEATING
  TODAY           39                        28     11       42
  MONTH TO DATE  753                       645    108      723
  SINCE SEP 1   1215                      1228    -13     1209
  SINCE JUL 1   1249                      1252     -3     1230

 COOLING
  TODAY            0                         0      0        0
  MONTH TO DATE    0                         0      0        0
  SINCE SEP 1     69                        52     17       87
  SINCE JAN 1    521                       522     -1      695
..................................................................


WIND (MPH)
  HIGHEST WIND SPEED    24   HIGHEST WIND DIRECTION     W (280)
  HIGHEST GUST SPEED    29   HIGHEST GUST DIRECTION     W (270)
  AVERAGE WIND SPEED    12.1


SKY COVER
  POSSIBLE SUNSHINE  MM
  AVERAGE SKY COVER 0.7


WEATHER CONDITIONS
 THE FOLLOWING WEATHER WAS RECORDED TODAY.
  LIGHT SNOW
  FOG


RELATIVE HUMIDITY (PERCENT)
 HIGHEST    84           500 AM
 LOWEST     55           100 PM
 AVERAGE    70

..........................................................


THE ALTOONA CLIMATE NORMALS FOR TOMORROW
                         NORMAL    RECORD    YEAR
 MAXIMUM TEMPERATURE (F)   44        69      1998
 MINIMUM TEMPERATURE (F)   29         8      1955


SUNRISE AND SUNSET
NOVEMBER 28 2014......SUNRISE   714 AM EST   SUNSET   449 PM EST
NOVEMBER 29 2014......SUNRISE   715 AM EST   SUNSET   448 PM EST


-  INDICATES NEGATIVE NUMBERS.
R  INDICATES RECORD WAS SET OR TIED.
MM INDICATES DATA IS MISSING.
T  INDICATES TRACE AMOUNT.




$$
