000
CDUS41 KCTP 250634
CLIAOO


CLIMATE REPORT
NATIONAL WEATHER SERVICE STATE COLLEGE PA
234 AM EDT WED MAY 25 2016


...................................

...THE ALTOONA CLIMATE SUMMARY FOR MAY 24 2016...

CLIMATE NORMAL PERIOD 1981 TO 2010
CLIMATE RECORD PERIOD 1948 TO 2016


WEATHER ITEM   OBSERVED TIME   RECORD YEAR NORMAL DEPARTURE LAST
                VALUE   (LST)  VALUE       VALUE  FROM      YEAR
                                                  NORMAL
..................................................................
TEMPERATURE (F)
 YESTERDAY
  MAXIMUM         77    434 PM  86    1962  71      6       79
  MINIMUM         50    525 AM  30    1963  50      0       42
  AVERAGE         64                        60      4       61

PRECIPITATION (IN)
  YESTERDAY        0.00          1.09 1978   0.13  -0.13     0.00
  MONTH TO DATE    3.08                      2.87   0.21     1.05
  SINCE MAR 1      5.99                      9.13  -3.14     6.87
  SINCE JAN 1      9.83                     13.34  -3.51     9.39

DEGREE DAYS
 HEATING
  YESTERDAY        1                         6     -5        4
  MONTH TO DATE  249                       206     43      105
  SINCE MAR 1   1344                      1554   -210     1462
  SINCE JUL 1   5168                      6110   -942     6255

 COOLING
  YESTERDAY        0                         1     -1        0
  MONTH TO DATE    0                        14    -14       54
  SINCE MAR 1      0                        20    -20       54
  SINCE JAN 1      0                        20    -20       54
..................................................................


WIND (MPH)
  HIGHEST WIND SPEED    20   HIGHEST WIND DIRECTION    NW (310)
  HIGHEST GUST SPEED    27   HIGHEST GUST DIRECTION     W (290)
  AVERAGE WIND SPEED     8.1


SKY COVER
  POSSIBLE SUNSHINE  MM
  AVERAGE SKY COVER 0.0


WEATHER CONDITIONS
 THE FOLLOWING WEATHER WAS RECORDED YESTERDAY.
  NO SIGNIFICANT WEATHER WAS OBSERVED.


RELATIVE HUMIDITY (PERCENT)
 HIGHEST    89           100 AM
 LOWEST     31           100 PM
 AVERAGE    60

..........................................................


THE ALTOONA CLIMATE NORMALS FOR TODAY
                         NORMAL    RECORD    YEAR
 MAXIMUM TEMPERATURE (F)   71        86      2015
                                             1991
 MINIMUM TEMPERATURE (F)   50        35      1956


SUNRISE AND SUNSET
MAY 25 2016...........SUNRISE   549 AM EDT   SUNSET   832 PM EDT
MAY 26 2016...........SUNRISE   548 AM EDT   SUNSET   833 PM EDT


-  INDICATES NEGATIVE NUMBERS.
R  INDICATES RECORD WAS SET OR TIED.
MM INDICATES DATA IS MISSING.
T  INDICATES TRACE AMOUNT.




$$
