000
CDUS41 KCTP 300610
CLIAOO


CLIMATE REPORT
NATIONAL WEATHER SERVICE STATE COLLEGE PA
208 AM EDT TUE AUG 30 2016


...................................

...THE ALTOONA CLIMATE SUMMARY FOR AUGUST 29 2016...

CLIMATE NORMAL PERIOD 1981 TO 2010
CLIMATE RECORD PERIOD 1948 TO 2016


WEATHER ITEM   OBSERVED TIME   RECORD YEAR NORMAL DEPARTURE LAST
                VALUE   (LST)  VALUE       VALUE  FROM      YEAR
                                                  NORMAL
..................................................................
TEMPERATURE (F)
 YESTERDAY
  MAXIMUM         85    350 PM  92    1953  78      7       86
  MINIMUM         61   1159 PM  36    1982  57      4       51
  AVERAGE         73                        67      6       69

PRECIPITATION (IN)
  YESTERDAY        0.00          1.20 2009   0.10  -0.10     0.00
  MONTH TO DATE    3.35                      2.80   0.55     1.00
  SINCE JUN 1      7.64                      9.54  -1.90    14.27
  SINCE JAN 1     17.62                     23.72  -6.10    23.77

DEGREE DAYS
 HEATING
  YESTERDAY        0                         1     -1        0
  MONTH TO DATE    0                        21    -21       11
  SINCE JUN 1     27                        89    -62       53
  SINCE JUL 1      4                        31    -27       14

 COOLING
  YESTERDAY        8                         4      4        4
  MONTH TO DATE  262                       148    114      130
  SINCE JUN 1    682                       442    240      464
  SINCE JAN 1    733                       475    258      568
..................................................................


WIND (MPH)
  HIGHEST WIND SPEED     9   HIGHEST WIND DIRECTION     N (10)
  HIGHEST GUST SPEED    14   HIGHEST GUST DIRECTION     N (360)
  AVERAGE WIND SPEED     3.2


SKY COVER
  POSSIBLE SUNSHINE  MM
  AVERAGE SKY COVER 0.3


WEATHER CONDITIONS
 THE FOLLOWING WEATHER WAS RECORDED YESTERDAY.
  FOG
  FOG W/VISIBILITY <= 1/4 MILE


RELATIVE HUMIDITY (PERCENT)
 HIGHEST   100          1200 AM
 LOWEST     47           500 PM
 AVERAGE    74

..........................................................


THE ALTOONA CLIMATE NORMALS FOR TODAY
                         NORMAL    RECORD    YEAR
 MAXIMUM TEMPERATURE (F)   78        95      1953
 MINIMUM TEMPERATURE (F)   56        38      1986


SUNRISE AND SUNSET
AUGUST 30 2016........SUNRISE   639 AM EDT   SUNSET   747 PM EDT
AUGUST 31 2016........SUNRISE   640 AM EDT   SUNSET   746 PM EDT


-  INDICATES NEGATIVE NUMBERS.
R  INDICATES RECORD WAS SET OR TIED.
MM INDICATES DATA IS MISSING.
T  INDICATES TRACE AMOUNT.




$$
