000
CDUS41 KCTP 032219
CLIAOO


CLIMATE REPORT
NATIONAL WEATHER SERVICE STATE COLLEGE PA
518 PM EST TUE MAR 3 2015


...................................

...THE ALTOONA CLIMATE SUMMARY FOR MARCH 3 2015...
VALID TODAY AS OF 0500 PM LOCAL TIME.

CLIMATE NORMAL PERIOD 1981 TO 2010
CLIMATE RECORD PERIOD 1948 TO 2015


WEATHER ITEM   OBSERVED TIME   RECORD YEAR NORMAL DEPARTURE LAST
                VALUE   (LST)  VALUE       VALUE  FROM      YEAR
                                                  NORMAL
..................................................................
TEMPERATURE (F)
 TODAY
  MAXIMUM         29    446 PM  63    1974  41    -12       22
  MINIMUM         13    139 AM   2    2003  24    -11        9
  AVERAGE         21                        33    -12       16

PRECIPITATION (IN)
  TODAY            0.06          1.42 1971   0.09  -0.03     0.00
  MONTH TO DATE    0.30                      0.25   0.05     0.04
  SINCE MAR 1      0.30                      0.25   0.05     0.04
  SINCE JAN 1      2.82                      4.46  -1.64     3.40

DEGREE DAYS
 HEATING
  TODAY           44                        32     12       49
  MONTH TO DATE  124                        98     26      123
  SINCE MAR 1    124                        98     26      123
  SINCE JUL 1   4917                      4653    264     4867

 COOLING
  TODAY            0                         0      0        0
  MONTH TO DATE    0                         0      0        0
  SINCE MAR 1      0                         0      0        0
  SINCE JAN 1      0                         0      0        0
..................................................................


WIND (MPH)
  HIGHEST WIND SPEED    22   HIGHEST WIND DIRECTION     S (160)
  HIGHEST GUST SPEED    26   HIGHEST GUST DIRECTION     S (170)
  AVERAGE WIND SPEED     6.5


SKY COVER
  POSSIBLE SUNSHINE  MM
  AVERAGE SKY COVER 0.7


WEATHER CONDITIONS
 THE FOLLOWING WEATHER WAS RECORDED TODAY.
  FREEZING RAIN
  LT FREEZING RAIN
  HAZE


RELATIVE HUMIDITY (PERCENT)
 HIGHEST    80           300 AM
 LOWEST     55          1200 PM
 AVERAGE    68

..........................................................


THE ALTOONA CLIMATE NORMALS FOR TOMORROW
                         NORMAL    RECORD    YEAR
 MAXIMUM TEMPERATURE (F)   42        74      1974
 MINIMUM TEMPERATURE (F)   24         6      2014


SUNRISE AND SUNSET
MARCH  3 2015.........SUNRISE   644 AM EST   SUNSET   607 PM EST
MARCH  4 2015.........SUNRISE   643 AM EST   SUNSET   608 PM EST


-  INDICATES NEGATIVE NUMBERS.
R  INDICATES RECORD WAS SET OR TIED.
MM INDICATES DATA IS MISSING.
T  INDICATES TRACE AMOUNT.




$$
