000
CDUS41 KCTP 302116
CLIAOO


CLIMATE REPORT
NATIONAL WEATHER SERVICE STATE COLLEGE PA
516 PM EDT WED JUL 30 2014


...................................

...THE ALTOONA CLIMATE SUMMARY FOR JULY 30 2014...
VALID TODAY AS OF 0500 PM LOCAL TIME.

CLIMATE NORMAL PERIOD 1981 TO 2010
CLIMATE RECORD PERIOD 1948 TO 2014


WEATHER ITEM   OBSERVED TIME   RECORD YEAR NORMAL DEPARTURE LAST
                VALUE   (LST)  VALUE       VALUE  FROM      YEAR
                                                  NORMAL
..................................................................
TEMPERATURE (F)
 TODAY
  MAXIMUM         73    349 PM  92    1983  81     -8       77
  MINIMUM         49    519 AM  48    1956  60    -11       50
  AVERAGE         61                        71    -10       64

PRECIPITATION (IN)
  TODAY            0.00          1.20 1949   0.10  -0.10     0.00
  MONTH TO DATE    3.33                      3.16   0.17     2.02
  SINCE JUN 1     10.10                      6.64   3.46     5.31
  SINCE JAN 1     23.60                     20.82   2.78    16.16

DEGREE DAYS
 HEATING
  TODAY            4                         0      4        1
  MONTH TO DATE   14                         1     13        5
  SINCE JUN 1     29                        59    -30       25
  SINCE JUL 1     14                         1     13        5

 COOLING
  TODAY            0                         6     -6        0
  MONTH TO DATE  167                       179    -12      257
  SINCE JUN 1    304                       288     16      385
  SINCE JAN 1    351                       321     30      459
..................................................................


WIND (MPH)
  HIGHEST WIND SPEED    13   HIGHEST WIND DIRECTION    SW (210)
  HIGHEST GUST SPEED    17   HIGHEST GUST DIRECTION     S (200)
  AVERAGE WIND SPEED     4.5


SKY COVER
  POSSIBLE SUNSHINE  MM
  AVERAGE SKY COVER 0.2


WEATHER CONDITIONS
 THE FOLLOWING WEATHER WAS RECORDED TODAY.
  NO SIGNIFICANT WEATHER WAS OBSERVED.


RELATIVE HUMIDITY (PERCENT)
 HIGHEST   100          1200 AM
 LOWEST     57          1200 PM
 AVERAGE    79

..........................................................


THE ALTOONA CLIMATE NORMALS FOR TOMORROW
                         NORMAL    RECORD    YEAR
 MAXIMUM TEMPERATURE (F)   81        97      1999
 MINIMUM TEMPERATURE (F)   60        47      1966


SUNRISE AND SUNSET
JULY 30 2014..........SUNRISE   609 AM EDT   SUNSET   830 PM EDT
JULY 31 2014..........SUNRISE   610 AM EDT   SUNSET   829 PM EDT


-  INDICATES NEGATIVE NUMBERS.
R  INDICATES RECORD WAS SET OR TIED.
MM INDICATES DATA IS MISSING.
T  INDICATES TRACE AMOUNT.




$$
