143
CDUS41 KCTP 080625
CLIAOO


CLIMATE REPORT
NATIONAL WEATHER SERVICE STATE COLLEGE PA
124 AM EST MON FEB 8 2016


...................................

...THE ALTOONA CLIMATE SUMMARY FOR FEBRUARY 7 2016...

CLIMATE NORMAL PERIOD 1981 TO 2010
CLIMATE RECORD PERIOD 1948 TO 2016


WEATHER ITEM   OBSERVED TIME   RECORD YEAR NORMAL DEPARTURE LAST
                VALUE   (LST)  VALUE       VALUE  FROM      YEAR
                                                  NORMAL
..................................................................
TEMPERATURE (F)
 YESTERDAY
  MAXIMUM         47    309 PM  54    2005  36     11       43
  MINIMUM         23    716 AM   0    1988  20      3       24
  AVERAGE         35                        28      7       34

PRECIPITATION (IN)
  YESTERDAY        0.00          0.90 1965   0.07  -0.07     0.00
  MONTH TO DATE    0.55                      0.51   0.04     0.58
  SINCE DEC 1      5.93                      5.10   0.83     4.04
  SINCE JAN 1      2.19                      2.68  -0.49     2.18

DEGREE DAYS
 HEATING
  YESTERDAY       30                        37     -7       31
  MONTH TO DATE  202                       261    -59      288
  SINCE DEC 1   2057                      2508   -451     2484
  SINCE JUL 1   3050                      3814   -764     3786

 COOLING
  YESTERDAY        0                         0      0        0
  MONTH TO DATE    0                         0      0        0
  SINCE DEC 1      0                         0      0        0
  SINCE JAN 1      0                         0      0        0
..................................................................


WIND (MPH)
  HIGHEST WIND SPEED     9   HIGHEST WIND DIRECTION    SW (240)
  HIGHEST GUST SPEED    11   HIGHEST GUST DIRECTION    SE (130)
  AVERAGE WIND SPEED     2.3


SKY COVER
  POSSIBLE SUNSHINE  MM
  AVERAGE SKY COVER 0.0


WEATHER CONDITIONS
 THE FOLLOWING WEATHER WAS RECORDED YESTERDAY.
  NO SIGNIFICANT WEATHER WAS OBSERVED.


RELATIVE HUMIDITY (PERCENT)
 HIGHEST    74           700 AM
 LOWEST     38           300 PM
 AVERAGE    56

..........................................................


THE ALTOONA CLIMATE NORMALS FOR TODAY
                         NORMAL    RECORD    YEAR
 MAXIMUM TEMPERATURE (F)   36        56      1965
 MINIMUM TEMPERATURE (F)   20        -2      1967


SUNRISE AND SUNSET
FEBRUARY  8 2016......SUNRISE   716 AM EST   SUNSET   540 PM EST
FEBRUARY  9 2016......SUNRISE   714 AM EST   SUNSET   541 PM EST


-  INDICATES NEGATIVE NUMBERS.
R  INDICATES RECORD WAS SET OR TIED.
MM INDICATES DATA IS MISSING.
T  INDICATES TRACE AMOUNT.




$$
