951
CDUS41 KCTP 212239
CLIAOO


CLIMATE REPORT
NATIONAL WEATHER SERVICE STATE COLLEGE PA
539 PM EST SUN JAN 21 2018


...................................

...THE ALTOONA CLIMATE SUMMARY FOR JANUARY 21 2018...
VALID TODAY AS OF 0500 PM LOCAL TIME.

CLIMATE NORMAL PERIOD 1981 TO 2010
CLIMATE RECORD PERIOD 1948 TO 2018


WEATHER ITEM   OBSERVED TIME   RECORD YEAR NORMAL DEPARTURE LAST
                VALUE   (LST)  VALUE       VALUE  FROM      YEAR
                                                  NORMAL
..................................................................
TEMPERATURE (F)
 TODAY
  MAXIMUM         50    419 PM  61    1959  34     16       50
  MINIMUM         40    916 AM -19    1985  20     20       35
  AVERAGE         45                        27     18       43

PRECIPITATION (IN)
  TODAY            0.00          1.05 1974   0.07  -0.07     0.00
  MONTH TO DATE    0.98                      1.45  -0.47     1.81
  SINCE DEC 1      1.93                      3.87  -1.94     4.13
  SINCE JAN 1      0.98                      1.45  -0.47     1.81

DEGREE DAYS
 HEATING
  TODAY           20                        38    -18       22
  MONTH TO DATE  865                       798     67      678
  SINCE DEC 1   1944                      1863     81     1677
  SINCE JUL 1   3009                      3182   -173     2668

 COOLING
  TODAY            0                         0      0        0
  MONTH TO DATE    0                         0      0        0
  SINCE DEC 1      0                         0      0        0
  SINCE JAN 1      0                         0      0        0
..................................................................


WIND (MPH)
  HIGHEST WIND SPEED    20   HIGHEST WIND DIRECTION     W (270)
  HIGHEST GUST SPEED    23   HIGHEST GUST DIRECTION     W (260)
  AVERAGE WIND SPEED     5.7


SKY COVER
  POSSIBLE SUNSHINE  MM
  AVERAGE SKY COVER 1.0


WEATHER CONDITIONS
 THE FOLLOWING WEATHER WAS RECORDED TODAY.
  FOG
  FOG W/VISIBILITY <= 1/4 MILE


RELATIVE HUMIDITY (PERCENT)
 HIGHEST   100          1100 AM
 LOWEST     65           100 AM
 AVERAGE    83

..........................................................


THE ALTOONA CLIMATE NORMALS FOR TOMORROW
                         NORMAL    RECORD    YEAR
 MAXIMUM TEMPERATURE (F)   34        59      1967
 MINIMUM TEMPERATURE (F)   20        -5      1984


SUNRISE AND SUNSET
JANUARY 21 2018.......SUNRISE   731 AM EST   SUNSET   519 PM EST
JANUARY 22 2018.......SUNRISE   730 AM EST   SUNSET   520 PM EST


-  INDICATES NEGATIVE NUMBERS.
R  INDICATES RECORD WAS SET OR TIED.
MM INDICATES DATA IS MISSING.
T  INDICATES TRACE AMOUNT.




$$
