733
CDUS41 KCTP 300650
CLIAOO


CLIMATE REPORT
NATIONAL WEATHER SERVICE STATE COLLEGE PA
250 AM EDT SUN APR 30 2017


...................................

...THE ALTOONA CLIMATE SUMMARY FOR APRIL 29 2017...

CLIMATE NORMAL PERIOD 1981 TO 2010
CLIMATE RECORD PERIOD 1948 TO 2017


WEATHER ITEM   OBSERVED TIME   RECORD YEAR NORMAL DEPARTURE LAST
                VALUE   (LST)  VALUE       VALUE  FROM      YEAR
                                                  NORMAL
..................................................................
TEMPERATURE (F)
 YESTERDAY
  MAXIMUM         80   1234 PM  83    1956  65     15       49
  MINIMUM         54    410 AM  27    2001  42     12       42
  AVERAGE         67                        53     14       46

PRECIPITATION (IN)
  YESTERDAY        0.29          0.75 1951   0.11   0.18     0.01
  MONTH TO DATE    2.28                      3.08  -0.80     1.53
  SINCE MAR 1      6.61                      6.15   0.46     2.78
  SINCE JAN 1     11.24                     10.36   0.88     6.62

DEGREE DAYS
 HEATING
  YESTERDAY        0                        12    -12       19
  MONTH TO DATE  254                       478   -224      478
  SINCE MAR 1   1090                      1337   -247     1078
  SINCE JUL 1   4757                      5892  -1135     4902

 COOLING
  YESTERDAY        2                         0      2        0
  MONTH TO DATE   15                         0     15        0
  SINCE MAR 1     15                         1     14        0
  SINCE JAN 1     15                         1     14        0
..................................................................


WIND (MPH)
  HIGHEST WIND SPEED    26   HIGHEST WIND DIRECTION     S (200)
  HIGHEST GUST SPEED    34   HIGHEST GUST DIRECTION     S (190)
  AVERAGE WIND SPEED     8.5


SKY COVER
  POSSIBLE SUNSHINE  MM
  AVERAGE SKY COVER 0.1


WEATHER CONDITIONS
 THE FOLLOWING WEATHER WAS RECORDED YESTERDAY.
  THUNDERSTORM
  HEAVY RAIN
  RAIN
  LIGHT RAIN
  FOG


RELATIVE HUMIDITY (PERCENT)
 HIGHEST   100           400 AM
 LOWEST     48           100 PM
 AVERAGE    74

..........................................................


THE ALTOONA CLIMATE NORMALS FOR TODAY
                         NORMAL    RECORD    YEAR
 MAXIMUM TEMPERATURE (F)   65        85      1970
 MINIMUM TEMPERATURE (F)   42        30      1961


SUNRISE AND SUNSET
APRIL 30 2017.........SUNRISE   614 AM EDT   SUNSET   808 PM EDT
MAY  1 2017...........SUNRISE   612 AM EDT   SUNSET   809 PM EDT


-  INDICATES NEGATIVE NUMBERS.
R  INDICATES RECORD WAS SET OR TIED.
MM INDICATES DATA IS MISSING.
T  INDICATES TRACE AMOUNT.




$$
