000
CDUS41 KCTP 172124
CLIAOO


CLIMATE REPORT
NATIONAL WEATHER SERVICE STATE COLLEGE PA
524 PM EDT THU AUG 17 2017


...................................

...THE ALTOONA CLIMATE SUMMARY FOR AUGUST 17 2017...
VALID TODAY AS OF 0500 PM LOCAL TIME.

CLIMATE NORMAL PERIOD 1981 TO 2010
CLIMATE RECORD PERIOD 1948 TO 2017


WEATHER ITEM   OBSERVED TIME   RECORD YEAR NORMAL DEPARTURE LAST
                VALUE   (LST)  VALUE       VALUE  FROM      YEAR
                                                  NORMAL
..................................................................
TEMPERATURE (F)
 TODAY
  MAXIMUM         85    253 PM  94    1965  80      5       80
  MINIMUM         58    238 AM  45    1979  59     -1       68
  AVERAGE         72                        69      3       74

PRECIPITATION (IN)
  TODAY            0.00          2.19 1994   0.10  -0.10     0.23
  MONTH TO DATE    2.15                      1.62   0.53     2.15
  SINCE JUN 1     11.83                      8.36   3.47     6.44
  SINCE JAN 1     29.12                     22.54   6.58    16.42

DEGREE DAYS
 HEATING
  TODAY            0                         1     -1        0
  MONTH TO DATE    9                         9      0        0
  SINCE JUN 1     46                        77    -31       27
  SINCE JUL 1     15                        19     -4        4

 COOLING
  TODAY            7                         5      2        9
  MONTH TO DATE   55                        96    -41      177
  SINCE JUN 1    432                       390     42      597
  SINCE JAN 1    505                       423     82      648
..................................................................


WIND (MPH)
  HIGHEST WIND SPEED    10   HIGHEST WIND DIRECTION     S (160)
  HIGHEST GUST SPEED    14   HIGHEST GUST DIRECTION     S (160)
  AVERAGE WIND SPEED     2.4


SKY COVER
  POSSIBLE SUNSHINE  MM
  AVERAGE SKY COVER 0.2


WEATHER CONDITIONS
 THE FOLLOWING WEATHER WAS RECORDED TODAY.
  FOG


RELATIVE HUMIDITY (PERCENT)
 HIGHEST   100          1200 AM
 LOWEST     65           100 PM
 AVERAGE    83

..........................................................


THE ALTOONA CLIMATE NORMALS FOR TOMORROW
                         NORMAL    RECORD    YEAR
 MAXIMUM TEMPERATURE (F)   80        91      2002
 MINIMUM TEMPERATURE (F)   58        45      1981


SUNRISE AND SUNSET
AUGUST 17 2017........SUNRISE   627 AM EDT   SUNSET   807 PM EDT
AUGUST 18 2017........SUNRISE   628 AM EDT   SUNSET   806 PM EDT


-  INDICATES NEGATIVE NUMBERS.
R  INDICATES RECORD WAS SET OR TIED.
MM INDICATES DATA IS MISSING.
T  INDICATES TRACE AMOUNT.




$$
