000
CDUS41 KCTP 010633
CLIAOO


CLIMATE REPORT
NATIONAL WEATHER SERVICE STATE COLLEGE PA
133 AM EST SUN FEB 1 2015


...................................

...THE ALTOONA CLIMATE SUMMARY FOR JANUARY 31 2015...

CLIMATE NORMAL PERIOD 1981 TO 2010
CLIMATE RECORD PERIOD 1948 TO 2015


WEATHER ITEM   OBSERVED TIME   RECORD YEAR NORMAL DEPARTURE LAST
                VALUE   (LST)  VALUE       VALUE  FROM      YEAR
                                                  NORMAL
..................................................................
TEMPERATURE (F)
 YESTERDAY
  MAXIMUM         43    144 PM  60    1974  35      8       38
  MINIMUM         15   1155 PM   0    1971  20     -5       16
  AVERAGE         29                        27      2       27

PRECIPITATION (IN)
  YESTERDAY        T             0.72 1951   0.08  -0.08     0.00
  MONTH TO DATE    1.60                      2.17  -0.57     0.84
  SINCE DEC 1      3.46                      4.59  -1.13     3.43
  SINCE JAN 1      1.60                      2.17  -0.57     0.84

DEGREE DAYS
 HEATING
  YESTERDAY       36                        38     -2       38
  MONTH TO DATE 1235                      1178     57     1356
  SINCE DEC 1   2189                      2247    -58     2301
  SINCE JUL 1   3491                      3553    -62     3611

 COOLING
  YESTERDAY        0                         0      0        0
  MONTH TO DATE    0                         0      0        0
  SINCE DEC 1      0                         0      0        0
  SINCE JAN 1      0                         0      0        0
..................................................................


WIND (MPH)
  HIGHEST WIND SPEED    26   HIGHEST WIND DIRECTION    NW (310)
  HIGHEST GUST SPEED    35   HIGHEST GUST DIRECTION    NW (310)
  AVERAGE WIND SPEED    10.6


SKY COVER
  POSSIBLE SUNSHINE  MM
  AVERAGE SKY COVER 0.3


WEATHER CONDITIONS
 THE FOLLOWING WEATHER WAS RECORDED YESTERDAY.
  LIGHT SNOW
  HAZE


RELATIVE HUMIDITY (PERCENT)
 HIGHEST    67          1100 PM
 LOWEST     27           100 PM
 AVERAGE    47

..........................................................


THE ALTOONA CLIMATE NORMALS FOR TODAY
                         NORMAL    RECORD    YEAR
 MAXIMUM TEMPERATURE (F)   35        64      1989
 MINIMUM TEMPERATURE (F)   20        -1      1961


SUNRISE AND SUNSET
FEBRUARY  1 2015......SUNRISE   723 AM EST   SUNSET   532 PM EST
FEBRUARY  2 2015......SUNRISE   722 AM EST   SUNSET   533 PM EST


-  INDICATES NEGATIVE NUMBERS.
R  INDICATES RECORD WAS SET OR TIED.
MM INDICATES DATA IS MISSING.
T  INDICATES TRACE AMOUNT.




$$
