000
CDUS41 KCTP 232224
CLIAOO


CLIMATE REPORT
NATIONAL WEATHER SERVICE STATE COLLEGE PA
524 PM EST THU FEB 23 2017


...................................

...THE ALTOONA CLIMATE SUMMARY FOR FEBRUARY 23 2017...
VALID TODAY AS OF 0500 PM LOCAL TIME.

CLIMATE NORMAL PERIOD 1981 TO 2010
CLIMATE RECORD PERIOD 1948 TO 2017


WEATHER ITEM   OBSERVED TIME   RECORD YEAR NORMAL DEPARTURE LAST
                VALUE   (LST)  VALUE       VALUE  FROM      YEAR
                                                  NORMAL
..................................................................
TEMPERATURE (F)
 TODAY
  MAXIMUM         71R   352 PM  66    1977  39     32       38
  MINIMUM         46    257 AM  -3    2015  22     24       32
  AVERAGE         59                        31     28       35

PRECIPITATION (IN)
  TODAY            0.00          1.19 1994   0.08  -0.08      T
  MONTH TO DATE    1.15                      1.66  -0.51     1.60
  SINCE DEC 1      6.66                      6.25   0.41     6.98
  SINCE JAN 1      4.34                      3.83   0.51     3.24

DEGREE DAYS
 HEATING
  TODAY            6                        34    -28       30
  MONTH TO DATE  608                       834   -226      815
  SINCE DEC 1   2576                      3081   -505     2670
  SINCE JUL 1   3567                      4387   -820     3663

 COOLING
  TODAY            0                         0      0        0
  MONTH TO DATE    0                         0      0        0
  SINCE DEC 1      0                         0      0        0
  SINCE JAN 1      0                         0      0        0
..................................................................


WIND (MPH)
  HIGHEST WIND SPEED    21   HIGHEST WIND DIRECTION    SW (210)
  HIGHEST GUST SPEED    26   HIGHEST GUST DIRECTION    SW (240)
  AVERAGE WIND SPEED     9.5


SKY COVER
  POSSIBLE SUNSHINE  MM
  AVERAGE SKY COVER 0.8


WEATHER CONDITIONS
 THE FOLLOWING WEATHER WAS RECORDED TODAY.
  NO SIGNIFICANT WEATHER WAS OBSERVED.


RELATIVE HUMIDITY (PERCENT)
 HIGHEST    93           700 AM
 LOWEST     53           300 PM
 AVERAGE    73

..........................................................


THE ALTOONA CLIMATE NORMALS FOR TOMORROW
                         NORMAL    RECORD    YEAR
 MAXIMUM TEMPERATURE (F)   39        69      1985
 MINIMUM TEMPERATURE (F)   22        -8      2015


SUNRISE AND SUNSET
FEBRUARY 23 2017......SUNRISE   655 AM EST   SUNSET   558 PM EST
FEBRUARY 24 2017......SUNRISE   654 AM EST   SUNSET   600 PM EST


-  INDICATES NEGATIVE NUMBERS.
R  INDICATES RECORD WAS SET OR TIED.
MM INDICATES DATA IS MISSING.
T  INDICATES TRACE AMOUNT.




$$
