000
CDUS41 KCTP 260634
CLIAOO


CLIMATE REPORT
NATIONAL WEATHER SERVICE STATE COLLEGE PA
234 AM EDT MON JUN 26 2017


...................................

...THE ALTOONA CLIMATE SUMMARY FOR JUNE 25 2017...

CLIMATE NORMAL PERIOD 1981 TO 2010
CLIMATE RECORD PERIOD 1948 TO 2017


WEATHER ITEM   OBSERVED TIME   RECORD YEAR NORMAL DEPARTURE LAST
                VALUE   (LST)  VALUE       VALUE  FROM      YEAR
                                                  NORMAL
..................................................................
TEMPERATURE (F)
 YESTERDAY
  MAXIMUM         75    315 PM  93    1952  80     -5       80
  MINIMUM         57   1156 PM  41    1979  59     -2       59
  AVERAGE         66                        69     -3       70

PRECIPITATION (IN)
  YESTERDAY        T             0.98 1995   0.12  -0.12     0.00
  MONTH TO DATE    4.07                      2.92   1.15     2.51
  SINCE JUN 1      4.07                      2.92   1.15     2.51
  SINCE JAN 1     21.36                     17.10   4.26    12.49

DEGREE DAYS
 HEATING
  YESTERDAY        0                         1     -1        0
  MONTH TO DATE   22                        54    -32       22
  SINCE JUN 1     22                        54    -32       22
  SINCE JUL 1   4991                      6200  -1209     5190

 COOLING
  YESTERDAY        1                         5     -4        5
  MONTH TO DATE  140                        83     57      110
  SINCE JUN 1    140                        83     57      110
  SINCE JAN 1    213                       116     97      161
..................................................................


WIND (MPH)
  HIGHEST WIND SPEED    20   HIGHEST WIND DIRECTION     W (270)
  HIGHEST GUST SPEED    26   HIGHEST GUST DIRECTION     W (260)
  AVERAGE WIND SPEED     7.0


SKY COVER
  POSSIBLE SUNSHINE  MM
  AVERAGE SKY COVER 0.3


WEATHER CONDITIONS
 THE FOLLOWING WEATHER WAS RECORDED YESTERDAY.
  LIGHT RAIN


RELATIVE HUMIDITY (PERCENT)
 HIGHEST    93           700 AM
 LOWEST     38           500 PM
 AVERAGE    66

..........................................................


THE ALTOONA CLIMATE NORMALS FOR TODAY
                         NORMAL    RECORD    YEAR
 MAXIMUM TEMPERATURE (F)   80        94      1952
 MINIMUM TEMPERATURE (F)   59        44      1979


SUNRISE AND SUNSET
JUNE 26 2017..........SUNRISE   545 AM EDT   SUNSET   847 PM EDT
JUNE 27 2017..........SUNRISE   546 AM EDT   SUNSET   847 PM EDT


-  INDICATES NEGATIVE NUMBERS.
R  INDICATES RECORD WAS SET OR TIED.
MM INDICATES DATA IS MISSING.
T  INDICATES TRACE AMOUNT.




$$
