000
CDUS45 KBOU 181106 RRA
CLIAPA

CLIMATE REPORT
NATIONAL WEATHER SERVICE BOULDER, CO
125 AM MDT FRI APR 18 2014


...................................

...THE CENTENNIAL CO CLIMATE SUMMARY FOR APRIL 17 2014...

CLIMATE NORMAL PERIOD 1981 TO 2010

WEATHER ITEM   OBSERVED RECORD YEAR NORMAL DEPARTURE LAST
                VALUE   VALUE       VALUE  FROM      YEAR
                                           NORMAL
...........................................................
TEMPERATURE (F)
 YESTERDAY
  MAXIMUM         59     MM      MM  59      0       30
  MINIMUM         31     MM      MM  34     -3       17
  AVERAGE         45                 46     -1       24

PRECIPITATION (IN)
  YESTERDAY        0.00  MM      MM   0.08  -0.08     0.11
  MONTH TO DATE    0.67               1.08  -0.41     0.58
  SINCE MAR 1      1.41               2.21  -0.80     2.05
  SINCE JAN 1      2.26               3.14  -0.88     2.74

DEGREE DAYS
 HEATING
  YESTERDAY       20
  MONTH TO DATE  355

 COOLING
  YESTERDAY        0
  MONTH TO DATE    0
...........................................................


WIND (MPH)
  RESULTANT WIND SPEED  11   RESULTANT WIND DIRECTION   S (160)
  HIGHEST WIND SPEED    20   HIGHEST WIND DIRECTION     S (160)
  HIGHEST GUST SPEED    26   HIGHEST GUST DIRECTION     S (160)


SKY COVER
  POSSIBLE SUNSHINE  MM
  AVERAGE SKY COVER 0.4


WEATHER CONDITIONS
 THE FOLLOWING WEATHER WAS RECORDED YESTERDAY.
  NO SIGNIFICANT WEATHER WAS OBSERVED.


RELATIVE HUMIDITY (PERCENT)
 HIGHEST    85
 LOWEST     20
 AVERAGE    53

..........................................................


THE CENTENNIAL CO CLIMATE NORMALS FOR TODAY
                         NORMAL    RECORD    YEAR
 MAXIMUM TEMPERATURE (F)   59        MM        MM
 MINIMUM TEMPERATURE (F)   34        MM        MM


SUNRISE AND SUNSET
APRIL 18 2014.........SUNRISE   618 AM MDT   SUNSET   740 PM MDT
APRIL 19 2014.........SUNRISE   616 AM MDT   SUNSET   741 PM MDT


-  INDICATES NEGATIVE NUMBERS.
R  INDICATES RECORD WAS SET OR TIED.
MM INDICATES DATA IS MISSING.
T  INDICATES TRACE AMOUNT.




$$
