000
CDUS45 KBOU 011226
CLIAPA


CLIMATE REPORT
NATIONAL WEATHER SERVICE DENVER/BOULDER CO
626 AM MDT SAT OCT 1 2016


...................................

...THE CENTENNIAL CO CLIMATE SUMMARY FOR SEPTEMBER 30 2016...

CLIMATE NORMAL PERIOD 1981 TO 2010
CLIMATE RECORD PERIOD 9999 TO 9999


WEATHER ITEM   OBSERVED RECORD YEAR NORMAL DEPARTURE LAST
                VALUE   VALUE       VALUE  FROM      YEAR
                                           NORMAL
...........................................................
TEMPERATURE (F)
 YESTERDAY
  MAXIMUM         73     MM      MM  70      3       79
  MINIMUM         51     MM      MM  42      9       55
  AVERAGE         62                 56      6       67

PRECIPITATION (IN)
  YESTERDAY        0.00  MM      MM   0.04  -0.04      T
  MONTH TO DATE    0.23               1.19  -0.96     0.38
  SINCE SEP 1      0.23               1.19  -0.96     0.38
  SINCE JAN 1     10.88              14.52  -3.64    19.03

DEGREE DAYS
 HEATING
  YESTERDAY        3
  MONTH TO DATE   67

 COOLING
  YESTERDAY        0
  MONTH TO DATE   76
...........................................................


WIND (MPH)
  RESULTANT WIND SPEED   1   RESULTANT WIND DIRECTION  NW (330)
  HIGHEST WIND SPEED    16   HIGHEST WIND DIRECTION     W (250)
  HIGHEST GUST SPEED    19   HIGHEST GUST DIRECTION     W (260)


SKY COVER
  POSSIBLE SUNSHINE  MM
  AVERAGE SKY COVER 0.6


WEATHER CONDITIONS
 THE FOLLOWING WEATHER WAS RECORDED YESTERDAY.
  NO SIGNIFICANT WEATHER WAS OBSERVED.


RELATIVE HUMIDITY (PERCENT)
 HIGHEST    77
 LOWEST     35
 AVERAGE    56

..........................................................


THE CENTENNIAL CO CLIMATE NORMALS FOR TODAY
                         NORMAL    RECORD    YEAR
 MAXIMUM TEMPERATURE (F)   70        MM        MM
 MINIMUM TEMPERATURE (F)   42        MM        MM


SUNRISE AND SUNSET
OCTOBER  1 2016.......SUNRISE   656 AM MDT   SUNSET   641 PM MDT
OCTOBER  2 2016.......SUNRISE   657 AM MDT   SUNSET   639 PM MDT


-  INDICATES NEGATIVE NUMBERS.
R  INDICATES RECORD WAS SET OR TIED.
MM INDICATES DATA IS MISSING.
T  INDICATES TRACE AMOUNT.




$$
