000
CDUS45 KBOU 200725
CLIAPA


CLIMATE REPORT
NATIONAL WEATHER SERVICE BOULDER, CO
125 AM MDT SAT SEP 20 2014


...................................

...THE CENTENNIAL CO CLIMATE SUMMARY FOR SEPTEMBER 19 2014...

CLIMATE NORMAL PERIOD 1981 TO 2010
CLIMATE RECORD PERIOD 9999 TO 9999


WEATHER ITEM   OBSERVED RECORD YEAR NORMAL DEPARTURE LAST
                VALUE   VALUE       VALUE  FROM      YEAR
                                           NORMAL
...........................................................
TEMPERATURE (F)
 YESTERDAY
  MAXIMUM         86     MM      MM  75     11       63
  MINIMUM         58     MM      MM  46     12       48
  AVERAGE         72                 60     12       56

PRECIPITATION (IN)
  YESTERDAY        0.00  MM      MM   0.03  -0.03      T
  MONTH TO DATE    0.94               0.77   0.17     5.52
  SINCE SEP 1      0.94               0.77   0.17     5.52
  SINCE JAN 1     12.24              14.10  -1.86    15.33

DEGREE DAYS
 HEATING
  YESTERDAY        0
  MONTH TO DATE   73

 COOLING
  YESTERDAY        7
  MONTH TO DATE   40
...........................................................


WIND (MPH)
  RESULTANT WIND SPEED   4   RESULTANT WIND DIRECTION   S (160)
  HIGHEST WIND SPEED    17   HIGHEST WIND DIRECTION     N (350)
  HIGHEST GUST SPEED    20   HIGHEST GUST DIRECTION     N (350)


SKY COVER
  POSSIBLE SUNSHINE  MM
  AVERAGE SKY COVER 0.2


WEATHER CONDITIONS
 THE FOLLOWING WEATHER WAS RECORDED YESTERDAY.
  NO SIGNIFICANT WEATHER WAS OBSERVED.


RELATIVE HUMIDITY (PERCENT)
 HIGHEST    56
 LOWEST     19
 AVERAGE    38

..........................................................


THE CENTENNIAL CO CLIMATE NORMALS FOR TODAY
                         NORMAL    RECORD    YEAR
 MAXIMUM TEMPERATURE (F)   74        MM        MM
 MINIMUM TEMPERATURE (F)   46        MM        MM


SUNRISE AND SUNSET
SEPTEMBER 20 2014.....SUNRISE   645 AM MDT   SUNSET   700 PM MDT
SEPTEMBER 21 2014.....SUNRISE   646 AM MDT   SUNSET   658 PM MDT


-  INDICATES NEGATIVE NUMBERS.
R  INDICATES RECORD WAS SET OR TIED.
MM INDICATES DATA IS MISSING.
T  INDICATES TRACE AMOUNT.




$$
