000
CDUS42 KMFL 240834 CCA
CLIAPF

CLIMATE REPORT...CORRECTED
NATIONAL WEATHER SERVICE MIAMI, FL
432 AM EDT MON APR 24 2017
...................................

...THE NAPLES CLIMATE SUMMARY FOR APRIL 23 2017...

CLIMATE NORMAL PERIOD 1981 TO 2010
CLIMATE RECORD PERIOD 1942 TO 2017


WEATHER ITEM   OBSERVED TIME   RECORD YEAR NORMAL DEPARTURE LAST
                VALUE   (LST)  VALUE       VALUE  FROM      YEAR
                                                  NORMAL
..................................................................
TEMPERATURE (F)
 YESTERDAY
  MAXIMUM          MM       MM  92    1973  84    -84       82
  MINIMUM          MM       MM  47    1993  64    -64       73
  AVERAGE          MM                       74    -74       78

PRECIPITATION (IN)
  YESTERDAY        0.28          0.77 1979   0.07   0.21     0.00
  MONTH TO DATE    0.78                      1.91  -1.13     0.17
  SINCE NOV 1      3.19                     11.73  -8.54    13.94
  SINCE JAN 1      2.84                      8.24  -5.40     9.32

SNOWFALL (IN)
  YESTERDAY        0.0
  MONTH TO DATE    0.0
  SINCE MAR 1      0.0
  SINCE JUL 1      0.0
  SNOW DEPTH       0

DEGREE DAYS
 HEATING
  YESTERDAY       65                         0     65        0
  MONTH TO DATE   65                         0     65        0
  SINCE MAR 1     76                        23     53        4
  SINCE JUL 1    132                       256   -124      142

 COOLING
  YESTERDAY        0                         9     -9       13
  MONTH TO DATE  238                       181     57      228
  SINCE MAR 1    435                       357     78      488
  SINCE JAN 1    758                       548    210      650
..................................................................


WIND (MPH)
  HIGHEST WIND SPEED    10   HIGHEST WIND DIRECTION     E (90)
  HIGHEST GUST SPEED    MM   HIGHEST GUST DIRECTION    MM
  AVERAGE WIND SPEED     5.9


SKY COVER
  AVERAGE SKY COVER 0.7


WEATHER CONDITIONS
 THE FOLLOWING WEATHER WAS RECORDED YESTERDAY.
  HEAVY RAIN
  RAIN
  LIGHT RAIN
  FOG
  HAZE


RELATIVE HUMIDITY (PERCENT)
 HIGHEST    88
 LOWEST     65
 AVERAGE    77

..........................................................


THE NAPLES CLIMATE NORMALS FOR TODAY
                         NORMAL    RECORD    YEAR
 MAXIMUM TEMPERATURE (F)   85        91      2002
 MINIMUM TEMPERATURE (F)   65        52      1986


SUNRISE AND SUNSET
APRIL 24 2017.........SUNRISE   655 AM EDT   SUNSET   755 PM EDT
APRIL 25 2017.........SUNRISE   654 AM EDT   SUNSET   756 PM EDT


-  INDICATES NEGATIVE NUMBERS.
R  INDICATES RECORD WAS SET OR TIED.
MM INDICATES DATA IS MISSING.
T  INDICATES TRACE AMOUNT.




$$
