000
CDUS42 KMFL 272116
CLIAPF


CLIMATE REPORT
NATIONAL WEATHER SERVICE MIAMI, FL
416 PM EST TUE JAN 27 2015


...................................

...THE NAPLES CLIMATE SUMMARY FOR JANUARY 27 2015...
VALID TODAY AS OF 0400 PM LOCAL TIME.

CLIMATE NORMAL PERIOD 1981 TO 2010
CLIMATE RECORD PERIOD 1942 TO 2015


WEATHER ITEM   OBSERVED TIME   RECORD YEAR NORMAL DEPARTURE LAST
                VALUE   (LST)  VALUE       VALUE  FROM      YEAR
                                                  NORMAL
..................................................................
TEMPERATURE (F)
 TODAY
  MAXIMUM         66    414 PM  88    2002  75     -9       79
  MINIMUM         55    803 AM  35    1982  55      0       57
  AVERAGE         61                        65     -4       68

PRECIPITATION (IN)
  TODAY            0.00          2.40 1980   0.07  -0.07     0.00
  MONTH TO DATE    0.10                      1.55  -1.45     0.54
  SINCE NOV 1      1.40                      5.04  -3.64     1.64
  SINCE JAN 1      0.10                      1.55  -1.45     0.54

SNOWFALL (IN)
  TODAY            0.0
  MONTH TO DATE    0.0
  SINCE DEC 1      0.0
  SINCE JUL 1      0.0
  SNOW DEPTH       0

DEGREE DAYS
 HEATING
  TODAY            4                         3      1
  MONTH TO DATE   24                        94    -70
  SINCE DEC 1     75                       158    -83
  SINCE JUL 1    104                       172    -68

 COOLING
  TODAY            0                         2     -2
  MONTH TO DATE  117                        80     37
  SINCE DEC 1    267                       200     67
  SINCE JAN 1    117                        80     37
..................................................................


WIND (MPH)
  HIGHEST WIND SPEED    22   HIGHEST WIND DIRECTION    NW (300)
  HIGHEST GUST SPEED    30   HIGHEST GUST DIRECTION    NW (320)
  AVERAGE WIND SPEED     9.5


SKY COVER
  AVERAGE SKY COVER 0.2


WEATHER CONDITIONS
 THE FOLLOWING WEATHER WAS RECORDED TODAY.
  NO SIGNIFICANT WEATHER WAS OBSERVED.


RELATIVE HUMIDITY (PERCENT)
 HIGHEST    83
 LOWEST     48
 AVERAGE    66

..........................................................


THE NAPLES CLIMATE NORMALS FOR TOMORROW
                         NORMAL    RECORD    YEAR
 MAXIMUM TEMPERATURE (F)   75        87      1975
 MINIMUM TEMPERATURE (F)   55        32      1986


SUNRISE AND SUNSET
JANUARY 27 2015.......SUNRISE   714 AM EST   SUNSET   606 PM EST
JANUARY 28 2015.......SUNRISE   713 AM EST   SUNSET   607 PM EST


-  INDICATES NEGATIVE NUMBERS.
R  INDICATES RECORD WAS SET OR TIED.
MM INDICATES DATA IS MISSING.
T  INDICATES TRACE AMOUNT.




$$
