000
CDUS42 KMFL 282023
CLIAPF


CLIMATE REPORT
NATIONAL WEATHER SERVICE MIAMI, FL
423 PM EDT SAT MAY 28 2016


...................................

...THE NAPLES CLIMATE SUMMARY FOR MAY 28 2016...
VALID TODAY AS OF 0400 PM LOCAL TIME.

CLIMATE NORMAL PERIOD 1981 TO 2010
CLIMATE RECORD PERIOD 1942 TO 2016


WEATHER ITEM   OBSERVED TIME   RECORD YEAR NORMAL DEPARTURE LAST
                VALUE   (LST)  VALUE       VALUE  FROM      YEAR
                                                  NORMAL
..................................................................
TEMPERATURE (F)
 TODAY
  MAXIMUM         88    215 PM  94    1986  89     -1       91
                                      1975
                                      1953
  MINIMUM         70    259 PM  62    1962  71     -1       70
                                      1945
  AVERAGE         79                        80     -1       81

PRECIPITATION (IN)
  TODAY            1.10          2.59 1959   0.15   0.95     0.00
  MONTH TO DATE    2.44                      2.70  -0.26     2.57
  SINCE NOV 1     16.68                     14.88   1.80     8.71
  SINCE JAN 1     12.06                     11.39   0.67     7.41

SNOWFALL (IN)
  TODAY            0.0
  MONTH TO DATE    0.0
  SINCE MAR 1      0.0
  SINCE JUL 1      0.0
  SNOW DEPTH       0

DEGREE DAYS
 HEATING
  TODAY            0                         0      0        0
  MONTH TO DATE    0                         0      0        0
  SINCE MAR 1      4                        27    -23        1
  SINCE JUL 1    142                       260   -118      198

 COOLING
  TODAY           14                        15     -1       16
  MONTH TO DATE  393                       363     30      418
  SINCE MAR 1    975                       792    183     1135
  SINCE JAN 1   1137                       983    154     1311
..................................................................


WIND (MPH)
  HIGHEST WIND SPEED    31   HIGHEST WIND DIRECTION     E (80)
  HIGHEST GUST SPEED    38   HIGHEST GUST DIRECTION     E (80)
  AVERAGE WIND SPEED     6.4


SKY COVER
  AVERAGE SKY COVER 0.3


WEATHER CONDITIONS
 THE FOLLOWING WEATHER WAS RECORDED TODAY.
  THUNDERSTORM
  HEAVY RAIN
  FOG


RELATIVE HUMIDITY (PERCENT)
 HIGHEST   100
 LOWEST     55
 AVERAGE    78

..........................................................


THE NAPLES CLIMATE NORMALS FOR TOMORROW
                         NORMAL    RECORD    YEAR
 MAXIMUM TEMPERATURE (F)   89        96      2011
 MINIMUM TEMPERATURE (F)   71        62      1975


SUNRISE AND SUNSET
MAY 28 2016...........SUNRISE   636 AM EDT   SUNSET   813 PM EDT
MAY 29 2016...........SUNRISE   635 AM EDT   SUNSET   814 PM EDT


-  INDICATES NEGATIVE NUMBERS.
R  INDICATES RECORD WAS SET OR TIED.
MM INDICATES DATA IS MISSING.
T  INDICATES TRACE AMOUNT.




$$
