000
CDUS42 KMFL 262015
CLIAPF


CLIMATE REPORT
NATIONAL WEATHER SERVICE MIAMI, FL
415 PM EDT THU MAR 26 2015


...................................

...THE NAPLES CLIMATE SUMMARY FOR MARCH 26 2015...
VALID TODAY AS OF 0400 PM LOCAL TIME.

CLIMATE NORMAL PERIOD 1981 TO 2010
CLIMATE RECORD PERIOD 1942 TO 2015


WEATHER ITEM   OBSERVED TIME   RECORD YEAR NORMAL DEPARTURE LAST
                VALUE   (LST)  VALUE       VALUE  FROM      YEAR
                                                  NORMAL
..................................................................
TEMPERATURE (F)
 TODAY
  MAXIMUM         87    139 PM  90    2002  81      6       70
                                      1974
  MINIMUM         68    451 AM  47    1956  61      7       53
  AVERAGE         78                        71      7       62

PRECIPITATION (IN)
  TODAY            0.00          3.60 1970   0.09  -0.09     0.00
  MONTH TO DATE    0.28                      1.91  -1.63     1.37
  SINCE NOV 1      3.22                      9.35  -6.13     5.63
  SINCE JAN 1      1.92                      5.86  -3.94     4.53

SNOWFALL (IN)
  TODAY            0.0
  MONTH TO DATE    0.0
  SINCE MAR 1      0.0
  SINCE JUL 1      0.0
  SNOW DEPTH       0

DEGREE DAYS
 HEATING
  TODAY            0                         0      0        3
  MONTH TO DATE    0                        19    -19        7
  SINCE MAR 1      0                        19    -19        7
  SINCE JUL 1    197                       252    -55      149

 COOLING
  TODAY           13                         6      7        0
  MONTH TO DATE  286                       141    145      134
  SINCE MAR 1    286                       141    145      134
  SINCE JAN 1    462                       332    130      407
..................................................................


WIND (MPH)
  HIGHEST WIND SPEED    22   HIGHEST WIND DIRECTION     S (200)
  HIGHEST GUST SPEED    27   HIGHEST GUST DIRECTION     S (160)
  AVERAGE WIND SPEED     6.8


SKY COVER
  AVERAGE SKY COVER 0.4


WEATHER CONDITIONS
 THE FOLLOWING WEATHER WAS RECORDED TODAY.
  NO SIGNIFICANT WEATHER WAS OBSERVED.


RELATIVE HUMIDITY (PERCENT)
 HIGHEST    90
 LOWEST     61
 AVERAGE    76

..........................................................


THE NAPLES CLIMATE NORMALS FOR TOMORROW
                         NORMAL    RECORD    YEAR
 MAXIMUM TEMPERATURE (F)   81        90      2002
 MINIMUM TEMPERATURE (F)   61        43      1979


SUNRISE AND SUNSET
MARCH 26 2015.........SUNRISE   725 AM EDT   SUNSET   741 PM EDT
MARCH 27 2015.........SUNRISE   724 AM EDT   SUNSET   742 PM EDT


-  INDICATES NEGATIVE NUMBERS.
R  INDICATES RECORD WAS SET OR TIED.
MM INDICATES DATA IS MISSING.
T  INDICATES TRACE AMOUNT.




$$
