454
CDUS42 KMFL 230822
CLIAPF


CLIMATE REPORT
NATIONAL WEATHER SERVICE MIAMI, FL
422 AM EDT TUE MAY 23 2017


...................................

...THE NAPLES CLIMATE SUMMARY FOR MAY 22 2017...

CLIMATE NORMAL PERIOD 1981 TO 2010
CLIMATE RECORD PERIOD 1942 TO 2017


WEATHER ITEM   OBSERVED TIME   RECORD YEAR NORMAL DEPARTURE LAST
                VALUE   (LST)  VALUE       VALUE  FROM      YEAR
                                                  NORMAL
..................................................................
TEMPERATURE (F)
 YESTERDAY
  MAXIMUM         90    122 PM  93    2011  89      1       86
                                      1975
                                      1965
  MINIMUM         73    615 AM  59    1981  70      3       78
  AVERAGE         82                        79      3       82

PRECIPITATION (IN)
  YESTERDAY        0.00          1.73 1946   0.13  -0.13      T
  MONTH TO DATE    2.04                      1.90   0.14     1.32
  SINCE NOV 1      5.42                     14.08  -8.66    15.56
  SINCE JAN 1      5.07                     10.59  -5.52    10.94

SNOWFALL (IN)
  YESTERDAY        0.0
  MONTH TO DATE    0.0
  SINCE MAR 1      0.0
  SINCE JUL 1      0.0
  SNOW DEPTH       0

DEGREE DAYS
 HEATING
  YESTERDAY        0                         0      0        0
  MONTH TO DATE    0                         0      0        0
  SINCE MAR 1     11                        27    -16        4
  SINCE JUL 1     67                       260   -193      142

 COOLING
  YESTERDAY       17                        14      3       17
  MONTH TO DATE  316                       275     41      300
  SINCE MAR 1    867                       704    163      882
  SINCE JAN 1   1190                       895    295     1044
..................................................................


WIND (MPH)
  HIGHEST WIND SPEED    18   HIGHEST WIND DIRECTION    SW (220)
  HIGHEST GUST SPEED    24   HIGHEST GUST DIRECTION    SW (220)
  AVERAGE WIND SPEED     8.4


SKY COVER
  AVERAGE SKY COVER 0.3


WEATHER CONDITIONS
 THE FOLLOWING WEATHER WAS RECORDED YESTERDAY.
  NO SIGNIFICANT WEATHER WAS OBSERVED.


RELATIVE HUMIDITY (PERCENT)
 HIGHEST    94
 LOWEST     50
 AVERAGE    72

..........................................................


THE NAPLES CLIMATE NORMALS FOR TODAY
                         NORMAL    RECORD    YEAR
 MAXIMUM TEMPERATURE (F)   89        92      2015
                                             2010
                                             1978
 MINIMUM TEMPERATURE (F)   70        60      1994
                                             1981


SUNRISE AND SUNSET
MAY 23 2017...........SUNRISE   637 AM EDT   SUNSET   811 PM EDT
MAY 24 2017...........SUNRISE   637 AM EDT   SUNSET   811 PM EDT


-  INDICATES NEGATIVE NUMBERS.
R  INDICATES RECORD WAS SET OR TIED.
MM INDICATES DATA IS MISSING.
T  INDICATES TRACE AMOUNT.




$$
