000
CDUS42 KMFL 100931
CLIAPF


CLIMATE REPORT
NATIONAL WEATHER SERVICE MIAMI, FL
431 AM EST WED FEB 10 2016


...................................

...THE NAPLES CLIMATE SUMMARY FOR FEBRUARY 9 2016...

CLIMATE NORMAL PERIOD 1981 TO 2010
CLIMATE RECORD PERIOD 1942 TO 2016


WEATHER ITEM   OBSERVED TIME   RECORD YEAR NORMAL DEPARTURE LAST
                VALUE   (LST)  VALUE       VALUE  FROM      YEAR
                                                  NORMAL
..................................................................
TEMPERATURE (F)
 YESTERDAY
  MAXIMUM         67    243 AM  85    1965  76     -9       76
                                      1959
  MINIMUM         59    858 AM  32    1995  56      3       61
  AVERAGE         63                        66     -3       69

PRECIPITATION (IN)
  YESTERDAY        0.00          1.89 1967   0.07  -0.07     0.11
  MONTH TO DATE    0.20                      0.65  -0.45     1.22
  SINCE NOV 1     12.36                      5.99   6.37     2.62
  SINCE JAN 1      7.74                      2.50   5.24     1.32

SNOWFALL (IN)
  YESTERDAY        0.0
  MONTH TO DATE    0.0
  SINCE DEC 1      0.0
  SINCE JUL 1      0.0
  SNOW DEPTH       0

DEGREE DAYS
 HEATING
  YESTERDAY        2                         2      0        0
  MONTH TO DATE   25                        18      7        1
  SINCE DEC 1     92                       184    -92       89
  SINCE JUL 1     92                       198   -106      118

 COOLING
  YESTERDAY        0                         3     -3        4
  MONTH TO DATE   41                        26     15       15
  SINCE DEC 1    477                       232    245      282
  SINCE JAN 1    121                       112      9      132
..................................................................


WIND (MPH)
  HIGHEST WIND SPEED    25   HIGHEST WIND DIRECTION    NW (300)
  HIGHEST GUST SPEED    36   HIGHEST GUST DIRECTION    NW (300)
  AVERAGE WIND SPEED    16.8


SKY COVER
  AVERAGE SKY COVER 0.6


WEATHER CONDITIONS
 THE FOLLOWING WEATHER WAS RECORDED YESTERDAY.
  NO SIGNIFICANT WEATHER WAS OBSERVED.


RELATIVE HUMIDITY (PERCENT)
 HIGHEST    87
 LOWEST     52
 AVERAGE    70

..........................................................


THE NAPLES CLIMATE NORMALS FOR TODAY
                         NORMAL    RECORD    YEAR
 MAXIMUM TEMPERATURE (F)   76        85      1994
                                             1965
                                             1959
 MINIMUM TEMPERATURE (F)   56        35      1976


SUNRISE AND SUNSET
FEBRUARY 10 2016......SUNRISE   706 AM EST   SUNSET   616 PM EST
FEBRUARY 11 2016......SUNRISE   706 AM EST   SUNSET   617 PM EST


-  INDICATES NEGATIVE NUMBERS.
R  INDICATES RECORD WAS SET OR TIED.
MM INDICATES DATA IS MISSING.
T  INDICATES TRACE AMOUNT.




$$
