000
CDUS42 KMFL 180921
CLIAPF


CLIMATE REPORT
NATIONAL WEATHER SERVICE MIAMI, FL
420 AM EST SAT NOV 18 2017


...................................

...THE NAPLES CLIMATE SUMMARY FOR NOVEMBER 17 2017...

CLIMATE NORMAL PERIOD 1981 TO 2010
CLIMATE RECORD PERIOD 1942 TO 2017


WEATHER ITEM   OBSERVED TIME   RECORD YEAR NORMAL DEPARTURE LAST
                VALUE   (LST)  VALUE       VALUE  FROM      YEAR
                                                  NORMAL
..................................................................
TEMPERATURE (F)
 YESTERDAY
  MAXIMUM         82    149 PM  90    1988  81      1       83
  MINIMUM         63    700 AM  40    1970  63      0       57
  AVERAGE         73                        72      1       70

PRECIPITATION (IN)
  YESTERDAY        0.00          0.52 2002   0.07  -0.07     0.00
  MONTH TO DATE    T                         1.36  -1.36      T
  SINCE NOV 1      T                         1.36  -1.36      T
  SINCE JAN 1     68.37                     49.76  18.61    44.20

SNOWFALL (IN)
  YESTERDAY        0.0
  MONTH TO DATE    0.0
  SINCE SEP 1      0.0
  SINCE JUL 1      0.0
  SNOW DEPTH       0

DEGREE DAYS
 HEATING
  YESTERDAY        0                         0      0        0
  MONTH TO DATE    0                         0      0        0
  SINCE SEP 1      4                         1      3        0
  SINCE JUL 1      4                         1      3        0

 COOLING
  YESTERDAY        8                         7      1        5
  MONTH TO DATE  178                       145     33      150
  SINCE SEP 1   1062                      1083    -21     1152
  SINCE JAN 1   4102                      3740    362     4068
..................................................................


WIND (MPH)
  HIGHEST WIND SPEED    16   HIGHEST WIND DIRECTION    NE (40)
  HIGHEST GUST SPEED    21   HIGHEST GUST DIRECTION    NE (40)
  AVERAGE WIND SPEED     8.7


SKY COVER
  AVERAGE SKY COVER 0.2


WEATHER CONDITIONS
 THE FOLLOWING WEATHER WAS RECORDED YESTERDAY.
  NO SIGNIFICANT WEATHER WAS OBSERVED.


RELATIVE HUMIDITY (PERCENT)
 HIGHEST    93
 LOWEST     51
 AVERAGE    72

..........................................................


THE NAPLES CLIMATE NORMALS FOR TODAY
                         NORMAL    RECORD    YEAR
 MAXIMUM TEMPERATURE (F)   81        91      1988
 MINIMUM TEMPERATURE (F)   62        40      1970


SUNRISE AND SUNSET
NOVEMBER 18 2017......SUNRISE   648 AM EST   SUNSET   536 PM EST
NOVEMBER 19 2017......SUNRISE   649 AM EST   SUNSET   536 PM EST


-  INDICATES NEGATIVE NUMBERS.
R  INDICATES RECORD WAS SET OR TIED.
MM INDICATES DATA IS MISSING.
T  INDICATES TRACE AMOUNT.




$$
