880
CDUS43 KAPX 200555
CLIAPN


CLIMATE REPORT
NATIONAL WEATHER SERVICE GAYLORD MI
1255 AM EST FRI JAN 20 2017


...................................

...THE ALPENA MI CLIMATE SUMMARY FOR JANUARY 19 2017...

CLIMATE NORMAL PERIOD 1981 TO 2010
CLIMATE RECORD PERIOD 1916 TO 2017


WEATHER ITEM   OBSERVED TIME   RECORD YEAR NORMAL DEPARTURE LAST
                VALUE   (LST)  VALUE       VALUE  FROM      YEAR
                                                  NORMAL
..................................................................
TEMPERATURE (F)
 YESTERDAY
  MAXIMUM         37    529 PM  51    1947  26     11       23
  MINIMUM         33   1159 PM -20    1962  11     22        6
  AVERAGE         35                        19     16       15

PRECIPITATION (IN)
  YESTERDAY        0.00          0.97 1949   0.06  -0.06     0.03
  MONTH TO DATE    1.62                      1.09   0.53     1.33
  SINCE DEC 1      3.66                      2.84   0.82     5.12
  SINCE JAN 1      1.62                      1.09   0.53     1.33

SNOWFALL (IN)
  YESTERDAY        0.0           4.8  1931   0.7   -0.7      0.3
  MONTH TO DATE   10.0                      13.3   -3.3      9.1
  SINCE OCT 1     37.7                      40.6   -2.9     21.1
  SINCE JUL 1     37.7                      40.6   -2.9     21.1
  SNOW DEPTH       5

DEGREE DAYS
 HEATING
  YESTERDAY       30                        46    -16       50
  MONTH TO DATE  813                       863    -50      827
  SINCE DEC 1   1979                      2101   -122     1702
  SINCE JUL 1   3188                      3924   -736     3075
..................................................................


WIND (MPH)
  HIGHEST WIND SPEED     9   HIGHEST WIND DIRECTION    SW (210)
  HIGHEST GUST SPEED    12   HIGHEST GUST DIRECTION    SW (220)
  AVERAGE WIND SPEED     3.7




RELATIVE HUMIDITY (PERCENT)
 HIGHEST    96
 LOWEST     82
 AVERAGE    89

..........................................................


THE ALPENA MI CLIMATE NORMALS FOR TODAY
                         NORMAL    RECORD    YEAR
 MAXIMUM TEMPERATURE (F)   26        45      1921
 MINIMUM TEMPERATURE (F)   11       -18      1961


SUNRISE AND SUNSET
JANUARY 20 2017.......SUNRISE   806 AM EST   SUNSET   526 PM EST
JANUARY 21 2017.......SUNRISE   805 AM EST   SUNSET   527 PM EST


-  INDICATES NEGATIVE NUMBERS.
R  INDICATES RECORD WAS SET OR TIED.
MM INDICATES DATA IS MISSING.
T  INDICATES TRACE AMOUNT.




$$
