000
CDUS43 KAPX 220527
CLIAPN


CLIMATE REPORT
NATIONAL WEATHER SERVICE GAYLORD MI
1227 AM EST WED NOV 22 2017


...................................

...THE ALPENA MI CLIMATE SUMMARY FOR NOVEMBER 21 2017...

CLIMATE NORMAL PERIOD 1981 TO 2010
CLIMATE RECORD PERIOD 1916 TO 2017


WEATHER ITEM   OBSERVED TIME   RECORD YEAR NORMAL DEPARTURE LAST
                VALUE   (LST)  VALUE       VALUE  FROM      YEAR
                                                  NORMAL
..................................................................
TEMPERATURE (F)
 YESTERDAY
  MAXIMUM         49   1100 AM  65    1931  41      8       33
  MINIMUM         29   1159 PM   7    2014  27      2       23
  AVERAGE         39                        34      5       28

PRECIPITATION (IN)
  YESTERDAY        T             0.74 1920   0.07  -0.07     0.00
  MONTH TO DATE    3.01                      1.49   1.52     0.24
  SINCE SEP 1     11.33                      7.02   4.31     5.61
  SINCE JAN 1     38.76                     25.80  12.96    26.24

SNOWFALL (IN)
  YESTERDAY        T             4.0  1920   0.3   -0.3      0.0
  MONTH TO DATE    0.4                       4.2   -3.8      1.5
  SINCE OCT 1      0.4                       4.6   -4.2      1.5
  SINCE JUL 1      0.4                       4.6   -4.2      1.5
  SNOW DEPTH       0

DEGREE DAYS
 HEATING
  YESTERDAY       26                        31     -5       37
  MONTH TO DATE  639                       581     58      405
  SINCE SEP 1   1188                      1410   -222      942
  SINCE JUL 1   1246                      1525   -279      965
..................................................................


WIND (MPH)
  HIGHEST WIND SPEED    22   HIGHEST WIND DIRECTION    NW (320)
  HIGHEST GUST SPEED    31   HIGHEST GUST DIRECTION    NW (310)
  AVERAGE WIND SPEED    12.5




RELATIVE HUMIDITY (PERCENT)
 HIGHEST    70
 LOWEST     45
 AVERAGE    58

..........................................................


THE ALPENA MI CLIMATE NORMALS FOR TODAY
                         NORMAL    RECORD    YEAR
 MAXIMUM TEMPERATURE (F)   40        62      2012
 MINIMUM TEMPERATURE (F)   27         3      1929


SUNRISE AND SUNSET
NOVEMBER 22 2017......SUNRISE   742 AM EST   SUNSET   459 PM EST
NOVEMBER 23 2017......SUNRISE   743 AM EST   SUNSET   458 PM EST


-  INDICATES NEGATIVE NUMBERS.
R  INDICATES RECORD WAS SET OR TIED.
MM INDICATES DATA IS MISSING.
T  INDICATES TRACE AMOUNT.




$$
