000
CDUS43 KAPX 312136
CLIAPN


CLIMATE REPORT
NATIONAL WEATHER SERVICE GAYLORD MI
535 PM EDT THU JUL 31 2014


...................................

...THE ALPENA MI CLIMATE SUMMARY FOR JULY 31 2014...
VALID TODAY AS OF 0500 PM LOCAL TIME.

CLIMATE NORMAL PERIOD 1981 TO 2010
CLIMATE RECORD PERIOD 1916 TO 2014


WEATHER ITEM   OBSERVED TIME   RECORD YEAR NORMAL DEPARTURE LAST
                VALUE   (LST)  VALUE       VALUE  FROM      YEAR
                                                  NORMAL
..................................................................
TEMPERATURE (F)
 TODAY
  MAXIMUM         77    203 PM 100    1917  79     -2       77
  MINIMUM         54    531 AM  35    1978  56     -2       54
  AVERAGE         66                        67     -1       66

PRECIPITATION (IN)
  TODAY            T             1.10 1954   0.10  -0.10     0.04
  MONTH TO DATE    3.91                      3.03   0.88     3.53
  SINCE JUN 1      5.09                      5.65  -0.56     5.56
  SINCE JAN 1     16.59                     15.55   1.04    20.49

DEGREE DAYS
 HEATING
  TODAY            0                         1     -1        0
  MONTH TO DATE   69                        41     28       53
  SINCE JUN 1    181                       187     -6      189
  SINCE JUL 1     69                        44     25       53

 COOLING
  TODAY            1                         4     -3        1
  MONTH TO DATE   51                       116    -65      129
  SINCE JUN 1    106                       172    -66      193
  SINCE JAN 1    111                       185    -74      206
..................................................................


WIND (MPH)
  RESULTANT WIND SPEED   4   RESULTANT WIND DIRECTION   W (260)
  HIGHEST WIND SPEED    14   HIGHEST WIND DIRECTION    SW (240)
  HIGHEST GUST SPEED    19   HIGHEST GUST DIRECTION    SW (240)
  AVERAGE WIND SPEED     5.1


SKY COVER
  POSSIBLE SUNSHINE  MM
  AVERAGE SKY COVER 0.6


WEATHER CONDITIONS
 THE FOLLOWING WEATHER WAS RECORDED TODAY.
  LIGHT RAIN


RELATIVE HUMIDITY (PERCENT)
 HIGHEST   100
 LOWEST     43
 AVERAGE    72

..........................................................


THE ALPENA MI CLIMATE NORMALS FOR TOMORROW
                         NORMAL    RECORD    YEAR
 MAXIMUM TEMPERATURE (F)   79        98      2006
                                             1955
 MINIMUM TEMPERATURE (F)   56        38      1918


SUNRISE AND SUNSET
JULY 31 2014..........SUNRISE   618 AM EDT   SUNSET   902 PM EDT
AUGUST  1 2014........SUNRISE   619 AM EDT   SUNSET   901 PM EDT


-  INDICATES NEGATIVE NUMBERS.
R  INDICATES RECORD WAS SET OR TIED.
MM INDICATES DATA IS MISSING.
T  INDICATES TRACE AMOUNT.




$$
