000
CDUS43 KAPX 170530
CLIAPN


CLIMATE REPORT
NATIONAL WEATHER SERVICE GAYLORD MI
129 AM EDT WED SEP 17 2014


...................................

...THE ALPENA MI CLIMATE SUMMARY FOR SEPTEMBER 16 2014...

CLIMATE NORMAL PERIOD 1981 TO 2010
CLIMATE RECORD PERIOD 1916 TO 2014


WEATHER ITEM   OBSERVED TIME   RECORD YEAR NORMAL DEPARTURE LAST
                VALUE   (LST)  VALUE       VALUE  FROM      YEAR
                                                  NORMAL
..................................................................
TEMPERATURE (F)
 YESTERDAY
  MAXIMUM         64    408 PM  90    1955  69     -5       56
  MINIMUM         38    634 AM  26    1964  47     -9       33
                                      1923
  AVERAGE         51                        58     -7       45

PRECIPITATION (IN)
  YESTERDAY        0.00          1.24 1929   0.10  -0.10     0.02
  MONTH TO DATE    2.79                      1.59   1.20     0.92
  SINCE SEP 1      2.79                      1.59   1.20     0.92
  SINCE JAN 1     24.69                     20.37   4.32    22.99

DEGREE DAYS
 HEATING
  YESTERDAY       14                         8      6       20
  MONTH TO DATE  110                        93     17      113
  SINCE SEP 1    110                        93     17      113
  SINCE JUL 1    234                       208     26      224

 COOLING
  YESTERDAY        0                         1     -1        0
  MONTH TO DATE   18                        18      0       25
  SINCE SEP 1     18                        18      0       25
  SINCE JAN 1    168                       284   -116      332
..................................................................


WIND (MPH)
  HIGHEST WIND SPEED    14   HIGHEST WIND DIRECTION    SW (240)
  HIGHEST GUST SPEED    19   HIGHEST GUST DIRECTION     W (260)
  AVERAGE WIND SPEED     5.1




RELATIVE HUMIDITY (PERCENT)
 HIGHEST   100
 LOWEST     39
 AVERAGE    70

..........................................................


THE ALPENA MI CLIMATE NORMALS FOR TODAY
                         NORMAL    RECORD    YEAR
 MAXIMUM TEMPERATURE (F)   69        92      1955
 MINIMUM TEMPERATURE (F)   46        28      1945
                                             1923


SUNRISE AND SUNSET
SEPTEMBER 17 2014.....SUNRISE   715 AM EDT   SUNSET   741 PM EDT
SEPTEMBER 18 2014.....SUNRISE   716 AM EDT   SUNSET   739 PM EDT


-  INDICATES NEGATIVE NUMBERS.
R  INDICATES RECORD WAS SET OR TIED.
MM INDICATES DATA IS MISSING.
T  INDICATES TRACE AMOUNT.




$$
