000
CDUS43 KAPX 270527
CLIAPN


CLIMATE REPORT
NATIONAL WEATHER SERVICE GAYLORD MI
127 AM EDT SAT MAY 27 2017


...................................

...THE ALPENA MI CLIMATE SUMMARY FOR MAY 26 2017...

CLIMATE NORMAL PERIOD 1981 TO 2010
CLIMATE RECORD PERIOD 1916 TO 2017


WEATHER ITEM   OBSERVED TIME   RECORD YEAR NORMAL DEPARTURE LAST
                VALUE   (LST)  VALUE       VALUE  FROM      YEAR
                                                  NORMAL
..................................................................
TEMPERATURE (F)
 YESTERDAY
  MAXIMUM         70    456 PM  90    1944  68      2       88
  MINIMUM         49   1121 PM  25    1969  43      6       55
  AVERAGE         60                        56      4       72

PRECIPITATION (IN)
  YESTERDAY        0.02          1.34 1991   0.09  -0.07     0.02
  MONTH TO DATE    1.77                      2.20  -0.43     0.77
  SINCE MAR 1      9.45                      6.45   3.00     9.71
  SINCE JAN 1     14.94                      9.43   5.51    14.19

DEGREE DAYS
 HEATING
  YESTERDAY        5                        10     -5        0
  MONTH TO DATE  371                       353     18      341
  SINCE MAR 1   2087                      2180    -93     2164
  SINCE JUL 1   6718                      7912  -1194     6946

 COOLING
  YESTERDAY        0                         1     -1        7
  MONTH TO DATE    6                         3      3        8
  SINCE MAR 1      6                         5      1        8
  SINCE JAN 1      6                         5      1        8
..................................................................


WIND (MPH)
  HIGHEST WIND SPEED    12   HIGHEST WIND DIRECTION     N (10)
  HIGHEST GUST SPEED    16   HIGHEST GUST DIRECTION    NE (30)
  AVERAGE WIND SPEED     6.2




RELATIVE HUMIDITY (PERCENT)
 HIGHEST   100
 LOWEST     55
 AVERAGE    78

..........................................................


THE ALPENA MI CLIMATE NORMALS FOR TODAY
                         NORMAL    RECORD    YEAR
 MAXIMUM TEMPERATURE (F)   68        93      1978
 MINIMUM TEMPERATURE (F)   44        27      1934


SUNRISE AND SUNSET
MAY 27 2017...........SUNRISE   554 AM EDT   SUNSET   910 PM EDT
MAY 28 2017...........SUNRISE   553 AM EDT   SUNSET   911 PM EDT


-  INDICATES NEGATIVE NUMBERS.
R  INDICATES RECORD WAS SET OR TIED.
MM INDICATES DATA IS MISSING.
T  INDICATES TRACE AMOUNT.




$$
