000
CDUS43 KAPX 202131
CLIAPN


CLIMATE REPORT
NATIONAL WEATHER SERVICE GAYLORD MI
529 PM EDT WED SEP 20 2017


...................................

...THE ALPENA MI CLIMATE SUMMARY FOR SEPTEMBER 20 2017...
VALID TODAY AS OF 0500 PM LOCAL TIME.

CLIMATE NORMAL PERIOD 1981 TO 2010
CLIMATE RECORD PERIOD 1916 TO 2017


WEATHER ITEM   OBSERVED TIME   RECORD YEAR NORMAL DEPARTURE LAST
                VALUE   (LST)  VALUE       VALUE  FROM      YEAR
                                                  NORMAL
..................................................................
TEMPERATURE (F)
 TODAY
  MAXIMUM         77    137 PM  87    1998  67     10       80
                                      1940
  MINIMUM         66    731 AM  24    1929  45     21       57
  AVERAGE         72                        56     16       69

PRECIPITATION (IN)
  TODAY            T             0.96 1931   0.10  -0.10     0.00
  MONTH TO DATE    2.31                      1.96   0.35     1.77
  SINCE SEP 1      2.31                      1.96   0.35     1.77
  SINCE JAN 1     29.74                     20.74   9.00    22.40

DEGREE DAYS
 HEATING
  TODAY            0                         9     -9        0
  MONTH TO DATE  128                       128      0       39
  SINCE SEP 1    128                       128      0       39
  SINCE JUL 1    186                       243    -57       62

 COOLING
  TODAY            7                         0      7        4
  MONTH TO DATE   22                        21      1       55
  SINCE SEP 1     22                        21      1       55
  SINCE JAN 1    292                       287      5      546
..................................................................


WIND (MPH)
  RESULTANT WIND SPEED   5   RESULTANT WIND DIRECTION   E (110)
  HIGHEST WIND SPEED    14   HIGHEST WIND DIRECTION     E (110)
  HIGHEST GUST SPEED    16   HIGHEST GUST DIRECTION     E (110)
  AVERAGE WIND SPEED     4.9


SKY COVER
  POSSIBLE SUNSHINE  MM
  AVERAGE SKY COVER 0.8


WEATHER CONDITIONS
 THE FOLLOWING WEATHER WAS RECORDED TODAY.
  LIGHT RAIN
  FOG
  HAZE


RELATIVE HUMIDITY (PERCENT)
 HIGHEST   100
 LOWEST     79
 AVERAGE    90

..........................................................


THE ALPENA MI CLIMATE NORMALS FOR TOMORROW
                         NORMAL    RECORD    YEAR
 MAXIMUM TEMPERATURE (F)   67        88      1931
 MINIMUM TEMPERATURE (F)   45        28      1929


SUNRISE AND SUNSET
SEPTEMBER 20 2017.....SUNRISE   719 AM EDT   SUNSET   735 PM EDT
SEPTEMBER 21 2017.....SUNRISE   720 AM EDT   SUNSET   733 PM EDT


-  INDICATES NEGATIVE NUMBERS.
R  INDICATES RECORD WAS SET OR TIED.
MM INDICATES DATA IS MISSING.
T  INDICATES TRACE AMOUNT.




$$
