327
CDUS44 KLCH 020832
CLIARA


CLIMATE REPORT
NATIONAL WEATHER SERVICE LAKE CHARLES, LA
331 AM CDT MON MAY 2 2016


...................................

...THE NEW IBERIA CLIMATE SUMMARY FOR MAY 1 2016...

CLIMATE NORMAL PERIOD 1981 TO 2010
CLIMATE RECORD PERIOD 1948 TO 2016


WEATHER ITEM   OBSERVED TIME   RECORD YEAR NORMAL DEPARTURE LAST
                VALUE   (LST)  VALUE       VALUE  FROM      YEAR
                                                  NORMAL
..................................................................
TEMPERATURE (F)
 YESTERDAY
  MAXIMUM         77    704 AM  92    1981  83     -6       86
  MINIMUM         66   1128 PM  50    2014  62      4       59
                                      1996
                                      1971
  AVERAGE         72                        72      0       73

PRECIPITATION (IN)
  YESTERDAY        1.53          2.22 2013   0.13   1.40     0.00
  MONTH TO DATE    1.53                      0.13   1.40     0.00
  SINCE MAR 1     11.82                      7.97   3.85    13.98
  SINCE JAN 1     22.05                     17.38   4.67    20.44

SNOWFALL (IN)
  YESTERDAY        0.0           0.0    MM  MM               0.0
  MONTH TO DATE    0.0                      MM               0.0
  SINCE MAR 1      0.0                      MM                T
  SINCE JUL 1      0.0                      MM                T

DEGREE DAYS
 HEATING
  YESTERDAY        0                         0      0        0
  MONTH TO DATE    0                         0      0        0
  SINCE MAR 1     81                       192   -111       73
  SINCE JUL 1    997                      1408   -411     1416

 COOLING
  YESTERDAY        7                         7      0        8
  MONTH TO DATE    7                         7      0        8
  SINCE MAR 1    293                       196     97      326
  SINCE JAN 1    303                       227     76      330
..................................................................


WIND (MPH)
  RESULTANT WIND SPEED   5   RESULTANT WIND DIRECTION  SE (120)
  HIGHEST WIND SPEED    37   HIGHEST WIND DIRECTION     N (350)
  HIGHEST GUST SPEED    45   HIGHEST GUST DIRECTION     N (360)
  AVERAGE WIND SPEED     8.2


SKY COVER
  POSSIBLE SUNSHINE  MM
  AVERAGE SKY COVER 0.7


WEATHER CONDITIONS
 THE FOLLOWING WEATHER WAS RECORDED YESTERDAY.
  THUNDERSTORM
  HEAVY RAIN
  RAIN
  LIGHT RAIN
  FOG


RELATIVE HUMIDITY (PERCENT)
 HIGHEST   100           900 PM
 LOWEST     87           800 AM
 AVERAGE    94

..........................................................


THE NEW IBERIA CLIMATE NORMALS FOR TODAY
                         NORMAL    RECORD    YEAR
 MAXIMUM TEMPERATURE (F)   83        89      1955
 MINIMUM TEMPERATURE (F)   62        50      1976
                                             1971


SUNRISE AND SUNSET
MAY  2 2016...........SUNRISE   623 AM CDT   SUNSET   746 PM CDT
MAY  3 2016...........SUNRISE   622 AM CDT   SUNSET   747 PM CDT


-  INDICATES NEGATIVE NUMBERS.
R  INDICATES RECORD WAS SET OR TIED.
MM INDICATES DATA IS MISSING.
T  INDICATES TRACE AMOUNT.




$$
