000
CDUS44 KLCH 280831
CLIARA


CLIMATE REPORT
NATIONAL WEATHER SERVICE LAKE CHARLES, LA
230 AM CST SAT FEB 28 2015


...................................

...THE NEW IBERIA CLIMATE SUMMARY FOR FEBRUARY 27 2015...

CLIMATE NORMAL PERIOD 1981 TO 2010
CLIMATE RECORD PERIOD 1948 TO 2015


WEATHER ITEM   OBSERVED TIME   RECORD YEAR NORMAL DEPARTURE LAST
                VALUE   (LST)  VALUE       VALUE  FROM      YEAR
                                                  NORMAL
..................................................................
TEMPERATURE (F)
 YESTERDAY
  MAXIMUM         55    320 PM  81    2001  69    -14       56
  MINIMUM         36    723 AM  24    2002  48    -12       34
  AVERAGE         46                        58    -12       45

PRECIPITATION (IN)
  YESTERDAY        0.00          1.77 1966   0.15  -0.15     0.00
  MONTH TO DATE    2.09                      4.04  -1.95     5.99
  SINCE DEC 1      8.17                     14.26  -6.09    10.90
  SINCE JAN 1      6.46                      9.26  -2.80     8.34

SNOWFALL (IN)
  YESTERDAY        0.0           0.0    MM  MM               0.0
  MONTH TO DATE    0.0                      MM                T
  SINCE DEC 1      0.0                      MM               0.1
  SINCE JUL 1      0.0                      MM               0.1

DEGREE DAYS
 HEATING
  YESTERDAY       19                         8     11       20
  MONTH TO DATE  358                       272     86      303
  SINCE DEC 1   1043                      1014     29     1276
  SINCE JUL 1   1330                      1209    121     1509

 COOLING
  YESTERDAY        0                         1     -1        0
  MONTH TO DATE    2                        23    -21       18
  SINCE DEC 1     26                        57    -31       59
  SINCE JAN 1      4                        35    -31       18
..................................................................


WIND (MPH)
  RESULTANT WIND SPEED  12   RESULTANT WIND DIRECTION  NE (30)
  HIGHEST WIND SPEED    21   HIGHEST WIND DIRECTION     N (20)
  HIGHEST GUST SPEED    25   HIGHEST GUST DIRECTION     N (20)
  AVERAGE WIND SPEED    12.2


SKY COVER
  POSSIBLE SUNSHINE  MM
  AVERAGE SKY COVER 0.4


WEATHER CONDITIONS
 THE FOLLOWING WEATHER WAS RECORDED YESTERDAY.
  NO SIGNIFICANT WEATHER WAS OBSERVED.


RELATIVE HUMIDITY (PERCENT)
 HIGHEST    82          1200 AM
 LOWEST     46           300 PM
 AVERAGE    64

..........................................................


THE NEW IBERIA CLIMATE NORMALS FOR TODAY
                         NORMAL    RECORD    YEAR
 MAXIMUM TEMPERATURE (F)   69        85      2011
 MINIMUM TEMPERATURE (F)   48        28      2002


SUNRISE AND SUNSET
FEBRUARY 28 2015......SUNRISE   635 AM CST   SUNSET   606 PM CST
MARCH  1 2015.........SUNRISE   634 AM CST   SUNSET   606 PM CST


-  INDICATES NEGATIVE NUMBERS.
R  INDICATES RECORD WAS SET OR TIED.
MM INDICATES DATA IS MISSING.
T  INDICATES TRACE AMOUNT.




$$
