000
CDUS44 KLCH 102210
CLIARA


CLIMATE REPORT
NATIONAL WEATHER SERVICE LAKE CHARLES, LA
409 PM CST WED FEB 10 2016


...................................

...THE NEW IBERIA CLIMATE SUMMARY FOR FEBRUARY 10 2016...
VALID TODAY AS OF 0400 PM LOCAL TIME.

CLIMATE NORMAL PERIOD 1981 TO 2010
CLIMATE RECORD PERIOD 1948 TO 2016


WEATHER ITEM   OBSERVED TIME   RECORD YEAR NORMAL DEPARTURE LAST
                VALUE   (LST)  VALUE       VALUE  FROM      YEAR
                                                  NORMAL
..................................................................
TEMPERATURE (F)
 TODAY
  MAXIMUM         61    331 PM  82    1957  65     -4       68
  MINIMUM         34    703 AM  21    1973  45    -11       45
  AVERAGE         48                        55     -7       57

PRECIPITATION (IN)
  TODAY            0.00          1.68 1966   0.16  -0.16     0.00
  MONTH TO DATE    1.41                      1.35   0.06     1.12
  SINCE DEC 1     10.70                     11.57  -0.87     7.20
  SINCE JAN 1      7.68                      6.57   1.11     5.49

SNOWFALL (IN)
  TODAY            0.0           0.0    MM  MM               0.0
  MONTH TO DATE    0.0                      MM               0.0
  SINCE DEC 1      0.0                      MM               0.0
  SINCE JUL 1      0.0                      MM               0.0

DEGREE DAYS
 HEATING
  TODAY           17                        11      6        8
  MONTH TO DATE  139                       115     24      112
  SINCE DEC 1    725                       857   -132      797
  SINCE JUL 1    796                      1052   -256     1084

 COOLING
  TODAY            0                         1     -1        0
  MONTH TO DATE    5                         6     -1        1
  SINCE DEC 1     89                        40     49       25
  SINCE JAN 1      6                        18    -12        3
..................................................................


WIND (MPH)
  RESULTANT WIND SPEED   3   RESULTANT WIND DIRECTION  NW (320)
  HIGHEST WIND SPEED    16   HIGHEST WIND DIRECTION    SW (210)
  HIGHEST GUST SPEED    19   HIGHEST GUST DIRECTION     S (200)
  AVERAGE WIND SPEED     5.8


SKY COVER
  POSSIBLE SUNSHINE  MM
  AVERAGE SKY COVER 0.0


WEATHER CONDITIONS
 THE FOLLOWING WEATHER WAS RECORDED TODAY.
  NO SIGNIFICANT WEATHER WAS OBSERVED.


RELATIVE HUMIDITY (PERCENT)
 HIGHEST    75           600 AM
 LOWEST     24          1200 PM
 AVERAGE    50

..........................................................


THE NEW IBERIA CLIMATE NORMALS FOR TOMORROW
                         NORMAL    RECORD    YEAR
 MAXIMUM TEMPERATURE (F)   65        80      1999
                                             1950
 MINIMUM TEMPERATURE (F)   45        23      1973


SUNRISE AND SUNSET
FEBRUARY 10 2016......SUNRISE   652 AM CST   SUNSET   552 PM CST
FEBRUARY 11 2016......SUNRISE   651 AM CST   SUNSET   553 PM CST


-  INDICATES NEGATIVE NUMBERS.
R  INDICATES RECORD WAS SET OR TIED.
MM INDICATES DATA IS MISSING.
T  INDICATES TRACE AMOUNT.




$$
