000
CDUS44 KLCH 302217
CLIARA


CLIMATE REPORT
NATIONAL WEATHER SERVICE LAKE CHARLES, LA
516 PM CDT TUE SEP 30 2014


...................................

...THE NEW IBERIA CLIMATE SUMMARY FOR SEPTEMBER 30 2014...
VALID TODAY AS OF 0500 PM LOCAL TIME.

CLIMATE NORMAL PERIOD 1981 TO 2010
CLIMATE RECORD PERIOD 1948 TO 2014


WEATHER ITEM   OBSERVED TIME   RECORD YEAR NORMAL DEPARTURE LAST
                VALUE   (LST)  VALUE       VALUE  FROM      YEAR
                                                  NORMAL
..................................................................
TEMPERATURE (F)
 TODAY
  MAXIMUM         91    201 PM  94    1998  85      6       86
                                      1980
                                      1954
  MINIMUM         70    530 AM  47    1967  65      5       74
                                      1949
  AVERAGE         81                        75      6       80

PRECIPITATION (IN)
  TODAY            0.00          2.16 1985   0.19  -0.19     0.01
  MONTH TO DATE    2.17                      4.63  -2.46     4.02
  SINCE SEP 1      2.17                      4.63  -2.46     4.02
  SINCE JAN 1     41.24                     45.48  -4.24    57.09

SNOWFALL (IN)
  TODAY            0.0           0.0    MM  MM               0.0
  MONTH TO DATE    0.0                      MM               0.0
  SINCE SEP 1      0.0                      MM               0.0
  SINCE JUL 1      0.0                      MM               0.0

DEGREE DAYS
 HEATING
  TODAY            0                         0      0        0
  MONTH TO DATE    0                         0      0        0
  SINCE SEP 1      0                         1     -1        0
  SINCE JUL 1      0                         1     -1        0

 COOLING
  TODAY           16                        10      6       15
  MONTH TO DATE  468                       413     55      558
  SINCE SEP 1    468                       413     55      558
  SINCE JAN 1   2571                      2556     15     2878
..................................................................


WIND (MPH)
  RESULTANT WIND SPEED   2   RESULTANT WIND DIRECTION   E (90)
  HIGHEST WIND SPEED     9   HIGHEST WIND DIRECTION     S (190)
  HIGHEST GUST SPEED    13   HIGHEST GUST DIRECTION     E (110)
  AVERAGE WIND SPEED     3.6


SKY COVER
  POSSIBLE SUNSHINE  MM
  AVERAGE SKY COVER 0.3


WEATHER CONDITIONS
 THE FOLLOWING WEATHER WAS RECORDED TODAY.
  FOG


RELATIVE HUMIDITY (PERCENT)
 HIGHEST   100           500 AM
 LOWEST     52           200 PM
 AVERAGE    76

..........................................................


THE NEW IBERIA CLIMATE NORMALS FOR TOMORROW
                         NORMAL    RECORD    YEAR
 MAXIMUM TEMPERATURE (F)   85        94      1998
 MINIMUM TEMPERATURE (F)   64        46      1984


SUNRISE AND SUNSET
SEPTEMBER 30 2014.....SUNRISE   700 AM CDT   SUNSET   654 PM CDT
OCTOBER  1 2014.......SUNRISE   701 AM CDT   SUNSET   653 PM CDT


-  INDICATES NEGATIVE NUMBERS.
R  INDICATES RECORD WAS SET OR TIED.
MM INDICATES DATA IS MISSING.
T  INDICATES TRACE AMOUNT.




$$
