000
CDUS44 KLCH 240837
CLIARA


CLIMATE REPORT
NATIONAL WEATHER SERVICE LAKE CHARLES, LA
335 AM CDT SAT JUN 24 2017


...................................

...THE NEW IBERIA CLIMATE SUMMARY FOR JUNE 23 2017...

CLIMATE NORMAL PERIOD 1981 TO 2010
CLIMATE RECORD PERIOD 1948 TO 2017


WEATHER ITEM   OBSERVED TIME   RECORD YEAR NORMAL DEPARTURE LAST
                VALUE   (LST)  VALUE       VALUE  FROM      YEAR
                                                  NORMAL
..................................................................
TEMPERATURE (F)
 YESTERDAY
  MAXIMUM         88    447 PM 100    2009  91     -3       90
  MINIMUM         80   1102 PM  66    1992  72      8       73
  AVERAGE         84                        81      3       82

PRECIPITATION (IN)
  YESTERDAY        0.00          2.55 1957   0.21  -0.21     0.00
  MONTH TO DATE    7.27                      5.51   1.76     6.91
  SINCE JUN 1      7.27                      5.51   1.76     6.91
  SINCE JAN 1     25.51                     27.74  -2.23    32.44

SNOWFALL (IN)
  YESTERDAY        0.0           0.0    MM  MM               0.0
  MONTH TO DATE    0.0                      MM               0.0
  SINCE JUN 1      0.0                      MM               0.0
  SINCE JUL 1      0.0                      MM               0.0

DEGREE DAYS
 HEATING
  YESTERDAY        0                         0      0        0
  MONTH TO DATE    0                         0      0        0
  SINCE JUN 1      0                         0      0        0
  SINCE JUL 1    716                      1409   -693      997

 COOLING
  YESTERDAY       19                        16      3       17
  MONTH TO DATE  347                       355     -8      381
  SINCE JUN 1    347                       355     -8      381
  SINCE JAN 1   1094                       925    169     1007
..................................................................


WIND (MPH)
  RESULTANT WIND SPEED  11   RESULTANT WIND DIRECTION   S (190)
  HIGHEST WIND SPEED    17   HIGHEST WIND DIRECTION     S (190)
  HIGHEST GUST SPEED    20   HIGHEST GUST DIRECTION     S (200)
  AVERAGE WIND SPEED    11.0


SKY COVER
  POSSIBLE SUNSHINE  MM
  AVERAGE SKY COVER 0.6


WEATHER CONDITIONS
 THE FOLLOWING WEATHER WAS RECORDED YESTERDAY.
  NO SIGNIFICANT WEATHER WAS OBSERVED.


RELATIVE HUMIDITY (PERCENT)
 HIGHEST    94           900 PM
 LOWEST     72           500 PM
 AVERAGE    83

..........................................................


THE NEW IBERIA CLIMATE NORMALS FOR TODAY
                         NORMAL    RECORD    YEAR
 MAXIMUM TEMPERATURE (F)   91       102      2009
 MINIMUM TEMPERATURE (F)   72        65      1955


SUNRISE AND SUNSET
JUNE 24 2017..........SUNRISE   608 AM CDT   SUNSET   812 PM CDT
JUNE 25 2017..........SUNRISE   608 AM CDT   SUNSET   812 PM CDT


-  INDICATES NEGATIVE NUMBERS.
R  INDICATES RECORD WAS SET OR TIED.
MM INDICATES DATA IS MISSING.
T  INDICATES TRACE AMOUNT.




$$
