000
CDUS44 KLCH 012218
CLIARA


CLIMATE REPORT
NATIONAL WEATHER SERVICE LAKE CHARLES, LA
518 PM CDT MON SEP 1 2014


...................................

...THE NEW IBERIA CLIMATE SUMMARY FOR SEPTEMBER 1 2014...
VALID TODAY AS OF 0500 PM LOCAL TIME.

CLIMATE NORMAL PERIOD 1981 TO 2010
CLIMATE RECORD PERIOD 1948 TO 2014


WEATHER ITEM   OBSERVED TIME   RECORD YEAR NORMAL DEPARTURE LAST
                VALUE   (LST)  VALUE       VALUE  FROM      YEAR
                                                  NORMAL
..................................................................
TEMPERATURE (F)
 TODAY
  MAXIMUM         92    222 PM 102    2000  91      1       97
  MINIMUM         77    600 AM  66    2006  73      4       76
  AVERAGE         85                        82      3       87

PRECIPITATION (IN)
  TODAY            0.00          5.11 2008   0.16  -0.16     0.00
  MONTH TO DATE    0.00                      0.16  -0.16     0.00
  SINCE SEP 1      0.00                      0.16  -0.16     0.00
  SINCE JAN 1     39.07                     41.01  -1.94    53.07

SNOWFALL (IN)
  TODAY            0.0           0.0    MM  MM               0.0
  MONTH TO DATE    0.0                      MM               0.0
  SINCE SEP 1      0.0                      MM               0.0
  SINCE JUL 1      0.0                      MM               0.0

DEGREE DAYS
 HEATING
  TODAY            0                         0      0        0
  MONTH TO DATE    0                         0      0        0
  SINCE SEP 1      0                         0      0        0
  SINCE JUL 1      0                         0      0        0

 COOLING
  TODAY           20                        17      3       22
  MONTH TO DATE   20                        17      3       22
  SINCE SEP 1     20                        17      3       22
  SINCE JAN 1   2123                      2160    -37     2342
..................................................................


WIND (MPH)
  RESULTANT WIND SPEED   7   RESULTANT WIND DIRECTION  SE (150)
  HIGHEST WIND SPEED    18   HIGHEST WIND DIRECTION     S (160)
  HIGHEST GUST SPEED    24   HIGHEST GUST DIRECTION    SE (150)
  AVERAGE WIND SPEED     8.9


SKY COVER
  POSSIBLE SUNSHINE  MM
  AVERAGE SKY COVER 0.3


WEATHER CONDITIONS
 THE FOLLOWING WEATHER WAS RECORDED TODAY.
  THUNDERSTORM
  FOG


RELATIVE HUMIDITY (PERCENT)
 HIGHEST    97           300 AM
 LOWEST     60           100 PM
 AVERAGE    79

..........................................................


THE NEW IBERIA CLIMATE NORMALS FOR TOMORROW
                         NORMAL    RECORD    YEAR
 MAXIMUM TEMPERATURE (F)   91       101      2000
 MINIMUM TEMPERATURE (F)   72        59      1954


SUNRISE AND SUNSET
SEPTEMBER  1 2014.....SUNRISE   644 AM CDT   SUNSET   730 PM CDT
SEPTEMBER  2 2014.....SUNRISE   645 AM CDT   SUNSET   729 PM CDT


-  INDICATES NEGATIVE NUMBERS.
R  INDICATES RECORD WAS SET OR TIED.
MM INDICATES DATA IS MISSING.
T  INDICATES TRACE AMOUNT.




$$
