000
CDUS44 KLCH 171142
CLIARA


CLIMATE REPORT
NATIONAL WEATHER SERVICE LAKE CHARLES, LA
541 AM CST SUN DEC 17 2017


...................................

...THE NEW IBERIA CLIMATE SUMMARY FOR DECEMBER 16 2017...

CLIMATE NORMAL PERIOD 1981 TO 2010
CLIMATE RECORD PERIOD 1948 TO 2017


WEATHER ITEM   OBSERVED TIME   RECORD YEAR NORMAL DEPARTURE LAST
                VALUE   (LST)  VALUE       VALUE  FROM      YEAR
                                                  NORMAL
..................................................................
TEMPERATURE (F)
 YESTERDAY
  MAXIMUM         62    320 PM  79    2012  64     -2       72
                                      1984
                                      1975
  MINIMUM         43    239 AM  22    1958  44     -1       40
  AVERAGE         53                        54     -1       56

PRECIPITATION (IN)
  YESTERDAY        0.00          1.94 1948   0.17  -0.17      T
  MONTH TO DATE    5.54                      2.85   2.69     5.24
  SINCE DEC 1      5.54                      2.85   2.69     5.24
  SINCE JAN 1     65.29                     57.54   7.75    82.52

SNOWFALL (IN)
  YESTERDAY        0.0           0.0    MM  MM               0.0
  MONTH TO DATE    2.4                      MM               0.0
  SINCE DEC 1      2.4                      MM               0.0
  SINCE JUL 1      2.4                      MM               0.0

DEGREE DAYS
 HEATING
  YESTERDAY       12                        11      1        9
  MONTH TO DATE  216                       167     49      141
  SINCE DEC 1    216                       167     49      141
  SINCE JUL 1    395                       362     33      236

 COOLING
  YESTERDAY        0                         1     -1        0
  MONTH TO DATE    4                        16    -12       13
  SINCE DEC 1      4                        16    -12       13
  SINCE JAN 1   3091                      2808    283     3156
..................................................................


WIND (MPH)
  RESULTANT WIND SPEED   8   RESULTANT WIND DIRECTION   E (80)
  HIGHEST WIND SPEED    18   HIGHEST WIND DIRECTION     E (110)
  HIGHEST GUST SPEED    23   HIGHEST GUST DIRECTION     E (110)
  AVERAGE WIND SPEED     9.6


SKY COVER
  POSSIBLE SUNSHINE  MM
  AVERAGE SKY COVER 0.7


WEATHER CONDITIONS
 THE FOLLOWING WEATHER WAS RECORDED YESTERDAY.
  HAZE


RELATIVE HUMIDITY (PERCENT)
 HIGHEST    80          1100 PM
 LOWEST     32           100 PM
 AVERAGE    56

..........................................................


THE NEW IBERIA CLIMATE NORMALS FOR TODAY
                         NORMAL    RECORD    YEAR
 MAXIMUM TEMPERATURE (F)   64        81      1956
 MINIMUM TEMPERATURE (F)   44        26      1963


SUNRISE AND SUNSET
DECEMBER 17 2017......SUNRISE   657 AM CST   SUNSET   510 PM CST
DECEMBER 18 2017......SUNRISE   658 AM CST   SUNSET   511 PM CST


-  INDICATES NEGATIVE NUMBERS.
R  INDICATES RECORD WAS SET OR TIED.
MM INDICATES DATA IS MISSING.
T  INDICATES TRACE AMOUNT.




$$
