000
CDUS44 KLCH 190836
CLIARA


CLIMATE REPORT
NATIONAL WEATHER SERVICE LAKE CHARLES, LA
236 AM CST FRI DEC 19 2014


...................................

...THE NEW IBERIA CLIMATE SUMMARY FOR DECEMBER 18 2014...

CLIMATE NORMAL PERIOD 1981 TO 2010
CLIMATE RECORD PERIOD 1948 TO 2014


WEATHER ITEM   OBSERVED TIME   RECORD YEAR NORMAL DEPARTURE LAST
                VALUE   (LST)  VALUE       VALUE  FROM      YEAR
                                                  NORMAL
..................................................................
TEMPERATURE (F)
 YESTERDAY
  MAXIMUM         69    118 PM  77    2008  64      5       69
                                      1990
  MINIMUM         47    114 AM  24    1979  44      3       37
  AVERAGE         58                        54      4       53

PRECIPITATION (IN)
  YESTERDAY        T             5.07 1995   0.17  -0.17     0.00
  MONTH TO DATE    0.07                      3.19  -3.12     1.88
  SINCE DEC 1      0.07                      3.19  -3.12     1.88
  SINCE JAN 1     48.63                     57.88  -9.25    64.96

SNOWFALL (IN)
  YESTERDAY       MM             T    1953  MM               0.0
  MONTH TO DATE    0.0                      MM               0.0
  SINCE DEC 1      0.0                      MM               0.0
  SINCE JUL 1      0.0                      MM               0.0

DEGREE DAYS
 HEATING
  YESTERDAY        7                        12     -5       12
  MONTH TO DATE  101                       191    -90      229
  SINCE DEC 1    101                       191    -90      229
  SINCE JUL 1    388                       386      2      462

 COOLING
  YESTERDAY        0                         1     -1        0
  MONTH TO DATE   19                        18      1       28
  SINCE DEC 1     19                        18      1       28
  SINCE JAN 1   2848                      2810     38     3219
..................................................................


WIND (MPH)
  RESULTANT WIND SPEED   5   RESULTANT WIND DIRECTION   E (100)
  HIGHEST WIND SPEED    12   HIGHEST WIND DIRECTION    SE (140)
  HIGHEST GUST SPEED    15   HIGHEST GUST DIRECTION     S (160)
  AVERAGE WIND SPEED     6.7


SKY COVER
  POSSIBLE SUNSHINE  MM
  AVERAGE SKY COVER 0.8


WEATHER CONDITIONS
 THE FOLLOWING WEATHER WAS RECORDED YESTERDAY.
  LIGHT RAIN
  HAZE


RELATIVE HUMIDITY (PERCENT)
 HIGHEST    86          1200 AM
 LOWEST     61          1200 PM
 AVERAGE    74

..........................................................


THE NEW IBERIA CLIMATE NORMALS FOR TODAY
                         NORMAL    RECORD    YEAR
 MAXIMUM TEMPERATURE (F)   64        79      2012
                                             2008
 MINIMUM TEMPERATURE (F)   44        22      1996


SUNRISE AND SUNSET
DECEMBER 19 2014......SUNRISE   658 AM CST   SUNSET   511 PM CST
DECEMBER 20 2014......SUNRISE   659 AM CST   SUNSET   512 PM CST


-  INDICATES NEGATIVE NUMBERS.
R  INDICATES RECORD WAS SET OR TIED.
MM INDICATES DATA IS MISSING.
T  INDICATES TRACE AMOUNT.




$$
