000
CDUS43 KLOT 280638
CLIARR


CLIMATE REPORT
NATIONAL WEATHER SERVICE CHICAGO IL
137 AM CDT THU JUL 28 2016


...................................

...THE AURORA MUNICIPAL AIRPORT CLIMATE SUMMARY FOR JULY 27 2016...

CLIMATE NORMAL PERIOD 1981 TO 2010
CLIMATE RECORD PERIOD 1998 TO 2016


WEATHER ITEM   OBSERVED TIME   RECORD YEAR NORMAL DEPARTURE LAST
                VALUE   (LST)  VALUE       VALUE  FROM      YEAR
                                                  NORMAL
..................................................................
TEMPERATURE (F)
 YESTERDAY
  MAXIMUM         88    106 PM  90    2015  83      5       90
                                      2011
  MINIMUM         64    518 AM  51    2013  59      5       64
                                      2004
  AVERAGE         76                        71      5       77

PRECIPITATION (IN)
  YESTERDAY        0.00          0.62 2007   0.13  -0.13     0.00
  MONTH TO DATE    5.24                      3.64   1.60     4.40
  SINCE JUN 1      8.74                      7.65   1.09    13.09
  SINCE JAN 1     22.37                     20.53   1.84    22.44

DEGREE DAYS
 HEATING
  YESTERDAY        0                         0      0        0
  MONTH TO DATE    2                         0      2       12
  SINCE JUN 1     10                        41    -31       30
  SINCE JUL 1      2                         0      2       12

 COOLING
  YESTERDAY       11                         6      5       12
  MONTH TO DATE  251                       187     64      179
  SINCE JUN 1    451                       342    109      330
  SINCE JAN 1    533                       383    150      399
..................................................................


WIND (MPH)
  RESULTANT WIND SPEED   2   RESULTANT WIND DIRECTION   S (200)
  HIGHEST WIND SPEED    10   HIGHEST WIND DIRECTION     S (160)
  HIGHEST GUST SPEED    14   HIGHEST GUST DIRECTION     S (190)
  AVERAGE WIND SPEED     2.2


SKY COVER
  POSSIBLE SUNSHINE  MM
  AVERAGE SKY COVER 0.1


WEATHER CONDITIONS
 THE FOLLOWING WEATHER WAS RECORDED YESTERDAY.
  FOG


RELATIVE HUMIDITY (PERCENT)
 HIGHEST    93           100 AM
 LOWEST     53           100 PM
 AVERAGE    73

..........................................................


THE AURORA MUNICIPAL AIRPORT CLIMATE NORMALS FOR TODAY
                         NORMAL    RECORD    YEAR
 MAXIMUM TEMPERATURE (F)   83        91      1999
 MINIMUM TEMPERATURE (F)   59        50      2013
                                             2005


SUNRISE AND SUNSET
JULY 28 2016..........SUNRISE   544 AM CDT   SUNSET   816 PM CDT
JULY 29 2016..........SUNRISE   545 AM CDT   SUNSET   815 PM CDT


-  INDICATES NEGATIVE NUMBERS.
R  INDICATES RECORD WAS SET OR TIED.
MM INDICATES DATA IS MISSING.
T  INDICATES TRACE AMOUNT.




$$
