000
CDUS43 KLOT 260634
CLIARR


CLIMATE REPORT
NATIONAL WEATHER SERVICE CHICAGO IL
1233 AM CST FRI DEC 26 2014


...................................

...THE AURORA MUNICIPAL AIRPORT CLIMATE SUMMARY FOR DECEMBER 25 2014...

CLIMATE NORMAL PERIOD 1981 TO 2010
CLIMATE RECORD PERIOD 1998 TO 2014


WEATHER ITEM   OBSERVED TIME   RECORD YEAR NORMAL DEPARTURE LAST
                VALUE   (LST)  VALUE       VALUE  FROM      YEAR
                                                  NORMAL
..................................................................
TEMPERATURE (F)
 YESTERDAY
  MAXIMUM         45R   256 PM  43    2011  30     15       27
  MINIMUM         33    337 AM -15    2000  15     18       18
  AVERAGE         39                        23     16       23

PRECIPITATION (IN)
  YESTERDAY        0.00          0.28 2009   0.04  -0.04      T
  MONTH TO DATE    0.70                      1.73  -1.03     0.65
  SINCE DEC 1      0.70                      1.73  -1.03     0.65
  SINCE JAN 1     29.61                     36.63  -7.02    33.48

DEGREE DAYS
 HEATING
  YESTERDAY       26                        42    -16       42
  MONTH TO DATE  799                       978   -179     1107
  SINCE DEC 1    799                       978   -179     1107
  SINCE JUL 1   2378                      2392    -14     2557

 COOLING
  YESTERDAY        0                         0      0        0
  MONTH TO DATE    0                         0      0        0
  SINCE DEC 1      0                         0      0        0
  SINCE JAN 1    693                       655     38      745
..................................................................


WIND (MPH)
  RESULTANT WIND SPEED  10   RESULTANT WIND DIRECTION  SW (220)
  HIGHEST WIND SPEED    21   HIGHEST WIND DIRECTION     W (270)
  HIGHEST GUST SPEED    25   HIGHEST GUST DIRECTION     W (270)
  AVERAGE WIND SPEED    12.7


SKY COVER
  POSSIBLE SUNSHINE  MM
  AVERAGE SKY COVER 0.6


WEATHER CONDITIONS
 THE FOLLOWING WEATHER WAS RECORDED YESTERDAY.
  NO SIGNIFICANT WEATHER WAS OBSERVED.


RELATIVE HUMIDITY (PERCENT)
 HIGHEST    89           100 AM
 LOWEST     58           200 PM
 AVERAGE    74

..........................................................


THE AURORA MUNICIPAL AIRPORT CLIMATE NORMALS FOR TODAY
                         NORMAL    RECORD    YEAR
 MAXIMUM TEMPERATURE (F)   30        49      1998
 MINIMUM TEMPERATURE (F)   15         2      2004


SUNRISE AND SUNSET
DECEMBER 26 2014......SUNRISE   720 AM CST   SUNSET   429 PM CST
DECEMBER 27 2014......SUNRISE   720 AM CST   SUNSET   430 PM CST


-  INDICATES NEGATIVE NUMBERS.
R  INDICATES RECORD WAS SET OR TIED.
MM INDICATES DATA IS MISSING.
T  INDICATES TRACE AMOUNT.




$$
