000
CDUS43 KLOT 030643
CLIARR


CLIMATE REPORT
NATIONAL WEATHER SERVICE CHICAGO IL
143 AM CDT FRI JUL 3 2015


...................................

...THE AURORA MUNICIPAL AIRPORT CLIMATE SUMMARY FOR JULY 2 2015...

CLIMATE NORMAL PERIOD 1981 TO 2010
CLIMATE RECORD PERIOD 1998 TO 2015


WEATHER ITEM   OBSERVED TIME   RECORD YEAR NORMAL DEPARTURE LAST
                VALUE   (LST)  VALUE       VALUE  FROM      YEAR
                                                  NORMAL
..................................................................
TEMPERATURE (F)
 YESTERDAY
  MAXIMUM         72    338 PM  95    2012  84    -12       70
  MINIMUM         51    359 AM  44    2005  60     -9       58
                                      2001
  AVERAGE         62                        72    -10       64

PRECIPITATION (IN)
  YESTERDAY        0.00          1.34 2000   0.09  -0.09     0.34
  MONTH TO DATE    T                         0.19  -0.19     0.34
  SINCE JUN 1      8.69                      4.20   4.49     9.30
  SINCE JAN 1     18.04                     17.08   0.96    17.29

DEGREE DAYS
 HEATING
  YESTERDAY        3                         0      3        1
  MONTH TO DATE    5                         0      5        1
  SINCE JUN 1     23                        41    -18       17
  SINCE JUL 1      5                         0      5        1

 COOLING
  YESTERDAY        0                         7     -7        0
  MONTH TO DATE    0                        14    -14        8
  SINCE JUN 1    151                       169    -18      204
  SINCE JAN 1    220                       210     10      290
..................................................................


WIND (MPH)
  RESULTANT WIND SPEED   9   RESULTANT WIND DIRECTION  NE (50)
  HIGHEST WIND SPEED    17   HIGHEST WIND DIRECTION    NE (40)
  HIGHEST GUST SPEED    22   HIGHEST GUST DIRECTION    NE (40)
  AVERAGE WIND SPEED     9.1


SKY COVER
  POSSIBLE SUNSHINE  MM
  AVERAGE SKY COVER 0.3


WEATHER CONDITIONS
 THE FOLLOWING WEATHER WAS RECORDED YESTERDAY.
  FOG
  HAZE


RELATIVE HUMIDITY (PERCENT)
 HIGHEST    89           100 AM
 LOWEST     53           300 PM
 AVERAGE    71

..........................................................


THE AURORA MUNICIPAL AIRPORT CLIMATE NORMALS FOR TODAY
                         NORMAL    RECORD    YEAR
 MAXIMUM TEMPERATURE (F)   84        94      2012
                                             2002
 MINIMUM TEMPERATURE (F)   60        50      2008


SUNRISE AND SUNSET
JULY  3 2015..........SUNRISE   524 AM CDT   SUNSET   832 PM CDT
JULY  4 2015..........SUNRISE   524 AM CDT   SUNSET   832 PM CDT


-  INDICATES NEGATIVE NUMBERS.
R  INDICATES RECORD WAS SET OR TIED.
MM INDICATES DATA IS MISSING.
T  INDICATES TRACE AMOUNT.




$$
