000
CDUS43 KLOT 270633
CLIARR


CLIMATE REPORT
NATIONAL WEATHER SERVICE CHICAGO IL
133 AM CDT FRI MAY 27 2016


...................................

...THE AURORA MUNICIPAL AIRPORT CLIMATE SUMMARY FOR MAY 26 2016...

CLIMATE NORMAL PERIOD 1981 TO 2010
CLIMATE RECORD PERIOD 1998 TO 2016


WEATHER ITEM   OBSERVED TIME   RECORD YEAR NORMAL DEPARTURE LAST
                VALUE   (LST)  VALUE       VALUE  FROM      YEAR
                                                  NORMAL
..................................................................
TEMPERATURE (F)
 YESTERDAY
  MAXIMUM         85    400 PM  90    2014  74     11       76
                                      2012
  MINIMUM         65    240 AM  37    2002  51     14       63
  AVERAGE         75                        62     13       70

PRECIPITATION (IN)
  YESTERDAY        0.01          1.34 2008   0.13  -0.12     0.79
  MONTH TO DATE    5.98                      3.58   2.40     3.74
  SINCE MAR 1     11.31                      9.11   2.20     8.37
  SINCE JAN 1     12.80                     12.20   0.60     9.05

DEGREE DAYS
 HEATING
  YESTERDAY        0                         5     -5        0
  MONTH TO DATE  204                       209     -5      138
  SINCE MAR 1   1332                      1577   -245     1532
  SINCE JUL 1   5453                      6715  -1262     6987

 COOLING
  YESTERDAY       10                         2      8        5
  MONTH TO DATE   32                        26      6       55
  SINCE MAR 1     37                        29      8       55
  SINCE JAN 1     37                        29      8       55
..................................................................


WIND (MPH)
  RESULTANT WIND SPEED   5   RESULTANT WIND DIRECTION   S (200)
  HIGHEST WIND SPEED    18   HIGHEST WIND DIRECTION    SW (220)
  HIGHEST GUST SPEED    25   HIGHEST GUST DIRECTION    SW (210)
  AVERAGE WIND SPEED     6.8


SKY COVER
  POSSIBLE SUNSHINE  MM
  AVERAGE SKY COVER 0.2


WEATHER CONDITIONS
 THE FOLLOWING WEATHER WAS RECORDED YESTERDAY.
  LIGHT RAIN
  FOG
  HAZE


RELATIVE HUMIDITY (PERCENT)
 HIGHEST    93          1200 AM
 LOWEST     55           200 PM
 AVERAGE    74

..........................................................


THE AURORA MUNICIPAL AIRPORT CLIMATE NORMALS FOR TODAY
                         NORMAL    RECORD    YEAR
 MAXIMUM TEMPERATURE (F)   74        97      2012
 MINIMUM TEMPERATURE (F)   51        42      2008


SUNRISE AND SUNSET
MAY 27 2016...........SUNRISE   524 AM CDT   SUNSET   819 PM CDT
MAY 28 2016...........SUNRISE   523 AM CDT   SUNSET   819 PM CDT


-  INDICATES NEGATIVE NUMBERS.
R  INDICATES RECORD WAS SET OR TIED.
MM INDICATES DATA IS MISSING.
T  INDICATES TRACE AMOUNT.




$$
