000
CDUS43 KLOT 310632
CLIARR


CLIMATE REPORT
NATIONAL WEATHER SERVICE CHICAGO IL
131 AM CDT SUN AUG 31 2014


...................................

...THE AURORA MUNICIPAL AIRPORT CLIMATE SUMMARY FOR AUGUST 30 2014...

CLIMATE NORMAL PERIOD 1981 TO 2010
CLIMATE RECORD PERIOD 1998 TO 2014


WEATHER ITEM   OBSERVED TIME   RECORD YEAR NORMAL DEPARTURE LAST
                VALUE   (LST)  VALUE       VALUE  FROM      YEAR
                                                  NORMAL
..................................................................
TEMPERATURE (F)
 YESTERDAY
  MAXIMUM         83    305 PM  93    2013  80      3       93
  MINIMUM         66   1154 PM  43    2009  57      9       64
  AVERAGE         75                        69      6       79

PRECIPITATION (IN)
  YESTERDAY        0.34          1.18 2001   0.09   0.25     0.79
  MONTH TO DATE    3.80                      4.02  -0.22     3.16
  SINCE JUN 1     14.88                     12.22   2.66     9.16
  SINCE JAN 1     22.87                     25.10  -2.23    26.02

DEGREE DAYS
 HEATING
  YESTERDAY        0                         1     -1        0
  MONTH TO DATE    6                         5      1       12
  SINCE JUN 1     37                        55    -18       72
  SINCE JUL 1     21                        14      7       28

 COOLING
  YESTERDAY       10                         4      6       14
  MONTH TO DATE  218                       168     50      175
  SINCE JUN 1    535                       538     -3      540
  SINCE JAN 1    621                       579     42      620
..................................................................


WIND (MPH)
  RESULTANT WIND SPEED   8   RESULTANT WIND DIRECTION  SW (220)
  HIGHEST WIND SPEED    21   HIGHEST WIND DIRECTION    SW (220)
  HIGHEST GUST SPEED    27   HIGHEST GUST DIRECTION    SW (210)
  AVERAGE WIND SPEED     9.3


SKY COVER
  POSSIBLE SUNSHINE  MM
  AVERAGE SKY COVER 0.4


WEATHER CONDITIONS
 THE FOLLOWING WEATHER WAS RECORDED YESTERDAY.
  HEAVY RAIN
  RAIN
  LIGHT RAIN
  FOG
  HAZE


RELATIVE HUMIDITY (PERCENT)
 HIGHEST    93           700 AM
 LOWEST     58           300 PM
 AVERAGE    76

..........................................................


THE AURORA MUNICIPAL AIRPORT CLIMATE NORMALS FOR TODAY
                         NORMAL    RECORD    YEAR
 MAXIMUM TEMPERATURE (F)   80        93      2000
 MINIMUM TEMPERATURE (F)   57        40      2009


SUNRISE AND SUNSET
AUGUST 31 2014........SUNRISE   619 AM CDT   SUNSET   729 PM CDT
SEPTEMBER  1 2014.....SUNRISE   620 AM CDT   SUNSET   727 PM CDT


-  INDICATES NEGATIVE NUMBERS.
R  INDICATES RECORD WAS SET OR TIED.
MM INDICATES DATA IS MISSING.
T  INDICATES TRACE AMOUNT.




$$
