881
CDUS43 KLOT 250639
CLIARR


CLIMATE REPORT
NATIONAL WEATHER SERVICE CHICAGO IL
138 AM CDT SAT MAR 25 2017


...................................

...THE AURORA MUNICIPAL AIRPORT CLIMATE SUMMARY FOR MARCH 24 2017...

CLIMATE NORMAL PERIOD 1981 TO 2010
CLIMATE RECORD PERIOD 1998 TO 2017


WEATHER ITEM   OBSERVED TIME   RECORD YEAR NORMAL DEPARTURE LAST
                VALUE   (LST)  VALUE       VALUE  FROM      YEAR
                                                  NORMAL
..................................................................
TEMPERATURE (F)
 YESTERDAY
  MAXIMUM         82R   156 PM  73    2003  51     31       44
  MINIMUM         44   1159 PM  17    2015  30     14       30
  AVERAGE         63                        40     23       37

PRECIPITATION (IN)
  YESTERDAY        T             0.97 2016   0.08  -0.08     0.97
  MONTH TO DATE    0.60                      1.70  -1.10     2.38
  SINCE MAR 1      0.60                      1.70  -1.10     2.38
  SINCE JAN 1      4.49                      4.79  -0.30     3.87

DEGREE DAYS
 HEATING
  YESTERDAY        2                        25    -23       28
  MONTH TO DATE  658                       708    -50      519
  SINCE MAR 1    658                       708    -50      519
  SINCE JUL 1   4719                      5846  -1127     4640

 COOLING
  YESTERDAY        0                         0      0        0
  MONTH TO DATE    0                         0      0        0
  SINCE MAR 1      0                         0      0        0
  SINCE JAN 1      0                         0      0        0
..................................................................


WIND (MPH)
  RESULTANT WIND SPEED   8   RESULTANT WIND DIRECTION   S (200)
  HIGHEST WIND SPEED    28   HIGHEST WIND DIRECTION     W (260)
  HIGHEST GUST SPEED    40   HIGHEST GUST DIRECTION     W (250)
  AVERAGE WIND SPEED    13.3


SKY COVER
  POSSIBLE SUNSHINE  MM
  AVERAGE SKY COVER 0.2


WEATHER CONDITIONS
 THE FOLLOWING WEATHER WAS RECORDED YESTERDAY.
  LIGHT RAIN


RELATIVE HUMIDITY (PERCENT)
 HIGHEST    80           700 AM
 LOWEST     26           200 PM
 AVERAGE    53

..........................................................


THE AURORA MUNICIPAL AIRPORT CLIMATE NORMALS FOR TODAY
                         NORMAL    RECORD    YEAR
 MAXIMUM TEMPERATURE (F)   51        78      2007
 MINIMUM TEMPERATURE (F)   30        14      2014


SUNRISE AND SUNSET
MARCH 25 2017.........SUNRISE   648 AM CDT   SUNSET   712 PM CDT
MARCH 26 2017.........SUNRISE   647 AM CDT   SUNSET   713 PM CDT


-  INDICATES NEGATIVE NUMBERS.
R  INDICATES RECORD WAS SET OR TIED.
MM INDICATES DATA IS MISSING.
T  INDICATES TRACE AMOUNT.




$$
