000
CDUS41 KBUF 011009
CLIART


CLIMATE REPORT
NATIONAL WEATHER SERVICE BUFFALO NY
508 AM EST WED MAR 1 2017


...................................

...THE WATERTOWN NY CLIMATE SUMMARY FOR FEBRUARY 28 2017...

CLIMATE NORMAL PERIOD 1981 TO 2010
CLIMATE RECORD PERIOD 1949 TO 2017


WEATHER ITEM   OBSERVED TIME   RECORD YEAR NORMAL DEPARTURE LAST
                VALUE   (LST)  VALUE       VALUE  FROM      YEAR
                                                  NORMAL
..................................................................
TEMPERATURE (F)
 YESTERDAY
  MAXIMUM         57    907 PM  60    1954  35     22       52
  MINIMUM         29    329 AM -22    1993  14     15       27
  AVERAGE         43                        24     19       40

PRECIPITATION (IN)
  YESTERDAY        0.00          1.34 1984   0.08  -0.08     0.00
  MONTH TO DATE    1.85                      2.22  -0.37     4.08
  SINCE DEC 1      5.82                      8.03  -2.21     8.04
  SINCE JAN 1      3.63                      4.88  -1.25     5.60

DEGREE DAYS
 HEATING
  YESTERDAY       22                        41    -19       25
  MONTH TO DATE  980                      1231   -251     1186
  SINCE DEC 1   3269                      3842   -573     3253
  SINCE JUL 1   4611                      5441   -830     4620

 COOLING
  YESTERDAY        0                         0      0        0
  MONTH TO DATE    0                         0      0        0
  SINCE DEC 1      0                         0      0        0
  SINCE JAN 1      0                         0      0        0
..................................................................


WIND (MPH)
  HIGHEST WIND SPEED    15   HIGHEST WIND DIRECTION     S (170)
  HIGHEST GUST SPEED    22   HIGHEST GUST DIRECTION     S (160)
  AVERAGE WIND SPEED     6.2


SKY COVER
  AVERAGE SKY COVER 0.7


WEATHER CONDITIONS
 THE FOLLOWING WEATHER WAS RECORDED YESTERDAY.
  FOG


RELATIVE HUMIDITY (PERCENT)
 HIGHEST    92           200 AM
 LOWEST     43           900 PM
 AVERAGE    68

..........................................................


THE WATERTOWN NY CLIMATE NORMALS FOR TODAY
                         NORMAL    RECORD    YEAR
 MAXIMUM TEMPERATURE (F)   35        60      1954
 MINIMUM TEMPERATURE (F)   14       -16      1980


SUNRISE AND SUNSET
MARCH  1 2017.........SUNRISE   641 AM EST   SUNSET   553 PM EST
MARCH  2 2017.........SUNRISE   639 AM EST   SUNSET   554 PM EST


-  INDICATES NEGATIVE NUMBERS.
R  INDICATES RECORD WAS SET OR TIED.
MM INDICATES DATA IS MISSING.
T  INDICATES TRACE AMOUNT.




$$
