000
CDUS41 KBUF 291019
CLIART


CLIMATE REPORT
NATIONAL WEATHER SERVICE BUFFALO NY
618 AM EDT SUN MAY 29 2016


...................................

...THE WATERTOWN NY CLIMATE SUMMARY FOR MAY 28 2016...

CLIMATE NORMAL PERIOD 1981 TO 2010
CLIMATE RECORD PERIOD 1949 TO 2016


WEATHER ITEM   OBSERVED TIME   RECORD YEAR NORMAL DEPARTURE LAST
                VALUE   (LST)  VALUE       VALUE  FROM      YEAR
                                                  NORMAL
..................................................................
TEMPERATURE (F)
 YESTERDAY
  MAXIMUM         87R   337 PM  87    2016  69     18       68
  MINIMUM         60    454 AM  30    2008  47     13       51
                                      1970
  AVERAGE         74                        58     16       60

PRECIPITATION (IN)
  YESTERDAY        0.00          1.06 1955   0.10  -0.10     0.06
  MONTH TO DATE    1.40                      2.76  -1.36     1.04
  SINCE MAR 1      5.19                      7.96  -2.77     3.56
  SINCE JAN 1     11.00                     12.84  -1.84     6.65

DEGREE DAYS
 HEATING
  YESTERDAY        0                         7     -7        5
  MONTH TO DATE  324                       312     12      203
  SINCE MAR 1   1992                      2014    -22     2011
  SINCE JUL 1   6640                      7455   -815     7531

 COOLING
  YESTERDAY        9                         1      8        0
  MONTH TO DATE   16                         5     11       38
  SINCE MAR 1     16                         6     10       38
  SINCE JAN 1     16                         6     10       38
..................................................................


WIND (MPH)
  HIGHEST WIND SPEED    10   HIGHEST WIND DIRECTION     W (270)
  HIGHEST GUST SPEED    16   HIGHEST GUST DIRECTION     W (280)
  AVERAGE WIND SPEED     3.8


SKY COVER
  AVERAGE SKY COVER 0.0


WEATHER CONDITIONS
 THE FOLLOWING WEATHER WAS RECORDED YESTERDAY.
  FOG
  FOG W/VISIBILITY <= 1/4 MILE
  HAZE


RELATIVE HUMIDITY (PERCENT)
 HIGHEST   100           200 AM
 LOWEST     42           300 PM
 AVERAGE    71

..........................................................


THE WATERTOWN NY CLIMATE NORMALS FOR TODAY
                         NORMAL    RECORD    YEAR
 MAXIMUM TEMPERATURE (F)   70        87      2012
 MINIMUM TEMPERATURE (F)   48        32      1970


SUNRISE AND SUNSET
MAY 29 2016...........SUNRISE   526 AM EDT   SUNSET   838 PM EDT
MAY 30 2016...........SUNRISE   525 AM EDT   SUNSET   839 PM EDT


-  INDICATES NEGATIVE NUMBERS.
R  INDICATES RECORD WAS SET OR TIED.
MM INDICATES DATA IS MISSING.
T  INDICATES TRACE AMOUNT.

$$
