000
CDUS45 KGJT 220747
CLIASE


CLIMATE REPORT
NATIONAL WEATHER SERVICE GRAND JUNCTION CO
143 AM MDT SAT JUL 22 2017


...................................

...THE ASPEN CO CLIMATE SUMMARY FOR JULY 21 2017...

CLIMATE NORMAL PERIOD 1981 TO 2010
CLIMATE RECORD PERIOD 9999 TO 9999


WEATHER ITEM   OBSERVED TIME   RECORD YEAR NORMAL DEPARTURE LAST
                VALUE   (LST)  VALUE       VALUE  FROM      YEAR
                                                  NORMAL
..................................................................
TEMPERATURE (F)
 YESTERDAY
  MAXIMUM         80    406 PM  MM      MM  81     -1       76
  MINIMUM         53    454 AM  MM      MM  48      5       52
  AVERAGE         67                        64      3       64

PRECIPITATION (IN)
  YESTERDAY        0.04         MM      MM   0.07  -0.03     0.22
  MONTH TO DATE    1.21                      1.06   0.15     1.77
  SINCE JUN 1      1.36                      2.19  -0.83     2.29
  SINCE JAN 1      7.56                      9.13  -1.57     9.47

SNOWFALL (IN)
  YESTERDAY       MM            MM      MM  MM     MM       MM
  MONTH TO DATE   MM                        MM     MM       MM
  SINCE JUN 1     MM                        MM     MM       MM
  SINCE JUL 1     MM                        MM     MM       MM
  SNOW DEPTH      MM

DEGREE DAYS
 HEATING
  YESTERDAY        0                         2     -2        1
  MONTH TO DATE   15                        51    -36       31
  SINCE JUN 1    133                       280   -147      108
  SINCE JUL 1     15                        51    -36       31

 COOLING
  YESTERDAY        2                         1      1        0
  MONTH TO DATE   48                        19     29       13
  SINCE JUN 1     60                        23     37       37
  SINCE JAN 1     60                        23     37       37
..................................................................


WIND (MPH)
  HIGHEST WIND SPEED    24   HIGHEST WIND DIRECTION     S (160)
  HIGHEST GUST SPEED    32   HIGHEST GUST DIRECTION     S (170)
  AVERAGE WIND SPEED     5.3


SKY COVER
  POSSIBLE SUNSHINE  MM
  AVERAGE SKY COVER 0.5


WEATHER CONDITIONS
 THE FOLLOWING WEATHER WAS RECORDED YESTERDAY.
  THUNDERSTORM
  LIGHT RAIN


RELATIVE HUMIDITY (PERCENT)
 HIGHEST    86          1100 PM
 LOWEST     32           400 PM
 AVERAGE    59

..........................................................


THE ASPEN CO CLIMATE NORMALS FOR TODAY
                         NORMAL    RECORD    YEAR
 MAXIMUM TEMPERATURE (F)   80        MM        MM
 MINIMUM TEMPERATURE (F)   48        MM        MM


SUNRISE AND SUNSET
JULY 22 2017..........SUNRISE   559 AM MDT   SUNSET   828 PM MDT
JULY 23 2017..........SUNRISE   600 AM MDT   SUNSET   827 PM MDT


-  INDICATES NEGATIVE NUMBERS.
R  INDICATES RECORD WAS SET OR TIED.
MM INDICATES DATA IS MISSING.
T  INDICATES TRACE AMOUNT.




$$
