000
CDUS46 KPQR 010221
CLIAST


CLIMATE REPORT
NATIONAL WEATHER SERVICE PORTLAND OREGON
621 PM PST SAT JAN 31 2015


...................................

...THE ASTORIA OR CLIMATE SUMMARY FOR JANUARY 31 2015...
VALID TODAY AS OF 0600 PM LOCAL TIME.

CLIMATE NORMAL PERIOD 1981 TO 2010
CLIMATE RECORD PERIOD 1892 TO 2015


WEATHER ITEM   OBSERVED TIME   RECORD YEAR NORMAL DEPARTURE LAST
                VALUE   (LST)  VALUE       VALUE  FROM      YEAR
                                                  NORMAL
..................................................................
TEMPERATURE (F)
 TODAY
  MAXIMUM         53    324 PM  66    1940  51      2       49
  MINIMUM         34    228 AM  14    1950  38     -4       37
  AVERAGE         44                        44      0       43

PRECIPITATION (IN)
  TODAY            0.00          2.70 1987   0.29  -0.29     0.37
  MONTH TO DATE    9.19                     10.20  -1.01     6.36
  SINCE OCT 1     34.81                     37.22  -2.41    18.52
  SINCE JAN 1      9.19                     10.20  -1.01     6.36

DEGREE DAYS
 HEATING
  TODAY           21                        21      0       22
  MONTH TO DATE  573                       660    -87      614
  SINCE DEC 1   1122                      1352   -230     1449
  SINCE JUL 1   2109                      2765   -656     2802

 COOLING
  TODAY            0                         0      0        0
  MONTH TO DATE    0                         0      0        0
  SINCE DEC 1      0                         0      0        0
  SINCE JAN 1      0                         0      0        0
..................................................................


WIND (MPH)
  HIGHEST WIND SPEED    14   HIGHEST WIND DIRECTION    NE (50)
  HIGHEST GUST SPEED    17   HIGHEST GUST DIRECTION    NE (50)
  AVERAGE WIND SPEED     4.7


SKY COVER
  POSSIBLE SUNSHINE  MM
  AVERAGE SKY COVER 0.3


WEATHER CONDITIONS
 THE FOLLOWING WEATHER WAS RECORDED TODAY.
  FOG
  FOG W/VISIBILITY <= 1/4 MILE


RELATIVE HUMIDITY (PERCENT)
 HIGHEST   100           600 AM
 LOWEST     66           300 PM
 AVERAGE    83

..........................................................


THE ASTORIA OR CLIMATE NORMALS FOR TOMORROW
                         NORMAL    RECORD    YEAR
 MAXIMUM TEMPERATURE (F)   51        65      1940
 MINIMUM TEMPERATURE (F)   38        17      1950


SUNRISE AND SUNSET
JANUARY 31 2015.......SUNRISE   740 AM PST   SUNSET   519 PM PST
FEBRUARY  1 2015......SUNRISE   738 AM PST   SUNSET   520 PM PST


-  INDICATES NEGATIVE NUMBERS.
R  INDICATES RECORD WAS SET OR TIED.
MM INDICATES DATA IS MISSING.
T  INDICATES TRACE AMOUNT.




$$
