000
CDUS46 KPQR 290021
CLIAST


CLIMATE REPORT
NATIONAL WEATHER SERVICE PORTLAND OREGON
420 PM PST SUN DEC 28 2014


...................................

...THE ASTORIA OR CLIMATE SUMMARY FOR DECEMBER 28 2014...
VALID TODAY AS OF 0400 PM LOCAL TIME.

CLIMATE NORMAL PERIOD 1981 TO 2010
CLIMATE RECORD PERIOD 1892 TO 2014


WEATHER ITEM   OBSERVED TIME   RECORD YEAR NORMAL DEPARTURE LAST
                VALUE   (LST)  VALUE       VALUE  FROM      YEAR
                                                  NORMAL
..................................................................
TEMPERATURE (F)
 TODAY
  MAXIMUM         50    223 PM  60    1980  48      2       47
  MINIMUM         43    631 AM  18    1978  37      6       32
  AVERAGE         47                        42      5       40

PRECIPITATION (IN)
  TODAY            0.10          2.73 1945   0.31  -0.21     0.01
  MONTH TO DATE   10.50                      8.97   1.53     4.99
  SINCE OCT 1     25.55                     26.10  -0.55    12.15
  SINCE JAN 1     72.80                     66.34   6.46    59.20

DEGREE DAYS
 HEATING
  TODAY           18                        22     -4       25
  MONTH TO DATE  458                       629   -171      763
  SINCE DEC 1    458                       629   -171      763
  SINCE JUL 1   1445                      2042   -597     2116

 COOLING
  TODAY            0                         0      0        0
  MONTH TO DATE    0                         0      0        0
  SINCE DEC 1      0                         0      0        0
  SINCE JAN 1     45                        12     33        9
..................................................................


WIND (MPH)
  HIGHEST WIND SPEED    26   HIGHEST WIND DIRECTION    NW (300)
  HIGHEST GUST SPEED    33   HIGHEST GUST DIRECTION    NW (300)
  AVERAGE WIND SPEED    12.7


SKY COVER
  POSSIBLE SUNSHINE  MM
  AVERAGE SKY COVER 0.6


WEATHER CONDITIONS
 THE FOLLOWING WEATHER WAS RECORDED TODAY.
  LIGHT RAIN


RELATIVE HUMIDITY (PERCENT)
 HIGHEST    76           200 AM
 LOWEST     71           300 AM
 AVERAGE    74

..........................................................


THE ASTORIA OR CLIMATE NORMALS FOR TOMORROW
                         NORMAL    RECORD    YEAR
 MAXIMUM TEMPERATURE (F)   48        60      1920
 MINIMUM TEMPERATURE (F)   37        16      1990


SUNRISE AND SUNSET
DECEMBER 28 2014......SUNRISE   758 AM PST   SUNSET   437 PM PST
DECEMBER 29 2014......SUNRISE   758 AM PST   SUNSET   438 PM PST


-  INDICATES NEGATIVE NUMBERS.
R  INDICATES RECORD WAS SET OR TIED.
MM INDICATES DATA IS MISSING.
T  INDICATES TRACE AMOUNT.




$$
