625
CDUS46 KPQR 091149
CLIAST


CLIMATE REPORT
NATIONAL WEATHER SERVICE PORTLAND OREGON
348 AM PST TUE FEB 9 2016


...................................

...THE ASTORIA OR CLIMATE SUMMARY FOR FEBRUARY 8 2016...

CLIMATE NORMAL PERIOD 1981 TO 2010
CLIMATE RECORD PERIOD 1892 TO 2016


WEATHER ITEM   OBSERVED TIME   RECORD YEAR NORMAL DEPARTURE LAST
                VALUE   (LST)  VALUE       VALUE  FROM      YEAR
                                                  NORMAL
..................................................................
TEMPERATURE (F)
 YESTERDAY
  MAXIMUM         64    413 PM  66    1987  51     13       56
  MINIMUM         44    754 AM  21    1994  37      7       46
  AVERAGE         54                        44     10       51

PRECIPITATION (IN)
  YESTERDAY        0.00          3.71 1996   0.27  -0.27     0.32
  MONTH TO DATE    1.53                      2.15  -0.62     4.82
  SINCE OCT 1     57.81                     39.37  18.44    39.63
  SINCE JAN 1     15.28                     12.35   2.93    14.01

DEGREE DAYS
 HEATING
  YESTERDAY       11                        21    -10       14
  MONTH TO DATE  138                       168    -30      110
  SINCE DEC 1   1302                      1520   -218     1232
  SINCE JUL 1   2302                      2933   -631     2219

 COOLING
  YESTERDAY        0                         0      0        0
  MONTH TO DATE    0                         0      0        0
  SINCE DEC 1      0                         0      0        0
  SINCE JAN 1      0                         0      0        0
..................................................................


WIND (MPH)
  HIGHEST WIND SPEED    16   HIGHEST WIND DIRECTION     E (80)
  HIGHEST GUST SPEED    19   HIGHEST GUST DIRECTION    NE (60)
  AVERAGE WIND SPEED     9.1


SKY COVER
  POSSIBLE SUNSHINE  MM
  AVERAGE SKY COVER 0.0


WEATHER CONDITIONS
 THE FOLLOWING WEATHER WAS RECORDED YESTERDAY.
  NO SIGNIFICANT WEATHER WAS OBSERVED.


RELATIVE HUMIDITY (PERCENT)
 HIGHEST    89           400 AM
 LOWEST     55          1200 PM
 AVERAGE    72

..........................................................


THE ASTORIA OR CLIMATE NORMALS FOR TODAY
                         NORMAL    RECORD    YEAR
 MAXIMUM TEMPERATURE (F)   51        65      1963
 MINIMUM TEMPERATURE (F)   37        13      1933


SUNRISE AND SUNSET
FEBRUARY  9 2016......SUNRISE   728 AM PST   SUNSET   532 PM PST
FEBRUARY 10 2016......SUNRISE   727 AM PST   SUNSET   534 PM PST


-  INDICATES NEGATIVE NUMBERS.
R  INDICATES RECORD WAS SET OR TIED.
MM INDICATES DATA IS MISSING.
T  INDICATES TRACE AMOUNT.




$$
