809
CDUS46 KPQR 230221
CLIAST


CLIMATE REPORT
NATIONAL WEATHER SERVICE PORTLAND OREGON
720 PM PDT TUE AUG 22 2017


...................................

...THE ASTORIA OR CLIMATE SUMMARY FOR AUGUST 22 2017...
VALID TODAY AS OF 0700 PM LOCAL TIME.

CLIMATE NORMAL PERIOD 1981 TO 2010
CLIMATE RECORD PERIOD 1892 TO 2017


WEATHER ITEM   OBSERVED TIME   RECORD YEAR NORMAL DEPARTURE LAST
                VALUE   (LST)  VALUE       VALUE  FROM      YEAR
                                                  NORMAL
..................................................................
TEMPERATURE (F)
 TODAY
  MAXIMUM         66    251 PM  94    1942  69     -3       69
  MINIMUM         51    150 AM  41    1987  53     -2       55
                                      1973
  AVERAGE         59                        61     -2       62

PRECIPITATION (IN)
  TODAY            0.00          1.92 2001   0.04  -0.04     0.00
  MONTH TO DATE    0.38                      0.70  -0.32     0.40
  SINCE OCT 1     93.92                     64.66  29.26    83.28
  SINCE JAN 1     50.05                     37.64  12.41    40.75

DEGREE DAYS
 HEATING
  TODAY            6                         4      2        3
  MONTH TO DATE   74                        88    -14       45
  SINCE JUN 1    422                       480    -58      282
  SINCE JUL 1    215                       238    -23      106

 COOLING
  TODAY            0                         0      0        0
  MONTH TO DATE   11                         0     11       25
  SINCE JUN 1     25                         3     22       33
  SINCE JAN 1     27                         3     24       36
..................................................................


WIND (MPH)
  HIGHEST WIND SPEED    12   HIGHEST WIND DIRECTION     W (280)
  HIGHEST GUST SPEED    15   HIGHEST GUST DIRECTION     W (270)
  AVERAGE WIND SPEED     6.0


SKY COVER
  POSSIBLE SUNSHINE  MM
  AVERAGE SKY COVER 0.9


WEATHER CONDITIONS
 THE FOLLOWING WEATHER WAS RECORDED TODAY.
  FOG


RELATIVE HUMIDITY (PERCENT)
 HIGHEST   100           300 AM
 LOWEST     78          1200 PM
 AVERAGE    89

..........................................................


THE ASTORIA OR CLIMATE NORMALS FOR TOMORROW
                         NORMAL    RECORD    YEAR
 MAXIMUM TEMPERATURE (F)   69        88      1911
 MINIMUM TEMPERATURE (F)   53        44      1959


SUNRISE AND SUNSET
AUGUST 22 2017........SUNRISE   624 AM PDT   SUNSET   812 PM PDT
AUGUST 23 2017........SUNRISE   625 AM PDT   SUNSET   810 PM PDT


-  INDICATES NEGATIVE NUMBERS.
R  INDICATES RECORD WAS SET OR TIED.
MM INDICATES DATA IS MISSING.
T  INDICATES TRACE AMOUNT.




$$
