000
CDUS46 KPQR 200225
CLIAST


CLIMATE REPORT
NATIONAL WEATHER SERVICE PORTLAND OREGON
625 PM PST SUN FEB 19 2017


...................................

...THE ASTORIA OR CLIMATE SUMMARY FOR FEBRUARY 19 2017...
VALID TODAY AS OF 0600 PM LOCAL TIME.

CLIMATE NORMAL PERIOD 1981 TO 2010
CLIMATE RECORD PERIOD 1892 TO 2017


WEATHER ITEM   OBSERVED TIME   RECORD YEAR NORMAL DEPARTURE LAST
                VALUE   (LST)  VALUE       VALUE  FROM      YEAR
                                                  NORMAL
..................................................................
TEMPERATURE (F)
 TODAY
  MAXIMUM         48    319 PM  64    1941  52     -4       50
                                      1916
  MINIMUM         40    706 AM  19    2006  37      3       42
  AVERAGE         44                        44      0       46

PRECIPITATION (IN)
  TODAY            1.09          2.45 1991   0.25   0.84     0.82
  MONTH TO DATE   10.06                      4.95   5.11     6.60
  SINCE OCT 1     59.74                     42.17  17.57    62.88
  SINCE JAN 1     15.87                     15.15   0.72    20.35

DEGREE DAYS
 HEATING
  TODAY           21                        21      0       19
  MONTH TO DATE  391                       399     -8      284
  SINCE DEC 1   1896                      1751    145     1448
  SINCE JUL 1   2759                      3164   -405     2448

 COOLING
  TODAY            0                         0      0        0
  MONTH TO DATE    0                         0      0        0
  SINCE DEC 1      0                         0      0        0
  SINCE JAN 1      0                         0      0        0
..................................................................


WIND (MPH)
  HIGHEST WIND SPEED    21   HIGHEST WIND DIRECTION     S (180)
  HIGHEST GUST SPEED    29   HIGHEST GUST DIRECTION     S (170)
  AVERAGE WIND SPEED     8.3


SKY COVER
  POSSIBLE SUNSHINE  MM
  AVERAGE SKY COVER 1.0


WEATHER CONDITIONS
 THE FOLLOWING WEATHER WAS RECORDED TODAY.
  HEAVY RAIN
  RAIN
  LIGHT RAIN
  FOG


RELATIVE HUMIDITY (PERCENT)
 HIGHEST    92           300 AM
 LOWEST     82           500 AM
 AVERAGE    87

..........................................................


THE ASTORIA OR CLIMATE NORMALS FOR TOMORROW
                         NORMAL    RECORD    YEAR
 MAXIMUM TEMPERATURE (F)   52        65      1916
 MINIMUM TEMPERATURE (F)   37        25      2011
                                             2006
                                             1955


SUNRISE AND SUNSET
FEBRUARY 19 2017......SUNRISE   711 AM PST   SUNSET   548 PM PST
FEBRUARY 20 2017......SUNRISE   710 AM PST   SUNSET   549 PM PST


-  INDICATES NEGATIVE NUMBERS.
R  INDICATES RECORD WAS SET OR TIED.
MM INDICATES DATA IS MISSING.
T  INDICATES TRACE AMOUNT.




$$
