000
CDUS46 KPQR 291145
CLIAST


CLIMATE REPORT
NATIONAL WEATHER SERVICE PORTLAND OREGON
445 AM PDT SUN MAR 29 2015


...................................

...THE ASTORIA OR CLIMATE SUMMARY FOR MARCH 28 2015...

CLIMATE NORMAL PERIOD 1981 TO 2010
CLIMATE RECORD PERIOD 1892 TO 2015


WEATHER ITEM   OBSERVED TIME   RECORD YEAR NORMAL DEPARTURE LAST
                VALUE   (LST)  VALUE       VALUE  FROM      YEAR
                                                  NORMAL
..................................................................
TEMPERATURE (F)
 YESTERDAY
  MAXIMUM         58    110 PM  75    1941  55      3       55
                                      1930
  MINIMUM         48   1159 PM  28    1987  40      8       47
                                      1962
  AVERAGE         53                        47      6       51

PRECIPITATION (IN)
  YESTERDAY        0.05          2.00 1943   0.22  -0.17     1.09
  MONTH TO DATE    6.38                      6.80  -0.42    10.11
  SINCE OCT 1     47.48                     51.21  -3.73    36.03
  SINCE JAN 1     21.86                     24.19  -2.33    23.87

DEGREE DAYS
 HEATING
  YESTERDAY       12                        18     -6       14
  MONTH TO DATE  426                       526   -100      468
  SINCE MAR 1    426                       526   -100      468
  SINCE JUL 1   2966                      3868   -902     3897

 COOLING
  YESTERDAY        0                         0      0        0
  MONTH TO DATE    0                         0      0        0
  SINCE MAR 1      0                         0      0        0
  SINCE JAN 1      0                         0      0        0
..................................................................


WIND (MPH)
  HIGHEST WIND SPEED    20   HIGHEST WIND DIRECTION    SW (240)
  HIGHEST GUST SPEED    33   HIGHEST GUST DIRECTION    NW (310)
  AVERAGE WIND SPEED     9.4


SKY COVER
  POSSIBLE SUNSHINE  MM
  AVERAGE SKY COVER 0.7


WEATHER CONDITIONS
 THE FOLLOWING WEATHER WAS RECORDED YESTERDAY.
  LIGHT RAIN
  FOG


RELATIVE HUMIDITY (PERCENT)
 HIGHEST    89           800 AM
 LOWEST     57           300 PM
 AVERAGE    73

..........................................................


THE ASTORIA OR CLIMATE NORMALS FOR TODAY
                         NORMAL    RECORD    YEAR
 MAXIMUM TEMPERATURE (F)   55        73      1964
 MINIMUM TEMPERATURE (F)   40        28      1938


SUNRISE AND SUNSET
MARCH 29 2015.........SUNRISE   701 AM PDT   SUNSET   740 PM PDT
MARCH 30 2015.........SUNRISE   659 AM PDT   SUNSET   741 PM PDT


-  INDICATES NEGATIVE NUMBERS.
R  INDICATES RECORD WAS SET OR TIED.
MM INDICATES DATA IS MISSING.
T  INDICATES TRACE AMOUNT.




$$
