566
CDUS46 KPQR 300220
CLIAST


CLIMATE REPORT
NATIONAL WEATHER SERVICE PORTLAND OREGON
720 PM PDT THU SEP 29 2016


...................................

...THE ASTORIA OR CLIMATE SUMMARY FOR SEPTEMBER 29 2016...
VALID TODAY AS OF 0700 PM LOCAL TIME.

CLIMATE NORMAL PERIOD 1981 TO 2010
CLIMATE RECORD PERIOD 1892 TO 2016


WEATHER ITEM   OBSERVED TIME   RECORD YEAR NORMAL DEPARTURE LAST
                VALUE   (LST)  VALUE       VALUE  FROM      YEAR
                                                  NORMAL
..................................................................
TEMPERATURE (F)
 TODAY
  MAXIMUM         66    136 PM  84    1987  65      1       69
  MINIMUM         44    635 AM  34    1983  47     -3       45
  AVERAGE         55                        56     -1       57

PRECIPITATION (IN)
  TODAY            0.00          2.41 2013   0.10  -0.10     0.00
  MONTH TO DATE    2.13                      2.04   0.09     2.13
  SINCE OCT 1     85.51                     67.16  18.35    56.87
  SINCE JAN 1     42.98                     40.14   2.84    31.25

DEGREE DAYS
 HEATING
  TODAY           10                         9      1        8
  MONTH TO DATE  122                       191    -69      164
  SINCE SEP 1    122                       191    -69      164
  SINCE JUL 1    243                       472   -229      252

 COOLING
  TODAY            0                         0      0        0
  MONTH TO DATE    7                         0      7        4
  SINCE SEP 1      7                         0      7        4
  SINCE JAN 1     62                         7     55       47
..................................................................


WIND (MPH)
  HIGHEST WIND SPEED    17   HIGHEST WIND DIRECTION    NW (320)
  HIGHEST GUST SPEED    21   HIGHEST GUST DIRECTION    NW (310)
  AVERAGE WIND SPEED     8.1


SKY COVER
  POSSIBLE SUNSHINE  MM
  AVERAGE SKY COVER 0.0


WEATHER CONDITIONS
 THE FOLLOWING WEATHER WAS RECORDED TODAY.
  FOG


RELATIVE HUMIDITY (PERCENT)
 HIGHEST    92           600 AM
 LOWEST     52          1200 PM
 AVERAGE    72

..........................................................


THE ASTORIA OR CLIMATE NORMALS FOR TOMORROW
                         NORMAL    RECORD    YEAR
 MAXIMUM TEMPERATURE (F)   65        86      1987
 MINIMUM TEMPERATURE (F)   47        34      1985


SUNRISE AND SUNSET
SEPTEMBER 29 2016.....SUNRISE   712 AM PDT   SUNSET   658 PM PDT
SEPTEMBER 30 2016.....SUNRISE   713 AM PDT   SUNSET   656 PM PDT


-  INDICATES NEGATIVE NUMBERS.
R  INDICATES RECORD WAS SET OR TIED.
MM INDICATES DATA IS MISSING.
T  INDICATES TRACE AMOUNT.




$$
