000
CDUS46 KPQR 021143
CLIAST


CLIMATE REPORT
NATIONAL WEATHER SERVICE PORTLAND OREGON
442 AM PDT THU OCT 2 2014


...................................

...THE ASTORIA OR CLIMATE SUMMARY FOR OCTOBER 1 2014...

CLIMATE NORMAL PERIOD 1981 TO 2010
CLIMATE RECORD PERIOD 1892 TO 2014


WEATHER ITEM   OBSERVED TIME   RECORD YEAR NORMAL DEPARTURE LAST
                VALUE   (LST)  VALUE       VALUE  FROM      YEAR
                                                  NORMAL
..................................................................
TEMPERATURE (F)
 YESTERDAY
  MAXIMUM         65    309 PM  78    1952  65      0       59
                                      1945
  MINIMUM         47    624 AM  35    1983  47      0       48
  AVERAGE         56                        56      0       54

PRECIPITATION (IN)
  YESTERDAY        T             1.74 1967   0.11  -0.11     0.11
  MONTH TO DATE    T                         0.11  -0.11     0.11
  SINCE OCT 1      T                         0.11  -0.11     0.11
  SINCE JAN 1     47.25                     40.35   6.90    47.16

DEGREE DAYS
 HEATING
  YESTERDAY        9                         9      0       11
  MONTH TO DATE    9                         9      0       11
  SINCE SEP 1    101                       209   -108      157
  SINCE JUL 1    259                       490   -231      404

 COOLING
  YESTERDAY        0                         0      0        0
  MONTH TO DATE    0                         0      0        0
  SINCE SEP 1     20                         5     15        3
  SINCE JAN 1     45                        12     33        9
..................................................................


WIND (MPH)
  HIGHEST WIND SPEED    13   HIGHEST WIND DIRECTION    NW (320)
  HIGHEST GUST SPEED    16   HIGHEST GUST DIRECTION    NW (320)
  AVERAGE WIND SPEED     4.7


SKY COVER
  POSSIBLE SUNSHINE  MM
  AVERAGE SKY COVER 0.6


WEATHER CONDITIONS
 THE FOLLOWING WEATHER WAS RECORDED YESTERDAY.
  LIGHT RAIN
  FOG
  HAZE


RELATIVE HUMIDITY (PERCENT)
 HIGHEST   100           600 AM
 LOWEST     60           100 PM
 AVERAGE    80

..........................................................


THE ASTORIA OR CLIMATE NORMALS FOR TODAY
                         NORMAL    RECORD    YEAR
 MAXIMUM TEMPERATURE (F)   65        85      1980
 MINIMUM TEMPERATURE (F)   46        34      1968


SUNRISE AND SUNSET
OCTOBER  2 2014.......SUNRISE   715 AM PDT   SUNSET   653 PM PDT
OCTOBER  3 2014.......SUNRISE   717 AM PDT   SUNSET   651 PM PDT


-  INDICATES NEGATIVE NUMBERS.
R  INDICATES RECORD WAS SET OR TIED.
MM INDICATES DATA IS MISSING.
T  INDICATES TRACE AMOUNT.




$$
