000
CDUS46 KPQR 010222
CLIAST


CLIMATE REPORT
NATIONAL WEATHER SERVICE PORTLAND OREGON
722 PM PDT SUN APR 30 2017


...................................

...THE ASTORIA OR CLIMATE SUMMARY FOR APRIL 30 2017...
VALID TODAY AS OF 0700 PM LOCAL TIME.

CLIMATE NORMAL PERIOD 1981 TO 2010
CLIMATE RECORD PERIOD 1892 TO 2017


WEATHER ITEM   OBSERVED TIME   RECORD YEAR NORMAL DEPARTURE LAST
                VALUE   (LST)  VALUE       VALUE  FROM      YEAR
                                                  NORMAL
..................................................................
TEMPERATURE (F)
 TODAY
  MAXIMUM         56    208 PM  84    2014  58     -2       61
  MINIMUM         46    621 AM  32    1986  43      3       44
  AVERAGE         51                        50      1       53

PRECIPITATION (IN)
  TODAY            T             2.40 1940   0.13  -0.13     0.00
  MONTH TO DATE    8.91                      5.20   3.71     1.99
  SINCE OCT 1     85.11                     57.06  28.05    78.90
  SINCE JAN 1     41.24                     30.04  11.20    36.37

DEGREE DAYS
 HEATING
  TODAY           14                        15     -1       12
  MONTH TO DATE  474                       489    -15      346
  SINCE MAR 1   1038                      1067    -29      806
  SINCE JUL 1   4021                      4409   -388     3425

 COOLING
  TODAY            0                         0      0        0
  MONTH TO DATE    0                         0      0        3
  SINCE MAR 1      0                         0      0        3
  SINCE JAN 1      0                         0      0        3
..................................................................


WIND (MPH)
  HIGHEST WIND SPEED    17   HIGHEST WIND DIRECTION    NW (300)
  HIGHEST GUST SPEED    23   HIGHEST GUST DIRECTION     W (290)
  AVERAGE WIND SPEED     9.4


SKY COVER
  POSSIBLE SUNSHINE  MM
  AVERAGE SKY COVER 0.9


WEATHER CONDITIONS
 THE FOLLOWING WEATHER WAS RECORDED TODAY.
  LIGHT RAIN
  FOG


RELATIVE HUMIDITY (PERCENT)
 HIGHEST    86           100 AM
 LOWEST     54          1200 PM
 AVERAGE    70

..........................................................


THE ASTORIA OR CLIMATE NORMALS FOR TOMORROW
                         NORMAL    RECORD    YEAR
 MAXIMUM TEMPERATURE (F)   58        81      2016
                                             2014
 MINIMUM TEMPERATURE (F)   43        30      1954


SUNRISE AND SUNSET
APRIL 30 2017.........SUNRISE   603 AM PDT   SUNSET   823 PM PDT
MAY  1 2017...........SUNRISE   602 AM PDT   SUNSET   824 PM PDT


-  INDICATES NEGATIVE NUMBERS.
R  INDICATES RECORD WAS SET OR TIED.
MM INDICATES DATA IS MISSING.
T  INDICATES TRACE AMOUNT.




$$
