000
CDUS46 KPQR 041141
CLIAST


CLIMATE REPORT
NATIONAL WEATHER SERVICE PORTLAND OREGON
441 AM PDT SAT JUL 4 2015


...................................

...THE ASTORIA OR CLIMATE SUMMARY FOR JULY 3 2015...

CLIMATE NORMAL PERIOD 1981 TO 2010
CLIMATE RECORD PERIOD 1892 TO 2015


WEATHER ITEM   OBSERVED TIME   RECORD YEAR NORMAL DEPARTURE LAST
                VALUE   (LST)  VALUE       VALUE  FROM      YEAR
                                                  NORMAL
..................................................................
TEMPERATURE (F)
 YESTERDAY
  MAXIMUM         70    428 PM  88    1906  66      4       67
  MINIMUM         55   1159 PM  41    1949  52      3       55
  AVERAGE         63                        59      4       61

PRECIPITATION (IN)
  YESTERDAY        0.00          0.58 1936   0.04  -0.04     0.08
  MONTH TO DATE    0.00                      0.14  -0.14     0.08
  SINCE OCT 1     53.01                     63.07 -10.06    52.77
  SINCE JAN 1     27.39                     36.05  -8.66    40.61

DEGREE DAYS
 HEATING
  YESTERDAY        2                         6     -4        4
  MONTH TO DATE    2                        18    -16        6
  SINCE JUN 1    151                       260   -109      186
  SINCE JUL 1      2                        18    -16        6

 COOLING
  YESTERDAY        0                         0      0        0
  MONTH TO DATE    3                         0      3        7
  SINCE JUN 1      7                         0      7        7
  SINCE JAN 1      9                         0      9       18
..................................................................


WIND (MPH)
  HIGHEST WIND SPEED    14   HIGHEST WIND DIRECTION    NW (300)
  HIGHEST GUST SPEED    16   HIGHEST GUST DIRECTION    NW (310)
  AVERAGE WIND SPEED     7.2


SKY COVER
  POSSIBLE SUNSHINE  MM
  AVERAGE SKY COVER 0.6


WEATHER CONDITIONS
 THE FOLLOWING WEATHER WAS RECORDED YESTERDAY.
  FOG


RELATIVE HUMIDITY (PERCENT)
 HIGHEST    93          1100 PM
 LOWEST     61           200 PM
 AVERAGE    77

..........................................................


THE ASTORIA OR CLIMATE NORMALS FOR TODAY
                         NORMAL    RECORD    YEAR
 MAXIMUM TEMPERATURE (F)   66        84      1975
 MINIMUM TEMPERATURE (F)   52        45      2012
                                             2011
                                             1957


SUNRISE AND SUNSET
JULY  4 2015..........SUNRISE   530 AM PDT   SUNSET   910 PM PDT
JULY  5 2015..........SUNRISE   531 AM PDT   SUNSET   909 PM PDT


-  INDICATES NEGATIVE NUMBERS.
R  INDICATES RECORD WAS SET OR TIED.
MM INDICATES DATA IS MISSING.
T  INDICATES TRACE AMOUNT.




$$
