000
CDUS46 KPQR 191143
CLIAST


CLIMATE REPORT
NATIONAL WEATHER SERVICE PORTLAND OREGON
442 AM PDT FRI SEP 19 2014


...................................

...THE ASTORIA OR CLIMATE SUMMARY FOR SEPTEMBER 18 2014...

CLIMATE NORMAL PERIOD 1981 TO 2010
CLIMATE RECORD PERIOD 1892 TO 2014


WEATHER ITEM   OBSERVED TIME   RECORD YEAR NORMAL DEPARTURE LAST
                VALUE   (LST)  VALUE       VALUE  FROM      YEAR
                                                  NORMAL
..................................................................
TEMPERATURE (F)
 YESTERDAY
  MAXIMUM         68    220 PM  82    1991  68      0       67
  MINIMUM         57    655 AM  38    1988  49      8       52
                                      1965
  AVERAGE         63                        58      5       60

PRECIPITATION (IN)
  YESTERDAY        0.00          1.00 1921   0.07  -0.07     0.18
  MONTH TO DATE    0.17                      1.11  -0.94     0.88
  SINCE OCT 1     54.64                     66.23 -11.59    78.85
  SINCE JAN 1     42.48                     39.21   3.27    37.23

DEGREE DAYS
 HEATING
  YESTERDAY        2                         7     -5        5
  MONTH TO DATE   43                       103    -60       46
  SINCE SEP 1     43                       103    -60       46
  SINCE JUL 1    201                       384   -183      293

 COOLING
  YESTERDAY        0                         0      0        0
  MONTH TO DATE   16                         0     16        3
  SINCE SEP 1     16                         0     16        3
  SINCE JAN 1     41                         7     34        9
..................................................................


WIND (MPH)
  HIGHEST WIND SPEED    14   HIGHEST WIND DIRECTION    SW (240)
  HIGHEST GUST SPEED    17   HIGHEST GUST DIRECTION     W (250)
  AVERAGE WIND SPEED     3.8


SKY COVER
  POSSIBLE SUNSHINE  MM
  AVERAGE SKY COVER 1.0


WEATHER CONDITIONS
 THE FOLLOWING WEATHER WAS RECORDED YESTERDAY.
  FOG


RELATIVE HUMIDITY (PERCENT)
 HIGHEST   100          1200 AM
 LOWEST     73           200 PM
 AVERAGE    87

..........................................................


THE ASTORIA OR CLIMATE NORMALS FOR TODAY
                         NORMAL    RECORD    YEAR
 MAXIMUM TEMPERATURE (F)   67        85      1939
 MINIMUM TEMPERATURE (F)   49        36      1983


SUNRISE AND SUNSET
SEPTEMBER 19 2014.....SUNRISE   659 AM PDT   SUNSET   719 PM PDT
SEPTEMBER 20 2014.....SUNRISE   700 AM PDT   SUNSET   717 PM PDT


-  INDICATES NEGATIVE NUMBERS.
R  INDICATES RECORD WAS SET OR TIED.
MM INDICATES DATA IS MISSING.
T  INDICATES TRACE AMOUNT.




$$
