000
CDUS46 KPQR 111144
CLIAST


CLIMATE REPORT
NATIONAL WEATHER SERVICE PORTLAND OREGON
443 AM PDT FRI JUL 11 2014


...................................

...THE ASTORIA OR CLIMATE SUMMARY FOR JULY 10 2014...

CLIMATE NORMAL PERIOD 1981 TO 2010
CLIMATE RECORD PERIOD 1892 TO 2014


WEATHER ITEM   OBSERVED TIME   RECORD YEAR NORMAL DEPARTURE LAST
                VALUE   (LST)  VALUE       VALUE  FROM      YEAR
                                                  NORMAL
..................................................................
TEMPERATURE (F)
 YESTERDAY
  MAXIMUM         68    403 PM  93    1908  67      1       64
  MINIMUM         56   1159 PM  44    1967  53      3       53
  AVERAGE         62                        60      2       59

PRECIPITATION (IN)
  YESTERDAY        0.00          1.01 1913   0.04  -0.04     0.00
  MONTH TO DATE    0.08                      0.44  -0.36      T
  SINCE OCT 1     52.77                     63.37 -10.60    76.59
  SINCE JAN 1     40.61                     36.35   4.26    34.97

DEGREE DAYS
 HEATING
  YESTERDAY        3                         5     -2        6
  MONTH TO DATE   23                        56    -33       30
  SINCE JUN 1    203                       298    -95      211
  SINCE JUL 1     23                        56    -33       30

 COOLING
  YESTERDAY        0                         0      0        0
  MONTH TO DATE    8                         0      8        0
  SINCE JUN 1      8                         0      8        3
  SINCE JAN 1     19                         0     19        4
..................................................................


WIND (MPH)
  HIGHEST WIND SPEED    12   HIGHEST WIND DIRECTION     W (280)
  HIGHEST GUST SPEED    16   HIGHEST GUST DIRECTION    NW (330)
  AVERAGE WIND SPEED     6.1


SKY COVER
  POSSIBLE SUNSHINE  MM
  AVERAGE SKY COVER 0.7


WEATHER CONDITIONS
 THE FOLLOWING WEATHER WAS RECORDED YESTERDAY.
  NO SIGNIFICANT WEATHER WAS OBSERVED.


RELATIVE HUMIDITY (PERCENT)
 HIGHEST    86           100 AM
 LOWEST     63           300 PM
 AVERAGE    75

..........................................................


THE ASTORIA OR CLIMATE NORMALS FOR TODAY
                         NORMAL    RECORD    YEAR
 MAXIMUM TEMPERATURE (F)   67       100      1961
 MINIMUM TEMPERATURE (F)   53        43      2008


SUNRISE AND SUNSET
JULY 11 2014..........SUNRISE   535 AM PDT   SUNSET   906 PM PDT
JULY 12 2014..........SUNRISE   536 AM PDT   SUNSET   906 PM PDT


-  INDICATES NEGATIVE NUMBERS.
R  INDICATES RECORD WAS SET OR TIED.
MM INDICATES DATA IS MISSING.
T  INDICATES TRACE AMOUNT.




$$
