000
CDUS46 KPQR 251145
CLIAST


CLIMATE REPORT
NATIONAL WEATHER SERVICE PORTLAND OREGON
444 AM PDT FRI JUL 25 2014


...................................

...THE ASTORIA OR CLIMATE SUMMARY FOR JULY 24 2014...

CLIMATE NORMAL PERIOD 1981 TO 2010
CLIMATE RECORD PERIOD 1892 TO 2014


WEATHER ITEM   OBSERVED TIME   RECORD YEAR NORMAL DEPARTURE LAST
                VALUE   (LST)  VALUE       VALUE  FROM      YEAR
                                                  NORMAL
..................................................................
TEMPERATURE (F)
 YESTERDAY
  MAXIMUM         65    434 PM  91    1928  68     -3       64
  MINIMUM         53   1159 PM  44    2008  54     -1       54
                                      1973
  AVERAGE         59                        61     -2       59

PRECIPITATION (IN)
  YESTERDAY        0.16          0.54 1947   0.03   0.13     0.00
  MONTH TO DATE    1.08                      0.86   0.22     0.01
  SINCE OCT 1     53.77                     63.79 -10.02    76.60
  SINCE JAN 1     41.61                     36.77   4.84    34.98

DEGREE DAYS
 HEATING
  YESTERDAY        6                         4      2        6
  MONTH TO DATE   80                       120    -40      102
  SINCE JUN 1    260                       362   -102      283
  SINCE JUL 1     80                       120    -40      102

 COOLING
  YESTERDAY        0                         0      0        0
  MONTH TO DATE    8                         0      8        0
  SINCE JUN 1      8                         0      8        3
  SINCE JAN 1     19                         0     19        4
..................................................................


WIND (MPH)
  HIGHEST WIND SPEED    21   HIGHEST WIND DIRECTION     S (190)
  HIGHEST GUST SPEED    30   HIGHEST GUST DIRECTION     S (190)
  AVERAGE WIND SPEED     9.1


SKY COVER
  POSSIBLE SUNSHINE  MM
  AVERAGE SKY COVER 0.9


WEATHER CONDITIONS
 THE FOLLOWING WEATHER WAS RECORDED YESTERDAY.
  RAIN
  LIGHT RAIN
  FOG


RELATIVE HUMIDITY (PERCENT)
 HIGHEST    93          1200 AM
 LOWEST     67           400 PM
 AVERAGE    80

..........................................................


THE ASTORIA OR CLIMATE NORMALS FOR TODAY
                         NORMAL    RECORD    YEAR
 MAXIMUM TEMPERATURE (F)   68        87      1899
 MINIMUM TEMPERATURE (F)   54        43      1930


SUNRISE AND SUNSET
JULY 25 2014..........SUNRISE   550 AM PDT   SUNSET   854 PM PDT
JULY 26 2014..........SUNRISE   551 AM PDT   SUNSET   853 PM PDT


-  INDICATES NEGATIVE NUMBERS.
R  INDICATES RECORD WAS SET OR TIED.
MM INDICATES DATA IS MISSING.
T  INDICATES TRACE AMOUNT.




$$
