999
CDUS42 KFFC 290818
CLIATL


CLIMATE REPORT
NATIONAL WEATHER SERVICE PEACHTREE CITY GA
418 AM EDT SAT APR 29 2017


...................................

...THE ATLANTA CLIMATE SUMMARY FOR APRIL 28 2017...

CLIMATE NORMAL PERIOD 1981 TO 2010
CLIMATE RECORD PERIOD 1878 TO 2017


WEATHER ITEM   OBSERVED TIME   RECORD YEAR NORMAL DEPARTURE LAST
                VALUE   (LST)  VALUE       VALUE  FROM      YEAR
                                                  NORMAL
..................................................................
TEMPERATURE (F)
 YESTERDAY
  MAXIMUM         84    510 PM  87    1989  76      8       86
                                      1981
  MINIMUM         67    205 AM  38    1978  55     12       66
                                      1928
  AVERAGE         76                        65     11       76

PRECIPITATION (IN)
  YESTERDAY        T             1.73 2013   0.11  -0.11     0.00
  MONTH TO DATE    5.75                      3.14   2.61     2.49
  SINCE MAR 1      8.43                      7.95   0.48     4.70
  SINCE JAN 1     18.48                     16.82   1.66    17.23

DEGREE DAYS
 HEATING
  YESTERDAY        0                         3     -3        0
  MONTH TO DATE   47                       139    -92       95
  SINCE MAR 1    310                       481   -171      265
  SINCE JUL 1   1666                      2736  -1070     1980

 COOLING
  YESTERDAY       11                         3      8       11
  MONTH TO DATE  115                        48     67       50
  SINCE MAR 1    160                        60    100       88
  SINCE JAN 1    165                        61    104       88
..................................................................


WIND (MPH)
  RESULTANT WIND SPEED   8   RESULTANT WIND DIRECTION   S (190)
  HIGHEST WIND SPEED    17   HIGHEST WIND DIRECTION     S (200)
  HIGHEST GUST SPEED    22   HIGHEST GUST DIRECTION     S (170)
  AVERAGE WIND SPEED     8.2


SKY COVER
  AVERAGE SKY COVER 0.8


WEATHER CONDITIONS
 THE FOLLOWING WEATHER WAS RECORDED YESTERDAY.
  LIGHT RAIN
  FOG


RELATIVE HUMIDITY (PERCENT)
 HIGHEST   100           200 AM
 LOWEST     51           500 PM
 AVERAGE    76

..........................................................


THE ATLANTA CLIMATE NORMALS FOR TODAY
                         NORMAL    RECORD    YEAR
 MAXIMUM TEMPERATURE (F)   76        88      2016
                                             1894
 MINIMUM TEMPERATURE (F)   55        39      1992


SUNRISE AND SUNSET
APRIL 29 2017.........SUNRISE   651 AM EDT   SUNSET   820 PM EDT
APRIL 30 2017.........SUNRISE   650 AM EDT   SUNSET   820 PM EDT


-  INDICATES NEGATIVE NUMBERS.
R  INDICATES RECORD WAS SET OR TIED.
MM INDICATES DATA IS MISSING.
T  INDICATES TRACE AMOUNT.




$$
