000
CDUS42 KFFC 210025
CLIATL


CLIMATE REPORT
NATIONAL WEATHER SERVICE PEACHTREE CITY GA
725 PM EST FRI JAN 20 2017


...................................

...THE ATLANTA CLIMATE SUMMARY FOR JANUARY 20 2017...
VALID AS OF 0700 PM LOCAL TIME.

CLIMATE NORMAL PERIOD 1981 TO 2010
CLIMATE RECORD PERIOD 1878 TO 2017


WEATHER ITEM   OBSERVED TIME   RECORD YEAR NORMAL DEPARTURE LAST
                VALUE   (LST)  VALUE       VALUE  FROM      YEAR
                                                  NORMAL
..................................................................
TEMPERATURE (F)
 TODAY
  MAXIMUM         74R   354 PM  74    1927  52     22       45
  MINIMUM         60   1204 AM  -6    1985  34     26       30
  AVERAGE         67                        43     24       38

PRECIPITATION (IN)
  TODAY            0.07          2.61 1883   0.14  -0.07     0.06
  MONTH TO DATE    3.92                      2.55   1.37     2.28
  SINCE DEC 1      6.92                      6.45   0.47    14.79
  SINCE JAN 1      3.92                      2.55   1.37     2.28

SNOWFALL (IN)
  TODAY            0.0           0.0  2002   0.0    0.0      0.0
  MONTH TO DATE    0.0                       0.9   -0.9       T
  SINCE DEC 1      0.0                       1.3   -1.3       T
  SINCE JUL 1      0.0                       1.3   -1.3       T
  SNOW DEPTH       0

DEGREE DAYS
 HEATING
  TODAY            0                        22    -22       27
  MONTH TO DATE  244                       440   -196      470
  SINCE DEC 1    735                      1053   -318      717
  SINCE JUL 1    957                      1521   -564     1021

 COOLING
  TODAY            2                         0      2        0
  MONTH TO DATE    2                         0      2        0
  SINCE DEC 1      2                         1      1       22
  SINCE JAN 1      2                         0      2        0
..................................................................


WIND (MPH)
  RESULTANT WIND SPEED  10   RESULTANT WIND DIRECTION  SW (230)
  HIGHEST WIND SPEED    20   HIGHEST WIND DIRECTION    SW (240)
  HIGHEST GUST SPEED    27   HIGHEST GUST DIRECTION     W (250)
  AVERAGE WIND SPEED    10.6


SKY COVER
  AVERAGE SKY COVER 0.6


WEATHER CONDITIONS
 THE FOLLOWING WEATHER WAS RECORDED TODAY.
  HEAVY RAIN
  RAIN
  LIGHT RAIN
  FOG


RELATIVE HUMIDITY (PERCENT)
 HIGHEST   100           100 AM
 LOWEST     49           300 PM

..........................................................


THE ATLANTA CLIMATE NORMALS FOR TOMORROW
                         NORMAL    RECORD    YEAR
 MAXIMUM TEMPERATURE (F)   53        76      1927
 MINIMUM TEMPERATURE (F)   34        -8      1985


SUNRISE AND SUNSET
JANUARY 20 2017.......SUNRISE   741 AM EST   SUNSET   557 PM EST
JANUARY 21 2017.......SUNRISE   740 AM EST   SUNSET   558 PM EST


-  INDICATES NEGATIVE NUMBERS.
R  INDICATES RECORD WAS SET OR TIED.
MM INDICATES DATA IS MISSING.
T  INDICATES TRACE AMOUNT.




$$
