000
CDUS42 KFFC 220023
CLIATL


CLIMATE REPORT
NATIONAL WEATHER SERVICE PEACHTREE CITY GA
823 PM EDT SAT OCT 21 2017


...................................

...THE ATLANTA CLIMATE SUMMARY FOR OCTOBER 21 2017...
VALID AS OF 0800 PM LOCAL TIME.

CLIMATE NORMAL PERIOD 1981 TO 2010
CLIMATE RECORD PERIOD 1878 TO 2017


WEATHER ITEM   OBSERVED TIME   RECORD YEAR NORMAL DEPARTURE LAST
                VALUE   (LST)  VALUE       VALUE  FROM      YEAR
                                                  NORMAL
..................................................................
TEMPERATURE (F)
 TODAY
  MAXIMUM         77    335 PM  85    1963  71      6       72
                                      1939
  MINIMUM         54    658 AM  30    1913  52      2       52
  AVERAGE         66                        62      4       62

PRECIPITATION (IN)
  TODAY            0.00          1.43 1956   0.10  -0.10     0.00
  MONTH TO DATE    1.98                      2.42  -0.44     0.16
  SINCE SEP 1      6.23                      6.89  -0.66     3.59
  SINCE JAN 1     45.17                     40.72   4.45    32.71

SNOWFALL (IN)
  TODAY            0.0           0.0  2002   0.0    0.0      0.0
                                      2001
  MONTH TO DATE    0.0                       0.0    0.0      0.0
  SINCE SEP 1      0.0                       0.0    0.0      0.0
  SINCE JUL 1      0.0                       0.0    0.0      0.0
  SNOW DEPTH       0

DEGREE DAYS
 HEATING
  TODAY            0                         5     -5        3
  MONTH TO DATE   12                        58    -46        6
  SINCE SEP 1     19                        69    -50        7
  SINCE JUL 1     19                        69    -50        7

 COOLING
  TODAY            1                         1      0        0
  MONTH TO DATE  130                        57     73      126
  SINCE SEP 1    409                       323     86      547
  SINCE JAN 1   2133                      1862    271     2497
..................................................................


WIND (MPH)
  RESULTANT WIND SPEED   5   RESULTANT WIND DIRECTION   E (100)
  HIGHEST WIND SPEED    14   HIGHEST WIND DIRECTION     E (110)
  HIGHEST GUST SPEED    18   HIGHEST GUST DIRECTION    SE (120)
  AVERAGE WIND SPEED     6.1


SKY COVER
  AVERAGE SKY COVER 0.8


WEATHER CONDITIONS
 THE FOLLOWING WEATHER WAS RECORDED TODAY.
  NO SIGNIFICANT WEATHER WAS OBSERVED.


RELATIVE HUMIDITY (PERCENT)
 HIGHEST    77           500 AM
 LOWEST     43           100 PM

..........................................................


THE ATLANTA CLIMATE NORMALS FOR TOMORROW
                         NORMAL    RECORD    YEAR
 MAXIMUM TEMPERATURE (F)   71        88      1941
 MINIMUM TEMPERATURE (F)   52        33      1976


SUNRISE AND SUNSET
OCTOBER 21 2017.......SUNRISE   748 AM EDT   SUNSET   657 PM EDT
OCTOBER 22 2017.......SUNRISE   748 AM EDT   SUNSET   655 PM EDT


-  INDICATES NEGATIVE NUMBERS.
R  INDICATES RECORD WAS SET OR TIED.
MM INDICATES DATA IS MISSING.
T  INDICATES TRACE AMOUNT.




$$
