620
CDUS42 KFFC 252230
CLIATL


CLIMATE REPORT
NATIONAL WEATHER SERVICE PEACHTREE CITY GA
530 PM EST SAT FEB 25 2017


...................................

...THE ATLANTA CLIMATE SUMMARY FOR FEBRUARY 25 2017...
VALID TODAY AS OF 0500 PM LOCAL TIME.

CLIMATE NORMAL PERIOD 1981 TO 2010
CLIMATE RECORD PERIOD 1878 TO 2017


WEATHER ITEM   OBSERVED TIME   RECORD YEAR NORMAL DEPARTURE LAST
                VALUE   (LST)  VALUE       VALUE  FROM      YEAR
                                                  NORMAL
..................................................................
TEMPERATURE (F)
 TODAY
  MAXIMUM         67   1230 AM  78    1996  59      8       53
  MINIMUM         57    855 AM   9    1967  40     17       38
  AVERAGE         62                        50     12       46

PRECIPITATION (IN)
  TODAY            T             2.08 1934   0.16  -0.16      T
  MONTH TO DATE    1.81                      4.19  -2.38     7.39
  SINCE DEC 1     12.99                     12.29   0.70    25.04
  SINCE JAN 1      9.99                      8.39   1.60    12.53

SNOWFALL (IN)
  TODAY            0.0           T    2015   0.1   -0.1      0.0
  MONTH TO DATE    0.0                       0.4   -0.4       T
  SINCE DEC 1      T                         2.1   -2.1      0.3
  SINCE JUL 1      T                         2.1   -2.1      0.3
  SNOW DEPTH       0

DEGREE DAYS
 HEATING
  TODAY            3                        16    -13       19
  MONTH TO DATE  206                       455   -249      419
  SINCE DEC 1   1095                      1741   -646     1357
  SINCE JUL 1   1317                      2209   -892     1661

 COOLING
  TODAY            0                         0      0        0
  MONTH TO DATE    3                         0      3        0
  SINCE DEC 1      5                         1      4       22
  SINCE JAN 1      5                         0      5        0
..................................................................


WIND (MPH)
  HIGHEST WIND SPEED    29   HIGHEST WIND DIRECTION    NW (310)
  HIGHEST GUST SPEED    37   HIGHEST GUST DIRECTION    NW (310)
  AVERAGE WIND SPEED    14.7


SKY COVER
  POSSIBLE SUNSHINE  MM
  AVERAGE SKY COVER 0.4


WEATHER CONDITIONS
 THE FOLLOWING WEATHER WAS RECORDED TODAY.
  LIGHT RAIN


RELATIVE HUMIDITY (PERCENT)
 HIGHEST    90           600 AM
 LOWEST     17           400 PM
 AVERAGE    54

..........................................................


THE ATLANTA CLIMATE NORMALS FOR TOMORROW
                         NORMAL    RECORD    YEAR
 MAXIMUM TEMPERATURE (F)   59        80      1996
 MINIMUM TEMPERATURE (F)   40        14      1967


SUNRISE AND SUNSET
FEBRUARY 25 2017......SUNRISE   711 AM EST   SUNSET   631 PM EST
FEBRUARY 26 2017......SUNRISE   709 AM EST   SUNSET   632 PM EST


-  INDICATES NEGATIVE NUMBERS.
R  INDICATES RECORD WAS SET OR TIED.
MM INDICATES DATA IS MISSING.
T  INDICATES TRACE AMOUNT.




$$
