000
CDUS42 KFFC 130922
CLIATL


CLIMATE REPORT
NATIONAL WEATHER SERVICE PEACHTREE CITY GA
419 AM EST WED DEC 13 2017


...................................

...THE ATLANTA CLIMATE SUMMARY FOR DECEMBER 12 2017...

CLIMATE NORMAL PERIOD 1981 TO 2010
CLIMATE RECORD PERIOD 1878 TO 2017


WEATHER ITEM   OBSERVED TIME   RECORD YEAR NORMAL DEPARTURE LAST
                VALUE   (LST)  VALUE       VALUE  FROM      YEAR
                                                  NORMAL
..................................................................
TEMPERATURE (F)
 YESTERDAY
  MAXIMUM         51   1238 PM  77    1971  55     -4       64
  MINIMUM         36   1159 PM   5    1962  37     -1       40
  AVERAGE         44                        46     -2       52

PRECIPITATION (IN)
  YESTERDAY        0.00          2.72 1961   0.13  -0.13      T
  MONTH TO DATE    1.67                      1.61   0.06     2.00
  SINCE DEC 1      1.67                      1.61   0.06     2.00
  SINCE JAN 1     49.77                     47.42   2.35    37.69

SNOWFALL (IN)
  YESTERDAY        0.0           0.1  2010   0.0    0.0      0.0
  MONTH TO DATE    2.3                       0.1    2.2      0.0
  SINCE DEC 1      2.3                       0.1    2.2      0.0
  SINCE JUL 1      2.3                       0.1    2.2      0.0
  SNOW DEPTH       0

DEGREE DAYS
 HEATING
  YESTERDAY       21                        19      2       13
  MONTH TO DATE  189                       214    -25      215
  SINCE DEC 1    189                       214    -25      215
  SINCE JUL 1    586                       682    -96      437

 COOLING
  YESTERDAY        0                         0      0        0
  MONTH TO DATE    0                         0      0        0
  SINCE DEC 1      0                         0      0        0
  SINCE JAN 1   2165                      1882    283     2561
..................................................................


WIND (MPH)
  RESULTANT WIND SPEED  12   RESULTANT WIND DIRECTION  NW (300)
  HIGHEST WIND SPEED    28   HIGHEST WIND DIRECTION    NW (330)
  HIGHEST GUST SPEED    36   HIGHEST GUST DIRECTION    NW (330)
  AVERAGE WIND SPEED    13.6


SKY COVER
  AVERAGE SKY COVER 0.3


WEATHER CONDITIONS
 THE FOLLOWING WEATHER WAS RECORDED YESTERDAY.
  NO SIGNIFICANT WEATHER WAS OBSERVED.


RELATIVE HUMIDITY (PERCENT)
 HIGHEST    82           600 AM
 LOWEST     44          1000 PM
 AVERAGE    63

..........................................................


THE ATLANTA CLIMATE NORMALS FOR TODAY
                         NORMAL    RECORD    YEAR
 MAXIMUM TEMPERATURE (F)   54        73      1991
 MINIMUM TEMPERATURE (F)   37         1      1962


SUNRISE AND SUNSET
DECEMBER 13 2017......SUNRISE   734 AM EST   SUNSET   530 PM EST
DECEMBER 14 2017......SUNRISE   734 AM EST   SUNSET   531 PM EST


-  INDICATES NEGATIVE NUMBERS.
R  INDICATES RECORD WAS SET OR TIED.
MM INDICATES DATA IS MISSING.
T  INDICATES TRACE AMOUNT.




$$
