000
CDUS42 KFFC 270820
CLIATL


CLIMATE REPORT
NATIONAL WEATHER SERVICE PEACHTREE CITY GA
420 AM EDT TUE SEP 27 2016


...................................

...THE ATLANTA CLIMATE SUMMARY FOR SEPTEMBER 26 2016...

CLIMATE NORMAL PERIOD 1981 TO 2010
CLIMATE RECORD PERIOD 1878 TO 2016


WEATHER ITEM   OBSERVED TIME   RECORD YEAR NORMAL DEPARTURE LAST
                VALUE   (LST)  VALUE       VALUE  FROM      YEAR
                                                  NORMAL
..................................................................
TEMPERATURE (F)
 YESTERDAY
  MAXIMUM         89    249 PM  90    1986  79     10       71
                                      1911
  MINIMUM         71    705 AM  43    2001  61     10       66
  AVERAGE         80                        70     10       69

PRECIPITATION (IN)
  YESTERDAY        0.00          2.42 1962   0.16  -0.16     0.73
  MONTH TO DATE    3.37                      3.84  -0.47     3.16
  SINCE SEP 1      3.37                      3.84  -0.47     3.16
  SINCE JAN 1     32.49                     37.67  -5.18    44.57

DEGREE DAYS
 HEATING
  YESTERDAY        0                         1     -1        0
  MONTH TO DATE    0                         6     -6        1
  SINCE SEP 1      0                         6     -6        1
  SINCE JUL 1      0                         6     -6        1

 COOLING
  YESTERDAY       15                         6      9        4
  MONTH TO DATE  390                       245    145      236
  SINCE SEP 1    390                       245    145      236
  SINCE JAN 1   2340                      1784    556     2028
..................................................................


WIND (MPH)
  RESULTANT WIND SPEED   4   RESULTANT WIND DIRECTION  SE (140)
  HIGHEST WIND SPEED    13   HIGHEST WIND DIRECTION    SE (130)
  HIGHEST GUST SPEED    17   HIGHEST GUST DIRECTION    SE (130)
  AVERAGE WIND SPEED     5.7


SKY COVER
  AVERAGE SKY COVER 0.5


WEATHER CONDITIONS
 THE FOLLOWING WEATHER WAS RECORDED YESTERDAY.
  NO SIGNIFICANT WEATHER WAS OBSERVED.


RELATIVE HUMIDITY (PERCENT)
 HIGHEST    84           400 AM
 LOWEST     40           300 PM
 AVERAGE    62

..........................................................


THE ATLANTA CLIMATE NORMALS FOR TODAY
                         NORMAL    RECORD    YEAR
 MAXIMUM TEMPERATURE (F)   79        93      1954
 MINIMUM TEMPERATURE (F)   61        44      1940
                                             1879


SUNRISE AND SUNSET
SEPTEMBER 27 2016.....SUNRISE   730 AM EDT   SUNSET   727 PM EDT
SEPTEMBER 28 2016.....SUNRISE   730 AM EDT   SUNSET   725 PM EDT


-  INDICATES NEGATIVE NUMBERS.
R  INDICATES RECORD WAS SET OR TIED.
MM INDICATES DATA IS MISSING.
T  INDICATES TRACE AMOUNT.




$$
