000
CDUS42 KFFC 280816
CLIATL


CLIMATE REPORT
NATIONAL WEATHER SERVICE PEACHTREE CITY GA
416 AM EDT SAT MAR 28 2015


...................................

...THE ATLANTA CLIMATE SUMMARY FOR MARCH 27 2015...

CLIMATE NORMAL PERIOD 1981 TO 2010
CLIMATE RECORD PERIOD 1878 TO 2015


WEATHER ITEM   OBSERVED TIME   RECORD YEAR NORMAL DEPARTURE LAST
                VALUE   (LST)  VALUE       VALUE  FROM      YEAR
                                                  NORMAL
..................................................................
TEMPERATURE (F)
 YESTERDAY
  MAXIMUM         64   1209 AM  86    1994  68     -4       66
  MINIMUM         43   1159 PM  16    1955  47     -4       38
  AVERAGE         54                        57     -3       52

PRECIPITATION (IN)
  YESTERDAY        0.03          2.87 2005   0.15  -0.12     0.00
  MONTH TO DATE    2.46                      4.24  -1.78     2.56
  SINCE MAR 1      2.46                      4.24  -1.78     2.56
  SINCE JAN 1     10.97                     13.11  -2.14     9.72

SNOWFALL (IN)
  YESTERDAY        0.0           0.0  2002   0.0    0.0      0.0
                                      2001
                                      2000
  MONTH TO DATE    0.0                       0.7   -0.7      0.0
  SINCE MAR 1      0.0                       0.7   -0.7      0.0
  SINCE JUL 1      T                         2.8   -2.8      5.0
  SNOW DEPTH       0

DEGREE DAYS
 HEATING
  YESTERDAY       11                         8      3       13
  MONTH TO DATE  192                       310   -118      350
  SINCE MAR 1    192                       310   -118      350
  SINCE JUL 1   2550                      2565    -15     2753

 COOLING
  YESTERDAY        0                         1     -1        0
  MONTH TO DATE   15                         3     12        0
  SINCE MAR 1     15                         3     12        0
  SINCE JAN 1     15                         4     11        2
..................................................................


WIND (MPH)
  RESULTANT WIND SPEED  16   RESULTANT WIND DIRECTION  NW (310)
  HIGHEST WIND SPEED    24   HIGHEST WIND DIRECTION    NW (300)
  HIGHEST GUST SPEED    32   HIGHEST GUST DIRECTION    NW (320)
  AVERAGE WIND SPEED    15.8


SKY COVER
  AVERAGE SKY COVER 0.8


WEATHER CONDITIONS
 THE FOLLOWING WEATHER WAS RECORDED YESTERDAY.
  LIGHT RAIN


RELATIVE HUMIDITY (PERCENT)
 HIGHEST    86           600 AM
 LOWEST     30           400 PM
 AVERAGE    58

..........................................................


THE ATLANTA CLIMATE NORMALS FOR TODAY
                         NORMAL    RECORD    YEAR
 MAXIMUM TEMPERATURE (F)   68        85      1907
 MINIMUM TEMPERATURE (F)   47        28      1913


SUNRISE AND SUNSET
MARCH 28 2015.........SUNRISE   731 AM EDT   SUNSET   755 PM EDT
MARCH 29 2015.........SUNRISE   730 AM EDT   SUNSET   756 PM EDT


-  INDICATES NEGATIVE NUMBERS.
R  INDICATES RECORD WAS SET OR TIED.
MM INDICATES DATA IS MISSING.
T  INDICATES TRACE AMOUNT.




$$
