000
CDUS44 KEWX 260714
CLIATT


CLIMATE REPORT
NATIONAL WEATHER SERVICE AUSTIN/SAN ANTONIO, TX
114 AM CST SUN FEB 26 2017


...................................

...THE AUSTIN CAMP MABRY CLIMATE SUMMARY FOR FEBRUARY 25 2017...

CLIMATE NORMAL PERIOD 1981 TO 2010
CLIMATE RECORD PERIOD 1897 TO 2017


WEATHER ITEM   OBSERVED TIME   RECORD YEAR NORMAL DEPARTURE LAST
                VALUE   (LST)  VALUE       VALUE  FROM      YEAR
                                                  NORMAL
..................................................................
TEMPERATURE (F)
 YESTERDAY
  MAXIMUM         63    356 PM  92    2008  67     -4       69
  MINIMUM         44   1159 PM  22    1960  47     -3       38
  AVERAGE         54                        57     -3

PRECIPITATION (IN)
  YESTERDAY        0.00          1.93 1949   0.07  -0.07     0.00
  MONTH TO DATE    2.09                      1.79   0.30     1.34
  SINCE DEC 1      8.76                      6.41   2.35     4.68
  SINCE JAN 1      6.22                      4.01   2.21     1.68

SNOWFALL (IN)
  YESTERDAY        0.0
  MONTH TO DATE    0.0
  SINCE DEC 1      0.0
  SINCE JUL 1      0.0
  SNOW DEPTH       0

DEGREE DAYS
 HEATING
  YESTERDAY       11                         9      2       11
  MONTH TO DATE   96                       273   -177      153
  SINCE DEC 1    710                      1101   -391      818
  SINCE JUL 1    770                      1313   -543      978

 COOLING
  YESTERDAY        0                         1     -1        0
  MONTH TO DATE   76                        20     56       24
  SINCE DEC 1    138                        42     96       52
  SINCE JAN 1     98                        29     69       32
..................................................................


WIND (MPH)
  HIGHEST WIND SPEED    13   HIGHEST WIND DIRECTION     N (20)
  HIGHEST GUST SPEED    22   HIGHEST GUST DIRECTION     N (20)
  AVERAGE WIND SPEED     5.6


SKY COVER
  AVERAGE SKY COVER 0.0


WEATHER CONDITIONS
 THE FOLLOWING WEATHER WAS RECORDED YESTERDAY.
  NO SIGNIFICANT WEATHER WAS OBSERVED.


RELATIVE HUMIDITY (PERCENT)
 HIGHEST    58           700 AM
 LOWEST     25           200 PM
 AVERAGE    42

..........................................................


THE AUSTIN CAMP MABRY CLIMATE NORMALS FOR TODAY
                         NORMAL    RECORD    YEAR
 MAXIMUM TEMPERATURE (F)   68        93      1954
 MINIMUM TEMPERATURE (F)   47        25      1960
                                             1901


SUNRISE AND SUNSET
FEBRUARY 26 2017......SUNRISE   700 AM CST   SUNSET   628 PM CST
FEBRUARY 27 2017......SUNRISE   659 AM CST   SUNSET   628 PM CST


-  INDICATES NEGATIVE NUMBERS.
R  INDICATES RECORD WAS SET OR TIED.
MM INDICATES DATA IS MISSING.
T  INDICATES TRACE AMOUNT.




$$
