000
CDUS44 KEWX 292251
CLIATT


CLIMATE REPORT
NATIONAL WEATHER SERVICE AUSTIN/SAN ANTONIO, TX
550 PM CDT MON JUN 29 2015


...................................

...THE AUSTIN CAMP MABRY CLIMATE SUMMARY FOR JUNE 29 2015...
VALID TODAY AS OF 550 PM LOCAL TIME.

CLIMATE NORMAL PERIOD 1981 TO 2010
CLIMATE RECORD PERIOD 1897 TO 2015


WEATHER ITEM   OBSERVED TIME   RECORD YEAR NORMAL DEPARTURE LAST
                VALUE   (LST)  VALUE       VALUE  FROM      YEAR
                                                  NORMAL
..................................................................
TEMPERATURE (F)
 TODAY
  MAXIMUM         93    346 PM 108    2013  94     -1       95
  MINIMUM         74    453 AM  64    1985  74      0       77
                                      1926
  AVERAGE         84                        84      0       86

PRECIPITATION (IN)
  TODAY            0.00          3.02 1940   0.10  -0.10     0.00
  MONTH TO DATE    8.14                      4.24   3.90     3.08
  SINCE JUN 1      8.14                      4.24   3.90     3.08
  SINCE JAN 1     38.39                     17.77  20.62    14.16

SNOWFALL (IN)
  TODAY            0.0
  MONTH TO DATE    0.0
  SINCE JUN 1      0.0
  SINCE JUL 1      T
  SNOW DEPTH       0

DEGREE DAYS
 HEATING
  TODAY            0                         0      0        0
  MONTH TO DATE    0                         0      0        0
  SINCE JUN 1      0                         0      0        0
  SINCE JUL 1   1698                      1539    159     1776

 COOLING
  TODAY           19                        19      0       21
  MONTH TO DATE  471                       497    -26      497
  SINCE JUN 1    471                       497    -26      497
  SINCE JAN 1   1072                      1110    -38     1071
..................................................................


WIND (MPH)
  HIGHEST WIND SPEED     9   HIGHEST WIND DIRECTION     S (190)
  HIGHEST GUST SPEED    18   HIGHEST GUST DIRECTION     S (190)
  AVERAGE WIND SPEED     3.7


SKY COVER
  AVERAGE SKY COVER 0.2


WEATHER CONDITIONS
 THE FOLLOWING WEATHER WAS RECORDED TODAY.
  FOG


RELATIVE HUMIDITY (PERCENT)
 HIGHEST   100           500 AM
 LOWEST     49           300 PM
 AVERAGE    75

..........................................................


THE AUSTIN CAMP MABRY CLIMATE NORMALS FOR TOMORROW
                         NORMAL    RECORD    YEAR
 MAXIMUM TEMPERATURE (F)   94       101      1980
 MINIMUM TEMPERATURE (F)   74        64      1926


SUNRISE AND SUNSET
JUNE 29 2015..........SUNRISE   632 AM CDT   SUNSET   837 PM CDT
JUNE 30 2015..........SUNRISE   632 AM CDT   SUNSET   837 PM CDT


-  INDICATES NEGATIVE NUMBERS.
R  INDICATES RECORD WAS SET OR TIED.
MM INDICATES DATA IS MISSING.
T  INDICATES TRACE AMOUNT.




$$
