000
CDUS44 KEWX 232246
CLIATT


CLIMATE REPORT
NATIONAL WEATHER SERVICE AUSTIN/SAN ANTONIO, TX
545 PM CDT SAT JUL 23 2016


...................................

...THE AUSTIN CAMP MABRY CLIMATE SUMMARY FOR JULY 23 2016...
VALID TODAY AS OF 545 PM LOCAL TIME.

CLIMATE NORMAL PERIOD 1981 TO 2010
CLIMATE RECORD PERIOD 1897 TO 2016


WEATHER ITEM   OBSERVED TIME   RECORD YEAR NORMAL DEPARTURE LAST
                VALUE   (LST)  VALUE       VALUE  FROM      YEAR
                                                  NORMAL
..................................................................
TEMPERATURE (F)
 TODAY
  MAXIMUM        101    349 PM 104    2011  97      4       99
  MINIMUM         78    515 AM  64    1970  75      3       77
  AVERAGE         90                        86      4       88

PRECIPITATION (IN)
  TODAY            0.00          1.44 2000   0.04  -0.04     0.00
  MONTH TO DATE    0.04                      1.44  -1.40      T
  SINCE JUN 1      2.65                      5.77  -3.12     8.89
  SINCE JAN 1     22.11                     19.30   2.81    39.14

SNOWFALL (IN)
  TODAY            0.0
  MONTH TO DATE    0.0
  SINCE JUN 1      0.0
  SINCE JUL 1      0.0
  SNOW DEPTH       0

DEGREE DAYS
 HEATING
  TODAY            0                         0      0        0
  MONTH TO DATE    0                         0      0        0
  SINCE JUN 1      0                         0      0        0
  SINCE JUL 1      0                         0      0        0

 COOLING
  TODAY           25                        21      4       23
  MONTH TO DATE  549                       452     97      459
  SINCE JUN 1   1098                       968    130      949
  SINCE JAN 1   1713                      1581    132     1550
..................................................................


WIND (MPH)
  HIGHEST WIND SPEED    12   HIGHEST WIND DIRECTION    SE (150)
  HIGHEST GUST SPEED    18   HIGHEST GUST DIRECTION     E (110)
  AVERAGE WIND SPEED     5.0


SKY COVER
  AVERAGE SKY COVER 0.2


WEATHER CONDITIONS
 THE FOLLOWING WEATHER WAS RECORDED TODAY.
  NO SIGNIFICANT WEATHER WAS OBSERVED.


RELATIVE HUMIDITY (PERCENT)
 HIGHEST    85           400 AM
 LOWEST     35           300 PM
 AVERAGE    60

..........................................................


THE AUSTIN CAMP MABRY CLIMATE NORMALS FOR TOMORROW
                         NORMAL    RECORD    YEAR
 MAXIMUM TEMPERATURE (F)   97       105      2011
                                             1934
 MINIMUM TEMPERATURE (F)   75        66      1942
                                             1923


SUNRISE AND SUNSET
JULY 23 2016..........SUNRISE   644 AM CDT   SUNSET   830 PM CDT
JULY 24 2016..........SUNRISE   645 AM CDT   SUNSET   829 PM CDT


-  INDICATES NEGATIVE NUMBERS.
R  INDICATES RECORD WAS SET OR TIED.
MM INDICATES DATA IS MISSING.
T  INDICATES TRACE AMOUNT.




$$
