000
CDUS44 KEWX 172234
CLIATT


CLIMATE REPORT
NATIONAL WEATHER SERVICE AUSTIN/SAN ANTONIO, TX
534 PM CDT TUE OCT 17 2017


...................................

...THE AUSTIN CAMP MABRY CLIMATE SUMMARY FOR OCTOBER 17 2017...
VALID TODAY AS OF 0500 PM LOCAL TIME.

CLIMATE NORMAL PERIOD 1981 TO 2010
CLIMATE RECORD PERIOD 1897 TO 2017


WEATHER ITEM   OBSERVED TIME   RECORD YEAR NORMAL DEPARTURE LAST
                VALUE   (LST)  VALUE       VALUE  FROM      YEAR
                                                  NORMAL
..................................................................
TEMPERATURE (F)
 TODAY
  MAXIMUM         79    359 PM  95    1993  82     -3       94
  MINIMUM         50    700 AM  40    1898  60    -10       74
  AVERAGE         65                        71     -6       84

PRECIPITATION (IN)
  TODAY            0.00          6.24 1998   0.14  -0.14     0.00
  MONTH TO DATE    0.65                      2.08  -1.43     0.17
  SINCE SEP 1      2.68                      5.07  -2.39     2.26
  SINCE JAN 1     29.18                     27.16   2.02    33.20

SNOWFALL (IN)
  TODAY            0.0
  MONTH TO DATE    0.0
  SINCE SEP 1      0.0
  SINCE JUL 1      0.0
  SNOW DEPTH       0

DEGREE DAYS
 HEATING
  TODAY            0                         1     -1        0
  MONTH TO DATE    0                         6     -6        0
  SINCE SEP 1      0                         8     -8        0
  SINCE JUL 1      0                         8     -8        0

 COOLING
  TODAY            0                         7     -7       19
  MONTH TO DATE  190                       147     43      203
  SINCE SEP 1    643                       597     46      734
  SINCE JAN 1   3469                      2991    478     3228
..................................................................


WIND (MPH)
  HIGHEST WIND SPEED     8   HIGHEST WIND DIRECTION    SE (120)
  HIGHEST GUST SPEED    14   HIGHEST GUST DIRECTION    SE (120)
  AVERAGE WIND SPEED     1.6


SKY COVER
  AVERAGE SKY COVER 0.0


WEATHER CONDITIONS
 THE FOLLOWING WEATHER WAS RECORDED TODAY.
  NO SIGNIFICANT WEATHER WAS OBSERVED.


RELATIVE HUMIDITY (PERCENT)
 HIGHEST    80           600 AM
 LOWEST     28           300 PM
 AVERAGE    54

..........................................................


THE AUSTIN CAMP MABRY CLIMATE NORMALS FOR TOMORROW
                         NORMAL    RECORD    YEAR
 MAXIMUM TEMPERATURE (F)   81        94      1947
 MINIMUM TEMPERATURE (F)   60        39      1903


SUNRISE AND SUNSET
OCTOBER 17 2017.......SUNRISE   734 AM CDT   SUNSET   657 PM CDT
OCTOBER 18 2017.......SUNRISE   735 AM CDT   SUNSET   656 PM CDT


-  INDICATES NEGATIVE NUMBERS.
R  INDICATES RECORD WAS SET OR TIED.
MM INDICATES DATA IS MISSING.
T  INDICATES TRACE AMOUNT.




$$
