000
CDUS44 KEWX 162223
CLIATT


CLIMATE REPORT
NATIONAL WEATHER SERVICE AUSTIN/SAN ANTONIO, TX
523 PM CDT WED APR 16 2014


...................................

...THE AUSTIN CAMP MABRY CLIMATE SUMMARY FOR APRIL 16 2014...
VALID TODAY AS OF 0523 PM LOCAL TIME.

CLIMATE NORMAL PERIOD 1981 TO 2010
CLIMATE RECORD PERIOD 1898 TO 2014


WEATHER ITEM   OBSERVED TIME   RECORD YEAR NORMAL DEPARTURE LAST
                VALUE   (LST)  VALUE       VALUE  FROM      YEAR
                                                  NORMAL
..................................................................
TEMPERATURE (F)
 TODAY
  MAXIMUM         73    337 PM  95    2006  80     -7       85
                                      1920
  MINIMUM         40    538 AM  36    1926  59    -19       70
  AVERAGE         57                        69    -12       78

PRECIPITATION (IN)
  TODAY            0.00          2.29 1950   0.07  -0.07      T
  MONTH TO DATE    1.81                      0.99   0.82     2.82
  SINCE MAR 1      3.08                      3.75  -0.67     3.99
  SINCE JAN 1      3.91                      7.99  -4.08     7.25

SNOWFALL (IN)
  TODAY            0.0
  MONTH TO DATE    0.0
  SINCE MAR 1      T
  SINCE JUL 1      0.2
  SNOW DEPTH       0

DEGREE DAYS
 HEATING
  TODAY            8                         1      7        0
  MONTH TO DATE   46                        30     16       47
  SINCE MAR 1    272                       192     80      186
  SINCE JUL 1   1768                      1529    239     1207

 COOLING
  TODAY            0                         5     -5       13
  MONTH TO DATE   67                        70     -3       77
  SINCE MAR 1    110                       131    -21      155
  SINCE JAN 1    151                       158     -7      204
..................................................................


WIND (MPH)
  HIGHEST WIND SPEED    16   HIGHEST WIND DIRECTION    SE (150)
  HIGHEST GUST SPEED    26   HIGHEST GUST DIRECTION    SE (140)
  AVERAGE WIND SPEED     4.8


SKY COVER
  AVERAGE SKY COVER 0.0


WEATHER CONDITIONS
 THE FOLLOWING WEATHER WAS RECORDED TODAY.
  NO SIGNIFICANT WEATHER WAS OBSERVED.


RELATIVE HUMIDITY (PERCENT)
 HIGHEST    76           700 AM
 LOWEST     35           200 PM
 AVERAGE    56

..........................................................


THE AUSTIN CAMP MABRY CLIMATE NORMALS FOR TOMORROW
                         NORMAL    RECORD    YEAR
 MAXIMUM TEMPERATURE (F)   80        99      2006
 MINIMUM TEMPERATURE (F)   59        37      1926


SUNRISE AND SUNSET
APRIL 16 2014.........SUNRISE   703 AM CDT   SUNSET   759 PM CDT
APRIL 17 2014.........SUNRISE   701 AM CDT   SUNSET   800 PM CDT


-  INDICATES NEGATIVE NUMBERS.
R  INDICATES RECORD WAS SET OR TIED.
MM INDICATES DATA IS MISSING.
T  INDICATES TRACE AMOUNT.




$$
