000
CDUS44 KEWX 272254
CLIATT


CLIMATE REPORT
NATIONAL WEATHER SERVICE AUSTIN/SAN ANTONIO, TX
553 PM CDT TUE SEP 27 2016


...................................

...THE AUSTIN CAMP MABRY CLIMATE SUMMARY FOR SEPTEMBER 27 2016...
VALID TODAY AS OF 553 PM LOCAL TIME.

CLIMATE NORMAL PERIOD 1981 TO 2010
CLIMATE RECORD PERIOD 1897 TO 2016


WEATHER ITEM   OBSERVED TIME   RECORD YEAR NORMAL DEPARTURE LAST
                VALUE   (LST)  VALUE       VALUE  FROM      YEAR
                                                  NORMAL
..................................................................
TEMPERATURE (F)
 TODAY
  MAXIMUM         80    359 PM 103    2005  87     -7       95
                                      1953
  MINIMUM         67    226 AM  41    1942  66      1       67
  AVERAGE         74                        77     -3       81

PRECIPITATION (IN)
  TODAY            0.00          2.54 1964   0.09  -0.09     0.00
  MONTH TO DATE    2.09                      2.71  -0.62     1.89
  SINCE SEP 1      2.09                      2.71  -0.62     1.89
  SINCE JAN 1     33.03                     24.80   8.23    41.38

SNOWFALL (IN)
  TODAY            0.0
  MONTH TO DATE    0.0
  SINCE SEP 1      0.0
  SINCE JUL 1      0.0
  SNOW DEPTH       0

DEGREE DAYS
 HEATING
  TODAY            0                         0      0        0
  MONTH TO DATE    0                         0      0        0
  SINCE SEP 1      0                         0      0        0
  SINCE JUL 1      0                         0      0        0

 COOLING
  TODAY            9                        12     -3       16
  MONTH TO DATE  502                       416     86      509
  SINCE SEP 1    502                       416     86      509
  SINCE JAN 1   2996                      2810    186     2949
..................................................................


WIND (MPH)
  HIGHEST WIND SPEED     9   HIGHEST WIND DIRECTION     N (340)
  HIGHEST GUST SPEED    13   HIGHEST GUST DIRECTION     N (10)
  AVERAGE WIND SPEED     4.1


SKY COVER
  AVERAGE SKY COVER 1.0


WEATHER CONDITIONS
 THE FOLLOWING WEATHER WAS RECORDED TODAY.
  NO SIGNIFICANT WEATHER WAS OBSERVED.


RELATIVE HUMIDITY (PERCENT)
 HIGHEST    87          1200 AM
 LOWEST     54           300 PM
 AVERAGE    71

..........................................................


THE AUSTIN CAMP MABRY CLIMATE NORMALS FOR TOMORROW
                         NORMAL    RECORD    YEAR
 MAXIMUM TEMPERATURE (F)   87       106      2005
 MINIMUM TEMPERATURE (F)   66        49      1942


SUNRISE AND SUNSET
SEPTEMBER 27 2016.....SUNRISE   722 AM CDT   SUNSET   720 PM CDT
SEPTEMBER 28 2016.....SUNRISE   723 AM CDT   SUNSET   719 PM CDT


-  INDICATES NEGATIVE NUMBERS.
R  INDICATES RECORD WAS SET OR TIED.
MM INDICATES DATA IS MISSING.
T  INDICATES TRACE AMOUNT.




$$
