000
CDUS43 KABR 261042
CLIATY


CLIMATE REPORT
NATIONAL WEATHER SERVICE ABERDEEN SD
541 AM CDT TUE SEP 26 2017


...................................

...THE WATERTOWN SD CLIMATE SUMMARY FOR SEPTEMBER 25 2017...

CLIMATE NORMAL PERIOD 1981 TO 2010
CLIMATE RECORD PERIOD 1898 TO 2017


WEATHER ITEM   OBSERVED TIME   RECORD YEAR NORMAL DEPARTURE LAST
                VALUE   (LST)  VALUE       VALUE  FROM      YEAR
                                                  NORMAL
..................................................................
TEMPERATURE (F)
 YESTERDAY
  MAXIMUM         52    240 PM  87    1938  66    -14       64
  MINIMUM         48   1159 PM  21    1926  43      5       51
  AVERAGE         50                        55     -5       58

PRECIPITATION (IN)
  YESTERDAY        0.35          1.30 1912   0.08   0.27     0.00
  MONTH TO DATE    5.28                      2.25   3.03     2.06
  SINCE SEP 1      5.28                      2.25   3.03     2.06
  SINCE JAN 1     20.49                     18.48   2.01    18.70

DEGREE DAYS
 HEATING
  YESTERDAY       15                        11      4        7
  MONTH TO DATE   97                       160    -63       67
  SINCE SEP 1     97                       160    -63       67
  SINCE JUL 1    125                       217    -92       93

 COOLING
  YESTERDAY        0                         0      0        0
  MONTH TO DATE   65                        37     28       36
  SINCE SEP 1     65                        37     28       36
  SINCE JAN 1    440                       511    -71      721
..................................................................


WIND (MPH)
  HIGHEST WIND SPEED    20   HIGHEST WIND DIRECTION     N (360)
  HIGHEST GUST SPEED    23   HIGHEST GUST DIRECTION     N (20)
  AVERAGE WIND SPEED    12.0


SKY COVER
  POSSIBLE SUNSHINE  MM
  AVERAGE SKY COVER 1.0


WEATHER CONDITIONS
 THE FOLLOWING WEATHER WAS RECORDED YESTERDAY.
  RAIN
  LIGHT RAIN
  FOG


RELATIVE HUMIDITY (PERCENT)
 HIGHEST   100           200 AM
 LOWEST     86          1000 AM
 AVERAGE    93

..........................................................


THE WATERTOWN SD CLIMATE NORMALS FOR TODAY
                         NORMAL    RECORD    YEAR
 MAXIMUM TEMPERATURE (F)   66        91      1974
 MINIMUM TEMPERATURE (F)   43        20      1965


SUNRISE AND SUNSET
SEPTEMBER 26 2017.....SUNRISE   721 AM CDT   SUNSET   718 PM CDT
SEPTEMBER 27 2017.....SUNRISE   722 AM CDT   SUNSET   716 PM CDT


-  INDICATES NEGATIVE NUMBERS.
R  INDICATES RECORD WAS SET OR TIED.
MM INDICATES DATA IS MISSING.
T  INDICATES TRACE AMOUNT.




$$
