835
CDUS43 KABR 280921
CLIATY


CLIMATE REPORT
NATIONAL WEATHER SERVICE ABERDEEN SD
420 AM CDT TUE MAR 28 2017


...................................

...THE WATERTOWN SD CLIMATE SUMMARY FOR MARCH 27 2017...

CLIMATE NORMAL PERIOD 1981 TO 2010
CLIMATE RECORD PERIOD 1898 TO 2017


WEATHER ITEM   OBSERVED TIME   RECORD YEAR NORMAL DEPARTURE LAST
                VALUE   (LST)  VALUE       VALUE  FROM      YEAR
                                                  NORMAL
..................................................................
TEMPERATURE (F)
 YESTERDAY
  MAXIMUM         58    301 PM  76    1946  44     14       53
  MINIMUM         32    701 AM  -4    1913  24      8       17
  AVERAGE         45                        34     11       35

PRECIPITATION (IN)
  YESTERDAY        0.00          0.50 1921   0.04  -0.04     0.00
  MONTH TO DATE    0.33                      0.92  -0.59     0.13
  SINCE MAR 1      0.33                      0.92  -0.59     0.13
  SINCE JAN 1      1.11                      2.00  -0.89     1.16

SNOWFALL (IN)
  YESTERDAY        0.0
  MONTH TO DATE   11.3
  SINCE OCT 1     39.1
  SINCE JUL 1     39.1
  SNOW DEPTH       0

DEGREE DAYS
 HEATING
  YESTERDAY       20                        31    -11       30
  MONTH TO DATE  989                       986      3      714
  SINCE MAR 1    989                       986      3      714
  SINCE JUL 1   6590                      7397   -807     6033

 COOLING
  YESTERDAY        0                         0      0        0
  MONTH TO DATE    0                         0      0        0
  SINCE MAR 1      0                         0      0        0
  SINCE JAN 1      0                         0      0        0
..................................................................


WIND (MPH)
  HIGHEST WIND SPEED     9   HIGHEST WIND DIRECTION     E (80)
  HIGHEST GUST SPEED    13   HIGHEST GUST DIRECTION     E (80)
  AVERAGE WIND SPEED     2.8


SKY COVER
  POSSIBLE SUNSHINE  MM
  AVERAGE SKY COVER 0.8


WEATHER CONDITIONS
 THE FOLLOWING WEATHER WAS RECORDED YESTERDAY.
  FOG


RELATIVE HUMIDITY (PERCENT)
 HIGHEST   100          1200 AM
 LOWEST     43           300 PM
 AVERAGE    72

..........................................................


THE WATERTOWN SD CLIMATE NORMALS FOR TODAY
                         NORMAL    RECORD    YEAR
 MAXIMUM TEMPERATURE (F)   45        78      1946
 MINIMUM TEMPERATURE (F)   25        -5      1969
                                             1921


SUNRISE AND SUNSET
MARCH 28 2017.........SUNRISE   716 AM CDT   SUNSET   752 PM CDT
MARCH 29 2017.........SUNRISE   714 AM CDT   SUNSET   753 PM CDT


-  INDICATES NEGATIVE NUMBERS.
R  INDICATES RECORD WAS SET OR TIED.
MM INDICATES DATA IS MISSING.
T  INDICATES TRACE AMOUNT.




$$
