244
CDUS43 KABR 091033
CLIATY


CLIMATE REPORT
NATIONAL WEATHER SERVICE ABERDEEN SD
433 AM CST FRI DEC 9 2016


...................................

...THE WATERTOWN SD CLIMATE SUMMARY FOR DECEMBER 8 2016...

CLIMATE NORMAL PERIOD 1981 TO 2010
CLIMATE RECORD PERIOD 1898 TO 2016


WEATHER ITEM   OBSERVED TIME   RECORD YEAR NORMAL DEPARTURE LAST
                VALUE   (LST)  VALUE       VALUE  FROM      YEAR
                                                  NORMAL
..................................................................
TEMPERATURE (F)
 YESTERDAY
  MAXIMUM         14    309 PM  57    1990  27    -13       42
  MINIMUM         -1   1159 PM -27    1927   9    -10       27
  AVERAGE          7                        18    -11       35

PRECIPITATION (IN)
  YESTERDAY       MM             0.67 1924   0.02  MM         T
  MONTH TO DATE    0.03                      0.15  -0.12     0.09
  SINCE DEC 1      0.03                      0.15  -0.12     0.09
  SINCE JAN 1     22.19                     21.70   0.49    21.19

SNOWFALL (IN)
  YESTERDAY       MM
  MONTH TO DATE    0.6
  SINCE OCT 1      4.7
  SINCE JUL 1      4.7
  SNOW DEPTH       1

DEGREE DAYS
 HEATING
  YESTERDAY       58                        47     11       30
  MONTH TO DATE  350                       364    -14      299
  SINCE DEC 1    350                       364    -14      299
  SINCE JUL 1   1721                      2304   -583     1658

 COOLING
  YESTERDAY        0                         0      0        0
  MONTH TO DATE    0                         0      0        0
  SINCE DEC 1      0                         0      0        0
  SINCE JAN 1    721                       515    206      588
..................................................................


WIND (MPH)
  HIGHEST WIND SPEED    26   HIGHEST WIND DIRECTION    NW (310)
  HIGHEST GUST SPEED    33   HIGHEST GUST DIRECTION    NW (310)
  AVERAGE WIND SPEED    16.1


SKY COVER
  POSSIBLE SUNSHINE  MM
  AVERAGE SKY COVER 0.6


WEATHER CONDITIONS
 THE FOLLOWING WEATHER WAS RECORDED YESTERDAY.
  LIGHT SNOW
  FOG
  HAZE


RELATIVE HUMIDITY (PERCENT)
 HIGHEST    87           800 AM
 LOWEST     70           400 PM
 AVERAGE    79

..........................................................


THE WATERTOWN SD CLIMATE NORMALS FOR TODAY
                         NORMAL    RECORD    YEAR
 MAXIMUM TEMPERATURE (F)   26        59      1939
 MINIMUM TEMPERATURE (F)    9       -24      1927


SUNRISE AND SUNSET
DECEMBER  9 2016......SUNRISE   755 AM CST   SUNSET   447 PM CST
DECEMBER 10 2016......SUNRISE   756 AM CST   SUNSET   447 PM CST


-  INDICATES NEGATIVE NUMBERS.
R  INDICATES RECORD WAS SET OR TIED.
MM INDICATES DATA IS MISSING.
T  INDICATES TRACE AMOUNT.




$$
