000
CDUS43 KABR 292242
CLIATY


CLIMATE REPORT
NATIONAL WEATHER SERVICE ABERDEEN SD
541 PM CDT MON AUG 29 2016


...................................

...THE WATERTOWN SD CLIMATE SUMMARY FOR AUGUST 29 2016...
VALID TODAY AS OF 0500 PM LOCAL TIME.

CLIMATE NORMAL PERIOD 1981 TO 2010
CLIMATE RECORD PERIOD 1898 TO 2016


WEATHER ITEM   OBSERVED TIME   RECORD YEAR NORMAL DEPARTURE LAST
                VALUE   (LST)  VALUE       VALUE  FROM      YEAR
                                                  NORMAL
..................................................................
TEMPERATURE (F)
 TODAY
  MAXIMUM         88    345 PM  97    1961  77     11       79
                                      1961
  MINIMUM         69    620 AM  35    1911  55     14       56
  AVERAGE         79                        66     13       68

PRECIPITATION (IN)
  TODAY            0.00          2.03 1928   0.08  -0.08     0.00
  MONTH TO DATE    6.97                      2.61   4.36     5.44
  SINCE JUN 1     10.98                      9.21   1.77    11.94
  SINCE JAN 1     16.63                     16.06   0.57    17.94

SNOWFALL (IN)
  TODAY            0.0
  MONTH TO DATE    0.0
  SINCE OCT 1     28.7
  SINCE JUL 1      0.0
  SNOW DEPTH       0

DEGREE DAYS
 HEATING
  TODAY            0                         2     -2        0
  MONTH TO DATE   14                        36    -22       49
  SINCE JUN 1     51                       131    -80       89
  SINCE JUL 1     26                        53    -27       62

 COOLING
  TODAY           14                         3     11        3
  MONTH TO DATE  208                       143     65      133
  SINCE JUN 1    652                       445    207      453
  SINCE JAN 1    676                       467    209      461
..................................................................


WIND (MPH)
  HIGHEST WIND SPEED    18   HIGHEST WIND DIRECTION     S (170)
  HIGHEST GUST SPEED    23   HIGHEST GUST DIRECTION     S (160)
  AVERAGE WIND SPEED    10.7


SKY COVER
  POSSIBLE SUNSHINE  MM
  AVERAGE SKY COVER 0.1


WEATHER CONDITIONS
 THE FOLLOWING WEATHER WAS RECORDED TODAY.
  NO SIGNIFICANT WEATHER WAS OBSERVED.


RELATIVE HUMIDITY (PERCENT)
 HIGHEST    97           700 AM
 LOWEST     51           400 PM
 AVERAGE    74

..........................................................


THE WATERTOWN SD CLIMATE NORMALS FOR TOMORROW
                         NORMAL    RECORD    YEAR
 MAXIMUM TEMPERATURE (F)   77        95      1930
 MINIMUM TEMPERATURE (F)   54        36      1915


SUNRISE AND SUNSET
AUGUST 29 2016........SUNRISE   648 AM CDT   SUNSET   810 PM CDT
AUGUST 30 2016........SUNRISE   649 AM CDT   SUNSET   808 PM CDT


-  INDICATES NEGATIVE NUMBERS.
R  INDICATES RECORD WAS SET OR TIED.
MM INDICATES DATA IS MISSING.
T  INDICATES TRACE AMOUNT.




$$
