000
CDUS43 KABR 251029
CLIATY


CLIMATE REPORT
NATIONAL WEATHER SERVICE ABERDEEN SD
529 AM CDT FRI JUL 25 2014


...................................

...THE WATERTOWN SD CLIMATE SUMMARY FOR JULY 24 2014...

CLIMATE NORMAL PERIOD 1981 TO 2010
CLIMATE RECORD PERIOD 1898 TO 2014


WEATHER ITEM   OBSERVED TIME   RECORD YEAR NORMAL DEPARTURE LAST
                VALUE   (LST)  VALUE       VALUE  FROM      YEAR
                                                  NORMAL
..................................................................
TEMPERATURE (F)
 YESTERDAY
  MAXIMUM         74   1109 AM 109    1940  83     -9       79
  MINIMUM         60    426 AM  44    1905  60      0       54
  AVERAGE         67                        71     -4       67

PRECIPITATION (IN)
  YESTERDAY        0.46          2.06 1934   0.09   0.37     0.00
  MONTH TO DATE    0.95                      2.34  -1.39     2.61
  SINCE JUN 1      5.55                      5.92  -0.37     8.12
  SINCE JAN 1     10.42                     12.77  -2.35    16.11

DEGREE DAYS
 HEATING
  YESTERDAY        0                         1     -1        0
  MONTH TO DATE   26                        11     15        2
  SINCE JUN 1     89                        89      0       90
  SINCE JUL 1     26                        11     15        2

 COOLING
  YESTERDAY        2                         7     -5        2
  MONTH TO DATE  104                       161    -57      188
  SINCE JUN 1    165                       257    -92      277
  SINCE JAN 1    206                       279    -73      299
..................................................................


WIND (MPH)
  HIGHEST WIND SPEED    36   HIGHEST WIND DIRECTION     N (20)
  HIGHEST GUST SPEED    44   HIGHEST GUST DIRECTION     N (20)
  AVERAGE WIND SPEED    14.9


SKY COVER
  POSSIBLE SUNSHINE  MM
  AVERAGE SKY COVER 0.3


WEATHER CONDITIONS
 THE FOLLOWING WEATHER WAS RECORDED YESTERDAY.
  THUNDERSTORM
  HEAVY RAIN
  RAIN
  LIGHT RAIN
  FOG
  HAZE


RELATIVE HUMIDITY (PERCENT)
 HIGHEST    87           200 PM
 LOWEST     61           800 AM
 AVERAGE    74

..........................................................


THE WATERTOWN SD CLIMATE NORMALS FOR TODAY
                         NORMAL    RECORD    YEAR
 MAXIMUM TEMPERATURE (F)   83       105      1931
 MINIMUM TEMPERATURE (F)   60        43      1904


SUNRISE AND SUNSET
JULY 25 2014..........SUNRISE   607 AM CDT   SUNSET   903 PM CDT
JULY 26 2014..........SUNRISE   608 AM CDT   SUNSET   902 PM CDT


-  INDICATES NEGATIVE NUMBERS.
R  INDICATES RECORD WAS SET OR TIED.
MM INDICATES DATA IS MISSING.
T  INDICATES TRACE AMOUNT.




$$
