000
CDUS43 KABR 101038
CLIATY


CLIMATE REPORT
NATIONAL WEATHER SERVICE ABERDEEN SD
438 AM CST WED FEB 10 2016


...................................

...THE WATERTOWN SD CLIMATE SUMMARY FOR FEBRUARY 9 2016...

CLIMATE NORMAL PERIOD 1981 TO 2010
CLIMATE RECORD PERIOD 1898 TO 2016


WEATHER ITEM   OBSERVED TIME   RECORD YEAR NORMAL DEPARTURE LAST
                VALUE   (LST)  VALUE       VALUE  FROM      YEAR
                                                  NORMAL
..................................................................
TEMPERATURE (F)
 YESTERDAY
  MAXIMUM         23    331 PM  49    1987  26     -3       30
  MINIMUM          2    723 AM -36    1899   6     -4       22
  AVERAGE         13                        16     -3       26

PRECIPITATION (IN)
  YESTERDAY        0.00          0.50 1909   0.01  -0.01     0.00
  MONTH TO DATE    0.03                      0.14  -0.11     0.10
  SINCE DEC 1      0.83                      1.19  -0.36     1.14
  SINCE JAN 1      0.51                      0.66  -0.15     0.50

SNOWFALL (IN)
  YESTERDAY        0.0
  MONTH TO DATE    0.7
  SINCE OCT 1     21.0
  SINCE JUL 1     21.0
  SNOW DEPTH       4

DEGREE DAYS
 HEATING
  YESTERDAY       52                        49      3       39
  MONTH TO DATE  400                       453    -53      444
  SINCE DEC 1   3175                      3595   -420     3247
  SINCE JUL 1   4534                      5535  -1001     5328

 COOLING
  YESTERDAY        0                         0      0        0
  MONTH TO DATE    0                         0      0        0
  SINCE DEC 1      0                         0      0        0
  SINCE JAN 1      0                         0      0        0
..................................................................


WIND (MPH)
  HIGHEST WIND SPEED    24   HIGHEST WIND DIRECTION     N (350)
  HIGHEST GUST SPEED    31   HIGHEST GUST DIRECTION     N (360)
  AVERAGE WIND SPEED    11.2


SKY COVER
  POSSIBLE SUNSHINE  MM
  AVERAGE SKY COVER 0.7


WEATHER CONDITIONS
 THE FOLLOWING WEATHER WAS RECORDED YESTERDAY.
  NO SIGNIFICANT WEATHER WAS OBSERVED.


RELATIVE HUMIDITY (PERCENT)
 HIGHEST    83           300 AM
 LOWEST     56          1200 PM
 AVERAGE    70

..........................................................


THE WATERTOWN SD CLIMATE NORMALS FOR TODAY
                         NORMAL    RECORD    YEAR
 MAXIMUM TEMPERATURE (F)   26        50      1918
 MINIMUM TEMPERATURE (F)    6       -26      1899


SUNRISE AND SUNSET
FEBRUARY 10 2016......SUNRISE   737 AM CST   SUNSET   549 PM CST
FEBRUARY 11 2016......SUNRISE   736 AM CST   SUNSET   550 PM CST


-  INDICATES NEGATIVE NUMBERS.
R  INDICATES RECORD WAS SET OR TIED.
MM INDICATES DATA IS MISSING.
T  INDICATES TRACE AMOUNT.




$$
