000
CDUS43 KABR 201034
CLIATY


CLIMATE REPORT
NATIONAL WEATHER SERVICE ABERDEEN SD
532 AM CDT SAT SEP 20 2014


...................................

...THE WATERTOWN SD CLIMATE SUMMARY FOR SEPTEMBER 19 2014...

CLIMATE NORMAL PERIOD 1981 TO 2010
CLIMATE RECORD PERIOD 1898 TO 2014


WEATHER ITEM   OBSERVED TIME   RECORD YEAR NORMAL DEPARTURE LAST
                VALUE   (LST)  VALUE       VALUE  FROM      YEAR
                                                  NORMAL
..................................................................
TEMPERATURE (F)
 YESTERDAY
  MAXIMUM         79    429 PM  93    1984  69     10       73
  MINIMUM         59    612 AM  24    1918  46     13       54
  AVERAGE         69                        58     11       64

PRECIPITATION (IN)
  YESTERDAY        0.00          1.79 1988   0.08  -0.08     0.43
  MONTH TO DATE    0.55                      1.75  -1.20     1.25
  SINCE SEP 1      0.55                      1.75  -1.20     1.25
  SINCE JAN 1     14.17                     17.98  -3.81    18.07

DEGREE DAYS
 HEATING
  YESTERDAY        0                         8     -8        1
  MONTH TO DATE  150                       102     48       45
  SINCE SEP 1    150                       102     48       45
  SINCE JUL 1    204                       159     45       96

 COOLING
  YESTERDAY        4                         1      3        0
  MONTH TO DATE   16                        35    -19       89
  SINCE SEP 1     16                        35    -19       89
  SINCE JAN 1    349                       509   -160      603
..................................................................


WIND (MPH)
  HIGHEST WIND SPEED    25   HIGHEST WIND DIRECTION     S (200)
  HIGHEST GUST SPEED    34   HIGHEST GUST DIRECTION     S (200)
  AVERAGE WIND SPEED    13.0


SKY COVER
  POSSIBLE SUNSHINE  MM
  AVERAGE SKY COVER 0.5


WEATHER CONDITIONS
 THE FOLLOWING WEATHER WAS RECORDED YESTERDAY.
  FOG


RELATIVE HUMIDITY (PERCENT)
 HIGHEST   100           800 AM
 LOWEST     62           400 PM
 AVERAGE    81

..........................................................


THE WATERTOWN SD CLIMATE NORMALS FOR TODAY
                         NORMAL    RECORD    YEAR
 MAXIMUM TEMPERATURE (F)   69        91      1941
 MINIMUM TEMPERATURE (F)   45        20      1918


SUNRISE AND SUNSET
SEPTEMBER 20 2014.....SUNRISE   713 AM CDT   SUNSET   730 PM CDT
SEPTEMBER 21 2014.....SUNRISE   714 AM CDT   SUNSET   728 PM CDT


-  INDICATES NEGATIVE NUMBERS.
R  INDICATES RECORD WAS SET OR TIED.
MM INDICATES DATA IS MISSING.
T  INDICATES TRACE AMOUNT.




$$
