000
CDUS43 KABR 231041
CLIATY


CLIMATE REPORT
NATIONAL WEATHER SERVICE ABERDEEN SD
440 AM CST MON JAN 23 2017


...................................

...THE WATERTOWN SD CLIMATE SUMMARY FOR JANUARY 22 2017...

CLIMATE NORMAL PERIOD 1981 TO 2010
CLIMATE RECORD PERIOD 1898 TO 2017


WEATHER ITEM   OBSERVED TIME   RECORD YEAR NORMAL DEPARTURE LAST
                VALUE   (LST)  VALUE       VALUE  FROM      YEAR
                                                  NORMAL
..................................................................
TEMPERATURE (F)
 YESTERDAY
  MAXIMUM         32    644 AM  54    1942  22     10       13
                                      1981
  MINIMUM         27   1252 PM -31    1936   3     24        1
  AVERAGE         30                        12     18        7

PRECIPITATION (IN)
  YESTERDAY        T             0.50 1979   0.02  -0.02     0.00
  MONTH TO DATE    0.58                      0.37   0.21     0.21
  SINCE DEC 1      1.83                      0.90   0.93     0.53
  SINCE JAN 1      0.58                      0.37   0.21     0.21

SNOWFALL (IN)
  YESTERDAY        T
  MONTH TO DATE    9.0
  SINCE OCT 1     26.7
  SINCE JUL 1     26.7
  SNOW DEPTH       7

DEGREE DAYS
 HEATING
  YESTERDAY       35                        52    -17       58
  MONTH TO DATE 1219                      1158     61     1160
  SINCE DEC 1   2814                      2677    137     2425
  SINCE JUL 1   4185                      4617   -432     3784

 COOLING
  YESTERDAY        0                         0      0        0
  MONTH TO DATE    0                         0      0        0
  SINCE DEC 1      0                         0      0        0
  SINCE JAN 1      0                         0      0        0
..................................................................


WIND (MPH)
  HIGHEST WIND SPEED    15   HIGHEST WIND DIRECTION     W (290)
  HIGHEST GUST SPEED    19   HIGHEST GUST DIRECTION    NW (310)
  AVERAGE WIND SPEED     9.9


SKY COVER
  POSSIBLE SUNSHINE  MM
  AVERAGE SKY COVER 1.0


WEATHER CONDITIONS
 THE FOLLOWING WEATHER WAS RECORDED YESTERDAY.
  LIGHT SNOW
  FOG
  FOG W/VISIBILITY <= 1/4 MILE


RELATIVE HUMIDITY (PERCENT)
 HIGHEST   100           700 AM
 LOWEST     92          1200 AM
 AVERAGE    96

..........................................................


THE WATERTOWN SD CLIMATE NORMALS FOR TODAY
                         NORMAL    RECORD    YEAR
 MAXIMUM TEMPERATURE (F)   22        57      1981
 MINIMUM TEMPERATURE (F)    3       -31      1948


SUNRISE AND SUNSET
JANUARY 23 2017.......SUNRISE   757 AM CST   SUNSET   525 PM CST
JANUARY 24 2017.......SUNRISE   756 AM CST   SUNSET   526 PM CST


-  INDICATES NEGATIVE NUMBERS.
R  INDICATES RECORD WAS SET OR TIED.
MM INDICATES DATA IS MISSING.
T  INDICATES TRACE AMOUNT.




$$
