000
CDUS43 KABR 221421
CLIATY


CLIMATE REPORT
NATIONAL WEATHER SERVICE ABERDEEN SD
821 AM CST MON JAN 22 2018


...................................

...THE WATERTOWN SD CLIMATE SUMMARY FOR JANUARY 21 2018...

CLIMATE NORMAL PERIOD 1981 TO 2010
CLIMATE RECORD PERIOD 1898 TO 2018


WEATHER ITEM   OBSERVED TIME   RECORD YEAR NORMAL DEPARTURE LAST
                VALUE   (LST)  VALUE       VALUE  FROM      YEAR
                                                  NORMAL
..................................................................
TEMPERATURE (F)
 YESTERDAY
  MAXIMUM         35    112 AM  50    1933  22     13       35
  MINIMUM         24   1159 PM -30    1954   3     21       30
  AVERAGE         30                        12     18       33

PRECIPITATION (IN)
  YESTERDAY        0.03          0.50 1917   0.01   0.02     0.01
  MONTH TO DATE    0.07                      0.35  -0.28     0.58
  SINCE DEC 1      0.32                      0.88  -0.56     1.83
  SINCE JAN 1      0.07                      0.35  -0.28     0.58

SNOWFALL (IN)
  YESTERDAY        0.4
  MONTH TO DATE    1.2
  SINCE OCT 1      7.6
  SINCE JUL 1      7.6
  SNOW DEPTH       0

DEGREE DAYS
 HEATING
  YESTERDAY       35                        53    -18       32
  MONTH TO DATE 1130                      1106     24     1184
  SINCE DEC 1   2583                      2625    -42     2779
  SINCE JUL 1   4348                      4565   -217     4150

 COOLING
  YESTERDAY        0                         0      0        0
  MONTH TO DATE    0                         0      0        0
  SINCE DEC 1      0                         0      0        0
  SINCE JAN 1      0                         0      0        0
..................................................................


WIND (MPH)
  HIGHEST WIND SPEED    20   HIGHEST WIND DIRECTION     N (20)
  HIGHEST GUST SPEED    24   HIGHEST GUST DIRECTION     N (20)
  AVERAGE WIND SPEED     6.8


SKY COVER
  POSSIBLE SUNSHINE  MM
  AVERAGE SKY COVER 1.0


WEATHER CONDITIONS
 THE FOLLOWING WEATHER WAS RECORDED YESTERDAY.
  LIGHT SNOW
  FOG


RELATIVE HUMIDITY (PERCENT)
 HIGHEST   100          1100 PM
 LOWEST     75          1100 AM
 AVERAGE    88

..........................................................


THE WATERTOWN SD CLIMATE NORMALS FOR TODAY
                         NORMAL    RECORD    YEAR
 MAXIMUM TEMPERATURE (F)   22        54      1942
                                             1981
 MINIMUM TEMPERATURE (F)    3       -31      1936


SUNRISE AND SUNSET
JANUARY 22 2018.......SUNRISE   758 AM CST   SUNSET   523 PM CST
JANUARY 23 2018.......SUNRISE   757 AM CST   SUNSET   524 PM CST


-  INDICATES NEGATIVE NUMBERS.
R  INDICATES RECORD WAS SET OR TIED.
MM INDICATES DATA IS MISSING.
T  INDICATES TRACE AMOUNT.




$$
