000
CDUS43 KABR 300907
CLIATY


CLIMATE REPORT
NATIONAL WEATHER SERVICE ABERDEEN SD
406 AM CDT SAT APR 30 2016


...................................

...THE WATERTOWN SD CLIMATE SUMMARY FOR APRIL 29 2016...

CLIMATE NORMAL PERIOD 1981 TO 2010
CLIMATE RECORD PERIOD 1898 TO 2016


WEATHER ITEM   OBSERVED TIME   RECORD YEAR NORMAL DEPARTURE LAST
                VALUE   (LST)  VALUE       VALUE  FROM      YEAR
                                                  NORMAL
..................................................................
TEMPERATURE (F)
 YESTERDAY
  MAXIMUM         56    134 PM  89    1934  63     -7       69
  MINIMUM         33    525 AM  14    1907  38     -5       32
  AVERAGE         45                        50     -5       51

PRECIPITATION (IN)
  YESTERDAY        0.00          1.22 1991   0.09  -0.09     0.00
  MONTH TO DATE    2.26                      1.94   0.32     0.39
  SINCE MAR 1      2.52                      3.05  -0.53     0.74
  SINCE JAN 1      3.55                      4.13  -0.58     1.39

SNOWFALL (IN)
  YESTERDAY        0.0
  MONTH TO DATE    T
  SINCE OCT 1     28.7
  SINCE JUL 1     28.7
  SNOW DEPTH       0

DEGREE DAYS
 HEATING
  YESTERDAY       20                        15      5       14
  MONTH TO DATE  534                       620    -86      512
  SINCE MAR 1   1330                      1724   -394     1474
  SINCE JUL 1   6649                      8135  -1486     7866

 COOLING
  YESTERDAY        0                         0      0        0
  MONTH TO DATE    0                         0      0        0
  SINCE MAR 1      0                         0      0        0
  SINCE JAN 1      0                         0      0        0
..................................................................


WIND (MPH)
  HIGHEST WIND SPEED    17   HIGHEST WIND DIRECTION     E (70)
  HIGHEST GUST SPEED    23   HIGHEST GUST DIRECTION     E (70)
  AVERAGE WIND SPEED     6.4


SKY COVER
  POSSIBLE SUNSHINE  MM
  AVERAGE SKY COVER 0.7


WEATHER CONDITIONS
 THE FOLLOWING WEATHER WAS RECORDED YESTERDAY.
  FOG


RELATIVE HUMIDITY (PERCENT)
 HIGHEST   100           400 AM
 LOWEST     50           200 PM
 AVERAGE    75

..........................................................


THE WATERTOWN SD CLIMATE NORMALS FOR TODAY
                         NORMAL    RECORD    YEAR
 MAXIMUM TEMPERATURE (F)   63        92      1992
 MINIMUM TEMPERATURE (F)   38        12      1966


SUNRISE AND SUNSET
APRIL 30 2016.........SUNRISE   619 AM CDT   SUNSET   833 PM CDT
MAY  1 2016...........SUNRISE   617 AM CDT   SUNSET   835 PM CDT


-  INDICATES NEGATIVE NUMBERS.
R  INDICATES RECORD WAS SET OR TIED.
MM INDICATES DATA IS MISSING.
T  INDICATES TRACE AMOUNT.




$$
