000
CDUS43 KABR 241036
CLIATY


CLIMATE REPORT
NATIONAL WEATHER SERVICE ABERDEEN SD
536 AM CDT THU APR 24 2014


...................................

...THE WATERTOWN SD CLIMATE SUMMARY FOR APRIL 23 2014...

CLIMATE NORMAL PERIOD 1981 TO 2010
CLIMATE RECORD PERIOD 1898 TO 2014


WEATHER ITEM   OBSERVED TIME   RECORD YEAR NORMAL DEPARTURE LAST
                VALUE   (LST)  VALUE       VALUE  FROM      YEAR
                                                  NORMAL
..................................................................
TEMPERATURE (F)
 YESTERDAY
  MAXIMUM         53    153 PM  89    1939  60     -7       36
  MINIMUM         42   1159 PM  11    2013  35      7       11
  AVERAGE         48                        48      0       24

PRECIPITATION (IN)
  YESTERDAY        0.04          1.65 1932   0.07  -0.03     0.00
  MONTH TO DATE    0.09                      1.44  -1.35     2.25
  SINCE MAR 1      1.06                      2.55  -1.49     3.46
  SINCE JAN 1      1.49                      3.63  -2.14     4.68

SNOWFALL (IN)
  YESTERDAY        0.0
  MONTH TO DATE    4.0
  SINCE OCT 1     28.2
  SINCE JUL 1     28.2
  SNOW DEPTH       0

DEGREE DAYS
 HEATING
  YESTERDAY       17                        18     -1       41
  MONTH TO DATE  583                       524     59      806
  SINCE MAR 1   1832                      1628    204     2184
  SINCE JUL 1   8798                      8039    759     8547

 COOLING
  YESTERDAY        0                         0      0        0
  MONTH TO DATE    0                         0      0        0
  SINCE MAR 1      0                         0      0        0
  SINCE JAN 1      0                         0      0        0
..................................................................


WIND (MPH)
  HIGHEST WIND SPEED    32   HIGHEST WIND DIRECTION    SE (140)
  HIGHEST GUST SPEED    42   HIGHEST GUST DIRECTION    SE (140)
  AVERAGE WIND SPEED    16.6


SKY COVER
  POSSIBLE SUNSHINE  MM
  AVERAGE SKY COVER 0.9


WEATHER CONDITIONS
 THE FOLLOWING WEATHER WAS RECORDED YESTERDAY.
  LIGHT RAIN


RELATIVE HUMIDITY (PERCENT)
 HIGHEST    82          1100 PM
 LOWEST     50          1200 AM
 AVERAGE    66

..........................................................


THE WATERTOWN SD CLIMATE NORMALS FOR TODAY
                         NORMAL    RECORD    YEAR
 MAXIMUM TEMPERATURE (F)   60        87      1962
 MINIMUM TEMPERATURE (F)   36        18      1934


SUNRISE AND SUNSET
APRIL 24 2014.........SUNRISE   629 AM CDT   SUNSET   825 PM CDT
APRIL 25 2014.........SUNRISE   627 AM CDT   SUNSET   827 PM CDT


-  INDICATES NEGATIVE NUMBERS.
R  INDICATES RECORD WAS SET OR TIED.
MM INDICATES DATA IS MISSING.
T  INDICATES TRACE AMOUNT.




$$
