000
CDUS41 KGYX 302043
CLIAUG


CLIMATE REPORT
NATIONAL WEATHER SERVICE GRAY ME
443 PM EDT TUE JUN 30 2015


...................................

...THE AUGUSTA CLIMATE SUMMARY FOR JUNE 30 2015...
VALID TODAY AS OF 0400 PM LOCAL TIME.

CLIMATE NORMAL PERIOD 1981 TO 2010
CLIMATE RECORD PERIOD 1948 TO 2015


WEATHER ITEM   OBSERVED TIME   RECORD YEAR NORMAL DEPARTURE LAST
                VALUE   (LST)  VALUE       VALUE  FROM      YEAR
                                                  NORMAL
..................................................................
TEMPERATURE (F)
 TODAY
  MAXIMUM         78    218 PM  MM      MM  77      1       87
  MINIMUM         59    433 AM  MM      MM  58      1       58
  AVERAGE         69                        68      1       73

PRECIPITATION (IN)
  TODAY            0.00         MM      MM   0.10  -0.10     0.00
  MONTH TO DATE    5.46                      3.56   1.90     4.91
  SINCE JUN 1      5.46                      3.56   1.90     4.91
  SINCE JAN 1     15.14                     19.45  -4.31    19.03

DEGREE DAYS
 HEATING
  TODAY            0                         1     -1        0
  MONTH TO DATE  151                        92     59       76
  SINCE JUN 1    151                        94     57       76
  SINCE JUL 1   7816                      7420    396     7772

 COOLING
  TODAY            4                         4      0        8
  MONTH TO DATE   33                        64    -31       59
  SINCE JUN 1     33                        64    -31       59
  SINCE JAN 1     67                        73     -6       59
..................................................................


WIND (MPH)
  HIGHEST WIND SPEED     9   HIGHEST WIND DIRECTION     S (180)
  HIGHEST GUST SPEED    13   HIGHEST GUST DIRECTION    SW (220)
  AVERAGE WIND SPEED     2.4


SKY COVER
  AVERAGE SKY COVER 0.6


WEATHER CONDITIONS
 THE FOLLOWING WEATHER WAS RECORDED TODAY.
  NO SIGNIFICANT WEATHER WAS OBSERVED.


RELATIVE HUMIDITY (PERCENT)
 HIGHEST    93           100 AM
 LOWEST     43           200 PM
 AVERAGE    68

..........................................................


THE AUGUSTA CLIMATE NORMALS FOR TOMORROW
                         NORMAL
 MAXIMUM TEMPERATURE (F)   78
 MINIMUM TEMPERATURE (F)   58


SUNRISE AND SUNSET
JUNE 30 2015..........SUNRISE   458 AM EDT   SUNSET   827 PM EDT
JULY  1 2015..........SUNRISE   459 AM EDT   SUNSET   827 PM EDT


-  INDICATES NEGATIVE NUMBERS.
R  INDICATES RECORD WAS SET OR TIED.
MM INDICATES DATA IS MISSING.
T  INDICATES TRACE AMOUNT.




$$
