000
CDUS41 KGYX 270807
CLIAUG


CLIMATE REPORT
NATIONAL WEATHER SERVICE GRAY ME
407 AM EDT WED JUL 27 2016


...................................

...THE AUGUSTA CLIMATE SUMMARY FOR JULY 26 2016...

CLIMATE NORMAL PERIOD 1981 TO 2010
CLIMATE RECORD PERIOD 1948 TO 2016


WEATHER ITEM   OBSERVED TIME   RECORD YEAR NORMAL DEPARTURE LAST
                VALUE   (LST)  VALUE       VALUE  FROM      YEAR
                                                  NORMAL
..................................................................
TEMPERATURE (F)
 YESTERDAY
  MAXIMUM         88    231 PM  96    1989  80      8       64
  MINIMUM         65    539 AM  49    1976  60      5       53
  AVERAGE         77                        70      7       59

PRECIPITATION (IN)
  YESTERDAY        0.00          1.26 1986   0.11  -0.11     0.31
  MONTH TO DATE    1.76                      2.84  -1.08     1.82
  SINCE JUN 1      5.50                      6.40  -0.90     7.28
  SINCE JAN 1     19.07                     22.29  -3.22    16.96

DEGREE DAYS
 HEATING
  YESTERDAY        0                         0      0        6
  MONTH TO DATE   21                        12      9       18
  SINCE JUN 1     99                       106     -7      169
  SINCE JUL 1     21                        12      9       18

 COOLING
  YESTERDAY       12                         5      7        0
  MONTH TO DATE  161                       125     36       87
  SINCE JUN 1    196                       189      7      120
  SINCE JAN 1    211                       198     13      154
..................................................................


WIND (MPH)
  HIGHEST WIND SPEED    15   HIGHEST WIND DIRECTION    NW (300)
  HIGHEST GUST SPEED    23   HIGHEST GUST DIRECTION    NW (300)
  AVERAGE WIND SPEED     6.5


SKY COVER
  AVERAGE SKY COVER 0.4


WEATHER CONDITIONS
 THE FOLLOWING WEATHER WAS RECORDED YESTERDAY.
  FOG
  FOG W/VISIBILITY <= 1/4 MILE


RELATIVE HUMIDITY (PERCENT)
 HIGHEST   100           100 AM
 LOWEST     42           300 PM
 AVERAGE    71

..........................................................


THE AUGUSTA CLIMATE NORMALS FOR TODAY
                         NORMAL    RECORD    YEAR
 MAXIMUM TEMPERATURE (F)   80        97      1949
 MINIMUM TEMPERATURE (F)   60        50      2001


SUNRISE AND SUNSET
JULY 27 2016..........SUNRISE   522 AM EDT   SUNSET   809 PM EDT
JULY 28 2016..........SUNRISE   523 AM EDT   SUNSET   808 PM EDT


-  INDICATES NEGATIVE NUMBERS.
R  INDICATES RECORD WAS SET OR TIED.
MM INDICATES DATA IS MISSING.
T  INDICATES TRACE AMOUNT.




$$
