000
CDUS41 KGYX 260904
CLIAUG


CLIMATE REPORT
NATIONAL WEATHER SERVICE GRAY ME
404 AM EST FRI DEC 26 2014


...................................

...THE AUGUSTA CLIMATE SUMMARY FOR DECEMBER 25 2014...

CLIMATE NORMAL PERIOD 1981 TO 2010
CLIMATE RECORD PERIOD 1948 TO 2014


WEATHER ITEM   OBSERVED TIME   RECORD YEAR NORMAL DEPARTURE LAST
                VALUE   (LST)  VALUE       VALUE  FROM      YEAR
                                                  NORMAL
..................................................................
TEMPERATURE (F)
 YESTERDAY
  MAXIMUM         49    303 PM  MM      MM  31     18       16
  MINIMUM         34    334 AM  MM      MM  15     19        4
  AVERAGE         42                        23     19       10

PRECIPITATION (IN)
  YESTERDAY        0.15         MM      MM   0.09   0.06      T
  MONTH TO DATE    4.18                      2.71   1.47     2.15
  SINCE DEC 1      4.18                      2.71   1.47     2.15
  SINCE JAN 1     42.68                     41.35   1.33    41.88

DEGREE DAYS
 HEATING
  YESTERDAY       23                        42    -19       55
  MONTH TO DATE  896                       948    -52     1074
  SINCE DEC 1    896                       948    -52     1074
  SINCE JUL 1   2385                      2496   -111     2583

 COOLING
  YESTERDAY        0                         0      0        0
  MONTH TO DATE    0                         0      0        0
  SINCE DEC 1      0                         0      0        0
  SINCE JAN 1    371                       388    -17      428
..................................................................


WIND (MPH)
  HIGHEST WIND SPEED    28   HIGHEST WIND DIRECTION     W (280)
  HIGHEST GUST SPEED    37   HIGHEST GUST DIRECTION     W (280)
  AVERAGE WIND SPEED     9.6


SKY COVER
  AVERAGE SKY COVER 0.7


WEATHER CONDITIONS
 THE FOLLOWING WEATHER WAS RECORDED YESTERDAY.
  RAIN
  LIGHT RAIN
  FOG
  FOG W/VISIBILITY <= 1/4 MILE


RELATIVE HUMIDITY (PERCENT)
 HIGHEST   100          1200 AM
 LOWEST     45           500 PM
 AVERAGE    73

..........................................................


THE AUGUSTA CLIMATE NORMALS FOR TODAY
                         NORMAL
 MAXIMUM TEMPERATURE (F)   30
 MINIMUM TEMPERATURE (F)   15


SUNRISE AND SUNSET
DECEMBER 26 2014......SUNRISE   714 AM EST   SUNSET   406 PM EST
DECEMBER 27 2014......SUNRISE   714 AM EST   SUNSET   406 PM EST


-  INDICATES NEGATIVE NUMBERS.
R  INDICATES RECORD WAS SET OR TIED.
MM INDICATES DATA IS MISSING.
T  INDICATES TRACE AMOUNT.




$$
