000
CDUS41 KGYX 222040
CLIAUG


CLIMATE REPORT
NATIONAL WEATHER SERVICE GRAY ME
440 PM EDT FRI MAY 22 2015


...................................

...THE AUGUSTA CLIMATE SUMMARY FOR MAY 22 2015...
VALID TODAY AS OF 0400 PM LOCAL TIME.

CLIMATE NORMAL PERIOD 1981 TO 2010
CLIMATE RECORD PERIOD 1948 TO 2015


WEATHER ITEM   OBSERVED TIME   RECORD YEAR NORMAL DEPARTURE LAST
                VALUE   (LST)  VALUE       VALUE  FROM      YEAR
                                                  NORMAL
..................................................................
TEMPERATURE (F)
 TODAY
  MAXIMUM         66   1248 PM  94    1992  67     -1       66
  MINIMUM         48    521 AM  MM      MM  46      2       49
  AVERAGE         57                        57      0       58

PRECIPITATION (IN)
  TODAY            0.10         MM      MM   0.12  -0.02      T
  MONTH TO DATE    1.25                      2.62  -1.37     2.23
  SINCE MAR 1      6.78                      9.78  -3.00     8.00
  SINCE JAN 1      9.05                     14.82  -5.77    12.79

DEGREE DAYS
 HEATING
  TODAY            8                         9     -1        7
  MONTH TO DATE  164                       256    -92      207
  SINCE MAR 1   2006                      1917     89     2106
  SINCE JUL 1   7633                      7260    373     7612

 COOLING
  TODAY            0                         0      0        0
  MONTH TO DATE    5                         0      5        0
  SINCE MAR 1      5                         0      5        0
  SINCE JAN 1      5                         0      5        0
..................................................................


WIND (MPH)
  HIGHEST WIND SPEED    20   HIGHEST WIND DIRECTION     N (360)
  HIGHEST GUST SPEED    24   HIGHEST GUST DIRECTION     N (350)
  AVERAGE WIND SPEED     4.2


SKY COVER
  AVERAGE SKY COVER 0.7


WEATHER CONDITIONS
 THE FOLLOWING WEATHER WAS RECORDED TODAY.
  LIGHT RAIN


RELATIVE HUMIDITY (PERCENT)
 HIGHEST    86           500 AM
 LOWEST     37          1100 AM
 AVERAGE    62

..........................................................


THE AUGUSTA CLIMATE NORMALS FOR TOMORROW
                         NORMAL
 MAXIMUM TEMPERATURE (F)   67
 MINIMUM TEMPERATURE (F)   47


SUNRISE AND SUNSET
MAY 22 2015...........SUNRISE   506 AM EDT   SUNSET   807 PM EDT
MAY 23 2015...........SUNRISE   505 AM EDT   SUNSET   808 PM EDT


-  INDICATES NEGATIVE NUMBERS.
R  INDICATES RECORD WAS SET OR TIED.
MM INDICATES DATA IS MISSING.
T  INDICATES TRACE AMOUNT.




$$
