000
CDUS41 KGYX 290802
CLIAUG


CLIMATE REPORT
NATIONAL WEATHER SERVICE GRAY ME
402 AM EDT FRI AUG 29 2014


...................................

...THE AUGUSTA CLIMATE SUMMARY FOR AUGUST 28 2014...

CLIMATE NORMAL PERIOD 1981 TO 2010
CLIMATE RECORD PERIOD 1948 TO 2014


WEATHER ITEM   OBSERVED TIME   NORMAL DEPARTURE LAST
                VALUE   (LST)  VALUE  FROM      YEAR
                                      NORMAL
......................................................
TEMPERATURE (F)
 YESTERDAY
  MAXIMUM         76   1237 PM  76      0       84
  MINIMUM         57   1159 PM  57      0       62
  AVERAGE         67            66      1       73

PRECIPITATION (IN)
  YESTERDAY        0.00          0.10  -0.10     0.66
  MONTH TO DATE    5.10          3.01   2.09     5.10
  SINCE JUN 1     16.38          9.99   6.39    15.00
  SINCE JAN 1     30.50         25.88   4.62    26.49

DEGREE DAYS
 HEATING
  YESTERDAY        0             2     -2        0
  MONTH TO DATE   11            19     -8        3
  SINCE JUN 1     89           129    -40       87
  SINCE JUL 1     13            35    -22        9

 COOLING
  YESTERDAY        2             3     -1        8
  MONTH TO DATE   85           118    -33       80
  SINCE JUN 1    309           339    -30      367
  SINCE JAN 1    309           348    -39      382
......................................................


WIND (MPH)
  HIGHEST WIND SPEED    22   HIGHEST WIND DIRECTION    NW (320)
  HIGHEST GUST SPEED    28   HIGHEST GUST DIRECTION    NW (330)
  AVERAGE WIND SPEED     8.8


SKY COVER
  AVERAGE SKY COVER 0.3


WEATHER CONDITIONS
 THE FOLLOWING WEATHER WAS RECORDED YESTERDAY.
  FOG


RELATIVE HUMIDITY (PERCENT)
 HIGHEST   100           100 AM
 LOWEST     38           200 PM
 AVERAGE    69

..........................................................


THE AUGUSTA CLIMATE NORMALS FOR TODAY
                         NORMAL
 MAXIMUM TEMPERATURE (F)   76
 MINIMUM TEMPERATURE (F)   56


SUNRISE AND SUNSET
AUGUST 29 2014........SUNRISE   558 AM EDT   SUNSET   721 PM EDT
AUGUST 30 2014........SUNRISE   600 AM EDT   SUNSET   719 PM EDT


-  INDICATES NEGATIVE NUMBERS.
R  INDICATES RECORD WAS SET OR TIED.
MM INDICATES DATA IS MISSING.
T  INDICATES TRACE AMOUNT.




$$
