000
CDUS41 KGYX 282054
CLIAUG


CLIMATE REPORT
NATIONAL WEATHER SERVICE GRAY ME
454 PM EDT SAT MAR 28 2015


...................................

...THE AUGUSTA CLIMATE SUMMARY FOR MARCH 28 2015...
VALID TODAY AS OF 0400 PM LOCAL TIME.

CLIMATE NORMAL PERIOD 1981 TO 2010
CLIMATE RECORD PERIOD 1948 TO 2015


WEATHER ITEM   OBSERVED TIME   RECORD YEAR NORMAL DEPARTURE LAST
                VALUE   (LST)  VALUE       VALUE  FROM      YEAR
                                                  NORMAL
..................................................................
TEMPERATURE (F)
 TODAY
  MAXIMUM         36    259 PM  MM      MM  45     -9       41
  MINIMUM         29   1107 AM  MM      MM  28      1       31
  AVERAGE         33                        36     -3       36

PRECIPITATION (IN)
  TODAY            T            MM      MM   0.12  -0.12     0.10
  MONTH TO DATE    1.14                      3.01  -1.87     1.91
  SINCE MAR 1      1.14                      3.01  -1.87     1.91
  SINCE JAN 1      3.41                      8.05  -4.64     6.70

DEGREE DAYS
 HEATING
  TODAY           32                        29      3       29
  MONTH TO DATE 1074                       943    131     1164
  SINCE MAR 1   1074                       943    131     1164
  SINCE JUL 1   6701                      6286    415     6670

 COOLING
  TODAY            0                         0      0        0
  MONTH TO DATE    0                         0      0        0
  SINCE MAR 1      0                         0      0        0
  SINCE JAN 1      0                         0      0        0
..................................................................


WIND (MPH)
  HIGHEST WIND SPEED    18   HIGHEST WIND DIRECTION    NE (30)
  HIGHEST GUST SPEED    24   HIGHEST GUST DIRECTION    NE (30)
  AVERAGE WIND SPEED    12.1


SKY COVER
  AVERAGE SKY COVER 1.0


WEATHER CONDITIONS
 THE FOLLOWING WEATHER WAS RECORDED TODAY.
  LIGHT SNOW
  HAZE


RELATIVE HUMIDITY (PERCENT)
 HIGHEST    64          1200 AM
 LOWEST     47           300 PM
 AVERAGE    56

..........................................................


THE AUGUSTA CLIMATE NORMALS FOR TOMORROW
                         NORMAL
 MAXIMUM TEMPERATURE (F)   45
 MINIMUM TEMPERATURE (F)   28


SUNRISE AND SUNSET
MARCH 28 2015.........SUNRISE   628 AM EDT   SUNSET   701 PM EDT
MARCH 29 2015.........SUNRISE   626 AM EDT   SUNSET   702 PM EDT


-  INDICATES NEGATIVE NUMBERS.
R  INDICATES RECORD WAS SET OR TIED.
MM INDICATES DATA IS MISSING.
T  INDICATES TRACE AMOUNT.




$$
