000
CDUS41 KGYX 180811
CLIAUG


CLIMATE REPORT
NATIONAL WEATHER SERVICE GRAY ME
410 AM EDT THU SEP 18 2014


...................................

...THE AUGUSTA CLIMATE SUMMARY FOR SEPTEMBER 17 2014...

CLIMATE NORMAL PERIOD 1981 TO 2010
CLIMATE RECORD PERIOD 1948 TO 2014


WEATHER ITEM   OBSERVED TIME   NORMAL DEPARTURE LAST
                VALUE   (LST)  VALUE  FROM      YEAR
                                      NORMAL
......................................................
TEMPERATURE (F)
 YESTERDAY
  MAXIMUM         68    238 PM  69     -1       65
  MINIMUM         46    549 AM  50     -4       37
  AVERAGE         57            60     -3       51

PRECIPITATION (IN)
  YESTERDAY        0.00          0.13  -0.13     0.00
  MONTH TO DATE    0.45          2.00  -1.55     6.86
  SINCE SEP 1      0.45          2.00  -1.55     6.86
  SINCE JAN 1     31.08         28.18   2.90    34.00

DEGREE DAYS
 HEATING
  YESTERDAY        8             6      2       14
  MONTH TO DATE   86            67     19       88
  SINCE SEP 1     86            67     19       88
  SINCE JUL 1    105           109     -4      101

 COOLING
  YESTERDAY        0             1     -1        0
  MONTH TO DATE   45            25     20       37
  SINCE SEP 1     45            25     20       37
  SINCE JAN 1    359           382    -23      428
......................................................


WIND (MPH)
  HIGHEST WIND SPEED    10   HIGHEST WIND DIRECTION     S (180)
  HIGHEST GUST SPEED    16   HIGHEST GUST DIRECTION     S (180)
  AVERAGE WIND SPEED     4.2


SKY COVER
  AVERAGE SKY COVER 0.3


WEATHER CONDITIONS
 THE FOLLOWING WEATHER WAS RECORDED YESTERDAY.
  FOG
  FOG W/VISIBILITY <= 1/4 MILE


RELATIVE HUMIDITY (PERCENT)
 HIGHEST   100          1200 AM
 LOWEST     42           100 PM
 AVERAGE    71

..........................................................


THE AUGUSTA CLIMATE NORMALS FOR TODAY
                         NORMAL
 MAXIMUM TEMPERATURE (F)   69
 MINIMUM TEMPERATURE (F)   50


SUNRISE AND SUNSET
SEPTEMBER 18 2014.....SUNRISE   622 AM EDT   SUNSET   644 PM EDT
SEPTEMBER 19 2014.....SUNRISE   623 AM EDT   SUNSET   642 PM EDT


-  INDICATES NEGATIVE NUMBERS.
R  INDICATES RECORD WAS SET OR TIED.
MM INDICATES DATA IS MISSING.
T  INDICATES TRACE AMOUNT.




$$
