000
CDUS41 KGYX 290827
CLIAUG


CLIMATE REPORT
NATIONAL WEATHER SERVICE GRAY ME
426 AM EDT WED MAR 29 2017


...................................

...THE AUGUSTA CLIMATE SUMMARY FOR MARCH 28 2017...

CLIMATE NORMAL PERIOD 1981 TO 2010
CLIMATE RECORD PERIOD 1948 TO 2017


WEATHER ITEM   OBSERVED TIME   RECORD YEAR NORMAL DEPARTURE LAST
                VALUE   (LST)  VALUE       VALUE  FROM      YEAR
                                                  NORMAL
..................................................................
TEMPERATURE (F)
 YESTERDAY
  MAXIMUM         36    420 PM  69    1989  45     -9       39
  MINIMUM         30    832 AM   5    1974  28      2       32
  AVERAGE         33                        36     -3       36

PRECIPITATION (IN)
  YESTERDAY        0.01          1.58 2005   0.12  -0.11     0.93
  MONTH TO DATE    3.46                      3.01   0.45     3.45
  SINCE MAR 1      3.46                      3.01   0.45     3.45
  SINCE JAN 1      9.94                      8.05   1.89     9.32

DEGREE DAYS
 HEATING
  YESTERDAY       32                        29      3       29
  MONTH TO DATE 1103                       943    160      869
  SINCE MAR 1   1103                       943    160      869
  SINCE JUL 1   5915                      6286   -371     5548

 COOLING
  YESTERDAY        0                         0      0        0
  MONTH TO DATE    0                         0      0        0
  SINCE MAR 1      0                         0      0        0
  SINCE JAN 1      0                         0      0        0
..................................................................


WIND (MPH)
  HIGHEST WIND SPEED    13   HIGHEST WIND DIRECTION    NE (30)
  HIGHEST GUST SPEED    16   HIGHEST GUST DIRECTION    NE (30)
  AVERAGE WIND SPEED     4.0


SKY COVER
  AVERAGE SKY COVER 1.0


WEATHER CONDITIONS
 THE FOLLOWING WEATHER WAS RECORDED YESTERDAY.
  LIGHT RAIN
  FOG
  FOG W/VISIBILITY <= 1/4 MILE


RELATIVE HUMIDITY (PERCENT)
 HIGHEST    96           200 PM
 LOWEST     85           400 AM
 AVERAGE    91

..........................................................


THE AUGUSTA CLIMATE NORMALS FOR TODAY
                         NORMAL    RECORD    YEAR
 MAXIMUM TEMPERATURE (F)   45        70      1981
 MINIMUM TEMPERATURE (F)   28        -1      1974


SUNRISE AND SUNSET
MARCH 29 2017.........SUNRISE   625 AM EDT   SUNSET   703 PM EDT
MARCH 30 2017.........SUNRISE   624 AM EDT   SUNSET   704 PM EDT


-  INDICATES NEGATIVE NUMBERS.
R  INDICATES RECORD WAS SET OR TIED.
MM INDICATES DATA IS MISSING.
T  INDICATES TRACE AMOUNT.




$$
