000
CDUS41 KGYX 310802
CLIAUG


CLIMATE REPORT
NATIONAL WEATHER SERVICE GRAY ME
402 AM EDT FRI JUL 31 2015


...................................

...THE AUGUSTA CLIMATE SUMMARY FOR JULY 30 2015...

CLIMATE NORMAL PERIOD 1981 TO 2010
CLIMATE RECORD PERIOD 1948 TO 2015


WEATHER ITEM   OBSERVED TIME   RECORD YEAR NORMAL DEPARTURE LAST
                VALUE   (LST)  VALUE       VALUE  FROM      YEAR
                                                  NORMAL
..................................................................
TEMPERATURE (F)
 YESTERDAY
  MAXIMUM         85    116 PM  MM      MM  80      5       71
  MINIMUM         65    459 AM  MM      MM  60      5       58
  AVERAGE         75                        70      5       65

PRECIPITATION (IN)
  YESTERDAY        0.49         MM      MM   0.12   0.37     0.19
  MONTH TO DATE    2.77                      3.30  -0.53     6.37
  SINCE JUN 1      8.23                      6.86   1.37    11.28
  SINCE JAN 1     17.91                     22.75  -4.84    25.40

DEGREE DAYS
 HEATING
  YESTERDAY        0                         0      0        0
  MONTH TO DATE   18                        12      6        2
  SINCE JUN 1    169                       106     63       78
  SINCE JUL 1     18                        12      6        2

 COOLING
  YESTERDAY       10                         5      5        0
  MONTH TO DATE  118                       145    -27      163
  SINCE JUN 1    151                       209    -58      222
  SINCE JAN 1    185                       218    -33      222
..................................................................


WIND (MPH)
  HIGHEST WIND SPEED    17   HIGHEST WIND DIRECTION    SW (220)
  HIGHEST GUST SPEED    28   HIGHEST GUST DIRECTION    SW (210)
  AVERAGE WIND SPEED     5.6


SKY COVER
  AVERAGE SKY COVER 0.3


WEATHER CONDITIONS
 THE FOLLOWING WEATHER WAS RECORDED YESTERDAY.
  THUNDERSTORM
  HEAVY RAIN
  RAIN
  LIGHT RAIN
  FOG
  FOG W/VISIBILITY <= 1/4 MILE
  HAZE


RELATIVE HUMIDITY (PERCENT)
 HIGHEST   100           300 AM
 LOWEST     61           100 PM
 AVERAGE    81

..........................................................


THE AUGUSTA CLIMATE NORMALS FOR TODAY
                         NORMAL
 MAXIMUM TEMPERATURE (F)   80
 MINIMUM TEMPERATURE (F)   60


SUNRISE AND SUNSET
JULY 31 2015..........SUNRISE   525 AM EDT   SUNSET   805 PM EDT
AUGUST  1 2015........SUNRISE   526 AM EDT   SUNSET   804 PM EDT


-  INDICATES NEGATIVE NUMBERS.
R  INDICATES RECORD WAS SET OR TIED.
MM INDICATES DATA IS MISSING.
T  INDICATES TRACE AMOUNT.




$$
