338
CDUS41 KGYX 262046
CLIAUG


CLIMATE REPORT
NATIONAL WEATHER SERVICE GRAY ME
446 PM EDT WED JUL 26 2017


...................................

...THE AUGUSTA CLIMATE SUMMARY FOR JULY 26 2017...
VALID TODAY AS OF 0400 PM LOCAL TIME.

CLIMATE NORMAL PERIOD 1981 TO 2010
CLIMATE RECORD PERIOD 1948 TO 2017


WEATHER ITEM   OBSERVED TIME   RECORD YEAR NORMAL DEPARTURE LAST
                VALUE   (LST)  VALUE       VALUE  FROM      YEAR
                                                  NORMAL
..................................................................
TEMPERATURE (F)
 TODAY
  MAXIMUM         81    259 PM  96    1989  80      1       88
  MINIMUM         55    453 AM  49    1976  60     -5       65
  AVERAGE         68                        70     -2       77

PRECIPITATION (IN)
  TODAY            0.00          1.26 1986   0.11  -0.11     0.00
  MONTH TO DATE    1.30                      2.84  -1.54     1.76
  SINCE JUN 1      3.34                      6.40  -3.06     5.50
  SINCE JAN 1     22.29                     22.29   0.00    19.07

DEGREE DAYS
 HEATING
  TODAY            0                         0      0        0
  MONTH TO DATE   10                        12     -2       21
  SINCE JUN 1     88                       106    -18       99
  SINCE JUL 1     10                        12     -2       21

 COOLING
  TODAY            3                         5     -2       12
  MONTH TO DATE  138                       125     13      161
  SINCE JUN 1    219                       189     30      196
  SINCE JAN 1    230                       198     32      211
..................................................................


WIND (MPH)
  HIGHEST WIND SPEED     9   HIGHEST WIND DIRECTION     S (170)
  HIGHEST GUST SPEED    15   HIGHEST GUST DIRECTION     S (180)
  AVERAGE WIND SPEED     3.6


SKY COVER
  AVERAGE SKY COVER 0.0


WEATHER CONDITIONS
 THE FOLLOWING WEATHER WAS RECORDED TODAY.
  NO SIGNIFICANT WEATHER WAS OBSERVED.


RELATIVE HUMIDITY (PERCENT)
 HIGHEST    93           400 AM
 LOWEST     30          1200 PM
 AVERAGE    62

..........................................................


THE AUGUSTA CLIMATE NORMALS FOR TOMORROW
                         NORMAL    RECORD    YEAR
 MAXIMUM TEMPERATURE (F)   80        97      1949
 MINIMUM TEMPERATURE (F)   60        50      2001


SUNRISE AND SUNSET
JULY 26 2017..........SUNRISE   520 AM EDT   SUNSET   811 PM EDT
JULY 27 2017..........SUNRISE   521 AM EDT   SUNSET   809 PM EDT


-  INDICATES NEGATIVE NUMBERS.
R  INDICATES RECORD WAS SET OR TIED.
MM INDICATES DATA IS MISSING.
T  INDICATES TRACE AMOUNT.




$$
