000
CDUS41 KGYX 300811
CLIAUG


CLIMATE REPORT
NATIONAL WEATHER SERVICE GRAY ME
410 AM EDT SAT APR 30 2016


...................................

...THE AUGUSTA CLIMATE SUMMARY FOR APRIL 29 2016...

CLIMATE NORMAL PERIOD 1981 TO 2010
CLIMATE RECORD PERIOD 1948 TO 2016


WEATHER ITEM   OBSERVED TIME   RECORD YEAR NORMAL DEPARTURE LAST
                VALUE   (LST)  VALUE       VALUE  FROM      YEAR
                                                  NORMAL
..................................................................
TEMPERATURE (F)
 YESTERDAY
  MAXIMUM         51    136 PM  76    1986  59     -8       56
  MINIMUM         27R   454 AM  30    1961  39    -12       43
  AVERAGE         39                        49    -10       50

PRECIPITATION (IN)
  YESTERDAY        0.00          3.14 2008   0.14  -0.14     0.02
  MONTH TO DATE    2.72                      3.66  -0.94     4.36
  SINCE MAR 1      6.22                      7.03  -0.81     5.53
  SINCE JAN 1     12.09                     12.07   0.02     7.80

DEGREE DAYS
 HEATING
  YESTERDAY       26                        16     10       15
  MONTH TO DATE  671                       619     52      651
  SINCE MAR 1   1604                      1645    -41     1827
  SINCE JUL 1   6283                      6988   -705     7454

 COOLING
  YESTERDAY        0                         0      0        0
  MONTH TO DATE    0                         0      0        0
  SINCE MAR 1      0                         0      0        0
  SINCE JAN 1      0                         0      0        0
..................................................................


WIND (MPH)
  HIGHEST WIND SPEED    14   HIGHEST WIND DIRECTION     S (160)
  HIGHEST GUST SPEED    20   HIGHEST GUST DIRECTION    SW (230)
  AVERAGE WIND SPEED     5.8


SKY COVER
  AVERAGE SKY COVER 0.0


WEATHER CONDITIONS
 THE FOLLOWING WEATHER WAS RECORDED YESTERDAY.
  NO SIGNIFICANT WEATHER WAS OBSERVED.


RELATIVE HUMIDITY (PERCENT)
 HIGHEST    82          1000 PM
 LOWEST     28          1000 AM
 AVERAGE    55

..........................................................


THE AUGUSTA CLIMATE NORMALS FOR TODAY
                         NORMAL    RECORD    YEAR
 MAXIMUM TEMPERATURE (F)   60        85      2004
 MINIMUM TEMPERATURE (F)   40        28      1964


SUNRISE AND SUNSET
APRIL 30 2016.........SUNRISE   531 AM EDT   SUNSET   743 PM EDT
MAY  1 2016...........SUNRISE   529 AM EDT   SUNSET   744 PM EDT


-  INDICATES NEGATIVE NUMBERS.
R  INDICATES RECORD WAS SET OR TIED.
MM INDICATES DATA IS MISSING.
T  INDICATES TRACE AMOUNT.




$$
