403
CDUS44 KEWX 082227
CLIAUS


CLIMATE REPORT
NATIONAL WEATHER SERVICE AUSTIN/SAN ANTONIO, TX
427 PM CST MON FEB 8 2016


...................................

...THE AUSTIN BERGSTROM CLIMATE SUMMARY FOR FEBRUARY 8 2016...
VALID TODAY AS OF 425 PM LOCAL TIME.

CLIMATE NORMAL PERIOD 1981 TO 2010
CLIMATE RECORD PERIOD 1943 TO 2016


WEATHER ITEM   OBSERVED TIME   RECORD YEAR NORMAL DEPARTURE LAST
                VALUE   (LST)  VALUE       VALUE  FROM      YEAR
                                                  NORMAL
..................................................................
TEMPERATURE (F)
 TODAY
  MAXIMUM         65    313 PM  85    1962  64      1       75
  MINIMUM         36   1257 AM  21    2011  38     -2       50
  AVERAGE         51                        51      0       63

PRECIPITATION (IN)
  TODAY            0.00          1.94 1956   0.09  -0.09      T
  MONTH TO DATE    T                         0.61  -0.61     0.28
  SINCE DEC 1      3.33                      5.02  -1.69     7.68
  SINCE JAN 1      1.04                      2.81  -1.77     5.56

SNOWFALL (IN)
  TODAY            0.0
  MONTH TO DATE    0.0
  SINCE DEC 1      T
  SINCE JUL 1      T
  SNOW DEPTH       0

DEGREE DAYS
 HEATING
  TODAY           14                        14      0        2
  MONTH TO DATE  128                       119      9      120
  SINCE DEC 1    922                      1076   -154     1061
  SINCE JUL 1   1100                      1361   -261     1399

 COOLING
  TODAY            0                         0      0        0
  MONTH TO DATE    0                         0      0        0
  SINCE DEC 1     19                        15      4        4
  SINCE JAN 1      0                         5     -5        0
..................................................................


WIND (MPH)
  HIGHEST WIND SPEED    22   HIGHEST WIND DIRECTION     N (360)
  HIGHEST GUST SPEED    30   HIGHEST GUST DIRECTION    NW (300)
  AVERAGE WIND SPEED    13.9


SKY COVER
  AVERAGE SKY COVER 0.3


WEATHER CONDITIONS
 THE FOLLOWING WEATHER WAS RECORDED TODAY.
  NO SIGNIFICANT WEATHER WAS OBSERVED.


RELATIVE HUMIDITY (PERCENT)
 HIGHEST    76          1200 AM
 LOWEST     13           200 PM
 AVERAGE    45

..........................................................


THE AUSTIN BERGSTROM CLIMATE NORMALS FOR TOMORROW
                         NORMAL    RECORD    YEAR
 MAXIMUM TEMPERATURE (F)   64        87      1960
 MINIMUM TEMPERATURE (F)   38        23      2011


SUNRISE AND SUNSET
FEBRUARY  8 2016......SUNRISE   717 AM CST   SUNSET   613 PM CST
FEBRUARY  9 2016......SUNRISE   716 AM CST   SUNSET   614 PM CST


-  INDICATES NEGATIVE NUMBERS.
R  INDICATES RECORD WAS SET OR TIED.
MM INDICATES DATA IS MISSING.
T  INDICATES TRACE AMOUNT.




$$
