000
CDUS44 KEWX 110741
CLIAUS


CLIMATE REPORT
NATIONAL WEATHER SERVICE AUSTIN/SAN ANTONIO, TX
135 AM CST MON DEC 11 2017


...................................

...THE AUSTIN BERGSTROM CLIMATE SUMMARY FOR DECEMBER 10 2017...

CLIMATE NORMAL PERIOD 1981 TO 2010
CLIMATE RECORD PERIOD 1943 TO 2017


WEATHER ITEM   OBSERVED TIME   RECORD YEAR NORMAL DEPARTURE LAST
                VALUE   (LST)  VALUE       VALUE  FROM      YEAR
                                                  NORMAL
..................................................................
TEMPERATURE (F)
 YESTERDAY
  MAXIMUM         68    335 PM  83    1947  64      4       54
  MINIMUM         30    457 AM  18    1978  38     -8       30
  AVERAGE         49                        51     -2       42

PRECIPITATION (IN)
  YESTERDAY        0.00          1.07 1974   0.06  -0.06      T
  MONTH TO DATE    1.39                      0.72   0.67     3.02
  SINCE DEC 1      1.39                      0.72   0.67     3.02
  SINCE JAN 1     39.26                     33.15   6.11    53.77

SNOWFALL (IN)
  YESTERDAY        0.0
  MONTH TO DATE    1.3
  SINCE DEC 1      1.3
  SINCE JUL 1      1.3
  SNOW DEPTH       0

DEGREE DAYS
 HEATING
  YESTERDAY       16                        14      2       23
  MONTH TO DATE  123                       135    -12      170
  SINCE DEC 1    123                       135    -12      170
  SINCE JUL 1    330                       420    -90      264

 COOLING
  YESTERDAY        0                         0      0        0
  MONTH TO DATE   12                         5      7        0
  SINCE DEC 1     12                         5      7        0
  SINCE JAN 1   3362                      2746    616     3082
..................................................................


WIND (MPH)
  HIGHEST WIND SPEED    12   HIGHEST WIND DIRECTION    SW (210)
  HIGHEST GUST SPEED    14   HIGHEST GUST DIRECTION     S (200)
  AVERAGE WIND SPEED     4.2


SKY COVER
  AVERAGE SKY COVER 0.2


WEATHER CONDITIONS
 THE FOLLOWING WEATHER WAS RECORDED YESTERDAY.
  NO SIGNIFICANT WEATHER WAS OBSERVED.


RELATIVE HUMIDITY (PERCENT)
 HIGHEST   100           400 AM
 LOWEST     24           200 PM
 AVERAGE    62

..........................................................


THE AUSTIN BERGSTROM CLIMATE NORMALS FOR TODAY
                         NORMAL    RECORD    YEAR
 MAXIMUM TEMPERATURE (F)   64        83      1987
                                             1949
 MINIMUM TEMPERATURE (F)   38        24      1978


SUNRISE AND SUNSET
DECEMBER 11 2017......SUNRISE   717 AM CST   SUNSET   531 PM CST
DECEMBER 12 2017......SUNRISE   718 AM CST   SUNSET   531 PM CST


-  INDICATES NEGATIVE NUMBERS.
R  INDICATES RECORD WAS SET OR TIED.
MM INDICATES DATA IS MISSING.
T  INDICATES TRACE AMOUNT.




$$
