000
CDUS44 KEWX 172250
CLIAUS


CLIMATE REPORT
NATIONAL WEATHER SERVICE AUSTIN/SAN ANTONIO, TX
550 PM CDT THU AUG 17 2017


...................................

...THE AUSTIN BERGSTROM CLIMATE SUMMARY FOR AUGUST 17 2017...
VALID TODAY AS OF 550 PM LOCAL TIME.

CLIMATE NORMAL PERIOD 1981 TO 2010
CLIMATE RECORD PERIOD 1943 TO 2017


WEATHER ITEM   OBSERVED TIME   RECORD YEAR NORMAL DEPARTURE LAST
                VALUE   (LST)  VALUE       VALUE  FROM      YEAR
                                                  NORMAL
..................................................................
TEMPERATURE (F)
 TODAY
  MAXIMUM        100    327 PM 105    1951  96      4       84
  MINIMUM         80    548 AM  61    2004  72      8       75
  AVERAGE         90                        84      6       80

PRECIPITATION (IN)
  TODAY            0.00          0.75 1967   0.07  -0.07     0.04
  MONTH TO DATE    2.92                      0.94   1.98     4.83
  SINCE JUN 1      6.41                      8.01  -1.60    13.11
  SINCE JAN 1     21.19                     21.62  -0.43    41.40

SNOWFALL (IN)
  TODAY            0.0
  MONTH TO DATE    0.0
  SINCE JUN 1      0.0
  SINCE JUL 1      0.0
  SNOW DEPTH       0

DEGREE DAYS
 HEATING
  TODAY            0                         0      0        0
  MONTH TO DATE    0                         0      0        0
  SINCE JUN 1      0                         0      0        0
  SINCE JUL 1      0                         0      0        0

 COOLING
  TODAY           25                        19      6       15
  MONTH TO DATE  363                       323     40      325
  SINCE JUN 1   1609                      1376    233     1514
  SINCE JAN 1   2394                      1883    511     2018
..................................................................


WIND (MPH)
  HIGHEST WIND SPEED    21   HIGHEST WIND DIRECTION     S (200)
  HIGHEST GUST SPEED    24   HIGHEST GUST DIRECTION     S (190)
  AVERAGE WIND SPEED    10.7


SKY COVER
  AVERAGE SKY COVER 0.5


WEATHER CONDITIONS
 THE FOLLOWING WEATHER WAS RECORDED TODAY.
  NO SIGNIFICANT WEATHER WAS OBSERVED.


RELATIVE HUMIDITY (PERCENT)
 HIGHEST    85           200 AM
 LOWEST     38           300 PM
 AVERAGE    62

..........................................................


THE AUSTIN BERGSTROM CLIMATE NORMALS FOR TOMORROW
                         NORMAL    RECORD    YEAR
 MAXIMUM TEMPERATURE (F)   96       104      2011
                                             1986
 MINIMUM TEMPERATURE (F)   71        64      2013
                                             2004


SUNRISE AND SUNSET
AUGUST 17 2017........SUNRISE   659 AM CDT   SUNSET   810 PM CDT
AUGUST 18 2017........SUNRISE   700 AM CDT   SUNSET   809 PM CDT


-  INDICATES NEGATIVE NUMBERS.
R  INDICATES RECORD WAS SET OR TIED.
MM INDICATES DATA IS MISSING.
T  INDICATES TRACE AMOUNT.




$$
