000
CDUS44 KEWX 222350
CLIAUS


CLIMATE REPORT
NATIONAL WEATHER SERVICE AUSTIN/SAN ANTONIO, TX
550 PM CST MON DEC 22 2014


...................................

...THE AUSTIN BERGSTROM CLIMATE SUMMARY FOR DECEMBER 22 2014...
VALID TODAY AS OF 550 PM LOCAL TIME.

CLIMATE NORMAL PERIOD 1981 TO 2010
CLIMATE RECORD PERIOD 1943 TO 2014


WEATHER ITEM   OBSERVED TIME   RECORD YEAR NORMAL DEPARTURE LAST
                VALUE   (LST)  VALUE       VALUE  FROM      YEAR
                                                  NORMAL
..................................................................
TEMPERATURE (F)
 TODAY
  MAXIMUM         71    351 PM  80    1988  63      8       56
  MINIMUM         56    256 AM  16    1989  36     20       33
                                      1983
  AVERAGE         64                        49     15       45

PRECIPITATION (IN)
  TODAY            0.00          2.73 1986   0.08  -0.08     0.00
  MONTH TO DATE    1.85                      1.58   0.27     0.86
  SINCE DEC 1      1.85                      1.58   0.27     0.86
  SINCE JAN 1     29.20                     34.48  -5.28    37.04

SNOWFALL (IN)
  TODAY            0.0
  MONTH TO DATE    0.0
  SINCE DEC 1      0.0
  SINCE JUL 1      0.0
  SNOW DEPTH       0

DEGREE DAYS
 HEATING
  TODAY            1                        16    -15       20
  MONTH TO DATE  191                       318   -127      358
  SINCE DEC 1    191                       318   -127      358
  SINCE JUL 1    529                       603    -74      683

 COOLING
  TODAY            0                         0      0        0
  MONTH TO DATE    4                         5     -1        5
  SINCE DEC 1      4                         5     -1        5
  SINCE JAN 1   2832                      2746     86     3045
..................................................................


WIND (MPH)
  HIGHEST WIND SPEED    18   HIGHEST WIND DIRECTION    SW (210)
  HIGHEST GUST SPEED    24   HIGHEST GUST DIRECTION    SW (220)
  AVERAGE WIND SPEED    11.9


SKY COVER
  AVERAGE SKY COVER 0.9


WEATHER CONDITIONS
 THE FOLLOWING WEATHER WAS RECORDED TODAY.
  NO SIGNIFICANT WEATHER WAS OBSERVED.


RELATIVE HUMIDITY (PERCENT)
 HIGHEST    93          1200 AM
 LOWEST     61           400 PM
 AVERAGE    77

..........................................................


THE AUSTIN BERGSTROM CLIMATE NORMALS FOR TOMORROW
                         NORMAL    RECORD    YEAR
 MAXIMUM TEMPERATURE (F)   63        82      1947
 MINIMUM TEMPERATURE (F)   36         6      1989


SUNRISE AND SUNSET
DECEMBER 22 2014......SUNRISE   723 AM CST   SUNSET   535 PM CST
DECEMBER 23 2014......SUNRISE   724 AM CST   SUNSET   536 PM CST


-  INDICATES NEGATIVE NUMBERS.
R  INDICATES RECORD WAS SET OR TIED.
MM INDICATES DATA IS MISSING.
T  INDICATES TRACE AMOUNT.




$$
