000
CDUS44 KEWX 010013
CLIAUS


CLIMATE REPORT
NATIONAL WEATHER SERVICE AUSTIN/SAN ANTONIO, TX
611 PM CST SAT JAN 31 2015


...................................

...THE AUSTIN BERGSTROM CLIMATE SUMMARY FOR JANUARY 31 2015...
VALID TODAY AS OF 0600 PM LOCAL TIME.

CLIMATE NORMAL PERIOD 1981 TO 2010
CLIMATE RECORD PERIOD 1943 TO 2015


WEATHER ITEM   OBSERVED TIME   RECORD YEAR NORMAL DEPARTURE LAST
                VALUE   (LST)  VALUE       VALUE  FROM      YEAR
                                                  NORMAL
..................................................................
TEMPERATURE (F)
 TODAY
  MAXIMUM         58    140 PM  82    1971  63     -5       78
  MINIMUM         43   1222 AM  -5    1949  37      6       53
  AVERAGE         51                        50      1       66

PRECIPITATION (IN)
  TODAY            0.19          1.61 1953   0.05   0.14     0.00
  MONTH TO DATE    5.21                      2.20   3.01     0.57
  SINCE DEC 1      7.33                      4.41   2.92     1.43
  SINCE JAN 1      5.21                      2.20   3.01     0.57

SNOWFALL (IN)
  TODAY           MM
  MONTH TO DATE    T
  SINCE DEC 1      T
  SINCE JUL 1      T
  SNOW DEPTH       0

DEGREE DAYS
 HEATING
  TODAY           14                        15     -1        0
  MONTH TO DATE  583                       492     91      574
  SINCE DEC 1    943                       957    -14     1118
  SINCE JUL 1   1281                      1242     39     1443

 COOLING
  TODAY            0                         0      0        1
  MONTH TO DATE    0                         5     -5        1
  SINCE DEC 1      4                        15    -11        6
  SINCE JAN 1      0                         5     -5        1
..................................................................


WIND (MPH)
  HIGHEST WIND SPEED    10   HIGHEST WIND DIRECTION    SE (130)
  HIGHEST GUST SPEED    17   HIGHEST GUST DIRECTION     E (110)
  AVERAGE WIND SPEED     3.5


SKY COVER
  AVERAGE SKY COVER 1.0


WEATHER CONDITIONS
 THE FOLLOWING WEATHER WAS RECORDED TODAY.
  HEAVY RAIN
  RAIN
  LIGHT RAIN
  FOG
  HAZE


RELATIVE HUMIDITY (PERCENT)
 HIGHEST   100           300 PM
 LOWEST     66           100 AM
 AVERAGE    83

..........................................................


THE AUSTIN BERGSTROM CLIMATE NORMALS FOR TOMORROW
                         NORMAL    RECORD    YEAR
 MAXIMUM TEMPERATURE (F)   63        83      1963
 MINIMUM TEMPERATURE (F)   37        13      1951


SUNRISE AND SUNSET
JANUARY 31 2015.......SUNRISE   722 AM CST   SUNSET   607 PM CST
FEBRUARY  1 2015......SUNRISE   721 AM CST   SUNSET   607 PM CST


-  INDICATES NEGATIVE NUMBERS.
R  INDICATES RECORD WAS SET OR TIED.
MM INDICATES DATA IS MISSING.
T  INDICATES TRACE AMOUNT.




$$
