000
CDUS43 KGRB 250648
CLIAUW

CLIMATE REPORT
NATIONAL WEATHER SERVICE GREEN BAY
1246 AM CST SUN JAN 25 2015

...................................

...THE WAUSAU WI CLIMATE SUMMARY FOR JANUARY 24 2015...

CLIMATE NORMAL PERIOD 1981 TO 2010
CLIMATE RECORD PERIOD 1896 TO 2015

WEATHER ITEM   OBSERVED TIME   RECORD YEAR NORMAL DEPARTURE LAST
                VALUE   (LST)  VALUE       VALUE  FROM      YEAR
                                                  NORMAL
..................................................................
TEMPERATURE (F)
 YESTERDAY
  MAXIMUM         36    501 PM  54    1942  23     13       26
  MINIMUM         30   1159 PM -33    1948   6     24      -14
  AVERAGE         33                        14     19

PRECIPITATION (IN)
  YESTERDAY        0.00          1.17 1967   0.03  -0.03     0.07
  MONTH TO DATE    0.46                      0.80  -0.34     1.10
  SINCE DEC 1      1.86                      2.16  -0.30     2.67
  SINCE JAN 1      0.46                      0.80  -0.34     1.10

SNOWFALL (IN)
  YESTERDAY        0.0           6.5  1997   0.4   -0.4      1.0
  MONTH TO DATE    7.9                      10.5   -2.6     16.7
  SINCE JUL 1     38.9                      32.7    6.2     45.4
  SNOW DEPTH       8

DEGREE DAYS
 HEATING
  YESTERDAY       32                        50    -18       59
  MONTH TO DATE 1243                      1217     26     1391
  SINCE DEC 1   2567                      2644    -77     3054
  SINCE JUL 1   4650                      4503    147     4864

COOLING
  YESTERDAY        0                         0      0        0
  MONTH TO DATE    0                         0      0        0
  SINCE DEC 1      0                         0      0        0
  SINCE JAN 1      0                         0      0        0
..................................................................

WIND (MPH)
  HIGHEST WIND SPEED    17   HIGHEST WIND DIRECTION     E (90)
  HIGHEST GUST SPEED    22   HIGHEST GUST DIRECTION     E (80)
  AVERAGE WIND SPEED     7.2

SKY COVER
  POSSIBLE SUNSHINE  MM
  AVERAGE SKY COVER 1.0

WEATHER CONDITIONS
 THE FOLLOWING WEATHER WAS RECORDED YESTERDAY.
  NO SIGNIFICANT WEATHER WAS OBSERVED.

RELATIVE HUMIDITY (PERCENT)
 HIGHEST    92           600 AM
 LOWEST     75           900 PM
 AVERAGE    84
..........................................................

THE WAUSAU WI CLIMATE NORMALS FOR TODAY
                         NORMAL    RECORD    YEAR
 MAXIMUM TEMPERATURE (F)   23        53      1944
 MINIMUM TEMPERATURE (F)    6       -31      1904

SUNRISE AND SUNSET
JANUARY 25 2015.......SUNRISE   726 AM CST   SUNSET   456 PM CST
JANUARY 26 2015.......SUNRISE   725 AM CST   SUNSET   458 PM CST

-  INDICATES NEGATIVE NUMBERS.
R  INDICATES RECORD WAS SET OR TIED.
MM INDICATES DATA IS MISSING.
T  INDICATES TRACE AMOUNT.

$$
