000
CDUS43 KGRB 160655
CLIAUW


CLIMATE REPORT
NATIONAL WEATHER SERVICE GREEN BAY
1254 AM CST SAT DEC 16 2017


...................................

...THE WAUSAU WI CLIMATE SUMMARY FOR DECEMBER 15 2017...

CLIMATE NORMAL PERIOD 1981 TO 2010
CLIMATE RECORD PERIOD 1896 TO 2017


WEATHER ITEM   OBSERVED TIME   RECORD YEAR NORMAL DEPARTURE LAST
                VALUE   (LST)  VALUE       VALUE  FROM      YEAR
                                                  NORMAL
..................................................................
TEMPERATURE (F)
 YESTERDAY
  MAXIMUM         18   1235 AM  48    1997  26     -8        3
  MINIMUM         12    507 PM -27    1901  11      1       -9
  AVERAGE         15                        19     -4

PRECIPITATION (IN)
  YESTERDAY       MM             1.21 1974   0.04  MM        0.00
  MONTH TO DATE    0.97                      0.71   0.26     0.78
  SINCE DEC 1      0.97                      0.71   0.26     0.78
  SINCE JAN 1     37.08                     31.76   5.32    35.10

SNOWFALL (IN)
  YESTERDAY       MM             9.3  1974   0.4   MM        0.0
  MONTH TO DATE    5.6                       6.7   -1.1     11.9
  SINCE JUL 1     13.9                      15.0   -1.1     15.0
  SNOW DEPTH      MM

DEGREE DAYS
 HEATING
  YESTERDAY       50                        46      4       68
  MONTH TO DATE  627                       654    -27      694
  SINCE DEC 1    627                       654    -27      694
  SINCE JUL 1   2312                      2513   -201     1972

 COOLING
  YESTERDAY        0                         0      0        0
  MONTH TO DATE    0                         0      0        0
  SINCE DEC 1      0                         0      0        0
  SINCE JAN 1    339                       407    -68      512
..................................................................


WIND (MPH)
  HIGHEST WIND SPEED    15   HIGHEST WIND DIRECTION     W (280)
  HIGHEST GUST SPEED    19   HIGHEST GUST DIRECTION     W (280)
  AVERAGE WIND SPEED     6.9


SKY COVER
  POSSIBLE SUNSHINE  MM
  AVERAGE SKY COVER 0.9


WEATHER CONDITIONS
 THE FOLLOWING WEATHER WAS RECORDED YESTERDAY.
  LIGHT SNOW
  FOG
  HAZE


RELATIVE HUMIDITY (PERCENT)
 HIGHEST    88          1000 PM
 LOWEST     67          1200 PM
 AVERAGE    78

..........................................................


THE WAUSAU WI CLIMATE NORMALS FOR TODAY
                         NORMAL    RECORD    YEAR
 MAXIMUM TEMPERATURE (F)   26        48      1997
                                             1913
 MINIMUM TEMPERATURE (F)   11       -19      1932


SUNRISE AND SUNSET
DECEMBER 16 2017......SUNRISE   730 AM CST   SUNSET   418 PM CST
DECEMBER 17 2017......SUNRISE   731 AM CST   SUNSET   418 PM CST


-  INDICATES NEGATIVE NUMBERS.
R  INDICATES RECORD WAS SET OR TIED.
MM INDICATES DATA IS MISSING.
T  INDICATES TRACE AMOUNT.




$$
