000
CDUS43 KGRB 170728
CLIAUW


CLIMATE REPORT
NATIONAL WEATHER SERVICE GREEN BAY
227 AM CDT THU AUG 17 2017


...................................

...THE WAUSAU WI CLIMATE SUMMARY FOR AUGUST 16 2017...

CLIMATE NORMAL PERIOD 1981 TO 2010
CLIMATE RECORD PERIOD 1896 TO 2017


WEATHER ITEM   OBSERVED TIME   RECORD YEAR NORMAL DEPARTURE LAST
                VALUE   (LST)  VALUE       VALUE  FROM      YEAR
                                                  NORMAL
..................................................................
TEMPERATURE (F)
 YESTERDAY
  MAXIMUM         77    229 PM  99    1988  78     -1       81
  MINIMUM         57    519 AM  42    1979  57      0       60
  AVERAGE         67                        68     -1

PRECIPITATION (IN)
  YESTERDAY        0.05          2.35 1940   0.14  -0.09     0.28
  MONTH TO DATE    2.15                      2.21  -0.06     2.20
  SINCE JUN 1     12.06                     10.35   1.71    12.02
  SINCE JAN 1     27.85                     20.26   7.59    23.68

SNOWFALL (IN)
  YESTERDAY        0.0           0.0    MM   0.0    0.0      0.0
  MONTH TO DATE    0.0                       0.0    0.0      0.0
  SINCE JUL 1      0.0                       0.0    0.0      0.0
  SNOW DEPTH       0

DEGREE DAYS
 HEATING
  YESTERDAY        0                         1     -1        0
  MONTH TO DATE   19                        16      3        0
  SINCE JUN 1     76                       128    -52       39
  SINCE JUL 1     22                        39    -17        9

 COOLING
  YESTERDAY        2                         4     -2        6
  MONTH TO DATE   24                        70    -46      112
  SINCE JUN 1    253                       311    -58      387
  SINCE JAN 1    254                       330    -76      434
..................................................................


WIND (MPH)
  HIGHEST WIND SPEED    17   HIGHEST WIND DIRECTION     E (110)
  HIGHEST GUST SPEED    23   HIGHEST GUST DIRECTION     E (110)
  AVERAGE WIND SPEED    10.1


SKY COVER
  POSSIBLE SUNSHINE  MM
  AVERAGE SKY COVER 0.3


WEATHER CONDITIONS
 THE FOLLOWING WEATHER WAS RECORDED YESTERDAY.
  HEAVY RAIN
  LIGHT RAIN
  FOG


RELATIVE HUMIDITY (PERCENT)
 HIGHEST   100           100 AM
 LOWEST     60           100 PM
 AVERAGE    80

..........................................................


THE WAUSAU WI CLIMATE NORMALS FOR TODAY
                         NORMAL    RECORD    YEAR
 MAXIMUM TEMPERATURE (F)   78        97      1947
 MINIMUM TEMPERATURE (F)   57        44      1976
                                             1963
                                             1924


SUNRISE AND SUNSET
AUGUST 17 2017........SUNRISE   603 AM CDT   SUNSET   801 PM CDT
AUGUST 18 2017........SUNRISE   604 AM CDT   SUNSET   759 PM CDT


-  INDICATES NEGATIVE NUMBERS.
R  INDICATES RECORD WAS SET OR TIED.
MM INDICATES DATA IS MISSING.
T  INDICATES TRACE AMOUNT.




$$
