000
CDUS43 KGRB 250715
CLIAUW


CLIMATE REPORT
NATIONAL WEATHER SERVICE GREEN BAY
213 AM CDT SUN JUN 25 2017


...................................

...THE WAUSAU WI CLIMATE SUMMARY FOR JUNE 24 2017...

CLIMATE NORMAL PERIOD 1981 TO 2010
CLIMATE RECORD PERIOD 1896 TO 2017


WEATHER ITEM   OBSERVED TIME   RECORD YEAR NORMAL DEPARTURE LAST
                VALUE   (LST)  VALUE       VALUE  FROM      YEAR
                                                  NORMAL
..................................................................
TEMPERATURE (F)
 YESTERDAY
  MAXIMUM         67    145 PM  98    1937  78    -11       81
  MINIMUM         53   1159 PM  44    2004  56     -3       55
  AVERAGE         60                        67     -7

PRECIPITATION (IN)
  YESTERDAY        T             2.57 1940   0.14  -0.14     0.00
  MONTH TO DATE    4.80                      3.51   1.29     3.61
  SINCE JUN 1      4.80                      3.51   1.29     3.61
  SINCE JAN 1     20.59                     13.42   7.17    15.27

SNOWFALL (IN)
  YESTERDAY        0.0           0.0    MM   0.0    0.0      0.0
  MONTH TO DATE    0.0                       0.0    0.0      0.0
  SINCE JUL 1     60.5                      59.6    0.9     43.4
  SNOW DEPTH       0

DEGREE DAYS
 HEATING
  YESTERDAY        5                         2      3        0
  MONTH TO DATE   25                        80    -55       26
  SINCE JUN 1     25                        80    -55       26
  SINCE JUL 1   7238                      8240  -1002     6809

 COOLING
  YESTERDAY        0                         4     -4        3
  MONTH TO DATE   76                        58     18       82
  SINCE JUN 1     76                        58     18       82
  SINCE JAN 1     77                        77      0      129
..................................................................


WIND (MPH)
  HIGHEST WIND SPEED    23   HIGHEST WIND DIRECTION     W (270)
  HIGHEST GUST SPEED    29   HIGHEST GUST DIRECTION     W (270)
  AVERAGE WIND SPEED    12.7


SKY COVER
  POSSIBLE SUNSHINE  MM
  AVERAGE SKY COVER 0.7


WEATHER CONDITIONS
 THE FOLLOWING WEATHER WAS RECORDED YESTERDAY.
  LIGHT RAIN


RELATIVE HUMIDITY (PERCENT)
 HIGHEST    93           300 AM
 LOWEST     44           100 PM
 AVERAGE    69

..........................................................


THE WAUSAU WI CLIMATE NORMALS FOR TODAY
                         NORMAL    RECORD    YEAR
 MAXIMUM TEMPERATURE (F)   78        93      1900
 MINIMUM TEMPERATURE (F)   57        42      2004


SUNRISE AND SUNSET
JUNE 25 2017..........SUNRISE   513 AM CDT   SUNSET   849 PM CDT
JUNE 26 2017..........SUNRISE   514 AM CDT   SUNSET   849 PM CDT


-  INDICATES NEGATIVE NUMBERS.
R  INDICATES RECORD WAS SET OR TIED.
MM INDICATES DATA IS MISSING.
T  INDICATES TRACE AMOUNT.

$$
