000
CDUS43 KGRB 280805
CLIAUW


CLIMATE REPORT
NATIONAL WEATHER SERVICE GREEN BAY
304 AM CDT FRI AUG 28 2015


...................................

...THE WAUSAU WI CLIMATE SUMMARY FOR AUGUST 27 2015...

CLIMATE NORMAL PERIOD 1981 TO 2010
CLIMATE RECORD PERIOD 1896 TO 2015


WEATHER ITEM   OBSERVED TIME   RECORD YEAR NORMAL DEPARTURE LAST
                VALUE   (LST)  VALUE       VALUE  FROM      YEAR
                                                  NORMAL
..................................................................
TEMPERATURE (F)
 YESTERDAY
  MAXIMUM         75    332 PM  97    1973  76     -1       74
  MINIMUM         47    600 AM  36    1915  55     -8       57
  AVERAGE         61                        66     -5

PRECIPITATION (IN)
  YESTERDAY        0.00          1.05 1980   0.12  -0.12     0.02
  MONTH TO DATE    3.60                      3.65  -0.05     4.99
  SINCE JUN 1     11.24                     11.79  -0.55    13.10
  SINCE JAN 1     21.97                     21.70   0.27    24.54

SNOWFALL (IN)
  YESTERDAY        0.0           0.0    MM   0.0    0.0      0.0
  MONTH TO DATE    0.0                       0.0    0.0      0.0
  SINCE JUL 1      0.0                       0.0    0.0      0.0
  SNOW DEPTH       0

DEGREE DAYS
 HEATING
  YESTERDAY        4                         2      2        0
  MONTH TO DATE   39                        33      6       11
  SINCE JUN 1    118                       145    -27       72
  SINCE JUL 1     57                        56      1       50

 COOLING
  YESTERDAY        0                         3     -3        1
  MONTH TO DATE  104                       106     -2       95
  SINCE JUN 1    315                       347    -32      289
  SINCE JAN 1    333                       366    -33      314
..................................................................


WIND (MPH)
  HIGHEST WIND SPEED    12   HIGHEST WIND DIRECTION    SW (220)
  HIGHEST GUST SPEED    15   HIGHEST GUST DIRECTION     S (200)
  AVERAGE WIND SPEED     3.6


SKY COVER
  POSSIBLE SUNSHINE  MM
  AVERAGE SKY COVER 0.1


WEATHER CONDITIONS
 THE FOLLOWING WEATHER WAS RECORDED YESTERDAY.
  NO SIGNIFICANT WEATHER WAS OBSERVED.


RELATIVE HUMIDITY (PERCENT)
 HIGHEST    96           100 AM
 LOWEST     49           100 PM
 AVERAGE    73

..........................................................


THE WAUSAU WI CLIMATE NORMALS FOR TODAY
                         NORMAL    RECORD    YEAR
 MAXIMUM TEMPERATURE (F)   76        94      1984
 MINIMUM TEMPERATURE (F)   55        39      1934


SUNRISE AND SUNSET
AUGUST 28 2015........SUNRISE   616 AM CDT   SUNSET   743 PM CDT
AUGUST 29 2015........SUNRISE   617 AM CDT   SUNSET   741 PM CDT


-  INDICATES NEGATIVE NUMBERS.
R  INDICATES RECORD WAS SET OR TIED.
MM INDICATES DATA IS MISSING.
T  INDICATES TRACE AMOUNT.




$$
