000
CDUS43 KGRB 050832
CLIAUW


CLIMATE REPORT
NATIONAL WEATHER SERVICE GREEN BAY
332 AM CDT SUN JUL 5 2015


...................................

...THE WAUSAU WI CLIMATE SUMMARY FOR JULY 4 2015...

CLIMATE NORMAL PERIOD 1981 TO 2010
CLIMATE RECORD PERIOD 1896 TO 2015


WEATHER ITEM   OBSERVED TIME   RECORD YEAR NORMAL DEPARTURE LAST
                VALUE   (LST)  VALUE       VALUE  FROM      YEAR
                                                  NORMAL
..................................................................
TEMPERATURE (F)
 YESTERDAY
  MAXIMUM         83    357 PM  96    2012  80      3       77
  MINIMUM         57    526 AM  40    1972  58     -1       47
  AVERAGE         70                        69      1

PRECIPITATION (IN)
  YESTERDAY        0.00          2.01 1958   0.12  -0.12     0.00
  MONTH TO DATE    0.00                      0.49  -0.49     0.60
  SINCE JUN 1      4.56                      4.80  -0.24     6.11
  SINCE JAN 1     15.29                     14.71   0.58    17.55

SNOWFALL (IN)
  YESTERDAY        0.0           0.0    MM   0.0    0.0      0.0
  MONTH TO DATE    0.0                       0.0    0.0      0.0
  SINCE JUL 1      0.0                       0.0    0.0      0.0
  SNOW DEPTH       0

DEGREE DAYS
 HEATING
  YESTERDAY        0                         1     -1        3
  MONTH TO DATE    8                         4      4       10
  SINCE JUN 1     69                        93    -24       32
  SINCE JUL 1      8                         4      4       10

 COOLING
  YESTERDAY        5                         5      0        0
  MONTH TO DATE    5                        20    -15        3
  SINCE JUN 1     52                       105    -53      113
  SINCE JAN 1     70                       124    -54      138
..................................................................


WIND (MPH)
  HIGHEST WIND SPEED     9   HIGHEST WIND DIRECTION     S (200)
  HIGHEST GUST SPEED    12   HIGHEST GUST DIRECTION    SW (220)
  AVERAGE WIND SPEED     3.6


SKY COVER
  POSSIBLE SUNSHINE  MM
  AVERAGE SKY COVER 0.1


WEATHER CONDITIONS
 THE FOLLOWING WEATHER WAS RECORDED YESTERDAY.
  FOG
  HAZE


RELATIVE HUMIDITY (PERCENT)
 HIGHEST    93           400 AM
 LOWEST     40           400 PM
 AVERAGE    67

..........................................................


THE WAUSAU WI CLIMATE NORMALS FOR TODAY
                         NORMAL    RECORD    YEAR
 MAXIMUM TEMPERATURE (F)   80        96      2012
                                             1988
 MINIMUM TEMPERATURE (F)   58        43      1967


SUNRISE AND SUNSET
JULY  5 2015..........SUNRISE   518 AM CDT   SUNSET   848 PM CDT
JULY  6 2015..........SUNRISE   519 AM CDT   SUNSET   847 PM CDT


-  INDICATES NEGATIVE NUMBERS.
R  INDICATES RECORD WAS SET OR TIED.
MM INDICATES DATA IS MISSING.
T  INDICATES TRACE AMOUNT.




$$
