000
CDUS42 KGSP 252032
CLIAVL

CLIMATE REPORT
NATIONAL WEATHER SERVICE GREENVILLE-SPARTANBURG SC
431 PM EDT FRI JUL 25 2014


...................................

...THE ASHEVILLE NC CLIMATE SUMMARY FOR JULY 25 2014...
VALID TODAY AS OF 0400 PM LOCAL TIME.

CLIMATE NORMAL PERIOD 1981 TO 2010
CLIMATE RECORD PERIOD 1869 TO 2014


WEATHER ITEM   OBSERVED TIME   RECORD YEAR NORMAL DEPARTURE LAST
                VALUE   (LST)  VALUE       VALUE  FROM      YEAR
                                                  NORMAL
..................................................................
TEMPERATURE (F)
 TODAY
  MAXIMUM         81    230 PM  92    2010  84     -3       85
                                      2005
                                      1987
  MINIMUM         65    515 AM  51    1895  64      1       64
  AVERAGE         73                        74     -1       75

PRECIPITATION (IN)
  TODAY            T             1.88 1889   0.14  -0.14      T
  MONTH TO DATE    3.98                      3.49   0.49    11.74
  SINCE JUN 1      9.37                      8.14   1.23    20.71
  SINCE JAN 1     25.88                     26.39  -0.51    49.83

SNOWFALL (IN)
  TODAY            0.0           0.0    MM   0.0    0.0      0.0
  MONTH TO DATE    0.0                       0.0    0.0      0.0
  SINCE JUN 1      0.0                       0.0    0.0      0.0
  SINCE JUL 1      0.0                       0.0    0.0      0.0
  SNOW DEPTH       0

DEGREE DAYS
 HEATING
  TODAY            0                         0      0        0
  MONTH TO DATE    1                         0      1        0
  SINCE JUN 1      1                        14    -13        0
  SINCE JUL 1      1                         0      1        0

 COOLING
  TODAY            8                         9     -1       10
  MONTH TO DATE  177                       221    -44      230
  SINCE JUN 1    403                       398      5      432
  SINCE JAN 1    484                       456     28      483
..................................................................


WIND (MPH)
  HIGHEST WIND SPEED    14   HIGHEST WIND DIRECTION     S (170)
  HIGHEST GUST SPEED    18   HIGHEST GUST DIRECTION     S (170)
  AVERAGE WIND SPEED     4.2


SKY COVER
  POSSIBLE SUNSHINE  MM
  AVERAGE SKY COVER 0.6


WEATHER CONDITIONS
 THE FOLLOWING WEATHER WAS RECORDED TODAY.
  LIGHT RAIN


RELATIVE HUMIDITY (PERCENT)
 HIGHEST    93           100 AM
 LOWEST     58          1200 PM
 AVERAGE    76

..........................................................


THE ASHEVILLE NC CLIMATE NORMALS FOR TOMORROW
                         NORMAL    RECORD    YEAR
 MAXIMUM TEMPERATURE (F)   84        94      1949
                                             1940
 MINIMUM TEMPERATURE (F)   64        49      1911


SUNRISE AND SUNSET
JULY 25 2014..........SUNRISE   633 AM EDT   SUNSET   840 PM EDT
JULY 26 2014..........SUNRISE   634 AM EDT   SUNSET   839 PM EDT


-  INDICATES NEGATIVE NUMBERS.
R  INDICATES RECORD WAS SET OR TIED.
MM INDICATES DATA IS MISSING.
T  INDICATES TRACE AMOUNT.




$$
