000
CDUS42 KGSP 190639
CLIAVL

CLIMATE REPORT
NATIONAL WEATHER SERVICE GREENVILLE-SPARTANBURG SC
131 AM EST FRI JAN 19 2018


...................................

...THE ASHEVILLE NC CLIMATE SUMMARY FOR JANUARY 18 2018...

CLIMATE NORMAL PERIOD 1981 TO 2010
CLIMATE RECORD PERIOD 1869 TO 2018


WEATHER ITEM   OBSERVED TIME   RECORD YEAR NORMAL DEPARTURE LAST
                VALUE   (LST)  VALUE       VALUE  FROM      YEAR
                                                  NORMAL
..................................................................
TEMPERATURE (F)
 YESTERDAY
  MAXIMUM         36    437 PM  72    1933  47    -11       65
  MINIMUM          9    325 AM   0    1994  26    -17       43
  AVERAGE         23                        37    -14       54

PRECIPITATION (IN)
  YESTERDAY        0.00          2.26 1936   0.12  -0.12      T
  MONTH TO DATE    2.48                      2.08   0.40     1.46
  SINCE DEC 1      4.95                      5.67  -0.72     3.77
  SINCE JAN 1      2.48                      2.08   0.40     1.46

SNOWFALL (IN)
  YESTERDAY        0.0           1.2  1955   0.2             0.0
                                      2000
  MONTH TO DATE    2.1                       2.4             7.0
  SINCE DEC 1     10.8                       3.3             7.0
  SINCE JUL 1     10.8                       3.4             7.0
  SNOW DEPTH       1

DEGREE DAYS
 HEATING
  YESTERDAY       42                        28     14       11
  MONTH TO DATE  653                       504    149      383
  SINCE DEC 1   1411                      1298    113     1090
  SINCE JUL 1   2129                      2165    -36     1661

 COOLING
  YESTERDAY        0                         0      0        0
  MONTH TO DATE    0                         0      0        0
  SINCE DEC 1      0                         0      0        0
  SINCE JAN 1      0                         0      0        0
..................................................................


WIND (MPH)
  HIGHEST WIND SPEED    28   HIGHEST WIND DIRECTION     N (340)
  HIGHEST GUST SPEED    39   HIGHEST GUST DIRECTION     N (340)
  AVERAGE WIND SPEED    16.6


SKY COVER
  POSSIBLE SUNSHINE  MM
  AVERAGE SKY COVER 0.0


WEATHER CONDITIONS
 THE FOLLOWING WEATHER WAS RECORDED YESTERDAY.
  NO SIGNIFICANT WEATHER WAS OBSERVED.


RELATIVE HUMIDITY (PERCENT)
 HIGHEST    80           300 AM
 LOWEST     32           100 PM
 AVERAGE    56

..........................................................


THE ASHEVILLE NC CLIMATE NORMALS FOR TODAY
                         NORMAL    RECORD    YEAR
 MAXIMUM TEMPERATURE (F)   47        70      1974
 MINIMUM TEMPERATURE (F)   27        -5      1994


SUNRISE AND SUNSET
JANUARY 19 2018.......SUNRISE   737 AM EST   SUNSET   545 PM EST
JANUARY 20 2018.......SUNRISE   737 AM EST   SUNSET   546 PM EST


-  INDICATES NEGATIVE NUMBERS.
R  INDICATES RECORD WAS SET OR TIED.
MM INDICATES DATA IS MISSING.
T  INDICATES TRACE AMOUNT.




$$
