000
CDUS42 KGSP 280027
CLIAVL

CLIMATE REPORT
NATIONAL WEATHER SERVICE GREENVILLE-SPARTANBURG SC
503 PM EDT MON JUL 27 2015


...................................

...THE ASHEVILLE NC CLIMATE SUMMARY...

CLIMATE NORMAL PERIOD 1981 TO 2010
CLIMATE RECORD PERIOD 1869 TO 2015


WEATHER ITEM   OBSERVED TIME   RECORD YEAR NORMAL DEPARTURE LAST
                VALUE   (LST)  VALUE       VALUE  FROM      YEAR
                                                  NORMAL
..................................................................
TEMPERATURE (F)
 TODAY
  MAXIMUM         88    206 PM  97    1952  84      4       84
  MINIMUM         67    411 AM  48    1911  64      3       64
  AVERAGE         78                        74      4       74

PRECIPITATION (IN)
  TODAY            0.00          4.02 1969   0.13  -0.13      T
  MONTH TO DATE    2.65                      3.76  -1.11     3.98
  SINCE JUN 1      9.07                      8.41   0.66     9.37
  SINCE JAN 1     23.32                     26.66  -3.34    25.88

SNOWFALL (IN)
  TODAY            0.0           0.0    MM   0.0             0.0
  MONTH TO DATE    0.0                       0.0             0.0
  SINCE JUN 1      0.0                       0.0             0.0
  SINCE JUL 1      0.0                       0.0             0.0
  SNOW DEPTH       0

DEGREE DAYS
 HEATING
  TODAY            0                         0      0        0
  MONTH TO DATE    0                         0      0        1
  SINCE JUN 1      0                        14    -14        1
  SINCE JUL 1      0                         0      0        1

 COOLING
  TODAY           13                         9      4        9
  MONTH TO DATE  284                       239     41      186
  SINCE JUN 1    547                       474    127      412
  SINCE JAN 1    669                       474    191      493
..................................................................


WIND (MPH)
  HIGHEST WIND SPEED    15   HIGHEST WIND DIRECTION     S (170)
  HIGHEST GUST SPEED    20   HIGHEST GUST DIRECTION     S (180)
  AVERAGE WIND SPEED     2.1


SKY COVER
  POSSIBLE SUNSHINE  MM
  AVERAGE SKY COVER 0.4


WEATHER CONDITIONS
 NO SIGNIFICANT WEATHER

RELATIVE HUMIDITY (PERCENT)
 HIGHEST    97           300 AM
 LOWEST     40           300 PM
 AVERAGE    69

..........................................................


THE ASHEVILLE NC CLIMATE NORMALS FOR TODAY
                         NORMAL    RECORD    YEAR
 MAXIMUM TEMPERATURE (F)   84        98      1952
 MINIMUM TEMPERATURE (F)   64        53      1895


SUNRISE AND SUNSET
JULY 27 2015..........SUNRISE   635 AM EDT   SUNSET   838 PM EDT
JULY 28 2015..........SUNRISE   636 AM EDT   SUNSET   837 PM EDT


-  INDICATES NEGATIVE NUMBERS.
R  INDICATES RECORD WAS SET OR TIED.
MM INDICATES DATA IS MISSING.
T  INDICATES TRACE AMOUNT.

$$

DEO/JAT
