000
CDUS42 KGSP 232040
CLIAVL

CLIMATE REPORT
NATIONAL WEATHER SERVICE GREENVILLE-SPARTANBURG SC
440 PM EDT WED AUG 23 2017


...................................

...THE ASHEVILLE NC CLIMATE SUMMARY FOR AUGUST 23 2017...
VALID TODAY AS OF 0440 PM LOCAL TIME.

CLIMATE NORMAL PERIOD 1981 TO 2010
CLIMATE RECORD PERIOD 1869 TO 2017


WEATHER ITEM   OBSERVED TIME   RECORD YEAR NORMAL DEPARTURE LAST
                VALUE   (LST)  VALUE       VALUE  FROM      YEAR
                                                  NORMAL
..................................................................
TEMPERATURE (F)
 TODAY
  MAXIMUM         85    305 PM  98    1983  82      3       81
  MINIMUM         65    627 AM  45    1969  62      3       63
  AVERAGE         75                        72      3       72

PRECIPITATION (IN)
  TODAY            0.00          2.41 1967   0.14  -0.14     0.00
  MONTH TO DATE    5.08                      3.26   1.82     6.58
  SINCE JUN 1     12.32                     12.22   0.10    13.50
  SINCE JAN 1     35.34                     30.47   4.87    28.38

SNOWFALL (IN)
  TODAY            0.0           0.0    MM   0.0    0.0      0.0
  MONTH TO DATE    0.0                       0.0    0.0      0.0
  SINCE JUN 1      0.0                       0.0    0.0      0.0
  SINCE JUL 1      0.0                       0.0    0.0      0.0
  SNOW DEPTH       0

DEGREE DAYS
 HEATING
  TODAY            0                         0      0        0
  MONTH TO DATE    0                         0      0        0
  SINCE JUN 1      1                        14    -13        0
  SINCE JUL 1      0                         0      0        0

 COOLING
  TODAY           10                         7      3        7
  MONTH TO DATE  209                       194     15      268
  SINCE JUN 1    725                       646     79      928
  SINCE JAN 1    824                       704    120     1001
..................................................................


WIND (MPH)
  HIGHEST WIND SPEED    20   HIGHEST WIND DIRECTION     N (340)
  HIGHEST GUST SPEED    25   HIGHEST GUST DIRECTION     N (340)
  AVERAGE WIND SPEED     7.0


SKY COVER
  POSSIBLE SUNSHINE  MM
  AVERAGE SKY COVER 0.3


WEATHER CONDITIONS
 THE FOLLOWING WEATHER WAS RECORDED TODAY.
  NO SIGNIFICANT WEATHER WAS OBSERVED.


RELATIVE HUMIDITY (PERCENT)
 HIGHEST    93           300 AM
 LOWEST     48           300 PM
 AVERAGE    71

..........................................................


THE ASHEVILLE NC CLIMATE NORMALS FOR TOMORROW
                         NORMAL    RECORD    YEAR
 MAXIMUM TEMPERATURE (F)   82        94      1968
 MINIMUM TEMPERATURE (F)   62        47      1997


SUNRISE AND SUNSET
AUGUST 23 2017........SUNRISE   656 AM EDT   SUNSET   809 PM EDT
AUGUST 24 2017........SUNRISE   657 AM EDT   SUNSET   808 PM EDT


-  INDICATES NEGATIVE NUMBERS.
R  INDICATES RECORD WAS SET OR TIED.
MM INDICATES DATA IS MISSING.
T  INDICATES TRACE AMOUNT.

$$

OUTLAW
