000
CDUS42 KGSP 242040
CLIAVL

CLIMATE REPORT
NATIONAL WEATHER SERVICE GREENVILLE-SPARTANBURG SC
440 PM EDT SUN JUL 24 2016


...................................

...THE ASHEVILLE NC CLIMATE SUMMARY FOR JULY 24 2016...
VALID TODAY AS OF 0440 PM LOCAL TIME.

CLIMATE NORMAL PERIOD 1981 TO 2010
CLIMATE RECORD PERIOD 1869 TO 2016


WEATHER ITEM   OBSERVED TIME   RECORD YEAR NORMAL DEPARTURE LAST
                VALUE   (LST)  VALUE       VALUE  FROM      YEAR
                                                  NORMAL
..................................................................
TEMPERATURE (F)
 TODAY
  MAXIMUM         90    322 PM  96    1983  84      6       82
  MINIMUM         67    500 AM  52    1966  64      3       70
                                      1895
  AVERAGE         79                        74      5       76

PRECIPITATION (IN)
  TODAY            0.00          1.90 1890   0.14  -0.14     0.06
  MONTH TO DATE    3.71                      3.35   0.36     2.61
  SINCE JUN 1      6.24                      8.00  -1.76     9.03
  SINCE JAN 1     21.12                     26.25  -5.13    23.28

SNOWFALL (IN)
  TODAY            0.0           0.0    MM   0.0    0.0      0.0
  MONTH TO DATE    0.0                       0.0    0.0      0.0
  SINCE JUN 1      0.0                       0.0    0.0      0.0
  SINCE JUL 1      0.0                       0.0    0.0      0.0
  SNOW DEPTH       0

DEGREE DAYS
 HEATING
  TODAY            0                         0      0        0
  MONTH TO DATE    0                         0      0        0
  SINCE JUN 1      0                        14    -14        0
  SINCE JUL 1      0                         0      0        0

 COOLING
  TODAY           14                         9      5       11
  MONTH TO DATE  284                       212     72      247
  SINCE JUN 1    561                       389    172      510
  SINCE JAN 1    634                       447    187      632
..................................................................


WIND (MPH)
  HIGHEST WIND SPEED    12   HIGHEST WIND DIRECTION     S (170)
  HIGHEST GUST SPEED    15   HIGHEST GUST DIRECTION     S (170)
  AVERAGE WIND SPEED     4.9


SKY COVER
  POSSIBLE SUNSHINE  MM
  AVERAGE SKY COVER 0.1


WEATHER CONDITIONS
 THE FOLLOWING WEATHER WAS RECORDED TODAY.
  NO SIGNIFICANT WEATHER WAS OBSERVED.


RELATIVE HUMIDITY (PERCENT)
 HIGHEST    90          1200 AM
 LOWEST     44           200 PM
 AVERAGE    67

..........................................................


THE ASHEVILLE NC CLIMATE NORMALS FOR TOMORROW
                         NORMAL    RECORD    YEAR
 MAXIMUM TEMPERATURE (F)   84        92      2010
                                             2005
                                             1987
 MINIMUM TEMPERATURE (F)   64        51      1895


SUNRISE AND SUNSET
JULY 24 2016..........SUNRISE   633 AM EDT   SUNSET   840 PM EDT
JULY 25 2016..........SUNRISE   634 AM EDT   SUNSET   839 PM EDT


-  INDICATES NEGATIVE NUMBERS.
R  INDICATES RECORD WAS SET OR TIED.
MM INDICATES DATA IS MISSING.
T  INDICATES TRACE AMOUNT.

$$

OUTLAW
