000
CDUS42 KGSP 060636
CLIAVL

CLIMATE REPORT
NATIONAL WEATHER SERVICE GREENVILLE-SPARTANBURG SC
136 AM EST FRI MAR 6 2015


...................................

...THE ASHEVILLE NC CLIMATE SUMMARY FOR MARCH 5 2015...

CLIMATE NORMAL PERIOD 1981 TO 2010
CLIMATE RECORD PERIOD 1869 TO 2015


WEATHER ITEM   OBSERVED TIME   RECORD YEAR NORMAL DEPARTURE LAST
                VALUE   (LST)  VALUE       VALUE  FROM      YEAR
                                                  NORMAL
..................................................................
TEMPERATURE (F)
 YESTERDAY
  MAXIMUM         62   1223 AM  78    1955  55      7       58
  MINIMUM         26   1159 PM   5    1960  33     -7       28
  AVERAGE         44                        44      0       43

PRECIPITATION (IN)
  YESTERDAY        0.34          2.34 1963   0.12   0.22     0.00
  MONTH TO DATE    0.52                      0.60  -0.08     0.18
  SINCE MAR 1      0.52                      0.60  -0.08     0.18
  SINCE JAN 1      6.36                      8.03  -1.67     5.53

SNOWFALL (IN)
  YESTERDAY        0.0           1.6  1912   0.0             0.0
  MONTH TO DATE    0.0                       0.3              T
  SINCE MAR 1      0.0                       0.3              T
  SINCE JUL 1     13.3                       7.6             9.4
  SNOW DEPTH       0

DEGREE DAYS
 HEATING
  YESTERDAY       21                        21      0       22
  MONTH TO DATE   86                       106    -20      111
  SINCE MAR 1     86                       106    -20      111
  SINCE JUL 1   3395                      3323     72     3430

 COOLING
  YESTERDAY        0                         0      0        0
  MONTH TO DATE    0                         0      0        0
  SINCE MAR 1      0                         0      0        0
  SINCE JAN 1      0                         0      0        0
..................................................................


WIND (MPH)
  HIGHEST WIND SPEED    33   HIGHEST WIND DIRECTION    NW (330)
  HIGHEST GUST SPEED    44   HIGHEST GUST DIRECTION     N (340)
  AVERAGE WIND SPEED    17.8


SKY COVER
  POSSIBLE SUNSHINE  MM
  AVERAGE SKY COVER 1.0


WEATHER CONDITIONS
 THE FOLLOWING WEATHER WAS RECORDED YESTERDAY.
  HEAVY RAIN
  LIGHT RAIN
  FOG


RELATIVE HUMIDITY (PERCENT)
 HIGHEST    90           100 AM
 LOWEST     69           800 PM
 AVERAGE    80

..........................................................


THE ASHEVILLE NC CLIMATE NORMALS FOR TODAY
                         NORMAL    RECORD    YEAR
 MAXIMUM TEMPERATURE (F)   56        78      1908
 MINIMUM TEMPERATURE (F)   33         5      1960


SUNRISE AND SUNSET
MARCH  6 2015.........SUNRISE   654 AM EST   SUNSET   630 PM EST
MARCH  7 2015.........SUNRISE   652 AM EST   SUNSET   631 PM EST


-  INDICATES NEGATIVE NUMBERS.
R  INDICATES RECORD WAS SET OR TIED.
MM INDICATES DATA IS MISSING.
T  INDICATES TRACE AMOUNT.

$$
