000
CDUS42 KGSP 182039
CLIAVL

CLIMATE REPORT
NATIONAL WEATHER SERVICE GREENVILLE-SPARTANBURG SC
435 PM EDT THU SEP 18 2014


...................................

...THE ASHEVILLE NC CLIMATE SUMMARY FOR SEPTEMBER 18 2014...
VALID TODAY AS OF 0400 PM LOCAL TIME.

CLIMATE NORMAL PERIOD 1981 TO 2010
CLIMATE RECORD PERIOD 1869 TO 2014


WEATHER ITEM   OBSERVED TIME   RECORD YEAR NORMAL DEPARTURE LAST
                VALUE   (LST)  VALUE       VALUE  FROM      YEAR
                                                  NORMAL
..................................................................
TEMPERATURE (F)
 TODAY
  MAXIMUM         76    259 PM  93    1896  76      0       67
  MINIMUM         60    718 AM  40    1984  55      5       56
                                      1943
                                      1903
  AVERAGE         68                        66      2       62

PRECIPITATION (IN)
  TODAY            0.00          3.28 2012   0.13  -0.13     0.01
  MONTH TO DATE    5.79                      2.38   3.41     0.54
  SINCE SEP 1      5.79                      2.38   3.41     0.54
  SINCE JAN 1     36.57                     33.99   2.58    59.30

SNOWFALL (IN)
  TODAY            0.0           0.0    MM   0.0    0.0      0.0
  MONTH TO DATE    0.0                       0.0    0.0      0.0
  SINCE SEP 1      0.0                       0.0    0.0      0.0
  SINCE JUL 1      0.0                       0.0    0.0      0.0
  SNOW DEPTH       0

DEGREE DAYS
 HEATING
  TODAY            0                         2     -2        3
  MONTH TO DATE    2                        13    -11        4
  SINCE SEP 1      2                        13    -11        4
  SINCE JUL 1      4                        15    -11        9

 COOLING
  TODAY            3                         3      0        0
  MONTH TO DATE  135                        76     59       93
  SINCE SEP 1    135                        76     59       93
  SINCE JAN 1    887                       833     54      831
..................................................................


WIND (MPH)
  HIGHEST WIND SPEED    14   HIGHEST WIND DIRECTION     N (340)
  HIGHEST GUST SPEED    17   HIGHEST GUST DIRECTION    NW (330)
  AVERAGE WIND SPEED     3.5


SKY COVER
  POSSIBLE SUNSHINE  MM
  AVERAGE SKY COVER 0.8


WEATHER CONDITIONS
 THE FOLLOWING WEATHER WAS RECORDED TODAY.
  FOG


RELATIVE HUMIDITY (PERCENT)
 HIGHEST   100           200 AM
 LOWEST     43           200 PM
 AVERAGE    72

..........................................................


THE ASHEVILLE NC CLIMATE NORMALS FOR TOMORROW
                         NORMAL    RECORD    YEAR
 MAXIMUM TEMPERATURE (F)   76        91      1925
 MINIMUM TEMPERATURE (F)   55        36      1903


SUNRISE AND SUNSET
SEPTEMBER 18 2014.....SUNRISE   715 AM EDT   SUNSET   733 PM EDT
SEPTEMBER 19 2014.....SUNRISE   716 AM EDT   SUNSET   731 PM EDT


-  INDICATES NEGATIVE NUMBERS.
R  INDICATES RECORD WAS SET OR TIED.
MM INDICATES DATA IS MISSING.
T  INDICATES TRACE AMOUNT.




$$
