000
CDUS41 KBGM 050558
CLIAVP


CLIMATE REPORT
NATIONAL WEATHER SERVICE BINGHAMTON NY
158 AM EDT THU MAY 5 2016


...................................

...THE AVOCA PA CLIMATE SUMMARY FOR MAY 4 2016...

CLIMATE NORMAL PERIOD 1981 TO 2010
CLIMATE RECORD PERIOD 1901 TO 2016


WEATHER ITEM   OBSERVED TIME   RECORD YEAR NORMAL DEPARTURE LAST
                VALUE   (LST)  VALUE       VALUE  FROM      YEAR
                                                  NORMAL
..................................................................
TEMPERATURE (F)
 YESTERDAY
  MAXIMUM         53   1101 AM  90    1913  66    -13       85
  MINIMUM         48   1159 PM  32    2002  44      4       51
                                      1978
                                      1926
  AVERAGE         51                        55     -4       68

PRECIPITATION (IN)
  YESTERDAY        0.25          1.28 1972   0.10   0.15     0.00
  MONTH TO DATE    1.18                      0.42   0.76      T
  SINCE MAR 1      5.65                      6.30  -0.65     4.84
  SINCE JAN 1     11.45                     10.70   0.75     7.84

SNOWFALL (IN)
  YESTERDAY        0.0           T    1976   0.0    0.0      0.0
                                      1966
  MONTH TO DATE    0.0                       0.2   -0.2      0.0
  SINCE MAR 1      3.5                      12.5   -9.0      9.0
  SINCE JUL 1     15.5                      46.4  -30.9     51.4

DEGREE DAYS
 HEATING
  YESTERDAY       14                        10      4        0
  MONTH TO DATE   56                        42     14       19
  SINCE MAR 1   1197                      1409   -212     1466
  SINCE JUL 1   4767                      6015  -1248     6163

 COOLING
  YESTERDAY        0                         0      0        3
  MONTH TO DATE    0                         0      0        3
  SINCE MAR 1      1                         6     -5        3
  SINCE JAN 1      1                         6     -5        3
..................................................................


WIND (MPH)
  HIGHEST WIND SPEED    10   HIGHEST WIND DIRECTION    NE (50)
  HIGHEST GUST SPEED    14   HIGHEST GUST DIRECTION    NE (40)
  AVERAGE WIND SPEED     3.0


SKY COVER
  AVERAGE SKY COVER 1.0



RELATIVE HUMIDITY (PERCENT)
 HIGHEST   100           300 AM
 LOWEST     77          1100 AM
 AVERAGE    89

..........................................................


THE AVOCA PA CLIMATE NORMALS FOR TODAY
                         NORMAL    RECORD    YEAR
 MAXIMUM TEMPERATURE (F)   67        90      1949
 MINIMUM TEMPERATURE (F)   44        27      1974


SUNRISE AND SUNSET
MAY  5 2016...........SUNRISE   555 AM EDT   SUNSET   805 PM EDT
MAY  6 2016...........SUNRISE   553 AM EDT   SUNSET   806 PM EDT


-  INDICATES NEGATIVE NUMBERS.
R  INDICATES RECORD WAS SET OR TIED.
MM INDICATES DATA IS MISSING.
T  INDICATES TRACE AMOUNT.




$$
