000
CDUS41 KBGM 260549
CLIAVP


CLIMATE REPORT
NATIONAL WEATHER SERVICE BINGHAMTON NY
1249 AM EST FRI DEC 26 2014


...................................

...THE AVOCA PA CLIMATE SUMMARY FOR DECEMBER 25 2014...

CLIMATE NORMAL PERIOD 1981 TO 2010
CLIMATE RECORD PERIOD 1901 TO 2014


WEATHER ITEM   OBSERVED TIME   RECORD YEAR NORMAL DEPARTURE LAST
                VALUE   (LST)  VALUE       VALUE  FROM      YEAR
                                                  NORMAL
..................................................................
TEMPERATURE (F)
 YESTERDAY
  MAXIMUM         61    112 AM  62    1964  35     26       23
  MINIMUM         39   1159 PM  -7    1980  21     18       11
                                      1969
  AVERAGE         50                        28     22       17

PRECIPITATION (IN)
  YESTERDAY        0.14          0.89 2002   0.09   0.05      T
  MONTH TO DATE    2.77                      2.24   0.53     2.36
  SINCE DEC 1      2.77                      2.24   0.53     2.36
  SINCE JAN 1     31.04                     37.82  -6.78    26.59

SNOWFALL (IN)
  YESTERDAY        0.0          15.0  2002   0.3   -0.3       T
  MONTH TO DATE    4.4                       5.3   -0.9      9.2
  SINCE DEC 1      4.4                       5.3   -0.9      9.2
  SINCE JUL 1     13.3                       8.3    5.0     11.9

DEGREE DAYS
 HEATING
  YESTERDAY       15                        37    -22       48
  MONTH TO DATE  721                       838   -117      828
  SINCE DEC 1    721                       838   -117      828
  SINCE JUL 1   1911                      2151   -240     2104

 COOLING
  YESTERDAY        0                         0      0        0
  MONTH TO DATE    0                         0      0        0
  SINCE DEC 1      0                         0      0        0
  SINCE JAN 1    686                       580    106      795
..................................................................


WIND (MPH)
  HIGHEST WIND SPEED    31   HIGHEST WIND DIRECTION     W (260)
  HIGHEST GUST SPEED    37   HIGHEST GUST DIRECTION     W (260)
  AVERAGE WIND SPEED    13.0


SKY COVER
  AVERAGE SKY COVER 1.0



RELATIVE HUMIDITY (PERCENT)
 HIGHEST    83           500 AM
 LOWEST     53           200 PM
 AVERAGE    68

..........................................................


THE AVOCA PA CLIMATE NORMALS FOR TODAY
                         NORMAL    RECORD    YEAR
 MAXIMUM TEMPERATURE (F)   35        60      1964
                                             1936
 MINIMUM TEMPERATURE (F)   21        -2      1983


SUNRISE AND SUNSET
DECEMBER 26 2014......SUNRISE   728 AM EST   SUNSET   440 PM EST
DECEMBER 27 2014......SUNRISE   728 AM EST   SUNSET   440 PM EST


-  INDICATES NEGATIVE NUMBERS.
R  INDICATES RECORD WAS SET OR TIED.
MM INDICATES DATA IS MISSING.
T  INDICATES TRACE AMOUNT.




$$
