000
CDUS41 KBGM 122119
CLIAVP


CLIMATE REPORT
NATIONAL WEATHER SERVICE BINGHAMTON NY
519 PM EDT SAT JUL 12 2014


...................................

...THE AVOCA PA CLIMATE SUMMARY FOR JULY 12 2014...
VALID TODAY AS OF 0500 PM LOCAL TIME.

CLIMATE NORMAL PERIOD 1981 TO 2010
CLIMATE RECORD PERIOD 1901 TO 2014


WEATHER ITEM   OBSERVED TIME   RECORD YEAR NORMAL DEPARTURE LAST
                VALUE   (LST)  VALUE       VALUE  FROM      YEAR
                                                  NORMAL
..................................................................
TEMPERATURE (F)
 TODAY
  MAXIMUM         84    341 PM  96    1936  82      2       80
  MINIMUM         63    456 AM  45    1945  61      2       62
  AVERAGE         74                        72      2       71

PRECIPITATION (IN)
  TODAY            T             2.44 1990   0.13  -0.13     0.08
  MONTH TO DATE    1.92                      1.39   0.53     0.70
  SINCE JUN 1      4.08                      5.42  -1.34     6.11
  SINCE JAN 1     16.79                     19.22  -2.43    15.88

SNOWFALL (IN)
  TODAY            0.0           0.0  1995   0.0    0.0      0.0
  MONTH TO DATE    0.0                       0.0    0.0      0.0
  SINCE JUN 1      0.0                       0.0    0.0      0.0
  SINCE JUL 1      0.0                       0.0    0.0      0.0

DEGREE DAYS
 HEATING
  TODAY            0                         0      0        0
  MONTH TO DATE    0                         0      0        0
  SINCE JUN 1     11                        54    -43       21
  SINCE JUL 1      0                         0      0        0

 COOLING
  TODAY            9                         7      2        6
  MONTH TO DATE  110                        79     31      140
  SINCE JUN 1    269                       196     73      276
  SINCE JAN 1    310                       233     77      340
..................................................................


WIND (MPH)
  HIGHEST WIND SPEED    16   HIGHEST WIND DIRECTION     S (200)
  HIGHEST GUST SPEED    26   HIGHEST GUST DIRECTION     S (200)
  AVERAGE WIND SPEED     4.3


SKY COVER
  AVERAGE SKY COVER 0.3


WEATHER CONDITIONS
 THE FOLLOWING WEATHER WAS RECORDED TODAY.
  NO SIGNIFICANT WEATHER WAS OBSERVED.


RELATIVE HUMIDITY (PERCENT)
 HIGHEST    93           500 AM
 LOWEST     55           300 PM
 AVERAGE    74

..........................................................


THE AVOCA PA CLIMATE NORMALS FOR TOMORROW
                         NORMAL    RECORD    YEAR
 MAXIMUM TEMPERATURE (F)   82        95      1966
 MINIMUM TEMPERATURE (F)   61        49      2001


SUNRISE AND SUNSET
JULY 12 2014..........SUNRISE   540 AM EDT   SUNSET   836 PM EDT
JULY 13 2014..........SUNRISE   541 AM EDT   SUNSET   836 PM EDT


-  INDICATES NEGATIVE NUMBERS.
R  INDICATES RECORD WAS SET OR TIED.
MM INDICATES DATA IS MISSING.
T  INDICATES TRACE AMOUNT.




$$
