000
CDUS41 KBGM 010547
CLIAVP


CLIMATE REPORT
NATIONAL WEATHER SERVICE BINGHAMTON NY
145 AM EDT MON SEP 1 2014


...................................

...THE AVOCA PA CLIMATE SUMMARY FOR AUGUST 31 2014...

CLIMATE NORMAL PERIOD 1981 TO 2010
CLIMATE RECORD PERIOD 1901 TO 2014


WEATHER ITEM   OBSERVED TIME   RECORD YEAR NORMAL DEPARTURE LAST
                VALUE   (LST)  VALUE       VALUE  FROM      YEAR
                                                  NORMAL
..................................................................
TEMPERATURE (F)
 YESTERDAY
  MAXIMUM         82   1155 AM  95    1953  78      4       87
                                      1932
  MINIMUM         69   1159 PM  41    1934  57     12       70
  AVERAGE         76                        67      9       79

PRECIPITATION (IN)
  YESTERDAY        0.22          2.63 1940   0.10   0.12      T
  MONTH TO DATE    4.02                      3.41   0.61     1.43
  SINCE JUN 1      8.67                     11.23  -2.56     8.58
  SINCE JAN 1     21.38                     25.03  -3.65    18.35

SNOWFALL (IN)
  YESTERDAY        0.0           0.0  1995   0.0    0.0      0.0
  MONTH TO DATE    0.0                       0.0    0.0      0.0
  SINCE JUN 1      0.0                       0.0    0.0      0.0
  SINCE JUL 1      0.0                       0.0    0.0      0.0

DEGREE DAYS
 HEATING
  YESTERDAY        0                         1     -1        0
  MONTH TO DATE    9                        14     -5        8
  SINCE JUN 1     22                        80    -58       30
  SINCE JUL 1     11                        26    -15        9

 COOLING
  YESTERDAY       11                         4      7       14
  MONTH TO DATE  157                       164     -7      173
  SINCE JUN 1    551                       487     64      638
  SINCE JAN 1    592                       524     68      702
..................................................................


WIND (MPH)
  HIGHEST WIND SPEED    17   HIGHEST WIND DIRECTION     W (280)
  HIGHEST GUST SPEED    22   HIGHEST GUST DIRECTION     W (290)
  AVERAGE WIND SPEED     4.8


SKY COVER
  AVERAGE SKY COVER 0.7



RELATIVE HUMIDITY (PERCENT)
 HIGHEST    97           900 PM
 LOWEST     62           100 PM
 AVERAGE    80

..........................................................


THE AVOCA PA CLIMATE NORMALS FOR TODAY
                         NORMAL    RECORD    YEAR
 MAXIMUM TEMPERATURE (F)   77        97      1932
 MINIMUM TEMPERATURE (F)   57        41      1926


SUNRISE AND SUNSET
SEPTEMBER  1 2014.....SUNRISE   629 AM EDT   SUNSET   736 PM EDT
SEPTEMBER  2 2014.....SUNRISE   630 AM EDT   SUNSET   734 PM EDT


-  INDICATES NEGATIVE NUMBERS.
R  INDICATES RECORD WAS SET OR TIED.
MM INDICATES DATA IS MISSING.
T  INDICATES TRACE AMOUNT.

$$
