000
CDUS41 KBGM 240605
CLIAVP


CLIMATE REPORT
NATIONAL WEATHER SERVICE BINGHAMTON NY
104 AM EST FRI NOV 24 2017


...................................

...THE AVOCA PA CLIMATE SUMMARY FOR NOVEMBER 23 2017...

CLIMATE NORMAL PERIOD 1981 TO 2010
CLIMATE RECORD PERIOD 1901 TO 2017


WEATHER ITEM   OBSERVED TIME   RECORD YEAR NORMAL DEPARTURE LAST
                VALUE   (LST)  VALUE       VALUE  FROM      YEAR
                                                  NORMAL
..................................................................
TEMPERATURE (F)
 YESTERDAY
  MAXIMUM         39    102 PM  72    1931  46     -7       40
  MINIMUM         26    442 AM  13    1972  31     -5       29
  AVERAGE         33                        39     -6       35

PRECIPITATION (IN)
  YESTERDAY        0.00          1.03 2006   0.10  -0.10      T
  MONTH TO DATE    1.01                      2.40  -1.39     0.87
  SINCE SEP 1      5.65                      9.81  -4.16     6.47
  SINCE JAN 1     35.77                     34.84   0.93    28.03

SNOWFALL (IN)
  YESTERDAY        0.0           2.0  1989   0.1   -0.1      0.0
  MONTH TO DATE    0.1                       2.0   -1.9      5.7
  SINCE SEP 1      0.1                       2.1   -2.0      5.7
  SINCE JUL 1      0.1                       2.1   -2.0      5.7

DEGREE DAYS
 HEATING
  YESTERDAY       32                        26      6       30
  MONTH TO DATE  535                       515     20      465
  SINCE SEP 1    856                      1092   -236      864
  SINCE JUL 1    873                      1118   -245      865

 COOLING
  YESTERDAY        0                         0      0        0
  MONTH TO DATE    0                         0      0        0
  SINCE SEP 1    165                        56    109      132
  SINCE JAN 1    804                       580    224      998
..................................................................


WIND (MPH)
  HIGHEST WIND SPEED    15   HIGHEST WIND DIRECTION    NW (310)
  HIGHEST GUST SPEED    18   HIGHEST GUST DIRECTION    NW (310)
  AVERAGE WIND SPEED     4.2


SKY COVER
  AVERAGE SKY COVER 0.6



RELATIVE HUMIDITY (PERCENT)
 HIGHEST    75          1000 PM
 LOWEST     48           100 PM
 AVERAGE    62

..........................................................


THE AVOCA PA CLIMATE NORMALS FOR TODAY
                         NORMAL    RECORD    YEAR
 MAXIMUM TEMPERATURE (F)   46        70      2014
 MINIMUM TEMPERATURE (F)   31         9      2000


SUNRISE AND SUNSET
NOVEMBER 24 2017......SUNRISE   702 AM EST   SUNSET   437 PM EST
NOVEMBER 25 2017......SUNRISE   703 AM EST   SUNSET   437 PM EST


-  INDICATES NEGATIVE NUMBERS.
R  INDICATES RECORD WAS SET OR TIED.
MM INDICATES DATA IS MISSING.
T  INDICATES TRACE AMOUNT.




$$
