000
CDUS41 KBGM 280608
CLIAVP


CLIMATE REPORT
NATIONAL WEATHER SERVICE BINGHAMTON NY
207 AM EDT WED JUN 28 2017


...................................

...THE AVOCA PA CLIMATE SUMMARY FOR JUNE 27 2017...

CLIMATE NORMAL PERIOD 1981 TO 2010
CLIMATE RECORD PERIOD 1901 TO 2017


WEATHER ITEM   OBSERVED TIME   RECORD YEAR NORMAL DEPARTURE LAST
                VALUE   (LST)  VALUE       VALUE  FROM      YEAR
                                                  NORMAL
..................................................................
TEMPERATURE (F)
 YESTERDAY
  MAXIMUM         73    452 PM  94    1966  80     -7       80
                                      1921
  MINIMUM         55    529 AM  46    2004  59     -4       64
  AVERAGE         64                        70     -6       72

PRECIPITATION (IN)
  YESTERDAY        0.03          2.41 2006   0.12  -0.09      T
  MONTH TO DATE    3.45                      3.65  -0.20     1.52
  SINCE JUN 1      3.45                      3.65  -0.20     1.52
  SINCE JAN 1     21.78                     17.45   4.33    14.34

SNOWFALL (IN)
  YESTERDAY        0.0           0.0  1995   0.0    0.0      0.0
  MONTH TO DATE    0.0                       0.0    0.0      0.0
  SINCE JUN 1      0.0                       0.0    0.0      0.0
  SINCE JUL 1     55.5                      46.2    9.3     15.5

DEGREE DAYS
 HEATING
  YESTERDAY        1                         1      0        0
  MONTH TO DATE   42                        54    -12       24
  SINCE JUN 1     42                        54    -12       24
  SINCE JUL 1   5233                      6255  -1022     4966

 COOLING
  YESTERDAY        0                         5     -5        7
  MONTH TO DATE  133                        99     34      124
  SINCE JUN 1    133                        99     34      124
  SINCE JAN 1    185                       136     49      196
..................................................................


WIND (MPH)
  HIGHEST WIND SPEED    18   HIGHEST WIND DIRECTION     W (250)
  HIGHEST GUST SPEED    24   HIGHEST GUST DIRECTION     W (250)
  AVERAGE WIND SPEED     5.8


SKY COVER
  AVERAGE SKY COVER 0.7



RELATIVE HUMIDITY (PERCENT)
 HIGHEST    93          1200 AM
 LOWEST     44           500 PM
 AVERAGE    69

..........................................................


THE AVOCA PA CLIMATE NORMALS FOR TODAY
                         NORMAL    RECORD    YEAR
 MAXIMUM TEMPERATURE (F)   81        92      2005
                                             1991
                                             1966
 MINIMUM TEMPERATURE (F)   60        45      1970


SUNRISE AND SUNSET
JUNE 28 2017..........SUNRISE   532 AM EDT   SUNSET   840 PM EDT
JUNE 29 2017..........SUNRISE   533 AM EDT   SUNSET   840 PM EDT


-  INDICATES NEGATIVE NUMBERS.
R  INDICATES RECORD WAS SET OR TIED.
MM INDICATES DATA IS MISSING.
T  INDICATES TRACE AMOUNT.




$$
