000
CDUS41 KBGM 290559
CLIAVP


CLIMATE REPORT
NATIONAL WEATHER SERVICE BINGHAMTON NY
1258 AM EST THU JAN 29 2015


...................................

...THE AVOCA PA CLIMATE SUMMARY FOR JANUARY 28 2015...

CLIMATE NORMAL PERIOD 1981 TO 2010
CLIMATE RECORD PERIOD 1901 TO 2015


WEATHER ITEM   OBSERVED TIME   RECORD YEAR NORMAL DEPARTURE LAST
                VALUE   (LST)  VALUE       VALUE  FROM      YEAR
                                                  NORMAL
..................................................................
TEMPERATURE (F)
 YESTERDAY
  MAXIMUM         29    414 PM  60    1916  34     -5       11
  MINIMUM         10    610 AM -11    1925  19     -9        1
  AVERAGE         20                        26     -6        6

PRECIPITATION (IN)
  YESTERDAY        0.00          0.70 2009   0.08  -0.08     0.00
                                      1943
  MONTH TO DATE    1.70                      2.12  -0.42     2.11
  SINCE DEC 1      4.48                      4.80  -0.32     5.45
  SINCE JAN 1      1.70                      2.12  -0.42     2.11

SNOWFALL (IN)
  YESTERDAY        0.0           3.4  1964   0.4   -0.4      0.0
  MONTH TO DATE   12.4                      12.8   -0.4     13.0
  SINCE DEC 1     16.8                      20.2   -3.4     23.8
  SINCE JUL 1     25.7                      23.2    2.5     26.5

DEGREE DAYS
 HEATING
  YESTERDAY       45                        39      6       59
  MONTH TO DATE 1140                      1091     49     1212
  SINCE DEC 1   2042                      2156   -114     2250
  SINCE JUL 1   3232                      3469   -237     3526

 COOLING
  YESTERDAY        0                         0      0        0
  MONTH TO DATE    0                         0      0        0
  SINCE DEC 1      0                         0      0        0
  SINCE JAN 1      0                         0      0        0
..................................................................


WIND (MPH)
  HIGHEST WIND SPEED    20   HIGHEST WIND DIRECTION     N (340)
  HIGHEST GUST SPEED    28   HIGHEST GUST DIRECTION     N (340)
  AVERAGE WIND SPEED     8.2


SKY COVER
  AVERAGE SKY COVER 0.0



RELATIVE HUMIDITY (PERCENT)
 HIGHEST    67          1100 PM
 LOWEST     31           400 PM
 AVERAGE    49

..........................................................


THE AVOCA PA CLIMATE NORMALS FOR TODAY
                         NORMAL    RECORD    YEAR
 MAXIMUM TEMPERATURE (F)   34        62      2002
 MINIMUM TEMPERATURE (F)   19        -7      1977
                                             1963


SUNRISE AND SUNSET
JANUARY 29 2015.......SUNRISE   717 AM EST   SUNSET   515 PM EST
JANUARY 30 2015.......SUNRISE   716 AM EST   SUNSET   516 PM EST


-  INDICATES NEGATIVE NUMBERS.
R  INDICATES RECORD WAS SET OR TIED.
MM INDICATES DATA IS MISSING.
T  INDICATES TRACE AMOUNT.




$$
