000
CDUS43 KGRR 260516
CLIAZO


CLIMATE REPORT
NATIONAL WEATHER SERVICE GRAND RAPIDS, MI
1214 AM EST WED NOV 26 2014


...................................

...THE KALAMAZOO MI CLIMATE SUMMARY FOR NOVEMBER 25 2014...

CLIMATE NORMAL PERIOD 1981 TO 2010
CLIMATE RECORD PERIOD 1998 TO 2014


WEATHER ITEM   OBSERVED TIME   NORMAL DEPARTURE LAST
                VALUE   (LST)  VALUE  FROM      YEAR
                                      NORMAL
......................................................
TEMPERATURE (F)
 YESTERDAY
  MAXIMUM         30    238 AM  43    -13       31
  MINIMUM         27   1159 PM  30     -3       19
  AVERAGE         29            36     -7       25

PRECIPITATION (IN)
  YESTERDAY        T             0.09  -0.09      T
  MONTH TO DATE    2.55          2.55   0.00     2.49
  SINCE SEP 1     10.26          9.70   0.56     8.88
  SINCE JAN 1     27.05         33.29  -6.24    37.97

DEGREE DAYS
 HEATING
  YESTERDAY       36            28      8       40
  MONTH TO DATE  753           586    167      635
  SINCE SEP 1   1341          1162    179     1142
  SINCE JUL 1   1373          1178    195     1179

 COOLING
  YESTERDAY        0             0      0        0
  MONTH TO DATE    0             0      0        0
  SINCE SEP 1     58            64     -6       97
  SINCE JAN 1    609           675    -66      725
......................................................


WIND (MPH)
  RESULTANT WIND SPEED  12   RESULTANT WIND DIRECTION  SW (240)
  HIGHEST WIND SPEED    24   HIGHEST WIND DIRECTION     W (250)
  HIGHEST GUST SPEED    34   HIGHEST GUST DIRECTION     W (260)
  AVERAGE WIND SPEED    11.8


SKY COVER
  AVERAGE SKY COVER 1.0


WEATHER CONDITIONS
 THE FOLLOWING WEATHER WAS RECORDED YESTERDAY.
  LIGHT SNOW
  FOG
  HAZE


RELATIVE HUMIDITY (PERCENT)
 HIGHEST    85           300 AM
 LOWEST     69           500 PM
 AVERAGE    77

..........................................................


THE KALAMAZOO MI CLIMATE NORMALS FOR TODAY
                         NORMAL
 MAXIMUM TEMPERATURE (F)   42
 MINIMUM TEMPERATURE (F)   30


SUNRISE AND SUNSET
NOVEMBER 26 2014......SUNRISE   746 AM EST   SUNSET   513 PM EST
NOVEMBER 27 2014......SUNRISE   747 AM EST   SUNSET   512 PM EST


-  INDICATES NEGATIVE NUMBERS.
R  INDICATES RECORD WAS SET OR TIED.
MM INDICATES DATA IS MISSING.
T  INDICATES TRACE AMOUNT.




$$

63
