000
CDUS43 KGRR 252229
CLIAZO


CLIMATE REPORT
NATIONAL WEATHER SERVICE GRAND RAPIDS, MI
529 PM EST SUN JAN 25 2015


...................................

...THE KALAMAZOO MI CLIMATE SUMMARY FOR JANUARY 25 2015...
VALID TODAY AS OF 0500 PM LOCAL TIME.

CLIMATE NORMAL PERIOD 1981 TO 2010
CLIMATE RECORD PERIOD 1998 TO 2015


WEATHER ITEM   OBSERVED TIME   RECORD YEAR NORMAL DEPARTURE LAST
                VALUE   (LST)  VALUE       VALUE  FROM      YEAR
                                                  NORMAL
..................................................................
TEMPERATURE (F)
 TODAY
  MAXIMUM         36    218 AM  MM      MM  31      5       29
  MINIMUM         25    459 PM  MM      MM  18      7       10
  AVERAGE         31                        24      7       20

PRECIPITATION (IN)
  TODAY            T            MM      MM   0.06  -0.06     0.10
  MONTH TO DATE    0.93                      1.44  -0.51     1.04
  SINCE DEC 1      1.99                      3.42  -1.43     2.50
  SINCE JAN 1      0.93                      1.44  -0.51     1.04

DEGREE DAYS
 HEATING
  TODAY           34                        41     -7       45
  MONTH TO DATE 1073                      1017     56     1016
  SINCE DEC 1   2058                      2141    -83     2166
  SINCE JUL 1   3588                      3468    120     3523

 COOLING
  TODAY            0                         0      0        0
  MONTH TO DATE    0                         0      0        0
  SINCE DEC 1      0                         0      0        0
  SINCE JAN 1      0                         0      0        0
..................................................................


WIND (MPH)
  RESULTANT WIND SPEED   6   RESULTANT WIND DIRECTION  NE (60)
  HIGHEST WIND SPEED    16   HIGHEST WIND DIRECTION    NE (50)
  HIGHEST GUST SPEED    23   HIGHEST GUST DIRECTION     E (70)
  AVERAGE WIND SPEED     7.6



WEATHER CONDITIONS
 THE FOLLOWING WEATHER WAS RECORDED TODAY.
  LIGHT SNOW
  FOG
  HAZE


RELATIVE HUMIDITY (PERCENT)
 HIGHEST    89           300 AM
 LOWEST     55           300 PM
 AVERAGE    72

..........................................................




SUNRISE AND SUNSET
JANUARY 25 2015.......SUNRISE   802 AM EST   SUNSET   547 PM EST
JANUARY 26 2015.......SUNRISE   801 AM EST   SUNSET   549 PM EST


-  INDICATES NEGATIVE NUMBERS.
R  INDICATES RECORD WAS SET OR TIED.
MM INDICATES DATA IS MISSING.
T  INDICATES TRACE AMOUNT.




$$
