000
CDUS43 KGRR 182229
CLIAZO


CLIMATE REPORT
NATIONAL WEATHER SERVICE GRAND RAPIDS, MI
527 PM EST MON DEC 18 2017


...................................

...THE KALAMAZOO MI CLIMATE SUMMARY FOR DECEMBER 18 2017...
VALID TODAY AS OF 0500 PM LOCAL TIME.

CLIMATE NORMAL PERIOD 1981 TO 2010
CLIMATE RECORD PERIOD 1998 TO 2017


WEATHER ITEM   OBSERVED TIME   NORMAL DEPARTURE LAST
                VALUE   (LST)  VALUE  FROM      YEAR
                                      NORMAL
......................................................
TEMPERATURE (F)
 TODAY
  MAXIMUM         42    459 PM  34      8       22
  MINIMUM         37    444 AM  22     15       10
  AVERAGE         40            28     12       16

PRECIPITATION (IN)
  TODAY            0.07          0.06   0.01     0.01
  MONTH TO DATE    0.48          1.26  -0.78     0.76
  SINCE DEC 1      0.48          1.26  -0.78     0.76
  SINCE JAN 1     39.04         35.02   4.02    37.24

DEGREE DAYS
 HEATING
  TODAY           25            37    -12       49
  MONTH TO DATE  600           619    -19      700
  SINCE DEC 1    600           619    -19      700
  SINCE JUL 1   1763          1946   -183     1600

 COOLING
  TODAY            0             0      0        0
  MONTH TO DATE    0             0      0        0
  SINCE DEC 1      0             0      0        0
  SINCE JAN 1    768           675     93      912
......................................................


WIND (MPH)
  RESULTANT WIND SPEED   9   RESULTANT WIND DIRECTION  SW (210)
  HIGHEST WIND SPEED    17   HIGHEST WIND DIRECTION    SW (240)
  HIGHEST GUST SPEED    24   HIGHEST GUST DIRECTION    SW (240)
  AVERAGE WIND SPEED     9.4


SKY COVER
  AVERAGE SKY COVER 1.0


WEATHER CONDITIONS
 THE FOLLOWING WEATHER WAS RECORDED TODAY.
  LIGHT RAIN
  FOG


RELATIVE HUMIDITY (PERCENT)
 HIGHEST   100           800 AM
 LOWEST     85          1200 AM
 AVERAGE    93

..........................................................


THE KALAMAZOO MI CLIMATE NORMALS FOR TOMORROW
                         NORMAL
 MAXIMUM TEMPERATURE (F)   34
 MINIMUM TEMPERATURE (F)   22


SUNRISE AND SUNSET
DECEMBER 18 2017......SUNRISE   806 AM EST   SUNSET   512 PM EST
DECEMBER 19 2017......SUNRISE   807 AM EST   SUNSET   512 PM EST


-  INDICATES NEGATIVE NUMBERS.
R  INDICATES RECORD WAS SET OR TIED.
MM INDICATES DATA IS MISSING.
T  INDICATES TRACE AMOUNT.




$$

63
