000
CDUS43 KGRR 280518
CLIAZO


CLIMATE REPORT
NATIONAL WEATHER SERVICE GRAND RAPIDS, MI
117 AM EDT WED JUN 28 2017


...................................

...THE KALAMAZOO MI CLIMATE SUMMARY FOR JUNE 27 2017...

CLIMATE NORMAL PERIOD 1981 TO 2010
CLIMATE RECORD PERIOD 1998 TO 2017


WEATHER ITEM   OBSERVED TIME   NORMAL DEPARTURE LAST
                VALUE   (LST)  VALUE  FROM      YEAR
                                      NORMAL
......................................................
TEMPERATURE (F)
 YESTERDAY
  MAXIMUM         74    354 PM  82     -8       87
  MINIMUM         48    524 AM  61    -13       64
  AVERAGE         61            71    -10       76

PRECIPITATION (IN)
  YESTERDAY        T             0.09  -0.09     0.00
  MONTH TO DATE    0.75          3.31  -2.56     1.90
  SINCE JUN 1      0.75          3.31  -2.56     1.90
  SINCE JAN 1     15.90         15.75   0.15    12.88

DEGREE DAYS
 HEATING
  YESTERDAY        4             0      4        0
  MONTH TO DATE   18            47    -29       23
  SINCE JUN 1     18            47    -29       23
  SINCE JUL 1   5389          6415  -1026     5510

 COOLING
  YESTERDAY        0             7     -7       11
  MONTH TO DATE  153           124     29      168
  SINCE JUN 1    153           124     29      168
  SINCE JAN 1    192           165     27      235
......................................................


WIND (MPH)
  RESULTANT WIND SPEED   6   RESULTANT WIND DIRECTION   W (290)
  HIGHEST WIND SPEED    17   HIGHEST WIND DIRECTION     W (250)
  HIGHEST GUST SPEED    26   HIGHEST GUST DIRECTION    NW (300)
  AVERAGE WIND SPEED     7.1


SKY COVER
  AVERAGE SKY COVER 0.2


WEATHER CONDITIONS
 THE FOLLOWING WEATHER WAS RECORDED YESTERDAY.
  NO SIGNIFICANT WEATHER WAS OBSERVED.


RELATIVE HUMIDITY (PERCENT)
 HIGHEST    86           600 AM
 LOWEST     31           400 PM
 AVERAGE    59

..........................................................


THE KALAMAZOO MI CLIMATE NORMALS FOR TODAY
                         NORMAL
 MAXIMUM TEMPERATURE (F)   82
 MINIMUM TEMPERATURE (F)   61


SUNRISE AND SUNSET
JUNE 28 2017..........SUNRISE   608 AM EDT   SUNSET   923 PM EDT
JUNE 29 2017..........SUNRISE   609 AM EDT   SUNSET   923 PM EDT


-  INDICATES NEGATIVE NUMBERS.
R  INDICATES RECORD WAS SET OR TIED.
MM INDICATES DATA IS MISSING.
T  INDICATES TRACE AMOUNT.




$$
