000
CDUS43 KGRR 220513
CLIAZO


CLIMATE REPORT
NATIONAL WEATHER SERVICE GRAND RAPIDS, MI
113 AM EDT FRI MAY 22 2015


...................................

...THE KALAMAZOO MI CLIMATE SUMMARY FOR MAY 21 2015...

CLIMATE NORMAL PERIOD 1981 TO 2010
CLIMATE RECORD PERIOD 1998 TO 2015


WEATHER ITEM   OBSERVED TIME   NORMAL DEPARTURE LAST
                VALUE   (LST)  VALUE  FROM      YEAR
                                      NORMAL
......................................................
TEMPERATURE (F)
 YESTERDAY
  MAXIMUM         64    343 PM  71     -7       83
  MINIMUM         44    611 AM  49     -5       61
  AVERAGE         54            60     -6       72

PRECIPITATION (IN)
  YESTERDAY        T             0.13  -0.13     0.33
  MONTH TO DATE    2.61          2.67  -0.06     1.94
  SINCE MAR 1      4.97          8.00  -3.03     5.21
  SINCE JAN 1      6.50         11.24  -4.74     7.74

DEGREE DAYS
 HEATING
  YESTERDAY       11             6      5        0
  MONTH TO DATE  119           176    -57      205
  SINCE MAR 1   1534          1546    -12     1865
  SINCE JUL 1   6820          6319    501     7033

 COOLING
  YESTERDAY        0             2     -2        7
  MONTH TO DATE   37            16     21       23
  SINCE MAR 1     37            20     17       23
  SINCE JAN 1     37            20     17       23
......................................................


WIND (MPH)
  RESULTANT WIND SPEED   7   RESULTANT WIND DIRECTION   W (270)
  HIGHEST WIND SPEED    21   HIGHEST WIND DIRECTION    NW (310)
  HIGHEST GUST SPEED    26   HIGHEST GUST DIRECTION    NW (320)
  AVERAGE WIND SPEED     7.7


SKY COVER
  AVERAGE SKY COVER 0.4


WEATHER CONDITIONS
 THE FOLLOWING WEATHER WAS RECORDED YESTERDAY.
  LIGHT RAIN


RELATIVE HUMIDITY (PERCENT)
 HIGHEST    76           300 AM
 LOWEST     32           400 PM
 AVERAGE    54

..........................................................


THE KALAMAZOO MI CLIMATE NORMALS FOR TODAY
                         NORMAL
 MAXIMUM TEMPERATURE (F)   72
 MINIMUM TEMPERATURE (F)   50


SUNRISE AND SUNSET
MAY 22 2015...........SUNRISE   615 AM EDT   SUNSET   903 PM EDT
MAY 23 2015...........SUNRISE   614 AM EDT   SUNSET   904 PM EDT


-  INDICATES NEGATIVE NUMBERS.
R  INDICATES RECORD WAS SET OR TIED.
MM INDICATES DATA IS MISSING.
T  INDICATES TRACE AMOUNT.




$$
