000
CDUS43 KGRR 270553
CLIAZO


CLIMATE REPORT
NATIONAL WEATHER SERVICE GRAND RAPIDS, MI
152 AM EDT SAT AUG 27 2016


...................................

...THE KALAMAZOO MI CLIMATE SUMMARY FOR AUGUST 26 2016...

CLIMATE NORMAL PERIOD 1981 TO 2010
CLIMATE RECORD PERIOD 1998 TO 2016


WEATHER ITEM   OBSERVED TIME   NORMAL DEPARTURE LAST
                VALUE   (LST)  VALUE  FROM      YEAR
                                      NORMAL
......................................................
TEMPERATURE (F)
 YESTERDAY
  MAXIMUM         84    345 PM  80      4       66
  MINIMUM         60    321 AM  59      1       52
  AVERAGE         72            69      3       59

PRECIPITATION (IN)
  YESTERDAY        0.00          0.13  -0.13     0.01
  MONTH TO DATE    6.60          3.15   3.45     2.58
  SINCE JUN 1     15.95         10.43   5.52    10.44
  SINCE JAN 1     26.93         22.87   4.06    20.15

DEGREE DAYS
 HEATING
  YESTERDAY        0             1     -1        6
  MONTH TO DATE    0             2     -2       13
  SINCE JUN 1     29            55    -26       43
  SINCE JUL 1      1             7     -6       22

 COOLING
  YESTERDAY        7             5      2        0
  MONTH TO DATE  229           163     66      161
  SINCE JUN 1    678           548    130      433
  SINCE JAN 1    745           589    156      500
......................................................


WIND (MPH)
  RESULTANT WIND SPEED   1   RESULTANT WIND DIRECTION   N (20)
  HIGHEST WIND SPEED     9   HIGHEST WIND DIRECTION     N (350)
  HIGHEST GUST SPEED    14   HIGHEST GUST DIRECTION     W (290)
  AVERAGE WIND SPEED     2.0


SKY COVER
  AVERAGE SKY COVER 0.0


WEATHER CONDITIONS
 THE FOLLOWING WEATHER WAS RECORDED YESTERDAY.
  FOG


RELATIVE HUMIDITY (PERCENT)
 HIGHEST    93           300 AM
 LOWEST     47           300 PM
 AVERAGE    70

..........................................................


THE KALAMAZOO MI CLIMATE NORMALS FOR TODAY
                         NORMAL
 MAXIMUM TEMPERATURE (F)   79
 MINIMUM TEMPERATURE (F)   59


SUNRISE AND SUNSET
AUGUST 27 2016........SUNRISE   703 AM EDT   SUNSET   824 PM EDT
AUGUST 28 2016........SUNRISE   704 AM EDT   SUNSET   822 PM EDT


-  INDICATES NEGATIVE NUMBERS.
R  INDICATES RECORD WAS SET OR TIED.
MM INDICATES DATA IS MISSING.
T  INDICATES TRACE AMOUNT.




$$
