000
CDUS41 KBOX 190528
CLIBDL


CLIMATE REPORT
NATIONAL WEATHER SERVICE TAUNTON MA
127 AM EDT THU OCT 19 2017


...................................

...THE HARTFORD CT CLIMATE SUMMARY FOR OCTOBER 18 2017...

CLIMATE NORMAL PERIOD 1981 TO 2010
CLIMATE RECORD PERIOD 1904 TO 2017


WEATHER ITEM   OBSERVED TIME   RECORD YEAR NORMAL DEPARTURE LAST
                VALUE   (LST)  VALUE       VALUE  FROM      YEAR
                                                  NORMAL
..................................................................
TEMPERATURE (F)
 YESTERDAY
  MAXIMUM         73    332 PM  84    2016  62     11       84
  MINIMUM         39    607 AM  17    1978  40     -1       55
  AVERAGE         56                        51      5       70

PRECIPITATION (IN)
  YESTERDAY        0.00          4.01 1911   0.14  -0.14     0.00
  MONTH TO DATE    0.91                      2.67  -1.76     0.45
  SINCE SEP 1      3.16                      6.55  -3.39     2.87
  SINCE JAN 1     34.27                     36.82  -2.55    25.21

SNOWFALL (IN)
  YESTERDAY        0.0           T    2015   0.0    0.0      0.0
                                      1972
  MONTH TO DATE    0.0                       0.0    0.0      0.0
  SINCE SEP 1      0.0                       0.0    0.0      0.0
  SINCE JUL 1      0.0                       0.0    0.0      0.0
  SNOW DEPTH       0

DEGREE DAYS
 HEATING
  YESTERDAY        9                        14     -5        0
  MONTH TO DATE   95                       200   -105      161
  SINCE SEP 1    154                       310   -156      219
  SINCE JUL 1    170                       322   -152      219

 COOLING
  YESTERDAY        0                         0      0        5
  MONTH TO DATE   31                         5     26        8
  SINCE SEP 1    173                        79     94      134
  SINCE JAN 1    860                       754    106     1064
..................................................................


WIND (MPH)
  RESULTANT WIND SPEED   2   RESULTANT WIND DIRECTION   S (200)
  HIGHEST WIND SPEED    14   HIGHEST WIND DIRECTION     W (280)
  HIGHEST GUST SPEED    18   HIGHEST GUST DIRECTION     W (260)
  AVERAGE WIND SPEED     4.1


SKY COVER
  POSSIBLE SUNSHINE  MM
  AVERAGE SKY COVER 0.1


WEATHER CONDITIONS
 THE FOLLOWING WEATHER WAS RECORDED YESTERDAY.
  NO SIGNIFICANT WEATHER WAS OBSERVED.


RELATIVE HUMIDITY (PERCENT)
 HIGHEST    86           700 AM
 LOWEST     33           200 PM
 AVERAGE    60

..........................................................


THE HARTFORD CT CLIMATE NORMALS FOR TODAY
                         NORMAL    RECORD    YEAR
 MAXIMUM TEMPERATURE (F)   62        82      1963
 MINIMUM TEMPERATURE (F)   40        18      1974


SUNRISE AND SUNSET
OCTOBER 19 2017.......SUNRISE   708 AM EDT   SUNSET   603 PM EDT
OCTOBER 20 2017.......SUNRISE   709 AM EDT   SUNSET   601 PM EDT


-  INDICATES NEGATIVE NUMBERS.
R  INDICATES RECORD WAS SET OR TIED.
MM INDICATES DATA IS MISSING.
T  INDICATES TRACE AMOUNT.




$$
