779
CDUS41 KOKX 200617
CLIBDR


CLIMATE REPORT
NATIONAL WEATHER SERVICE NEW YORK NY
117 AM EST TUE FEB 20 2018


...................................

...THE BRIDGEPORT CT CLIMATE SUMMARY FOR FEBRUARY 19 2018...

CLIMATE NORMAL PERIOD 1981 TO 2010
CLIMATE RECORD PERIOD 1948 TO 2018


WEATHER ITEM   OBSERVED TIME   RECORD YEAR NORMAL DEPARTURE LAST
                VALUE   (LST)  VALUE       VALUE  FROM      YEAR
                                                  NORMAL
..................................................................
TEMPERATURE (F)
 YESTERDAY
  MAXIMUM         46    249 PM  63    2017  40      6       63
  MINIMUM         27    609 AM   7    2015  26      1       38
  AVERAGE         37                        33      4       51

PRECIPITATION (IN)
  YESTERDAY        0.16          1.90 1972   0.11   0.05     0.00
  MONTH TO DATE    5.30                      1.80   3.50     1.52
  SINCE DEC 1      9.49                      8.23   1.26     8.23
  SINCE JAN 1      7.80                      4.90   2.90     4.80

SNOWFALL (IN)
  YESTERDAY        0.0           5.5  1964   0.3   -0.3      0.0
  MONTH TO DATE    5.3                       5.5   -0.2     12.8
  SINCE OCT 1     25.4                      19.0    6.4     29.8
  SINCE JUL 1     25.4                      19.0    6.4     29.8
  SNOW DEPTH       2

DEGREE DAYS
 HEATING
  YESTERDAY       28                        32     -4       14
  MONTH TO DATE  570                       633    -63      555
  SINCE DEC 1   2664                      2635     29     2255
  SINCE JUL 1   3419                      3609   -190     2983

 COOLING
  YESTERDAY        0                         0      0        0
  MONTH TO DATE    0                         0      0        0
  SINCE DEC 1      0                         0      0        0
  SINCE JAN 1      0                         0      0        0
..................................................................


WIND (MPH)
  HIGHEST WIND SPEED     9   HIGHEST WIND DIRECTION    SW (220)
  HIGHEST GUST SPEED    12   HIGHEST GUST DIRECTION     S (200)
  AVERAGE WIND SPEED     2.9


SKY COVER
  AVERAGE SKY COVER 0.5


WEATHER CONDITIONS
 THE FOLLOWING WEATHER WAS RECORDED YESTERDAY.
  RAIN
  LIGHT RAIN
  FOG
  FOG W/VISIBILITY <= 1/4 MILE


RELATIVE HUMIDITY (PERCENT)
 HIGHEST    96           700 PM
 LOWEST     65          1200 PM
 AVERAGE    81

..........................................................


THE BRIDGEPORT CT CLIMATE NORMALS FOR TODAY
                         NORMAL    RECORD    YEAR
 MAXIMUM TEMPERATURE (F)   41        54      1991
                                             1949
 MINIMUM TEMPERATURE (F)   26         1      2015


SUNRISE AND SUNSET
FEBRUARY 20 2018......SUNRISE   640 AM EST   SUNSET   533 PM EST
FEBRUARY 21 2018......SUNRISE   639 AM EST   SUNSET   534 PM EST


-  INDICATES NEGATIVE NUMBERS.
R  INDICATES RECORD WAS SET OR TIED.
MM INDICATES DATA IS MISSING.
T  INDICATES TRACE AMOUNT.




$$
