000
CDUS41 KOKX 180617
CLIBDR


CLIMATE REPORT
NATIONAL WEATHER SERVICE NEW YORK NY
217 AM EDT THU SEP 18 2014


...................................

...THE BRIDGEPORT CT CLIMATE SUMMARY FOR SEPTEMBER 17 2014...

CLIMATE NORMAL PERIOD 1981 TO 2010
CLIMATE RECORD PERIOD 1948 TO 2014


WEATHER ITEM   OBSERVED TIME   RECORD YEAR NORMAL DEPARTURE LAST
                VALUE   (LST)  VALUE       VALUE  FROM      YEAR
                                                  NORMAL
..................................................................
TEMPERATURE (F)
 YESTERDAY
  MAXIMUM         72    101 PM  89    1991  74     -2       65
  MINIMUM         52    555 AM  41    1950  58     -6       46
  AVERAGE         62                        66     -4       56

PRECIPITATION (IN)
  YESTERDAY        0.00          2.41 1996   0.12  -0.12     0.00
  MONTH TO DATE    1.07                      1.95  -0.88     1.57
  SINCE SEP 1      1.07                      1.95  -0.88     1.57
  SINCE JAN 1     32.31                     30.85   1.46    28.35

SNOWFALL (IN)
  YESTERDAY        0.0           0.0  2002   0.0    0.0      0.0
                                      2001
  MONTH TO DATE    0.0                       0.0    0.0      0.0
  SINCE OCT 1     57.4                      27.6   29.8     64.3
  SINCE JUL 1      0.0                       0.0    0.0      0.0
  SNOW DEPTH       0

DEGREE DAYS
 HEATING
  YESTERDAY        3                         2      1        9
  MONTH TO DATE   16                        17     -1       27
  SINCE SEP 1     16                        17     -1       27
  SINCE JUL 1     16                        21     -5       27

 COOLING
  YESTERDAY        0                         3     -3        0
  MONTH TO DATE  106                        76     30       91
  SINCE SEP 1    106                        76     30       91
  SINCE JAN 1    840                       794     46      976
..................................................................


WIND (MPH)
  HIGHEST WIND SPEED    15   HIGHEST WIND DIRECTION    SW (220)
  HIGHEST GUST SPEED    18   HIGHEST GUST DIRECTION    SW (230)
  AVERAGE WIND SPEED     4.8


SKY COVER
  AVERAGE SKY COVER 0.1


WEATHER CONDITIONS
 THE FOLLOWING WEATHER WAS RECORDED YESTERDAY.
  NO SIGNIFICANT WEATHER WAS OBSERVED.


RELATIVE HUMIDITY (PERCENT)
 HIGHEST    83           300 AM
 LOWEST     39          1100 AM
 AVERAGE    61

..........................................................


THE BRIDGEPORT CT CLIMATE NORMALS FOR TODAY
                         NORMAL    RECORD    YEAR
 MAXIMUM TEMPERATURE (F)   73        84      1992
 MINIMUM TEMPERATURE (F)   58        42      1990


SUNRISE AND SUNSET
SEPTEMBER 18 2014.....SUNRISE   636 AM EDT   SUNSET   657 PM EDT
SEPTEMBER 19 2014.....SUNRISE   637 AM EDT   SUNSET   655 PM EDT


-  INDICATES NEGATIVE NUMBERS.
R  INDICATES RECORD WAS SET OR TIED.
MM INDICATES DATA IS MISSING.
T  INDICATES TRACE AMOUNT.




$$
