000
CDAK48 PAFC 211333
CLIBET


CLIMATE REPORT
NATIONAL WEATHER SERVICE ANCHORAGE, AK
433 AM AKST SUN JAN 21 2018


...................................

...THE BETHEL CLIMATE SUMMARY FOR JANUARY 20 2018...

CLIMATE NORMAL PERIOD 1981 TO 2010
CLIMATE RECORD PERIOD 1948 TO 2018


WEATHER ITEM   OBSERVED TIME   RECORD YEAR NORMAL DEPARTURE LAST
                VALUE   (LST)  VALUE       VALUE  FROM      YEAR
                                                  NORMAL
..................................................................
TEMPERATURE (F)
 YESTERDAY
  MAXIMUM          4        MM  45    1937  12     -8      -11
  MINIMUM         -4        MM -44    1947   1     -5      -23
  AVERAGE          0                         6     -6      -17

PRECIPITATION (IN)
  YESTERDAY        T             0.85 1982   0.02  -0.02     0.00
  MONTH TO DATE    0.29                      0.53  -0.24     0.64
  SINCE SEP 1     10.07                      7.65   2.42     5.78
  SINCE JAN 1      0.29                      0.53  -0.24     0.64

SNOWFALL (IN)
  YESTERDAY        T             2.0  1979   0.3   -0.3      0.0
  MONTH TO DATE    1.2                       6.6   -5.4      4.3
  SINCE SEP 1     19.6                      35.9  -16.3     15.4
  SINCE JUL 1     19.6                      35.9  -16.3     15.4
  SNOW DEPTH       1

DEGREE DAYS
 HEATING
  YESTERDAY       65                        59      6       82
  MONTH TO DATE  917                      1175   -258     1167
  SINCE DEC 1   2153                      2869   -716     2756
  SINCE JUL 1   5319                      6592  -1273     5984

 COOLING
  YESTERDAY        0                         0      0        0
  MONTH TO DATE    0                         0      0        0
  SINCE DEC 1      0                         0      0        0
  SINCE JAN 1      0                         0      0        0
..................................................................


WIND (MPH)
  RESULTANT WIND SPEED  11   RESULTANT WIND DIRECTION   N (340)
  HIGHEST WIND SPEED    15   HIGHEST WIND DIRECTION     N (340)
  HIGHEST GUST SPEED    MM   HIGHEST GUST DIRECTION    MM
  AVERAGE WIND SPEED    11.3



WEATHER CONDITIONS
 THE FOLLOWING WEATHER WAS RECORDED YESTERDAY.
  HAZE


RELATIVE HUMIDITY (PERCENT)
 HIGHEST    79
 LOWEST     68
 AVERAGE    74

..........................................................


THE BETHEL CLIMATE NORMALS FOR TODAY
                         NORMAL    RECORD    YEAR
 MAXIMUM TEMPERATURE (F)   12        43      1937
 MINIMUM TEMPERATURE (F)    1       -46      1973


SUNRISE AND SUNSET
JANUARY 21 2018.......SUNRISE  1029 AM AKST  SUNSET   529 PM AKST
JANUARY 22 2018.......SUNRISE  1027 AM AKST  SUNSET   531 PM AKST


-  INDICATES NEGATIVE NUMBERS.
R  INDICATES RECORD WAS SET OR TIED.
MM INDICATES DATA IS MISSING.
T  INDICATES TRACE AMOUNT.




$$
