000
CDAK48 PABE 270934
CLIBET


CLIMATE REPORT
NATIONAL WEATHER SERVICE ANCHORAGE, AK
133 AM AKDT TUE JUN 27 2017


...................................

...THE BETHEL CLIMATE SUMMARY FOR JUNE 26 2017...

CLIMATE NORMAL PERIOD 1981 TO 2010
CLIMATE RECORD PERIOD 1948 TO 2017


WEATHER ITEM   OBSERVED TIME   RECORD YEAR NORMAL DEPARTURE LAST
                VALUE   (LST)  VALUE       VALUE  FROM      YEAR
                                                  NORMAL
..................................................................
TEMPERATURE (F)
 YESTERDAY
  MAXIMUM         54        MM  84    1953  64    -10       73
  MINIMUM         47        MM  32    1979  47      0       52
  AVERAGE         51                        55     -4       63

PRECIPITATION (IN)
  YESTERDAY        0.09          0.74 2002   0.06   0.03     0.00
  MONTH TO DATE    0.96                      1.48  -0.52     1.42
  SINCE JUN 1      0.96                      1.48  -0.52     1.42
  SINCE JAN 1      5.93                      5.57   0.36     4.66

SNOWFALL (IN)
  YESTERDAY        0.0          MM      MM   0.0    0.0      0.0
  MONTH TO DATE    0.0                       0.0    0.0      0.0
  SINCE JUN 1      0.0                       0.0    0.0      0.0
  SINCE JUL 1     31.2                      61.8  -30.6     29.9
  SNOW DEPTH       0

DEGREE DAYS
 HEATING
  YESTERDAY       14                        10      4        2
  MONTH TO DATE  229                       340   -111      253
  SINCE JUN 1    229                       340   -111      253
  SINCE JUL 1  11799                     12481   -682     9966

 COOLING
  YESTERDAY        0                         0      0        0
  MONTH TO DATE    0                         0      0        0
  SINCE JUN 1      0                         0      0        0
  SINCE JAN 1      0                         0      0        0
..................................................................


WIND (MPH)
  RESULTANT WIND SPEED   7   RESULTANT WIND DIRECTION  SE (150)
  HIGHEST WIND SPEED    14   HIGHEST WIND DIRECTION    SE (140)
  HIGHEST GUST SPEED    MM   HIGHEST GUST DIRECTION    MM
  AVERAGE WIND SPEED     7.6



WEATHER CONDITIONS
 THE FOLLOWING WEATHER WAS RECORDED YESTERDAY.
  RAIN
  LIGHT RAIN
  FOG


RELATIVE HUMIDITY (PERCENT)
 HIGHEST   100
 LOWEST     83
 AVERAGE    92

..........................................................


THE BETHEL CLIMATE NORMALS FOR TODAY
                         NORMAL    RECORD    YEAR
 MAXIMUM TEMPERATURE (F)   64        84      2004
 MINIMUM TEMPERATURE (F)   47        36      1978


SUNRISE AND SUNSET
JUNE 27 2017..........SUNRISE   517 AM AKDT  SUNSET  1224 AM AKDT
JUNE 28 2017..........SUNRISE   518 AM AKDT  SUNSET  1223 AM AKDT


-  INDICATES NEGATIVE NUMBERS.
R  INDICATES RECORD WAS SET OR TIED.
MM INDICATES DATA IS MISSING.
T  INDICATES TRACE AMOUNT.




$$
