954
CDAK48 PABE 290016
CLIBET

CLIMATE REPORT
NATIONAL WEATHER SERVICE BETHEL, AK
416 PM AKDT SUN AUG 28 2016

...................................
...THE BETHEL AP CLIMATE SUMMARY FOR AUGUST 28 2016...
VALID TODAY AS OF 2:00 PM LOCAL TIME

CLIMATE NORMAL PERIOD  1981 TO  2010
CLIMATE RECORD PERIOD  1923 TO  2016

WEATHER ITEM   OBSERVED TIME    RECORD YEAR NORMAL DEPARTURE LAST
               VALUE    (LST)   VALUE       VALUE  FROM      YEAR
                                                   NORMAL
...................................................................
TEMPERATURE
TODAY
 MAXIMUM            65  0159 PM    74  1923     58       7     51
 MINIMUM            48  0731 AM    33  1960     45       3     34
 AVERAGE            57                          52       5     43

PRECIPITATION
(INCHES)
 TODAY            0.00           0.92  1963   0.10   -0.10   0.13
 MONTH TO DATE    3.29                        2.95    0.34   2.93
 SINCE JUN 1      7.75                        7.03    0.72   5.29
 SINCE JAN 1     11.01                       11.12   -0.11   9.69

SNOWFALL
(INCHES)
 TODAY              MM            0.0  2015    0.0      MM    0.0
 MONTH TO DATE      MM                         0.0      MM    0.0
 SINCE JUN 1       0.0                         0.0     0.0    0.0
 SINCE JUL 1        MM                         0.0      MM    0.0
 SNOW DEPTH (IN)    MM                                          0

DEGREE DAYS
 HEATING
  TODAY              8                          13      -5     22
  MONTH TO DATE    195                         317    -122    320
  SINCE JUN 1      652                         978    -326    799
  SINCE JUL 1      380                         601    -221    561

 COOLING
  TODAY              0                           0       0      0
  MONTH TO DATE      0                           0       0      0
  SINCE JUN 1       13                           0      13     11
  SINCE JAN 1       13                           0      13     11
...................................................................

WIND (MPH)
 HIGHEST WIND SPEED    15     HIGHEST WIND DIRECTION     10
 HIGHEST GUST SPEED    18     HIGHEST GUST DIRECTION     10
 AVERAGE WIND SPEED    MM

SKY COVER
  POSSIBLE SUNSHINE  MM            AVERAGE SKY COVER MM

WEATHER CONDITIONS
 THE FOLLOWING WEATHER WAS RECORDED TODAY.
 NO SIGNIFICANT WEATHER WAS OBSERVED.

RELATIVE HUMIDITY
 HIGHEST RH     MM PERCENT       MM
 LOWEST  RH     MM PERCENT       MM
 AVERAGE RH     MM PERCENT       MM
...................................................................

THE BETHEL CLIMATE NORMALS FOR TOMORROW
                        NORMAL    RECORD   YEAR
 MAXIMUM TEMPERATURE      58        68     1987
 MINIMUM TEMPERATURE      45        30     1955

SUNRISE AND SUNSET
 AUG 28 2016..........SUNRISE  7:33 AM      SUNSET 10:03 PM
 AUG 29 2016..........SUNRISE  7:35 AM      SUNSET 10:00 PM

-  INDICATES NEGATIVE NUMBERS.
R  INDICATES RECORD HAS BEEN SET OR TIED.
MM INDICATES DATA IS MISSING.
T  INDICATES TRACE OF PRECIPITATION.

&&
-------------------------------------------------------------------

AMOUNT OF DAYLIGHT TODAY  (HOUR:MIN)........14 HOURS 30 MINUTES
GAIN/LOSS SINCE YESTERDAY (HOUR:MIN:SEC)....-0:05:32

$$
JML AUG 16
