092
CDAK48 PABE 040909
CLIBET

CLIMATE REPORT
NATIONAL WEATHER SERVICE BETHEL, AK
109 AM AKDT WED MAY 4 2016

...................................
...THE BETHEL AP CLIMATE SUMMARY FOR MAY 3 2016...

CLIMATE NORMAL PERIOD  1981 TO  2010
CLIMATE RECORD PERIOD  1923 TO  2016

WEATHER ITEM   OBSERVED TIME    RECORD YEAR NORMAL DEPARTURE LAST
               VALUE    (LST)   VALUE       VALUE  FROM      YEAR
                                                   NORMAL
...................................................................
TEMPERATURE
YESTERDAY
 MAXIMUM            50  0757 PM    63  2004     45       5     50
 MINIMUM            35  0216 AM     4  1965     28       7     30
 AVERAGE            43                          37       6     40

PRECIPITATION
(INCHES)
 YESTERDAY        0.18            2.2   1947  0.03    0.15   0.11
 MONTH TO DATE    0.18                        0.10    0.08   0.11
 SINCE MAR 1      1.60                        1.55    0.05   1.67
 SINCE JAN 1      1.99                        3.05   -1.06   2.71

SNOWFALL
(INCHES)
 YESTERDAY         0.0            1.0  1968    0.1    -0.1      T
 MONTH TO DATE     0.0                         0.3    -0.3      T
 SINCE MAR 1       2.9                        14.2   -11.3   16.6
 SINCE JUL 1      29.4                        60.0   -30.6   42.1
 SNOW DEPTH (IN)     0                                          0

DEGREE DAYS
 HEATING
  YESTERDAY         22                          28      -6     25
  MONTH TO DATE     64                          86     -22     77
  SINCE MAR 1     2115                        2772    -657   2481
  SINCE JUL 1     9564                       11518   -1954  10267

 COOLING
  YESTERDAY          0                           0       0      0
  MONTH TO DATE      0                           0       0      0
  SINCE MAR 1        0                           0       0      0
  SINCE JAN 1        0                           0       0      0
...................................................................

WIND (MPH)
 HIGHEST WIND SPEED    21     HIGHEST WIND DIRECTION    150
 HIGHEST GUST SPEED    32     HIGHEST GUST DIRECTION    160
 AVERAGE WIND SPEED   6.6

SKY COVER
  POSSIBLE SUNSHINE    MM          AVERAGE SKY COVER     MM

WEATHER CONDITIONS
 THE FOLLOWING WEATHER WAS RECORDED YESTERDAY.
 FOG
 DRIZZLE
 RAIN


RELATIVE HUMIDITY
 HIGHEST RH     MM PERCENT       MM
 LOWEST  RH     MM PERCENT       MM
 AVERAGE RH     MM PERCENT       MM
...................................................................

THE BETHEL CLIMATE NORMALS FOR TODAY
                           NORMAL    RECORD   YEAR
 MAXIMUM TEMPERATURE (F)     45        59     2004
 MINIMUM TEMPERATURE (F)     29         4     1949

SUNRISE AND SUNSET
 MAY 4 2016..........SUNRISE  6:31 AM      SUNSET 11:00 PM
 MAY 5 2016..........SUNRISE  6:28 AM      SUNSET 11:03 PM

-  INDICATES NEGATIVE NUMBERS.
R  INDICATES RECORD HAS BEEN SET OR TIED.
MM INDICATES DATA IS MISSING.
T  INDICATES TRACE OF PRECIPITATION.

&&
-------------------------------------------------------------------

AMOUNT OF DAYLIGHT TODAY  (HOUR:MIN)........16 HOURS 29 MINUTES
GAIN/LOSS SINCE YESTERDAY (HOUR:MIN:SEC)....+0:05:20

$$
JML MAY 16
