000
CDAK48 PAFC 231311
CLIBET


CLIMATE REPORT
NATIONAL WEATHER SERVICE ANCHORAGE, AK
511 AM AKDT MON OCT 23 2017


...................................

...THE BETHEL CLIMATE SUMMARY FOR OCTOBER 22 2017...

CLIMATE NORMAL PERIOD 1981 TO 2010
CLIMATE RECORD PERIOD 1948 TO 2017


WEATHER ITEM   OBSERVED TIME   RECORD YEAR NORMAL DEPARTURE LAST
                VALUE   (LST)  VALUE       VALUE  FROM      YEAR
                                                  NORMAL
..................................................................
TEMPERATURE (F)
 YESTERDAY
  MAXIMUM         29        MM  51    1926  32     -3       34
  MINIMUM         15        MM   3    1970  22     -7       16
  AVERAGE         22                        27     -5       25

PRECIPITATION (IN)
  YESTERDAY        T             0.85 1989   0.05  -0.05     0.00
  MONTH TO DATE    2.81                      1.25   1.56     0.37
  SINCE SEP 1      5.49                      4.00   1.49     3.54
  SINCE JAN 1     20.42                     15.42   5.00    14.46

SNOWFALL (IN)
  YESTERDAY        T             6.0  2005   0.2   -0.2      0.0
  MONTH TO DATE    T                         2.4   -2.4       T
  SINCE SEP 1      T                         3.0   -3.0       T
  SINCE JUL 1      T                         3.0   -3.0       T
  SNOW DEPTH       T

DEGREE DAYS
 HEATING
  YESTERDAY       43                        38      5       40
  MONTH TO DATE  606                       713   -107      565
  SINCE SEP 1   1176                      1295   -119     1052
  SINCE JUL 1   1727                      1931   -204     1414

 COOLING
  YESTERDAY        0                         0      0        0
  MONTH TO DATE    0                         0      0        0
  SINCE SEP 1      0                         0      0        0
  SINCE JAN 1      6                         4      2       13
..................................................................


WIND (MPH)
  RESULTANT WIND SPEED   2   RESULTANT WIND DIRECTION   E (80)
  HIGHEST WIND SPEED     8   HIGHEST WIND DIRECTION     S (160)
  HIGHEST GUST SPEED    MM   HIGHEST GUST DIRECTION    MM
  AVERAGE WIND SPEED     4.0



WEATHER CONDITIONS
 THE FOLLOWING WEATHER WAS RECORDED YESTERDAY.
  LIGHT SNOW
  FOG


RELATIVE HUMIDITY (PERCENT)
 HIGHEST   100
 LOWEST     78
 AVERAGE    89

..........................................................


THE BETHEL CLIMATE NORMALS FOR TODAY
                         NORMAL    RECORD    YEAR
 MAXIMUM TEMPERATURE (F)   32        48      1981
 MINIMUM TEMPERATURE (F)   21        -1      2008


SUNRISE AND SUNSET
OCTOBER 23 2017.......SUNRISE   950 AM AKDT  SUNSET   711 PM AKDT
OCTOBER 24 2017.......SUNRISE   953 AM AKDT  SUNSET   708 PM AKDT


-  INDICATES NEGATIVE NUMBERS.
R  INDICATES RECORD WAS SET OR TIED.
MM INDICATES DATA IS MISSING.
T  INDICATES TRACE AMOUNT.




$$
