000
CDAK48 PABE 011141
CLIBET

CLIMATE REPORT
NATIONAL WEATHER SERVICE BETHEL, AK
341 AM AKDT TUE SEP 1 2015

...................................
...THE BETHEL AP CLIMATE SUMMARY FOR AUGUST 31 2015...

CLIMATE NORMAL PERIOD  1981 TO  2010
CLIMATE RECORD PERIOD  1923 TO  2015

WEATHER ITEM   OBSERVED TIME    RECORD YEAR NORMAL DEPARTURE LAST
               VALUE    (LST)   VALUE       VALUE  FROM      YEAR
                                                   NORMAL
...................................................................
TEMPERATURE
YESTERDAY
 MAXIMUM            57  0644 PM    70  1926     58      -1     58
 MINIMUM            37  0646 AM    35  1959     45      -8     39
 AVERAGE            47                          51      -4     49

PRECIPITATION
(INCHES)
 YESTERDAY        0.00           1.49  1938   0.10   -0.10      T
 MONTH TO DATE    3.04                        3.25   -0.21   2.02
 SINCE JUN 1      5.40                        7.33   -1.93   6.27
 SINCE JAN 1      9.80                       11.42   -1.62   9.31

SNOWFALL
(INCHES)
 YESTERDAY         0.0            0.0  2015    0.0     0.0    0.0
 MONTH TO DATE     0.0                         0.0     0.0    0.0
 SINCE JUN 1       0.0                         0.0     0.0    0.0
 SINCE JUL 1       0.0                         0.0     0.0    0.0
 SNOW DEPTH (IN)     0                                          0

DEGREE DAYS
 HEATING
  YESTERDAY         18                          14       4     16
  MONTH TO DATE    373                         358      15    248
  SINCE JUN 1      852                        1019    -167    941
  SINCE JUL 1      614                         642     -28    521

 COOLING
  YESTERDAY          0                           0       0      0
  MONTH TO DATE      0                           0       0      0
  SINCE JUN 1       11                           0      11      0
  SINCE JAN 1       11                           0      11      0
...................................................................

WIND (MPH)
 HIGHEST WIND SPEED    13     HIGHEST WIND DIRECTION    300
 HIGHEST GUST SPEED    18     HIGHEST GUST DIRECTION    310
 AVERAGE WIND SPEED   6.1

SKY COVER
  POSSIBLE SUNSHINE    MM          AVERAGE SKY COVER     MM

WEATHER CONDITIONS
 THE FOLLOWING WEATHER WAS RECORDED YESTERDAY.
 NO SIGNIFICANT WEATHER WAS OBSERVED.

RELATIVE HUMIDITY
 HIGHEST RH     MM PERCENT       MM
 LOWEST  RH     MM PERCENT       MM
 AVERAGE RH     MM PERCENT       MM
...................................................................

THE BETHEL CLIMATE NORMALS FOR TODAY
                           NORMAL    RECORD   YEAR
 MAXIMUM TEMPERATURE (F)     58        67     2008
 MINIMUM TEMPERATURE (F)     44        32     1936

SUNRISE AND SUNSET
 SEP 1 2015..........SUNRISE  7:41 AM      SUNSET  9:53 PM
 SEP 2 2015..........SUNRISE  7:43 AM      SUNSET  9:50 PM

-  INDICATES NEGATIVE NUMBERS.
R  INDICATES RECORD HAS BEEN SET OR TIED.
MM INDICATES DATA IS MISSING.
T  INDICATES TRACE OF PRECIPITATION.

&&
-------------------------------------------------------------------

AMOUNT OF DAYLIGHT TODAY  (HOUR:MIN)........14 HOURS 12 MINUTES
GAIN/LOSS SINCE YESTERDAY (HOUR:MIN:SEC)....-0:05:32

$$
DAC
