000
CDUS41 KCTP 280630
CLIBFD


CLIMATE REPORT
NATIONAL WEATHER SERVICE STATE COLLEGE PA
130 AM EST SUN DEC 28 2014


...................................

...THE BRADFORD CLIMATE SUMMARY FOR DECEMBER 27 2014...

CLIMATE NORMAL PERIOD 1981 TO 2010
CLIMATE RECORD PERIOD 1957 TO 2014


WEATHER ITEM   OBSERVED TIME   RECORD YEAR NORMAL DEPARTURE LAST
                VALUE   (LST)  VALUE       VALUE  FROM      YEAR
                                                  NORMAL
..................................................................
TEMPERATURE (F)
 YESTERDAY
  MAXIMUM         49   1103 PM  56    2008  30     19       31
  MINIMUM         35    549 AM -19    1993  15     20       20
  AVERAGE         42                        23     19       26

PRECIPITATION (IN)
  YESTERDAY        T             0.81 1984   0.11  -0.11     0.01
  MONTH TO DATE    1.78                      3.00  -1.22     2.54
  SINCE DEC 1      1.78                      3.00  -1.22     2.54
  SINCE JAN 1     41.92                     44.06  -2.14    34.57

DEGREE DAYS
 HEATING
  YESTERDAY       23                        37    -14       39
  MONTH TO DATE  913                       915     -2     1030
  SINCE DEC 1    913                       915     -2     1030
  SINCE JUL 1   2731                      2750    -19     2818

 COOLING
  YESTERDAY        0                         0      0        0
  MONTH TO DATE    0                         0      0        0
  SINCE DEC 1      0                         0      0        0
  SINCE JAN 1    196                       193      3      334
..................................................................


WIND (MPH)
  HIGHEST WIND SPEED    21   HIGHEST WIND DIRECTION    SW (230)
  HIGHEST GUST SPEED    32   HIGHEST GUST DIRECTION    SW (230)
  AVERAGE WIND SPEED     7.2


SKY COVER
  POSSIBLE SUNSHINE  MM
  AVERAGE SKY COVER 0.6


WEATHER CONDITIONS
 THE FOLLOWING WEATHER WAS RECORDED YESTERDAY.
  LIGHT RAIN


RELATIVE HUMIDITY (PERCENT)
 HIGHEST    75          1200 AM
 LOWEST     50          1000 PM
 AVERAGE    63

..........................................................


THE BRADFORD CLIMATE NORMALS FOR TODAY
                         NORMAL    RECORD    YEAR
 MAXIMUM TEMPERATURE (F)   30        61      1982
 MINIMUM TEMPERATURE (F)   15       -15      1960


SUNRISE AND SUNSET
DECEMBER 28 2014......SUNRISE   741 AM EST   SUNSET   451 PM EST
DECEMBER 29 2014......SUNRISE   741 AM EST   SUNSET   452 PM EST


-  INDICATES NEGATIVE NUMBERS.
R  INDICATES RECORD WAS SET OR TIED.
MM INDICATES DATA IS MISSING.
T  INDICATES TRACE AMOUNT.




$$
