000
CDUS41 KCTP 290621
CLIBFD


CLIMATE REPORT
NATIONAL WEATHER SERVICE STATE COLLEGE PA
221 AM EDT WED JUL 29 2015


...................................

...THE BRADFORD CLIMATE SUMMARY FOR JULY 28 2015...

CLIMATE NORMAL PERIOD 1981 TO 2010
CLIMATE RECORD PERIOD 1957 TO 2015


WEATHER ITEM   OBSERVED TIME   RECORD YEAR NORMAL DEPARTURE LAST
                VALUE   (LST)  VALUE       VALUE  FROM      YEAR
                                                  NORMAL
..................................................................
TEMPERATURE (F)
 YESTERDAY
  MAXIMUM         86R   506 PM  86    1964  77      9       67
  MINIMUM         54    410 AM  37    1971  53      1       54
  AVERAGE         70                        65      5       61

PRECIPITATION (IN)
  YESTERDAY        0.00          2.50 1981   0.14  -0.14     0.41
  MONTH TO DATE    2.45                      3.79  -1.34     3.40
  SINCE JUN 1      9.92                      8.70   1.22     9.44
  SINCE JAN 1     22.35                     25.44  -3.09    25.39

DEGREE DAYS
 HEATING
  YESTERDAY        0                         0      0        4
  MONTH TO DATE   47                         1     46       70
  SINCE JUN 1    154                       146      8      155
  SINCE JUL 1     47                         1     46       70

 COOLING
  YESTERDAY        5                         2      3        0
  MONTH TO DATE   63                        64     -1       63
  SINCE JUN 1    101                       104     -3      119
  SINCE JAN 1    145                       114     31      137
..................................................................


WIND (MPH)
  HIGHEST WIND SPEED     9   HIGHEST WIND DIRECTION    SE (140)
  HIGHEST GUST SPEED    13   HIGHEST GUST DIRECTION    SE (150)
  AVERAGE WIND SPEED     1.2


SKY COVER
  POSSIBLE SUNSHINE  MM
  AVERAGE SKY COVER 0.0


WEATHER CONDITIONS
 THE FOLLOWING WEATHER WAS RECORDED YESTERDAY.
  FOG


RELATIVE HUMIDITY (PERCENT)
 HIGHEST    93           100 AM
 LOWEST     32           400 PM
 AVERAGE    63

..........................................................


THE BRADFORD CLIMATE NORMALS FOR TODAY
                         NORMAL    RECORD    YEAR
 MAXIMUM TEMPERATURE (F)   77        87      1988
 MINIMUM TEMPERATURE (F)   53        43      1972


SUNRISE AND SUNSET
JULY 29 2015..........SUNRISE   605 AM EDT   SUNSET   836 PM EDT
JULY 30 2015..........SUNRISE   606 AM EDT   SUNSET   835 PM EDT


-  INDICATES NEGATIVE NUMBERS.
R  INDICATES RECORD WAS SET OR TIED.
MM INDICATES DATA IS MISSING.
T  INDICATES TRACE AMOUNT.




$$
