000
CDUS41 KCTP 010633
CLIBFD


CLIMATE REPORT
NATIONAL WEATHER SERVICE STATE COLLEGE PA
232 AM EDT SUN MAY 1 2016


...................................

...THE BRADFORD CLIMATE SUMMARY FOR APRIL 30 2016...

CLIMATE NORMAL PERIOD 1981 TO 2010
CLIMATE RECORD PERIOD 1957 TO 2016


WEATHER ITEM   OBSERVED TIME   RECORD YEAR NORMAL DEPARTURE LAST
                VALUE   (LST)  VALUE       VALUE  FROM      YEAR
                                                  NORMAL
..................................................................
TEMPERATURE (F)
 YESTERDAY
  MAXIMUM         50    440 PM  80    1962  61    -11       61
  MINIMUM         40    601 AM  20    2002  36      4       36
  AVERAGE         45                        49     -4       49

PRECIPITATION (IN)
  YESTERDAY        0.08          0.95 2014   0.12  -0.04     0.00
  MONTH TO DATE    3.68                      3.55   0.13     4.23
  SINCE MAR 1      6.61                      6.92  -0.31     6.57
  SINCE JAN 1     11.22                     12.56  -1.34     9.41

DEGREE DAYS
 HEATING
  YESTERDAY       20                        12      8       16
  MONTH TO DATE  691                       490    201      620
  SINCE MAR 1   1435                      1681   -246     1789
  SINCE JUL 1   6135                      7251  -1116     7688

 COOLING
  YESTERDAY        0                         0      0        0
  MONTH TO DATE    0                         2     -2        0
  SINCE MAR 1      0                         2     -2        0
  SINCE JAN 1      0                         2     -2        0
..................................................................


WIND (MPH)
  HIGHEST WIND SPEED    13   HIGHEST WIND DIRECTION    SE (140)
  HIGHEST GUST SPEED    17   HIGHEST GUST DIRECTION     E (110)
  AVERAGE WIND SPEED     7.4


SKY COVER
  POSSIBLE SUNSHINE  MM
  AVERAGE SKY COVER 1.0


WEATHER CONDITIONS
 THE FOLLOWING WEATHER WAS RECORDED YESTERDAY.
  LIGHT RAIN
  FOG


RELATIVE HUMIDITY (PERCENT)
 HIGHEST    96          1200 AM
 LOWEST     71           100 PM
 AVERAGE    84

..........................................................


THE BRADFORD CLIMATE NORMALS FOR TODAY
                         NORMAL    RECORD    YEAR
 MAXIMUM TEMPERATURE (F)   61        81      1970
 MINIMUM TEMPERATURE (F)   37        22      1978


SUNRISE AND SUNSET
MAY  1 2016...........SUNRISE   610 AM EDT   SUNSET   813 PM EDT
MAY  2 2016...........SUNRISE   609 AM EDT   SUNSET   815 PM EDT


-  INDICATES NEGATIVE NUMBERS.
R  INDICATES RECORD WAS SET OR TIED.
MM INDICATES DATA IS MISSING.
T  INDICATES TRACE AMOUNT.




$$
