000
CDUS41 KCTP 260614
CLIBFD


CLIMATE REPORT
NATIONAL WEATHER SERVICE STATE COLLEGE PA
214 AM EDT FRI MAY 26 2017


...................................

...THE BRADFORD CLIMATE SUMMARY FOR MAY 25 2017...

CLIMATE NORMAL PERIOD 1981 TO 2010
CLIMATE RECORD PERIOD 1957 TO 2017


WEATHER ITEM   OBSERVED TIME   RECORD YEAR NORMAL DEPARTURE LAST
                VALUE   (LST)  VALUE       VALUE  FROM      YEAR
                                                  NORMAL
..................................................................
TEMPERATURE (F)
 YESTERDAY
  MAXIMUM         62    551 PM  84    2012  68     -6       81
  MINIMUM         51    832 AM  30    1992  43      8       39
  AVERAGE         57                        56      1       60

PRECIPITATION (IN)
  YESTERDAY        1.13          1.57 1994   0.15   0.98     0.00
  MONTH TO DATE    4.72                      3.33   1.39     3.21
  SINCE MAR 1     13.27                     10.25   3.02     9.82
  SINCE JAN 1     20.35                     15.89   4.46    14.43

DEGREE DAYS
 HEATING
  YESTERDAY        8                         6      2        5
  MONTH TO DATE  325                       212    113      366
  SINCE MAR 1   1810                      1893    -83     1801
  SINCE JUL 1   6393                      7463  -1070     6501

 COOLING
  YESTERDAY        0                         0      0        0
  MONTH TO DATE   18                         0     18        0
  SINCE MAR 1     19                         2     17        0
  SINCE JAN 1     19                         2     17        0
..................................................................


WIND (MPH)
  HIGHEST WIND SPEED    21   HIGHEST WIND DIRECTION    SE (130)
  HIGHEST GUST SPEED    29   HIGHEST GUST DIRECTION    SE (120)
  AVERAGE WIND SPEED     6.9


SKY COVER
  POSSIBLE SUNSHINE  MM
  AVERAGE SKY COVER 0.9


WEATHER CONDITIONS
 THE FOLLOWING WEATHER WAS RECORDED YESTERDAY.
  HEAVY RAIN
  RAIN
  LIGHT RAIN
  FOG


RELATIVE HUMIDITY (PERCENT)
 HIGHEST   100          1200 AM
 LOWEST     78           400 PM
 AVERAGE    89

..........................................................


THE BRADFORD CLIMATE NORMALS FOR TODAY
                         NORMAL    RECORD    YEAR
 MAXIMUM TEMPERATURE (F)   68        85      2012
 MINIMUM TEMPERATURE (F)   44        29      1988


SUNRISE AND SUNSET
MAY 26 2017...........SUNRISE   545 AM EDT   SUNSET   838 PM EDT
MAY 27 2017...........SUNRISE   545 AM EDT   SUNSET   839 PM EDT


-  INDICATES NEGATIVE NUMBERS.
R  INDICATES RECORD WAS SET OR TIED.
MM INDICATES DATA IS MISSING.
T  INDICATES TRACE AMOUNT.




$$
