000
CDUS41 KCTP 060644
CLIBFD


CLIMATE REPORT
NATIONAL WEATHER SERVICE STATE COLLEGE PA
143 AM EST TUE DEC 6 2016


...................................

...THE BRADFORD CLIMATE SUMMARY FOR DECEMBER 5 2016...

CLIMATE NORMAL PERIOD 1981 TO 2010
CLIMATE RECORD PERIOD 1957 TO 2016


WEATHER ITEM   OBSERVED TIME   RECORD YEAR NORMAL DEPARTURE LAST
                VALUE   (LST)  VALUE       VALUE  FROM      YEAR
                                                  NORMAL
..................................................................
TEMPERATURE (F)
 YESTERDAY
  MAXIMUM         36    339 PM  65    1982  36      0       44
  MINIMUM         29   1150 PM   0    2007  22      7       25
  AVERAGE         33                        29      4       35

PRECIPITATION (IN)
  YESTERDAY        0.10          1.85 1977   0.12  -0.02     0.00
  MONTH TO DATE    0.36                      0.59  -0.23     0.62
  SINCE DEC 1      0.36                      0.59  -0.23     0.62
  SINCE JAN 1     41.62                     41.65  -0.03    35.05

DEGREE DAYS
 HEATING
  YESTERDAY       32                        31      1       30
  MONTH TO DATE  155                       152      3      142
  SINCE DEC 1    155                       152      3      142
  SINCE JUL 1   1543                      1987   -444     1622

 COOLING
  YESTERDAY        0                         0      0        0
  MONTH TO DATE    0                         0      0        0
  SINCE DEC 1      0                         0      0        0
  SINCE JAN 1    370                       193    177      260
..................................................................


WIND (MPH)
  HIGHEST WIND SPEED    15   HIGHEST WIND DIRECTION     W (290)
  HIGHEST GUST SPEED    24   HIGHEST GUST DIRECTION     W (260)
  AVERAGE WIND SPEED     7.2


SKY COVER
  POSSIBLE SUNSHINE  MM
  AVERAGE SKY COVER 1.0


WEATHER CONDITIONS
 THE FOLLOWING WEATHER WAS RECORDED YESTERDAY.
  SNOW
  LIGHT SNOW
  FOG


RELATIVE HUMIDITY (PERCENT)
 HIGHEST   100          1200 AM
 LOWEST     75           500 PM
 AVERAGE    88

..........................................................


THE BRADFORD CLIMATE NORMALS FOR TODAY
                         NORMAL    RECORD    YEAR
 MAXIMUM TEMPERATURE (F)   36        64      1998
 MINIMUM TEMPERATURE (F)   22        -4      2007


SUNRISE AND SUNSET
DECEMBER  6 2016......SUNRISE   728 AM EST   SUNSET   444 PM EST
DECEMBER  7 2016......SUNRISE   729 AM EST   SUNSET   444 PM EST


-  INDICATES NEGATIVE NUMBERS.
R  INDICATES RECORD WAS SET OR TIED.
MM INDICATES DATA IS MISSING.
T  INDICATES TRACE AMOUNT.




$$
