164
CDUS41 KCTP 250611
CLIBFD


CLIMATE REPORT
NATIONAL WEATHER SERVICE STATE COLLEGE PA
210 AM EDT MON JUL 25 2016


...................................

...THE BRADFORD CLIMATE SUMMARY FOR JULY 24 2016...

CLIMATE NORMAL PERIOD 1981 TO 2010
CLIMATE RECORD PERIOD 1957 TO 2016


WEATHER ITEM   OBSERVED TIME   RECORD YEAR NORMAL DEPARTURE LAST
                VALUE   (LST)  VALUE       VALUE  FROM      YEAR
                                                  NORMAL
..................................................................
TEMPERATURE (F)
 YESTERDAY
  MAXIMUM         84    127 PM  87    2001  77      7       78
  MINIMUM         55    547 AM  44    1993  54      1       46
  AVERAGE         70                        65      5       62

PRECIPITATION (IN)
  YESTERDAY        0.00          1.74 1967   0.14  -0.14     0.00
  MONTH TO DATE    3.43                      3.25   0.18     2.45
  SINCE JUN 1      6.45                      8.16  -1.71     9.92
  SINCE JAN 1     20.88                     24.90  -4.02    22.35

DEGREE DAYS
 HEATING
  YESTERDAY        0                         0      0        3
  MONTH TO DATE   31                         1     30       47
  SINCE JUN 1    123                       146    -23      154
  SINCE JUL 1     31                         1     30       47

 COOLING
  YESTERDAY        5                         2      3        0
  MONTH TO DATE   85                        56     29       46
  SINCE JUN 1    117                        96     21       84
  SINCE JAN 1    136                       106     30      128
..................................................................


WIND (MPH)
  HIGHEST WIND SPEED    10   HIGHEST WIND DIRECTION     S (200)
  HIGHEST GUST SPEED    15   HIGHEST GUST DIRECTION     S (190)
  AVERAGE WIND SPEED     3.1


SKY COVER
  POSSIBLE SUNSHINE  MM
  AVERAGE SKY COVER 0.1


WEATHER CONDITIONS
 THE FOLLOWING WEATHER WAS RECORDED YESTERDAY.
  FOG


RELATIVE HUMIDITY (PERCENT)
 HIGHEST    93           200 AM
 LOWEST     40           100 PM
 AVERAGE    67

..........................................................


THE BRADFORD CLIMATE NORMALS FOR TODAY
                         NORMAL    RECORD    YEAR
 MAXIMUM TEMPERATURE (F)   77        85      1966
 MINIMUM TEMPERATURE (F)   54        39      2014
                                             2013


SUNRISE AND SUNSET
JULY 25 2016..........SUNRISE   602 AM EDT   SUNSET   839 PM EDT
JULY 26 2016..........SUNRISE   603 AM EDT   SUNSET   838 PM EDT


-  INDICATES NEGATIVE NUMBERS.
R  INDICATES RECORD WAS SET OR TIED.
MM INDICATES DATA IS MISSING.
T  INDICATES TRACE AMOUNT.




$$
