000
CDUS41 KCTP 222119
CLIBFD


CLIMATE REPORT
NATIONAL WEATHER SERVICE STATE COLLEGE PA
518 PM EDT SAT JUL 22 2017


...................................

...THE BRADFORD CLIMATE SUMMARY FOR JULY 22 2017...
VALID TODAY AS OF 0500 PM LOCAL TIME.

CLIMATE NORMAL PERIOD 1981 TO 2010
CLIMATE RECORD PERIOD 1957 TO 2017


WEATHER ITEM   OBSERVED TIME   RECORD YEAR NORMAL DEPARTURE LAST
                VALUE   (LST)  VALUE       VALUE  FROM      YEAR
                                                  NORMAL
..................................................................
TEMPERATURE (F)
 TODAY
  MAXIMUM         76    300 PM  97    2011  77     -1       85
  MINIMUM         59    522 AM  36    1970  54      5       64
  AVERAGE         68                        66      2       75

PRECIPITATION (IN)
  TODAY            0.01          1.17 1961   0.13  -0.12     0.48
  MONTH TO DATE    2.80                      2.98  -0.18     3.43
  SINCE JUN 1      9.31                      7.89   1.42     6.45
  SINCE JAN 1     30.51                     24.63   5.88    20.88

DEGREE DAYS
 HEATING
  TODAY            0                         0      0        0
  MONTH TO DATE   14                         1     13       31
  SINCE JUN 1    146                       146      0      123
  SINCE JUL 1     14                         1     13       31

 COOLING
  TODAY            3                         2      1       10
  MONTH TO DATE   72                        52     20       72
  SINCE JUN 1    143                        92     51      104
  SINCE JAN 1    162                       102     60      123
..................................................................


WIND (MPH)
  HIGHEST WIND SPEED    10   HIGHEST WIND DIRECTION    SE (120)
  HIGHEST GUST SPEED    13   HIGHEST GUST DIRECTION     E (100)
  AVERAGE WIND SPEED     3.3


SKY COVER
  POSSIBLE SUNSHINE  MM
  AVERAGE SKY COVER 0.4


WEATHER CONDITIONS
 THE FOLLOWING WEATHER WAS RECORDED TODAY.
  LIGHT RAIN
  FOG


RELATIVE HUMIDITY (PERCENT)
 HIGHEST   100          1200 AM
 LOWEST     79          1000 AM
 AVERAGE    90

..........................................................


THE BRADFORD CLIMATE NORMALS FOR TOMORROW
                         NORMAL    RECORD    YEAR
 MAXIMUM TEMPERATURE (F)   77        88      1987
 MINIMUM TEMPERATURE (F)   54        38      1981


SUNRISE AND SUNSET
JULY 22 2017..........SUNRISE   559 AM EDT   SUNSET   842 PM EDT
JULY 23 2017..........SUNRISE   600 AM EDT   SUNSET   841 PM EDT


-  INDICATES NEGATIVE NUMBERS.
R  INDICATES RECORD WAS SET OR TIED.
MM INDICATES DATA IS MISSING.
T  INDICATES TRACE AMOUNT.




$$
