000
CDUS41 KCTP 240642
CLIBFD


CLIMATE REPORT
NATIONAL WEATHER SERVICE STATE COLLEGE PA
142 AM EST MON NOV 24 2014


...................................

...THE BRADFORD CLIMATE SUMMARY FOR NOVEMBER 23 2014...

CLIMATE NORMAL PERIOD 1981 TO 2010
CLIMATE RECORD PERIOD 1957 TO 2014


WEATHER ITEM   OBSERVED TIME   RECORD YEAR NORMAL DEPARTURE LAST
                VALUE   (LST)  VALUE       VALUE  FROM      YEAR
                                                  NORMAL
..................................................................
TEMPERATURE (F)
 YESTERDAY
  MAXIMUM         52    348 PM  64    1979  42     10       31
  MINIMUM         41   1036 AM  -1    1971  27     14       15
  AVERAGE         47                        34     13       23

PRECIPITATION (IN)
  YESTERDAY        0.07          0.52 1961   0.14  -0.07     0.01
  MONTH TO DATE    1.89                      2.84  -0.95     3.08
  SINCE SEP 1      8.35                     10.19  -1.84     9.74
  SINCE JAN 1     39.69                     40.14  -0.45    31.15

DEGREE DAYS
 HEATING
  YESTERDAY       18                        26     -8       42
  MONTH TO DATE  721                       508    213      648
  SINCE SEP 1   1419                      1348     71     1341
  SINCE JUL 1   1603                      1501    102     1477

 COOLING
  YESTERDAY        0                         0      0        0
  MONTH TO DATE    0                         0      0        0
  SINCE SEP 1     26                        16     10       39
  SINCE JAN 1    196                       193      3      334
..................................................................


WIND (MPH)
  HIGHEST WIND SPEED    20   HIGHEST WIND DIRECTION    SE (140)
  HIGHEST GUST SPEED    30   HIGHEST GUST DIRECTION    SE (150)
  AVERAGE WIND SPEED     8.8


SKY COVER
  POSSIBLE SUNSHINE  MM
  AVERAGE SKY COVER 0.7


WEATHER CONDITIONS
 THE FOLLOWING WEATHER WAS RECORDED YESTERDAY.
  LIGHT RAIN
  FOG


RELATIVE HUMIDITY (PERCENT)
 HIGHEST    70          1200 AM
 LOWEST     50           800 PM
 AVERAGE    60

..........................................................


THE BRADFORD CLIMATE NORMALS FOR TODAY
                         NORMAL    RECORD    YEAR
 MAXIMUM TEMPERATURE (F)   41        59      1979
 MINIMUM TEMPERATURE (F)   26         5      2000


SUNRISE AND SUNSET
NOVEMBER 24 2014......SUNRISE   715 AM EST   SUNSET   448 PM EST
NOVEMBER 25 2014......SUNRISE   716 AM EST   SUNSET   447 PM EST


-  INDICATES NEGATIVE NUMBERS.
R  INDICATES RECORD WAS SET OR TIED.
MM INDICATES DATA IS MISSING.
T  INDICATES TRACE AMOUNT.




$$
