762
CDUS41 KCTP 180631
CLIBFD


CLIMATE REPORT
NATIONAL WEATHER SERVICE STATE COLLEGE PA
130 AM EST SUN FEB 18 2018


...................................

...THE BRADFORD CLIMATE SUMMARY FOR FEBRUARY 17 2018...

CLIMATE NORMAL PERIOD 1981 TO 2010
CLIMATE RECORD PERIOD 1957 TO 2018


WEATHER ITEM   OBSERVED TIME   RECORD YEAR NORMAL DEPARTURE LAST
                VALUE   (LST)  VALUE       VALUE  FROM      YEAR
                                                  NORMAL
..................................................................
TEMPERATURE (F)
 YESTERDAY
  MAXIMUM         29    416 PM  54    2006  33     -4       40
  MINIMUM         10    729 AM -22    1979  15     -5       13
  AVERAGE         20                        24     -4       27

PRECIPITATION (IN)
  YESTERDAY        0.11          0.93 1961   0.08   0.03      T
  MONTH TO DATE    1.58                      1.42   0.16     1.92
  SINCE DEC 1      7.35                      8.11  -0.76     9.73
  SINCE JAN 1      5.23                      4.71   0.52     6.49

DEGREE DAYS
 HEATING
  YESTERDAY       45                        36      9       38
  MONTH TO DATE  666                       625     41      664
  SINCE DEC 1   3311                      3201    110     2966
  SINCE JUL 1   4845                      5036   -191     4354

 COOLING
  YESTERDAY        0                         0      0        0
  MONTH TO DATE    0                         0      0        0
  SINCE DEC 1      0                         0      0        0
  SINCE JAN 1      0                         0      0        0
..................................................................


WIND (MPH)
  HIGHEST WIND SPEED    15   HIGHEST WIND DIRECTION     S (180)
  HIGHEST GUST SPEED    21   HIGHEST GUST DIRECTION     S (190)
  AVERAGE WIND SPEED     5.0


SKY COVER
  POSSIBLE SUNSHINE  MM
  AVERAGE SKY COVER 0.4


WEATHER CONDITIONS
 THE FOLLOWING WEATHER WAS RECORDED YESTERDAY.
  LIGHT SNOW
  FOG


RELATIVE HUMIDITY (PERCENT)
 HIGHEST    96           200 AM
 LOWEST     55          1100 AM
 AVERAGE    76

..........................................................


THE BRADFORD CLIMATE NORMALS FOR TODAY
                         NORMAL    RECORD    YEAR
 MAXIMUM TEMPERATURE (F)   33        62      2017
 MINIMUM TEMPERATURE (F)   15       -24      1979


SUNRISE AND SUNSET
FEBRUARY 18 2018......SUNRISE   706 AM EST   SUNSET   552 PM EST
FEBRUARY 19 2018......SUNRISE   704 AM EST   SUNSET   553 PM EST


-  INDICATES NEGATIVE NUMBERS.
R  INDICATES RECORD WAS SET OR TIED.
MM INDICATES DATA IS MISSING.
T  INDICATES TRACE AMOUNT.




$$
