000
CDUS41 KCTP 290638
CLIBFD


CLIMATE REPORT
NATIONAL WEATHER SERVICE STATE COLLEGE PA
238 AM EDT TUE JUL 29 2014


...................................

...THE BRADFORD CLIMATE SUMMARY FOR JULY 28 2014...

CLIMATE NORMAL PERIOD 1981 TO 2010
CLIMATE RECORD PERIOD 1957 TO 2014


WEATHER ITEM   OBSERVED TIME   RECORD YEAR NORMAL DEPARTURE LAST
                VALUE   (LST)  VALUE       VALUE  FROM      YEAR
                                                  NORMAL
..................................................................
TEMPERATURE (F)
 YESTERDAY
  MAXIMUM         67   1054 AM  86    1964  77    -10       72
  MINIMUM         54   1159 PM  37    1971  53      1       48
  AVERAGE         61                        65     -4       60

PRECIPITATION (IN)
  YESTERDAY        0.41          2.50 1981   0.14   0.27     0.15
  MONTH TO DATE    3.40                      3.79  -0.39     2.62
  SINCE JUN 1      9.44                      8.70   0.74     7.23
  SINCE JAN 1     25.39                     25.44  -0.05    18.26

DEGREE DAYS
 HEATING
  YESTERDAY        4                         0      4        5
  MONTH TO DATE   70                         1     69       37
  SINCE JUN 1    155                       146      9      141
  SINCE JUL 1     70                         1     69       37

 COOLING
  YESTERDAY        0                         2     -2        0
  MONTH TO DATE   63                        64     -1      148
  SINCE JUN 1    119                       104     15      198
  SINCE JAN 1    137                       114     23      241
..................................................................


WIND (MPH)
  HIGHEST WIND SPEED    21   HIGHEST WIND DIRECTION     N (340)
  HIGHEST GUST SPEED    27   HIGHEST GUST DIRECTION    NW (320)
  AVERAGE WIND SPEED     8.1


SKY COVER
  POSSIBLE SUNSHINE  MM
  AVERAGE SKY COVER 0.9


WEATHER CONDITIONS
 THE FOLLOWING WEATHER WAS RECORDED YESTERDAY.
  HEAVY RAIN
  RAIN
  LIGHT RAIN
  FOG


RELATIVE HUMIDITY (PERCENT)
 HIGHEST   100           200 AM
 LOWEST     84           900 AM
 AVERAGE    92

..........................................................


THE BRADFORD CLIMATE NORMALS FOR TODAY
                         NORMAL    RECORD    YEAR
 MAXIMUM TEMPERATURE (F)   77        87      1988
 MINIMUM TEMPERATURE (F)   53        43      1972


SUNRISE AND SUNSET
JULY 29 2014..........SUNRISE   606 AM EDT   SUNSET   836 PM EDT
JULY 30 2014..........SUNRISE   607 AM EDT   SUNSET   835 PM EDT


-  INDICATES NEGATIVE NUMBERS.
R  INDICATES RECORD WAS SET OR TIED.
MM INDICATES DATA IS MISSING.
T  INDICATES TRACE AMOUNT.




$$
