000
CDUS41 KCTP 050624
CLIBFD


CLIMATE REPORT
NATIONAL WEATHER SERVICE STATE COLLEGE PA
224 AM EDT SAT SEP 5 2015


...................................

...THE BRADFORD CLIMATE SUMMARY FOR SEPTEMBER 4 2015...

CLIMATE NORMAL PERIOD 1981 TO 2010
CLIMATE RECORD PERIOD 1957 TO 2015


WEATHER ITEM   OBSERVED TIME   RECORD YEAR NORMAL DEPARTURE LAST
                VALUE   (LST)  VALUE       VALUE  FROM      YEAR
                                                  NORMAL
..................................................................
TEMPERATURE (F)
 YESTERDAY
  MAXIMUM         85R   323 PM  85    1973  72     13       81
  MINIMUM         60    436 AM  34    1997  49     11       53
  AVERAGE         73                        61     12       67

PRECIPITATION (IN)
  YESTERDAY        T             1.01 1988   0.12  -0.12     0.00
  MONTH TO DATE    T                         0.52  -0.52     0.73
  SINCE SEP 1      T                         0.52  -0.52     0.73
  SINCE JAN 1     23.84                     30.47  -6.63    32.07

DEGREE DAYS
 HEATING
  YESTERDAY        0                         2     -2        0
  MONTH TO DATE    0                         8     -8        0
  SINCE SEP 1      0                         8     -8        0
  SINCE JUL 1    126                       161    -35      184

 COOLING
  YESTERDAY        8                         1      7        2
  MONTH TO DATE   19                         4     15       15
  SINCE SEP 1     19                         4     15       15
  SINCE JAN 1    227                       181     46      185
..................................................................


WIND (MPH)
  HIGHEST WIND SPEED    10   HIGHEST WIND DIRECTION     S (190)
  HIGHEST GUST SPEED    14   HIGHEST GUST DIRECTION     S (200)
  AVERAGE WIND SPEED     2.7


SKY COVER
  POSSIBLE SUNSHINE  MM
  AVERAGE SKY COVER 0.5


WEATHER CONDITIONS
 THE FOLLOWING WEATHER WAS RECORDED YESTERDAY.
  THUNDERSTORM
  LIGHT RAIN
  FOG
  FOG W/VISIBILITY <= 1/4 MILE
  HAZE


RELATIVE HUMIDITY (PERCENT)
 HIGHEST   100           200 AM
 LOWEST     55           100 PM
 AVERAGE    78

..........................................................


THE BRADFORD CLIMATE NORMALS FOR TODAY
                         NORMAL    RECORD    YEAR
 MAXIMUM TEMPERATURE (F)   72        86      2014
                                             1973
 MINIMUM TEMPERATURE (F)   49        33      1972


SUNRISE AND SUNSET
SEPTEMBER  5 2015.....SUNRISE   644 AM EDT   SUNSET   742 PM EDT
SEPTEMBER  6 2015.....SUNRISE   645 AM EDT   SUNSET   740 PM EDT


-  INDICATES NEGATIVE NUMBERS.
R  INDICATES RECORD WAS SET OR TIED.
MM INDICATES DATA IS MISSING.
T  INDICATES TRACE AMOUNT.




$$
