000
CDUS41 KCTP 300623
CLIBFD


CLIMATE REPORT
NATIONAL WEATHER SERVICE STATE COLLEGE PA
223 AM EDT THU MAR 30 2017


...................................

...THE BRADFORD CLIMATE SUMMARY FOR MARCH 29 2017...

CLIMATE NORMAL PERIOD 1981 TO 2010
CLIMATE RECORD PERIOD 1957 TO 2017


WEATHER ITEM   OBSERVED TIME   RECORD YEAR NORMAL DEPARTURE LAST
                VALUE   (LST)  VALUE       VALUE  FROM      YEAR
                                                  NORMAL
..................................................................
TEMPERATURE (F)
 YESTERDAY
  MAXIMUM         51    412 PM  74    1977  47      4       42
  MINIMUM         35   1159 PM   5    2015  26      9       22
  AVERAGE         43                        37      6       32

PRECIPITATION (IN)
  YESTERDAY        0.00          0.49 1984   0.11  -0.11     0.00
  MONTH TO DATE    2.25                      3.13  -0.88     2.87
  SINCE MAR 1      2.25                      3.13  -0.88     2.87
  SINCE JAN 1      9.33                      8.77   0.56     7.48

DEGREE DAYS
 HEATING
  YESTERDAY       22                        23     -1       33
  MONTH TO DATE 1010                       815    195      711
  SINCE MAR 1   1010                       815    195      711
  SINCE JUL 1   5593                      6385   -792     5411

 COOLING
  YESTERDAY        0                         0      0        0
  MONTH TO DATE    0                         0      0        0
  SINCE MAR 1      0                         0      0        0
  SINCE JAN 1      0                         0      0        0
..................................................................


WIND (MPH)
  HIGHEST WIND SPEED    15   HIGHEST WIND DIRECTION     N (350)
  HIGHEST GUST SPEED    23   HIGHEST GUST DIRECTION    NE (60)
  AVERAGE WIND SPEED     8.2


SKY COVER
  POSSIBLE SUNSHINE  MM
  AVERAGE SKY COVER 0.4


WEATHER CONDITIONS
 THE FOLLOWING WEATHER WAS RECORDED YESTERDAY.
  NO SIGNIFICANT WEATHER WAS OBSERVED.


RELATIVE HUMIDITY (PERCENT)
 HIGHEST   100          1200 AM
 LOWEST     39           400 PM
 AVERAGE    70

..........................................................


THE BRADFORD CLIMATE NORMALS FOR TODAY
                         NORMAL    RECORD    YEAR
 MAXIMUM TEMPERATURE (F)   47        78      1986
 MINIMUM TEMPERATURE (F)   27        10      1964


SUNRISE AND SUNSET
MARCH 30 2017.........SUNRISE   700 AM EDT   SUNSET   738 PM EDT
MARCH 31 2017.........SUNRISE   659 AM EDT   SUNSET   739 PM EDT


-  INDICATES NEGATIVE NUMBERS.
R  INDICATES RECORD WAS SET OR TIED.
MM INDICATES DATA IS MISSING.
T  INDICATES TRACE AMOUNT.




$$
