000
CDUS41 KCTP 250622
CLIBFD


CLIMATE REPORT
NATIONAL WEATHER SERVICE STATE COLLEGE PA
222 AM EDT MON SEP 25 2017


...................................

...THE BRADFORD CLIMATE SUMMARY FOR SEPTEMBER 24 2017...

CLIMATE NORMAL PERIOD 1981 TO 2010
CLIMATE RECORD PERIOD 1957 TO 2017


WEATHER ITEM   OBSERVED TIME   RECORD YEAR NORMAL DEPARTURE LAST
                VALUE   (LST)  VALUE       VALUE  FROM      YEAR
                                                  NORMAL
..................................................................
TEMPERATURE (F)
 YESTERDAY
  MAXIMUM         86R   332 PM  82    1961  65     21       65
  MINIMUM         55    619 AM  24    1974  42     13       41
  AVERAGE         71                        54     17       53

PRECIPITATION (IN)
  YESTERDAY        0.00          1.37 1977   0.13  -0.13     0.00
  MONTH TO DATE    2.31                      3.14  -0.83     1.86
  SINCE SEP 1      2.31                      3.14  -0.83     1.86
  SINCE JAN 1     37.46                     33.09   4.37    30.86

DEGREE DAYS
 HEATING
  YESTERDAY        0                         7     -7       12
  MONTH TO DATE  129                        96     33       75
  SINCE SEP 1    129                        96     33       75
  SINCE JUL 1    238                       249    -11      118

 COOLING
  YESTERDAY        6                         0      6        0
  MONTH TO DATE   16                        13      3       42
  SINCE SEP 1     16                        13      3       42
  SINCE JAN 1    240                       190     50      367
..................................................................


WIND (MPH)
  HIGHEST WIND SPEED    14   HIGHEST WIND DIRECTION    NE (40)
  HIGHEST GUST SPEED    19   HIGHEST GUST DIRECTION    NE (60)
  AVERAGE WIND SPEED     2.8


SKY COVER
  POSSIBLE SUNSHINE  MM
  AVERAGE SKY COVER 0.0


WEATHER CONDITIONS
 THE FOLLOWING WEATHER WAS RECORDED YESTERDAY.
  FOG


RELATIVE HUMIDITY (PERCENT)
 HIGHEST   100          1200 AM
 LOWEST     48           300 PM
 AVERAGE    74

..........................................................


THE BRADFORD CLIMATE NORMALS FOR TODAY
                         NORMAL    RECORD    YEAR
 MAXIMUM TEMPERATURE (F)   65        83      2007
 MINIMUM TEMPERATURE (F)   42        25      1976


SUNRISE AND SUNSET
SEPTEMBER 25 2017.....SUNRISE   705 AM EDT   SUNSET   706 PM EDT
SEPTEMBER 26 2017.....SUNRISE   706 AM EDT   SUNSET   704 PM EDT


-  INDICATES NEGATIVE NUMBERS.
R  INDICATES RECORD WAS SET OR TIED.
MM INDICATES DATA IS MISSING.
T  INDICATES TRACE AMOUNT.




$$
