000
CDUS45 KCYS 210730
CLIBFF


CLIMATE REPORT
NATIONAL WEATHER SERVICE CHEYENNE WY
1228 AM MST SUN DEC 21 2014


...................................

...THE SCOTTSBLUFF NEBRASKA AIRPORT CLIMATE SUMMARY FOR DECEMBER 20 2014...

CLIMATE NORMAL PERIOD 1981 TO 2010
CLIMATE RECORD PERIOD 1871 TO 2014


WEATHER ITEM   OBSERVED TIME   RECORD YEAR NORMAL DEPARTURE LAST
                VALUE   (LST)  VALUE       VALUE  FROM      YEAR
                                                  NORMAL
..................................................................
TEMPERATURE (F)
 YESTERDAY
  MAXIMUM         47    244 PM  65    1941  39      8       32
  MINIMUM         11    515 AM -23    1983  12     -1       10
                                      1916
  AVERAGE         29                        25      4       21

PRECIPITATION (IN)
  YESTERDAY        T             0.52 2006   0.01  -0.01     0.00
  MONTH TO DATE    0.80                      0.33   0.47     0.55
  SINCE JAN 1     18.60                     15.61   2.99    13.29

SNOWFALL (IN)
  YESTERDAY        0.0           7.3  2006   0.2   -0.2      0.0
  MONTH TO DATE   10.5                       4.6    5.9      9.6
  SINCE JUL 1     16.1                      13.5    2.6     22.5
  SNOW DEPTH       0

DEGREE DAYS
 HEATING
  YESTERDAY       36                        40     -4       44
  MONTH TO DATE  678                       773    -95      826
  SINCE DEC 1    678                       773    -95      826
  SINCE JUL 1   2123                      2338   -215     2331

 COOLING
  YESTERDAY        0                         0      0        0
  MONTH TO DATE    0                         0      0        0
  SINCE DEC 1      0                         0      0        0
  SINCE JAN 1    719                       724     -5     1047
..................................................................


WIND (MPH)
  HIGHEST WIND SPEED    18   HIGHEST WIND DIRECTION    SW (240)
  HIGHEST GUST SPEED    24   HIGHEST GUST DIRECTION     W (260)
  AVERAGE WIND SPEED     2.9


SKY COVER
  AVERAGE SKY COVER 0.2


WEATHER CONDITIONS
 THE FOLLOWING WEATHER WAS RECORDED YESTERDAY.
  NO SIGNIFICANT WEATHER WAS OBSERVED.


RELATIVE HUMIDITY (PERCENT)
 HIGHEST    92           100 AM
 LOWEST     53           200 PM
 AVERAGE    73

..........................................................


THE SCOTTSBLUFF NEBRASKA AIRPORT CLIMATE NORMALS FOR TODAY
                         NORMAL    RECORD    YEAR
 MAXIMUM TEMPERATURE (F)   39        64      1933
 MINIMUM TEMPERATURE (F)   12       -31      1989


SUNRISE AND SUNSET
DECEMBER 21 2014......SUNRISE   719 AM MST   SUNSET   426 PM MST
DECEMBER 22 2014......SUNRISE   719 AM MST   SUNSET   427 PM MST


-  INDICATES NEGATIVE NUMBERS.
R  INDICATES RECORD WAS SET OR TIED.
MM INDICATES DATA IS MISSING.
T  INDICATES TRACE AMOUNT.




$$
