000
CDUS45 KCYS 030730
CLIBFF


CLIMATE REPORT
NATIONAL WEATHER SERVICE CHEYENNE WY
129 AM MDT WED JUN 3 2015


...................................

...THE SCOTTSBLUFF NE AIRPORT CLIMATE SUMMARY FOR JUNE 2 2015...

CLIMATE NORMAL PERIOD 1981 TO 2010
CLIMATE RECORD PERIOD 1871 TO 2015


WEATHER ITEM   OBSERVED TIME   RECORD YEAR NORMAL DEPARTURE LAST
                VALUE   (LST)  VALUE       VALUE  FROM      YEAR
                                                  NORMAL
..................................................................
TEMPERATURE (F)
 YESTERDAY
  MAXIMUM         88    312 PM  97    1977  77     11       79
  MINIMUM         57    356 AM  31    1969  49      8       47
  AVERAGE         73                        63     10       63

PRECIPITATION (IN)
  YESTERDAY        0.02          1.88 1895   0.11  -0.09     0.00
  MONTH TO DATE    0.05                      0.23  -0.18     0.10
  SINCE JAN 1     12.21                      6.55   5.66     7.25

SNOWFALL (IN)
  YESTERDAY        0.0           0.1  1951   0.0    0.0      0.0
  MONTH TO DATE    0.0                       0.0    0.0      0.0
  SINCE JUL 1     51.7                      42.1    9.6     66.5
  SNOW DEPTH       0

DEGREE DAYS
 HEATING
  YESTERDAY        0                         4     -4        2
  MONTH TO DATE    0                         8     -8        4
  SINCE JUN 1      0                         8     -8        4
  SINCE JUL 1   6156                      6563   -407     6623

 COOLING
  YESTERDAY        8                         2      6        0
  MONTH TO DATE   15                         4     11        0
  SINCE JUN 1     15                         4     11        0
  SINCE JAN 1     15                        27    -12       27
..................................................................


WIND (MPH)
  HIGHEST WIND SPEED    31   HIGHEST WIND DIRECTION     N (20)
  HIGHEST GUST SPEED    41   HIGHEST GUST DIRECTION     N (20)
  AVERAGE WIND SPEED     8.4


SKY COVER
  AVERAGE SKY COVER 0.1


WEATHER CONDITIONS
 THE FOLLOWING WEATHER WAS RECORDED YESTERDAY.
  THUNDERSTORM
  HAZE


RELATIVE HUMIDITY (PERCENT)
 HIGHEST    93          1200 AM
 LOWEST     29           300 PM
 AVERAGE    61

..........................................................


THE SCOTTSBLUFF NE AIRPORT CLIMATE NORMALS FOR TODAY
                         NORMAL    RECORD    YEAR
 MAXIMUM TEMPERATURE (F)   77        96      2000
 MINIMUM TEMPERATURE (F)   49        31      1919


SUNRISE AND SUNSET
JUNE  3 2015..........SUNRISE   521 AM MDT   SUNSET   824 PM MDT
JUNE  4 2015..........SUNRISE   521 AM MDT   SUNSET   825 PM MDT


-  INDICATES NEGATIVE NUMBERS.
R  INDICATES RECORD WAS SET OR TIED.
MM INDICATES DATA IS MISSING.
T  INDICATES TRACE AMOUNT.




$$
