000
CDUS45 KCYS 112126
CLIBFF


CLIMATE REPORT
NATIONAL WEATHER SERVICE CHEYENNE WY
325 PM MDT FRI JUL 11 2014


...................................

...THE SCOTTSBLUFF NEBRASKA AIRPORT CLIMATE SUMMARY FOR JULY 11 2014...
VALID AS OF 0300 PM LOCAL TIME.

CLIMATE NORMAL PERIOD 1981 TO 2010
CLIMATE RECORD PERIOD 1871 TO 2014


WEATHER ITEM   OBSERVED TIME   RECORD YEAR NORMAL DEPARTURE LAST
                VALUE   (LST)  VALUE       VALUE  FROM      YEAR
                                                  NORMAL
..................................................................
TEMPERATURE (F)
 TODAY
  MAXIMUM         90    151 PM 110    1939  90      0      100
  MINIMUM         62    451 AM  46    1922  58      4       63
  AVERAGE         76                        74      2       82

PRECIPITATION (IN)
  TODAY            T             0.92 2009   0.06  -0.06     0.00
  MONTH TO DATE    0.27                      0.66  -0.39     0.49
  SINCE JUN 1      2.00                      3.51  -1.51     2.03
  SINCE JAN 1      9.15                      9.83  -0.68     6.67

SNOWFALL (IN)
  TODAY            0.0          MM      MM   0.0    0.0      0.0
  MONTH TO DATE    0.0                       0.0    0.0      0.0
  SINCE JUL 1      0.0                       0.0    0.0      0.0
  SNOW DEPTH       0

DEGREE DAYS
 HEATING
  TODAY            0                         0      0        0
  MONTH TO DATE    3                         1      2        0
  SINCE JUN 1     56                        61     -5       21
  SINCE JUL 1      3                         1      2        0

 COOLING
  TODAY           11                         9      2       17
  MONTH TO DATE   98                        93      5      124
  SINCE JUN 1    193                       219    -26      319
  SINCE JAN 1    220                       242    -22      373
..................................................................


WIND (MPH)
  HIGHEST WIND SPEED    12   HIGHEST WIND DIRECTION     E (100)
  HIGHEST GUST SPEED    17   HIGHEST GUST DIRECTION     E (90)
  AVERAGE WIND SPEED     4.0


SKY COVER
  AVERAGE SKY COVER 0.1


WEATHER CONDITIONS
 THE FOLLOWING WEATHER WAS RECORDED TODAY.
  NO SIGNIFICANT WEATHER WAS OBSERVED.


RELATIVE HUMIDITY (PERCENT)
 HIGHEST    93           400 AM
 LOWEST     34           200 PM
 AVERAGE    64

..........................................................


THE SCOTTSBLUFF NEBRASKA AIRPORT CLIMATE NORMALS FOR TOMORROW
                         NORMAL    RECORD    YEAR
 MAXIMUM TEMPERATURE (F)   90       106      1939
                                             1896
 MINIMUM TEMPERATURE (F)   58        37      1922


SUNRISE AND SUNSET
JULY 11 2014..........SUNRISE   529 AM MDT   SUNSET   830 PM MDT
JULY 12 2014..........SUNRISE   530 AM MDT   SUNSET   830 PM MDT


-  INDICATES NEGATIVE NUMBERS.
R  INDICATES RECORD WAS SET OR TIED.
MM INDICATES DATA IS MISSING.
T  INDICATES TRACE AMOUNT.




$$
