000
CDUS46 KHNX 230820
CLIBFL


CLIMATE REPORT
NATIONAL WEATHER SERVICE SAN JOAQUIN VALLEY, CA
120 AM PDT THU OCT 23 2014


...................................

...THE BAKERSFIELD CLIMATE SUMMARY FOR OCTOBER 22 2014...

CLIMATE NORMAL PERIOD 1981 TO 2010
CLIMATE RECORD PERIOD 1889 TO 2014


WEATHER ITEM   OBSERVED TIME   RECORD YEAR NORMAL DEPARTURE
                VALUE   (LST)  VALUE       VALUE  FROM
                                                  NORMAL
...............................................................
TEMPERATURE (F)
 YESTERDAY
  MAXIMUM         75    318 PM  95    1901  77     -2
  MINIMUM         54    339 AM  37    1920  53      1
  AVERAGE         65                        65      0

PRECIPITATION (IN)
  YESTERDAY        0.00          0.05 1899   0.01  -0.01
  MONTH TO DATE    0.00                      0.16  -0.16
  SINCE JUL 1      0.01                      0.28  -0.27
  SINCE JAN 1      1.35                      4.67  -3.32

SNOWFALL (IN)
  YESTERDAY        0.0
  MONTH TO DATE    0.0
  SINCE SEP 1      0.0
  SINCE JUL 1      0.0
  SNOW DEPTH       0

DEGREE DAYS
 HEATING
  YESTERDAY        0                               -2
  MONTH TO DATE    0                              -22
  SINCE SEP 1      0                              -24
  SINCE JUL 1      0                              -24

 COOLING
  YESTERDAY        0                               -2
  MONTH TO DATE  197                               86
  SINCE SEP 1    682                              209
  SINCE JAN 1   2963                              722
...............................................................


WIND (MPH)
  HIGHEST WIND SPEED    13   HIGHEST WIND DIRECTION    NW (310)
  HIGHEST GUST SPEED    19   HIGHEST GUST DIRECTION    NW (300)
  AVERAGE WIND SPEED     4.8




RELATIVE HUMIDITY (PERCENT)
 HIGHEST    62
 LOWEST     35
 AVERAGE    49

..........................................................


THE BAKERSFIELD CLIMATE NORMALS FOR TODAY
                         NORMAL    RECORD    YEAR
 MAXIMUM TEMPERATURE (F)   76        97      1929
 MINIMUM TEMPERATURE (F)   53        34      1906


SUNRISE AND SUNSET
OCTOBER 23 2014.......SUNRISE   710 AM PDT   SUNSET   611 PM PDT
OCTOBER 24 2014.......SUNRISE   710 AM PDT   SUNSET   610 PM PDT


-  INDICATES NEGATIVE NUMBERS.
R  INDICATES RECORD WAS SET OR TIED.
MM INDICATES DATA IS MISSING.
T  INDICATES TRACE AMOUNT.




$$
