000
CDUS44 KAMA 212234
CLIBGD


CLIMATE REPORT
NATIONAL WEATHER SERVICE AMARILLO TX
432 PM CST TUE FEB 21 2017


...................................

...THE BORGER CLIMATE SUMMARY FOR FEBRUARY 21 2017...
VALID TODAY AS OF 0400 PM LOCAL TIME.

CLIMATE NORMAL PERIOD 1981 TO 2010
CLIMATE RECORD PERIOD 1949 TO 2017


WEATHER ITEM   OBSERVED TIME   RECORD YEAR NORMAL DEPARTURE LAST
                VALUE   (LST)  VALUE       VALUE  FROM      YEAR
                                                  NORMAL
..................................................................
TEMPERATURE (F)
 TODAY
  MAXIMUM         78    424 PM  80    1996  56     22       61
  MINIMUM         32    754 AM   7    1978  31      1       39
  AVERAGE         55                        43     12       50

PRECIPITATION (IN)
  TODAY            0.00          1.38 1971   0.02  -0.02     0.00
  MONTH TO DATE    0.37                      0.49  -0.12     0.23
  SINCE DEC 1      3.70                      1.85   1.85     1.65
  SINCE JAN 1      3.48                      1.08   2.40     0.51

SNOWFALL (IN)
  TODAY            0.0          15.0  1971                   0.0
  MONTH TO DATE    T                                         0.0
  SINCE DEC 1      0.1                                       5.4
  SINCE JUL 1      0.1                                       6.2
  SNOW DEPTH       0

DEGREE DAYS
 HEATING
  TODAY           10                        22    -12       15
  MONTH TO DATE  331                       495   -164      354
  SINCE DEC 1   1860                      2130   -270     1795
  SINCE JUL 1   2233                      2847   -614     2367

 COOLING
  TODAY            0                         0      0        0
  MONTH TO DATE   14                         0     14        6
  SINCE DEC 1     14                         0     14        6
  SINCE JAN 1     14                         0     14        6
..................................................................


WIND (MPH)
  RESULTANT WIND SPEED   4   RESULTANT WIND DIRECTION   W (250)
  HIGHEST WIND SPEED    13   HIGHEST WIND DIRECTION    SW (230)
  HIGHEST GUST SPEED    17   HIGHEST GUST DIRECTION    SW (210)
  AVERAGE WIND SPEED     5.5


SKY COVER
  AVERAGE SKY COVER 0.0


WEATHER CONDITIONS
 THE FOLLOWING WEATHER WAS RECORDED TODAY.
  NO SIGNIFICANT WEATHER WAS OBSERVED.


RELATIVE HUMIDITY (PERCENT)
 HIGHEST    66           800 AM
 LOWEST     10           200 PM
 AVERAGE    38

..........................................................


THE BORGER CLIMATE NORMALS FOR TOMORROW
                         NORMAL    RECORD    YEAR
 MAXIMUM TEMPERATURE (F)   56        82      1996
 MINIMUM TEMPERATURE (F)   31        13      2013
                                             1966


SUNRISE AND SUNSET
FEBRUARY 21 2017......SUNRISE   725 AM CST   SUNSET   634 PM CST
FEBRUARY 22 2017......SUNRISE   724 AM CST   SUNSET   635 PM CST


-  INDICATES NEGATIVE NUMBERS.
R  INDICATES RECORD WAS SET OR TIED.
MM INDICATES DATA IS MISSING.
T  INDICATES TRACE AMOUNT.




$$
