000
CDUS44 KAMA 292131
CLIBGD


CLIMATE REPORT
NATIONAL WEATHER SERVICE AMARILLO TX
430 PM CDT MON AUG 29 2016


...................................

...THE BORGER CLIMATE SUMMARY FOR AUGUST 29 2016...
VALID TODAY AS OF 0400 PM LOCAL TIME.

CLIMATE NORMAL PERIOD 1981 TO 2010
CLIMATE RECORD PERIOD 1949 TO 2016


WEATHER ITEM   OBSERVED TIME   RECORD YEAR NORMAL DEPARTURE LAST
                VALUE   (LST)  VALUE       VALUE  FROM      YEAR
                                                  NORMAL
..................................................................
TEMPERATURE (F)
 TODAY
  MAXIMUM         76   1145 AM 102    1959  90    -14       92
  MINIMUM         66    534 AM  51    1988  66      0       67
  AVERAGE         71                        78     -7       80

PRECIPITATION (IN)
  TODAY            0.20          0.94 2003   0.10   0.10     0.00
  MONTH TO DATE    2.13                      2.98  -0.85     5.77
  SINCE JUN 1      4.81                      8.77  -3.96    19.44
  SINCE JAN 1     13.68                     15.82  -2.14    34.96

SNOWFALL (IN)
  TODAY            0.0           0.0  2013                   0.0
                                      2012
                                      2011
  MONTH TO DATE    0.0                                       0.0
  SINCE JUN 1      0.0                                       0.0
  SINCE JUL 1      0.0                                       0.0
  SNOW DEPTH       0

DEGREE DAYS
 HEATING
  TODAY            0                         0      0        0
  MONTH TO DATE    0                         0      0        0
  SINCE JUN 1      0                         3     -3        0
  SINCE JUL 1      0                         0      0        0

 COOLING
  TODAY            6                        13     -7       15
  MONTH TO DATE  433                       445    -12      433
  SINCE JUN 1   1520                      1329    191     1349
  SINCE JAN 1   1707                      1526    181     1473
..................................................................


WIND (MPH)
  RESULTANT WIND SPEED   3   RESULTANT WIND DIRECTION   E (90)
  HIGHEST WIND SPEED    17   HIGHEST WIND DIRECTION     E (70)
  HIGHEST GUST SPEED    24   HIGHEST GUST DIRECTION    NE (60)
  AVERAGE WIND SPEED     5.3


SKY COVER
  AVERAGE SKY COVER 0.8


WEATHER CONDITIONS
 THE FOLLOWING WEATHER WAS RECORDED TODAY.
  THUNDERSTORM
  RAIN
  LIGHT RAIN
  FOG


RELATIVE HUMIDITY (PERCENT)
 HIGHEST    93           200 PM
 LOWEST     61          1200 AM
 AVERAGE    77

..........................................................


THE BORGER CLIMATE NORMALS FOR TOMORROW
                         NORMAL    RECORD    YEAR
 MAXIMUM TEMPERATURE (F)   90       104      2011
 MINIMUM TEMPERATURE (F)   65        55      1950


SUNRISE AND SUNSET
AUGUST 29 2016........SUNRISE   716 AM CDT   SUNSET   816 PM CDT
AUGUST 30 2016........SUNRISE   717 AM CDT   SUNSET   815 PM CDT


-  INDICATES NEGATIVE NUMBERS.
R  INDICATES RECORD WAS SET OR TIED.
MM INDICATES DATA IS MISSING.
T  INDICATES TRACE AMOUNT.




$$
