000
CDUS44 KAMA 242134
CLIBGD


CLIMATE REPORT
NATIONAL WEATHER SERVICE AMARILLO TX
432 PM CDT SUN MAY 24 2015


...................................

...THE BORGER CLIMATE SUMMARY FOR MAY 24 2015...
VALID TODAY AS OF 0400 PM LOCAL TIME.

CLIMATE NORMAL PERIOD 1981 TO 2013
CLIMATE RECORD PERIOD 1949 TO 2015


WEATHER ITEM   OBSERVED TIME   RECORD YEAR NORMAL DEPARTURE LAST
                VALUE   (LST)  VALUE       VALUE  FROM      YEAR
                                                  NORMAL
..................................................................
TEMPERATURE (F)
 TODAY
  MAXIMUM         79    318 PM  99    2000  83     -4       76
  MINIMUM         56    605 AM  46    2002  58     -2       59
  AVERAGE         68                        70     -2       68

PRECIPITATION (IN)
  TODAY            0.00          1.23 1957   0.12  -0.12     0.30
  MONTH TO DATE    8.70                      1.98   6.72     1.18
  SINCE MAR 1     13.37                      4.93   8.44     1.38
  SINCE JAN 1     15.22                      6.14   9.08     1.76

SNOWFALL (IN)
  TODAY            0.0           T    2000                   0.0
  MONTH TO DATE    0.0                                       0.0
  SINCE MAR 1      T                                         2.1
  SINCE JUL 1     17.5                                      14.7
  SNOW DEPTH       0

DEGREE DAYS
 HEATING
  TODAY            0                         1     -1        0
  MONTH TO DATE   76                        57     19       56
  SINCE MAR 1    577                       767   -190      760
  SINCE JUL 1   3449                      3760   -311     3838

 COOLING
  TODAY            3                         6     -3        3
  MONTH TO DATE   48                       102    -54      190
  SINCE MAR 1    104                       146    -42      255
  SINCE JAN 1    104                       146    -42      255
..................................................................


WIND (MPH)
  RESULTANT WIND SPEED   9   RESULTANT WIND DIRECTION   S (170)
  HIGHEST WIND SPEED    20   HIGHEST WIND DIRECTION    SE (140)
  HIGHEST GUST SPEED    27   HIGHEST GUST DIRECTION    SE (140)
  AVERAGE WIND SPEED    10.0


SKY COVER
  AVERAGE SKY COVER 0.4


WEATHER CONDITIONS
 THE FOLLOWING WEATHER WAS RECORDED TODAY.
  NO SIGNIFICANT WEATHER WAS OBSERVED.


RELATIVE HUMIDITY (PERCENT)
 HIGHEST    93           605 AM
 LOWEST     42           300 PM
 AVERAGE    68

..........................................................


THE BORGER CLIMATE NORMALS FOR TOMORROW
                         NORMAL    RECORD    YEAR
 MAXIMUM TEMPERATURE (F)   84       102      2012
 MINIMUM TEMPERATURE (F)   58        44      2002
                                             1995


SUNRISE AND SUNSET
MAY 24 2015...........SUNRISE   635 AM CDT   SUNSET   851 PM CDT
MAY 25 2015...........SUNRISE   634 AM CDT   SUNSET   851 PM CDT


-  INDICATES NEGATIVE NUMBERS.
R  INDICATES RECORD WAS SET OR TIED.
MM INDICATES DATA IS MISSING.
T  INDICATES TRACE AMOUNT.




$$
