000
CDUS44 KAMA 030628
CLIBGD


CLIMATE REPORT
NATIONAL WEATHER SERVICE AMARILLO TX
127 AM CDT THU SEP 3 2015


...................................

...THE BORGER CLIMATE SUMMARY FOR SEPTEMBER 2 2015...

CLIMATE NORMAL PERIOD 1981 TO 2010
CLIMATE RECORD PERIOD 1949 TO 2015


WEATHER ITEM   OBSERVED TIME   RECORD YEAR NORMAL DEPARTURE LAST
                VALUE   (LST)  VALUE       VALUE  FROM      YEAR
                                                  NORMAL
..................................................................
TEMPERATURE (F)
 YESTERDAY
  MAXIMUM         95    318 PM 102    2000  89      6       97
  MINIMUM         74    726 AM  48    1974  65      9       69
  AVERAGE         85                        77      8       83

PRECIPITATION (IN)
  YESTERDAY        0.00          1.71 2009   0.07  -0.07     0.00
  MONTH TO DATE    0.00                      0.15  -0.15     0.00
  SINCE SEP 1      0.00                      0.15  -0.15     0.00
  SINCE JAN 1     34.96                     16.16  18.80     7.74

SNOWFALL (IN)
  YESTERDAY        0.0           0.0  2013                   0.0
                                      2012
                                      2011
  MONTH TO DATE    0.0                                       0.0
  SINCE SEP 1      0.0                                       0.0
  SINCE JUL 1      0.0                                       0.0
  SNOW DEPTH       0

DEGREE DAYS
 HEATING
  YESTERDAY        0                         0      0        0
  MONTH TO DATE    0                         0      0        0
  SINCE SEP 1      0                         0      0        0
  SINCE JUL 1      0                         1     -1        1

 COOLING
  YESTERDAY       20                        12      8       18
  MONTH TO DATE   35                        24     11       33
  SINCE SEP 1     35                        24     11       33
  SINCE JAN 1   1533                      1574    -41     1767
..................................................................


WIND (MPH)
  RESULTANT WIND SPEED  11   RESULTANT WIND DIRECTION   S (180)
  HIGHEST WIND SPEED    22   HIGHEST WIND DIRECTION     S (180)
  HIGHEST GUST SPEED    28   HIGHEST GUST DIRECTION     S (160)
  AVERAGE WIND SPEED    11.1


SKY COVER
  AVERAGE SKY COVER 0.0


WEATHER CONDITIONS
 THE FOLLOWING WEATHER WAS RECORDED YESTERDAY.
  NO SIGNIFICANT WEATHER WAS OBSERVED.


RELATIVE HUMIDITY (PERCENT)
 HIGHEST    53           100 AM
 LOWEST     24           300 PM
 AVERAGE    39

..........................................................


THE BORGER CLIMATE NORMALS FOR TODAY
                         NORMAL    RECORD    YEAR
 MAXIMUM TEMPERATURE (F)   88       103      2000
 MINIMUM TEMPERATURE (F)   64        44      1974


SUNRISE AND SUNSET
SEPTEMBER  3 2015.....SUNRISE   719 AM CDT   SUNSET   810 PM CDT
SEPTEMBER  4 2015.....SUNRISE   720 AM CDT   SUNSET   809 PM CDT


-  INDICATES NEGATIVE NUMBERS.
R  INDICATES RECORD WAS SET OR TIED.
MM INDICATES DATA IS MISSING.
T  INDICATES TRACE AMOUNT.




$$
