000
CDUS44 KAMA 060732
CLIBGD


CLIMATE REPORT
NATIONAL WEATHER SERVICE AMARILLO TX
130 AM CST FRI MAR 6 2015


...THE BORGER CLIMATE SUMMARY FOR MARCH 5 2015...

CLIMATE NORMAL PERIOD 1981 TO 2013
CLIMATE RECORD PERIOD 1949 TO 2015


WEATHER ITEM   OBSERVED TIME   RECORD YEAR NORMAL DEPARTURE LAST
                VALUE   (LST)  VALUE       VALUE  FROM      YEAR
                                                  NORMAL
..................................................................
TEMPERATURE (F)
 YESTERDAY
  MAXIMUM         49    529 PM  84    2009  59    -10       46
  MINIMUM         18    638 AM   5    1989  33    -15       30
  AVERAGE         34                        46    -12       38

PRECIPITATION (IN)
  YESTERDAY        0.00          0.36 1969   0.04  -0.04     0.01
  MONTH TO DATE    0.01                      0.20  -0.19     0.05
  SINCE MAR 1      0.01                      0.20  -0.19     0.05
  SINCE JAN 1      1.86                      1.41   0.45     0.43

SNOWFALL (IN)
  YESTERDAY        0.0           4.5  1969                    T
  MONTH TO DATE    T                                         1.0
  SINCE MAR 1      T                                         1.0
  SINCE JUL 1     17.5                                      13.6
  SNOW DEPTH       0

DEGREE DAYS
 HEATING
  YESTERDAY       31                        19     12       27
  MONTH TO DATE  153                        97     56      169
  SINCE MAR 1    153                        97     56      169
  SINCE JUL 1   3025                      3090    -65     3247

 COOLING
  YESTERDAY        0                         0      0        0
  MONTH TO DATE    0                         0      0        0
  SINCE MAR 1      0                         0      0        0
  SINCE JAN 1      0                         0      0        0
..................................................................


WIND (MPH)
  RESULTANT WIND SPEED   9   RESULTANT WIND DIRECTION  SW (240)
  HIGHEST WIND SPEED    20   HIGHEST WIND DIRECTION    SW (240)
  HIGHEST GUST SPEED    24   HIGHEST GUST DIRECTION    SW (230)
  AVERAGE WIND SPEED   10.0


SKY COVER
  AVERAGE SKY COVER 0.0


WEATHER CONDITIONS
 THE FOLLOWING WEATHER WAS RECORDED YESTERDAY.
  NO SIGNIFICANT WEATHER WAS OBSERVED.


RELATIVE HUMIDITY (PERCENT)
 HIGHEST    84           300 AM
 LOWEST     19           500 PM
 AVERAGE    52

..................................................................


THE BORGER CLIMATE NORMALS FOR TODAY
                         NORMAL    RECORD    YEAR
 MAXIMUM TEMPERATURE (F)   59        84      2006
                                             1972
 MINIMUM TEMPERATURE (F)   34         8      1989


SUNRISE AND SUNSET
MARCH  6 2015.........SUNRISE   709 AM CST   SUNSET   645 PM CST
MARCH  7 2015.........SUNRISE   708 AM CST   SUNSET   646 PM CST


-  INDICATES NEGATIVE NUMBERS.
R  INDICATES RECORD WAS SET OR TIED.
MM INDICATES DATA IS MISSING.
T  INDICATES TRACE AMOUNT.


$$
