000
CDUS44 KAMA 220735
CLIBGD


CLIMATE REPORT
NATIONAL WEATHER SERVICE AMARILLO TX
135 AM CST MON JAN 22 2018


...................................

...THE BORGER CLIMATE SUMMARY FOR JANUARY 21 2018...

CLIMATE NORMAL PERIOD 1981 TO 2010
CLIMATE RECORD PERIOD 1949 TO 2018


WEATHER ITEM   OBSERVED TIME   RECORD YEAR NORMAL DEPARTURE LAST
                VALUE   (LST)  VALUE       VALUE  FROM      YEAR
                                                  NORMAL
..................................................................
TEMPERATURE (F)
 YESTERDAY
  MAXIMUM         58   1239 AM  79    1950  52      6       59
  MINIMUM         34   1159 PM   4    1984  26      8       42
  AVERAGE         46                        39      7       51

PRECIPITATION (IN)
  YESTERDAY        T             0.62 1983   0.02  -0.02     0.46
  MONTH TO DATE    0.01                      0.35  -0.34     3.06
  SINCE DEC 1      0.01                      1.12  -1.11     3.28
  SINCE JAN 1      0.01                      0.35  -0.34     3.06

SNOWFALL (IN)
  YESTERDAY        0.0           6.1  1966                   0.0
  MONTH TO DATE    0.0                                       3.5
  SINCE DEC 1      1.2                                       3.6
  SINCE JUL 1      2.0                                       3.6
  SNOW DEPTH       0

DEGREE DAYS
 HEATING
  YESTERDAY       19                        26     -7       14
  MONTH TO DATE  543                       564    -21      542
  SINCE DEC 1   1317                      1384    -67     1313
  SINCE JUL 1   1840                      2101   -261     1686

 COOLING
  YESTERDAY        0                         0      0        0
  MONTH TO DATE    0                         0      0        0
  SINCE DEC 1      0                         0      0        0
  SINCE JAN 1      0                         0      0        0
..................................................................


WIND (MPH)
  RESULTANT WIND SPEED  11   RESULTANT WIND DIRECTION   W (250)
  HIGHEST WIND SPEED    30   HIGHEST WIND DIRECTION    SW (230)
  HIGHEST GUST SPEED    43   HIGHEST GUST DIRECTION    SW (220)
  AVERAGE WIND SPEED    14.6


SKY COVER
  AVERAGE SKY COVER 0.2


WEATHER CONDITIONS
 THE FOLLOWING WEATHER WAS RECORDED YESTERDAY.
  LIGHT RAIN


RELATIVE HUMIDITY (PERCENT)
 HIGHEST    64           900 PM
 LOWEST     16           200 PM
 AVERAGE    40

..........................................................


THE BORGER CLIMATE NORMALS FOR TODAY
                         NORMAL    RECORD    YEAR
 MAXIMUM TEMPERATURE (F)   52        79      1967
 MINIMUM TEMPERATURE (F)   27        -4      1966


SUNRISE AND SUNSET
JANUARY 22 2018.......SUNRISE   752 AM CST   SUNSET   603 PM CST
JANUARY 23 2018.......SUNRISE   751 AM CST   SUNSET   604 PM CST


-  INDICATES NEGATIVE NUMBERS.
R  INDICATES RECORD WAS SET OR TIED.
MM INDICATES DATA IS MISSING.
T  INDICATES TRACE AMOUNT.




$$
