000
CDUS41 KBGM 011406
CLIBGM


CLIMATE REPORT
NATIONAL WEATHER SERVICE BINGHAMTON NY
1005 AM EDT WED OCT 1 2014


...................................

...THE BINGHAMTON NY CLIMATE SUMMARY FOR SEPTEMBER 30 2014...

CLIMATE NORMAL PERIOD 1981 TO 2010
CLIMATE RECORD PERIOD 1951 TO 2014


WEATHER ITEM   OBSERVED TIME   RECORD YEAR NORMAL DEPARTURE LAST
                VALUE   (LST)  VALUE       VALUE  FROM      YEAR
                                                  NORMAL
..................................................................
TEMPERATURE (F)
 YESTERDAY
  MAXIMUM         72    126 PM  85    1953  63      9       72
  MINIMUM         54    601 AM  29    1991  45      9       47
  AVERAGE         63                        54      9       60

PRECIPITATION (IN)
  YESTERDAY        0.14          4.24 2010   0.13   0.01     0.00
  MONTH TO DATE    1.91                      3.63  -1.72     2.91
  SINCE SEP 1      1.91                      3.63  -1.72     2.91
  SINCE JAN 1     30.94                     29.84   1.10    33.20

SNOWFALL (IN)
  YESTERDAY        0.0           T    1992   0.0    0.0      0.0
  MONTH TO DATE    0.0                       0.0    0.0      0.0
  SINCE SEP 1      0.0                       0.0    0.0      0.0
  SINCE JUL 1      T                         0.0    0.0      0.0
  SNOW DEPTH       0

DEGREE DAYS
 HEATING
  YESTERDAY        2                        11     -9        5
  MONTH TO DATE  161                       194    -33      241
  SINCE SEP 1    161                       194    -33      241
  SINCE JUL 1    227                       257    -30      292

 COOLING
  YESTERDAY        0                         0      0        0
  MONTH TO DATE   38                        31      7       41
  SINCE SEP 1     38                        31      7       41
  SINCE JAN 1    340                       379    -39      468
..................................................................


WIND (MPH)
  HIGHEST WIND SPEED    15   HIGHEST WIND DIRECTION    SE (120)
  HIGHEST GUST SPEED    19   HIGHEST GUST DIRECTION     E (110)
  AVERAGE WIND SPEED     5.5


SKY COVER
  AVERAGE SKY COVER 0.3


WEATHER CONDITIONS
 THE FOLLOWING WEATHER WAS RECORDED YESTERDAY.
  THUNDERSTORM
  RAIN
  LIGHT RAIN
  FOG


RELATIVE HUMIDITY (PERCENT)
 HIGHEST   100           600 AM
 LOWEST     68           100 PM
 AVERAGE    84

..........................................................


THE BINGHAMTON NY CLIMATE NORMALS FOR TODAY
                         NORMAL    RECORD    YEAR
 MAXIMUM TEMPERATURE (F)   62        78      1954
 MINIMUM TEMPERATURE (F)   45        28      1993


SUNRISE AND SUNSET
OCTOBER  1 2014.......SUNRISE   701 AM EDT   SUNSET   645 PM EDT
OCTOBER  2 2014.......SUNRISE   702 AM EDT   SUNSET   644 PM EDT


-  INDICATES NEGATIVE NUMBERS.
R  INDICATES RECORD WAS SET OR TIED.
MM INDICATES DATA IS MISSING.
T  INDICATES TRACE AMOUNT.




$$
