000
CDUS41 KBGM 030548
CLIBGM


CLIMATE REPORT
NATIONAL WEATHER SERVICE BINGHAMTON NY
147 AM EDT TUE MAY 3 2016


...................................

...THE BINGHAMTON NY CLIMATE SUMMARY FOR MAY 2 2016...

CLIMATE NORMAL PERIOD 1981 TO 2010
CLIMATE RECORD PERIOD 1951 TO 2016


WEATHER ITEM   OBSERVED TIME   RECORD YEAR NORMAL DEPARTURE LAST
                VALUE   (LST)  VALUE       VALUE  FROM      YEAR
                                                  NORMAL
..................................................................
TEMPERATURE (F)
 YESTERDAY
  MAXIMUM         53    149 PM  83    2001  61     -8       69
  MINIMUM         43   1159 PM  29    1974  42      1       46
  AVERAGE         48                        51     -3       58

PRECIPITATION (IN)
  YESTERDAY        0.38          1.03 2004   0.11   0.27     0.00
  MONTH TO DATE    0.74                      0.22   0.52      T
  SINCE MAR 1      4.97                      6.64  -1.67     6.20
  SINCE JAN 1     10.28                     11.40  -1.12    10.14

SNOWFALL (IN)
  YESTERDAY        0.0           T    1991   0.0    0.0      0.0
  MONTH TO DATE    0.0                       0.0    0.0      0.0
  SINCE MAR 1     10.3                      19.4   -9.1     17.6
  SINCE JUL 1     32.0                      83.3  -51.3     93.4
  SNOW DEPTH       0

DEGREE DAYS
 HEATING
  YESTERDAY       17                        14      3        7
  MONTH TO DATE   39                        28     11       17
  SINCE MAR 1   1489                      1628   -139     1790
  SINCE JUL 1   5847                      6827   -980     7322

 COOLING
  YESTERDAY        0                         0      0        0
  MONTH TO DATE    0                         0      0        0
  SINCE MAR 1      0                         4     -4        0
  SINCE JAN 1      0                         4     -4        0
..................................................................


WIND (MPH)
  HIGHEST WIND SPEED    13   HIGHEST WIND DIRECTION    NW (310)
  HIGHEST GUST SPEED    17   HIGHEST GUST DIRECTION     W (290)
  AVERAGE WIND SPEED     6.8


SKY COVER
  AVERAGE SKY COVER 1.0


WEATHER CONDITIONS
 THE FOLLOWING WEATHER WAS RECORDED YESTERDAY.
  HEAVY RAIN
  RAIN
  LIGHT RAIN
  FOG
  FOG W/VISIBILITY <= 1/4 MILE


RELATIVE HUMIDITY (PERCENT)
 HIGHEST   100          1200 AM
 LOWEST     83           900 PM
 AVERAGE    92

..........................................................


THE BINGHAMTON NY CLIMATE NORMALS FOR TODAY
                         NORMAL    RECORD    YEAR
 MAXIMUM TEMPERATURE (F)   61        84      2001
                                             1965
 MINIMUM TEMPERATURE (F)   42        26      1957


SUNRISE AND SUNSET
MAY  3 2016...........SUNRISE   556 AM EDT   SUNSET   806 PM EDT
MAY  4 2016...........SUNRISE   555 AM EDT   SUNSET   807 PM EDT


-  INDICATES NEGATIVE NUMBERS.
R  INDICATES RECORD WAS SET OR TIED.
MM INDICATES DATA IS MISSING.
T  INDICATES TRACE AMOUNT.




$$
