000
CDUS41 KBGM 210611
CLIBGM


CLIMATE REPORT
NATIONAL WEATHER SERVICE BINGHAMTON NY
210 AM EDT MON APR 21 2014


...................................

...THE BINGHAMTON NY CLIMATE SUMMARY FOR APRIL 20 2014...

CLIMATE NORMAL PERIOD 1981 TO 2010
CLIMATE RECORD PERIOD 1951 TO 2014


WEATHER ITEM   OBSERVED TIME   RECORD YEAR NORMAL DEPARTURE LAST
                VALUE   (LST)  VALUE       VALUE  FROM      YEAR
                                                  NORMAL
..................................................................
TEMPERATURE (F)
 YESTERDAY
  MAXIMUM         64    402 PM  80    1954  56      8       46
  MINIMUM         32    558 AM  24    1988  38     -6       28
                                      1953
  AVERAGE         48                        47      1       37

PRECIPITATION (IN)
  YESTERDAY        0.00          0.78 1964   0.10  -0.10      T
  MONTH TO DATE    1.67                      2.32  -0.65     2.88
  SINCE MAR 1      4.35                      5.31  -0.96     4.78
  SINCE JAN 1     10.04                     10.07  -0.03     9.33

SNOWFALL (IN)
  YESTERDAY        0.0           5.2  1983   0.1   -0.1       T
  MONTH TO DATE    1.0                       3.5   -2.5      0.9
  SINCE MAR 1      2.9                      18.6  -15.7     15.3
  SINCE JUL 1     85.4                      82.5    2.9     69.1
  SNOW DEPTH       0

DEGREE DAYS
 HEATING
  YESTERDAY       17                        18     -1       28
  MONTH TO DATE  414                       441    -27      447
  SINCE MAR 1   1614                      1438    176     1518
  SINCE JUL 1   7085                      6637    448     6402

 COOLING
  YESTERDAY        0                         0      0        0
  MONTH TO DATE    2                         0      2        0
  SINCE MAR 1      2                         0      2        0
  SINCE JAN 1      2                         0      2        0
..................................................................


WIND (MPH)
  HIGHEST WIND SPEED    14   HIGHEST WIND DIRECTION     S (200)
  HIGHEST GUST SPEED    20   HIGHEST GUST DIRECTION    SE (150)
  AVERAGE WIND SPEED     7.1


SKY COVER
  AVERAGE SKY COVER 0.0


WEATHER CONDITIONS
 THE FOLLOWING WEATHER WAS RECORDED YESTERDAY.
  NO SIGNIFICANT WEATHER WAS OBSERVED.


RELATIVE HUMIDITY (PERCENT)
 HIGHEST    78           500 AM
 LOWEST     20           400 PM
 AVERAGE    49

..........................................................


THE BINGHAMTON NY CLIMATE NORMALS FOR TODAY
                         NORMAL    RECORD    YEAR
 MAXIMUM TEMPERATURE (F)   57        82      1985
                                             1976
 MINIMUM TEMPERATURE (F)   38        21      1956


SUNRISE AND SUNSET
APRIL 21 2014.........SUNRISE   614 AM EDT   SUNSET   752 PM EDT
APRIL 22 2014.........SUNRISE   612 AM EDT   SUNSET   753 PM EDT


-  INDICATES NEGATIVE NUMBERS.
R  INDICATES RECORD WAS SET OR TIED.
MM INDICATES DATA IS MISSING.
T  INDICATES TRACE AMOUNT.




$$
