000
CDUS41 KBGM 211213
CLIBGM


CLIMATE REPORT
NATIONAL WEATHER SERVICE BINGHAMTON NY
812 AM EDT TUE OCT 21 2014


...................................

...THE BINGHAMTON NY CLIMATE SUMMARY FOR OCTOBER 20 2014...

CLIMATE NORMAL PERIOD 1981 TO 2010
CLIMATE RECORD PERIOD 1951 TO 2014


WEATHER ITEM   OBSERVED TIME   RECORD YEAR NORMAL DEPARTURE LAST
                VALUE   (LST)  VALUE       VALUE  FROM      YEAR
                                                  NORMAL
..................................................................
TEMPERATURE (F)
 YESTERDAY
  MAXIMUM         51    259 PM  77    1963  55     -4       52
  MINIMUM         32    538 AM  20    1972  39     -7       39
  AVERAGE         42                        47     -5       46

PRECIPITATION (IN)
  YESTERDAY        T             1.15 1976   0.10  -0.10     0.00
  MONTH TO DATE    3.04                      2.18   0.86     2.06
  SINCE SEP 1      4.95                      5.81  -0.86     4.97
  SINCE JAN 1     33.98                     32.02   1.96    35.26

SNOWFALL (IN)
  YESTERDAY       MM             1.3  1952   0.0   MM        0.0
  MONTH TO DATE    0.0                       0.3   -0.3      0.0
  SINCE SEP 1      0.0                       0.3   -0.3      0.0
  SINCE JUL 1      T                         0.3   -0.3      0.0
  SNOW DEPTH       0

DEGREE DAYS
 HEATING
  YESTERDAY       23                        18      5       19
  MONTH TO DATE  238                       297    -59      151
  SINCE SEP 1    399                       491    -92      392
  SINCE JUL 1    465                       554    -89      443

 COOLING
  YESTERDAY        0                         0      0        0
  MONTH TO DATE    1                         0      1       12
  SINCE SEP 1     39                        31      8       53
  SINCE JAN 1    341                       379    -38      480
..................................................................


WIND (MPH)
  HIGHEST WIND SPEED    14   HIGHEST WIND DIRECTION     S (200)
  HIGHEST GUST SPEED    21   HIGHEST GUST DIRECTION    SW (210)
  AVERAGE WIND SPEED     6.7


SKY COVER
  AVERAGE SKY COVER 0.7


WEATHER CONDITIONS
 THE FOLLOWING WEATHER WAS RECORDED YESTERDAY.
  NO SIGNIFICANT WEATHER WAS OBSERVED.


RELATIVE HUMIDITY (PERCENT)
 HIGHEST    82           300 AM
 LOWEST     54           200 PM
 AVERAGE    68

..........................................................


THE BINGHAMTON NY CLIMATE NORMALS FOR TODAY
                         NORMAL    RECORD    YEAR
 MAXIMUM TEMPERATURE (F)   55        80      1979
 MINIMUM TEMPERATURE (F)   39        21      1974


SUNRISE AND SUNSET
OCTOBER 21 2014.......SUNRISE   724 AM EDT   SUNSET   613 PM EDT
OCTOBER 22 2014.......SUNRISE   725 AM EDT   SUNSET   611 PM EDT


-  INDICATES NEGATIVE NUMBERS.
R  INDICATES RECORD WAS SET OR TIED.
MM INDICATES DATA IS MISSING.
T  INDICATES TRACE AMOUNT.




$$
