000
CDUS41 KBGM 050634
CLIBGM


CLIMATE REPORT
NATIONAL WEATHER SERVICE BINGHAMTON NY
233 AM EDT SUN JUL 5 2015


...................................

...THE BINGHAMTON NY CLIMATE SUMMARY FOR JULY 4 2015...

CLIMATE NORMAL PERIOD 1981 TO 2010
CLIMATE RECORD PERIOD 1951 TO 2015


WEATHER ITEM   OBSERVED TIME   RECORD YEAR NORMAL DEPARTURE LAST
                VALUE   (LST)  VALUE       VALUE  FROM      YEAR
                                                  NORMAL
..................................................................
TEMPERATURE (F)
 YESTERDAY
  MAXIMUM         65    505 PM  91    1990  77    -12       67
                                      1955
  MINIMUM         59   1159 PM  47    1986  59      0       56
  AVERAGE         62                        68     -6       62

PRECIPITATION (IN)
  YESTERDAY        0.37          0.84 1970   0.12   0.25     0.00
  MONTH TO DATE    1.06                      0.48   0.58     0.39
  SINCE JUN 1     10.80                      4.79   6.01     4.76
  SINCE JAN 1     24.35                     19.54   4.81    20.12

SNOWFALL (IN)
  YESTERDAY        0.0           0.0  2002   0.0    0.0      0.0
                                      2000
                                      2001
  MONTH TO DATE    0.0                       0.0    0.0      0.0
  SINCE JUN 1      0.0                       0.0    0.0      0.0
  SINCE JUL 1      0.0                       0.0    0.0      0.0
  SNOW DEPTH       0

DEGREE DAYS
 HEATING
  YESTERDAY        3                         1      2        3
  MONTH TO DATE    8                         4      4        3
  SINCE JUN 1     85                        95    -10       48
  SINCE JUL 1      8                         4      4        3

 COOLING
  YESTERDAY        0                         4     -4        0
  MONTH TO DATE    1                        16    -15       32
  SINCE JUN 1     51                        90    -39      117
  SINCE JAN 1    124                       113     11      142
..................................................................


WIND (MPH)
  HIGHEST WIND SPEED    13   HIGHEST WIND DIRECTION     S (160)
  HIGHEST GUST SPEED    18   HIGHEST GUST DIRECTION     S (170)
  AVERAGE WIND SPEED     5.1


SKY COVER
  AVERAGE SKY COVER 0.8


WEATHER CONDITIONS
 THE FOLLOWING WEATHER WAS RECORDED YESTERDAY.
  RAIN
  LIGHT RAIN
  FOG


RELATIVE HUMIDITY (PERCENT)
 HIGHEST   100           500 AM
 LOWEST     78          1200 AM
 AVERAGE    89

..........................................................


THE BINGHAMTON NY CLIMATE NORMALS FOR TODAY
                         NORMAL    RECORD    YEAR
 MAXIMUM TEMPERATURE (F)   77        91      1999
                                             1955
 MINIMUM TEMPERATURE (F)   59        45      1979
                                             1961


SUNRISE AND SUNSET
JULY  5 2015..........SUNRISE   534 AM EDT   SUNSET   843 PM EDT
JULY  6 2015..........SUNRISE   534 AM EDT   SUNSET   843 PM EDT


-  INDICATES NEGATIVE NUMBERS.
R  INDICATES RECORD WAS SET OR TIED.
MM INDICATES DATA IS MISSING.
T  INDICATES TRACE AMOUNT.

$$
