000
CDUS41 KBGM 120536
CLIBGM


CLIMATE REPORT
NATIONAL WEATHER SERVICE BINGHAMTON NY
1236 AM EST FRI FEB 12 2016


...................................

...THE BINGHAMTON NY CLIMATE SUMMARY FOR FEBRUARY 11 2016...

CLIMATE NORMAL PERIOD 1981 TO 2010
CLIMATE RECORD PERIOD 1951 TO 2016


WEATHER ITEM   OBSERVED TIME   RECORD YEAR NORMAL DEPARTURE LAST
                VALUE   (LST)  VALUE       VALUE  FROM      YEAR
                                                  NORMAL
..................................................................
TEMPERATURE (F)
 YESTERDAY
  MAXIMUM         16   1234 AM  54    2009  31    -15       29
                                      1999
  MINIMUM          6   1159 PM -14    1979  17    -11       13
  AVERAGE         11                        24    -13       21

PRECIPITATION (IN)
  YESTERDAY        0.01          0.95 1981   0.08  -0.07     0.04
  MONTH TO DATE    0.96                      0.88   0.08     1.35
  SINCE DEC 1      5.88                      6.16  -0.28     6.58
  SINCE JAN 1      2.27                      3.33  -1.06     3.28

SNOWFALL (IN)
  YESTERDAY        0.3           5.1  1955   0.6   -0.3      0.7
  MONTH TO DATE    3.7                       6.7   -3.0     22.0
  SINCE DEC 1     16.1                      46.7  -30.6     51.2
  SINCE JUL 1     17.2                      53.5  -36.3     64.9
  SNOW DEPTH       2

DEGREE DAYS
 HEATING
  YESTERDAY       54                        41     13       44
  MONTH TO DATE  372                       459    -87      508
  SINCE DEC 1   2380                      2956   -576     3037
  SINCE JUL 1   3650                      4531   -881     4572

 COOLING
  YESTERDAY        0                         0      0        0
  MONTH TO DATE    0                         0      0        0
  SINCE DEC 1      0                         0      0        0
  SINCE JAN 1      0                         0      0        0
..................................................................


WIND (MPH)
  HIGHEST WIND SPEED    26   HIGHEST WIND DIRECTION     W (290)
  HIGHEST GUST SPEED    35   HIGHEST GUST DIRECTION     W (280)
  AVERAGE WIND SPEED    12.8


SKY COVER
  AVERAGE SKY COVER 0.8


WEATHER CONDITIONS
 THE FOLLOWING WEATHER WAS RECORDED YESTERDAY.
  LIGHT SNOW
  FOG
  HAZE
  BLOWING SNOW


RELATIVE HUMIDITY (PERCENT)
 HIGHEST    83           700 AM
 LOWEST     53           100 PM
 AVERAGE    68

..........................................................


THE BINGHAMTON NY CLIMATE NORMALS FOR TODAY
                         NORMAL    RECORD    YEAR
 MAXIMUM TEMPERATURE (F)   31        60      1999
 MINIMUM TEMPERATURE (F)   17       -12      1979


SUNRISE AND SUNSET
FEBRUARY 12 2016......SUNRISE   705 AM EST   SUNSET   532 PM EST
FEBRUARY 13 2016......SUNRISE   704 AM EST   SUNSET   533 PM EST


-  INDICATES NEGATIVE NUMBERS.
R  INDICATES RECORD WAS SET OR TIED.
MM INDICATES DATA IS MISSING.
T  INDICATES TRACE AMOUNT.




$$
