000
CDUS41 KBGM 270549
CLIBGM


CLIMATE REPORT
NATIONAL WEATHER SERVICE BINGHAMTON NY
148 AM EDT THU APR 27 2017


...................................

...THE BINGHAMTON NY CLIMATE SUMMARY FOR APRIL 26 2017...

CLIMATE NORMAL PERIOD 1981 TO 2010
CLIMATE RECORD PERIOD 1951 TO 2017


WEATHER ITEM   OBSERVED TIME   RECORD YEAR NORMAL DEPARTURE LAST
                VALUE   (LST)  VALUE       VALUE  FROM      YEAR
                                                  NORMAL
..................................................................
TEMPERATURE (F)
 YESTERDAY
  MAXIMUM         72    438 PM  84    1962  59     13       54
  MINIMUM         49    549 AM  26    1967  40      9       34
  AVERAGE         61                        49     12       44

PRECIPITATION (IN)
  YESTERDAY        0.00          1.14 2011   0.11  -0.11     0.26
  MONTH TO DATE    4.95                      2.98   1.97     2.58
  SINCE MAR 1     10.55                      5.97   4.58     3.98
  SINCE JAN 1     16.82                     10.73   6.09     9.29

SNOWFALL (IN)
  YESTERDAY        0.0           0.6  1993   0.1   -0.1      0.0
  MONTH TO DATE    2.1                       4.1   -2.0      9.3
  SINCE MAR 1     41.7                      19.2   22.5     10.3
  SINCE JUL 1    135.2                      83.1   52.1     32.0
  SNOW DEPTH       0

DEGREE DAYS
 HEATING
  YESTERDAY        4                        16    -12       21
  MONTH TO DATE  411                       542   -131      595
  SINCE MAR 1   1523                      1539    -16     1366
  SINCE JUL 1   6136                      6738   -602     5724

 COOLING
  YESTERDAY        0                         0      0        0
  MONTH TO DATE    4                         0      4        0
  SINCE MAR 1      4                         0      4        0
  SINCE JAN 1      4                         0      4        0
..................................................................


WIND (MPH)
  HIGHEST WIND SPEED    10   HIGHEST WIND DIRECTION     S (160)
  HIGHEST GUST SPEED    15   HIGHEST GUST DIRECTION     E (110)
  AVERAGE WIND SPEED     5.5


SKY COVER
  AVERAGE SKY COVER 0.5


WEATHER CONDITIONS
 THE FOLLOWING WEATHER WAS RECORDED YESTERDAY.
  NO SIGNIFICANT WEATHER WAS OBSERVED.


RELATIVE HUMIDITY (PERCENT)
 HIGHEST   100          1200 AM
 LOWEST     53           500 PM
 AVERAGE    77

..........................................................


THE BINGHAMTON NY CLIMATE NORMALS FOR TODAY
                         NORMAL    RECORD    YEAR
 MAXIMUM TEMPERATURE (F)   59        89      2009
 MINIMUM TEMPERATURE (F)   40        28      2002
                                             1998
                                             1993


SUNRISE AND SUNSET
APRIL 27 2017.........SUNRISE   605 AM EDT   SUNSET   759 PM EDT
APRIL 28 2017.........SUNRISE   603 AM EDT   SUNSET   800 PM EDT


-  INDICATES NEGATIVE NUMBERS.
R  INDICATES RECORD WAS SET OR TIED.
MM INDICATES DATA IS MISSING.
T  INDICATES TRACE AMOUNT.




$$
