000
CDUS41 KCAR 312027
CLIBGR


CLIMATE REPORT
NATIONAL WEATHER SERVICE CARIBOU, ME
427 PM EDT MON AUG 31 2015


...................................

...THE BANGOR ME CLIMATE SUMMARY FOR AUGUST 31 2015...
VALID TODAY AS OF 0400 PM LOCAL TIME.

CLIMATE NORMAL PERIOD 1981 TO 2010
CLIMATE RECORD PERIOD 1925 TO 2015


WEATHER ITEM   OBSERVED TIME   RECORD YEAR NORMAL DEPARTURE LAST
                VALUE   (LST)  VALUE       VALUE  FROM      YEAR
                                                  NORMAL
..................................................................
TEMPERATURE (F)
 TODAY
  MAXIMUM         82    124 PM  97    2010  75      7       80
  MINIMUM         58    120 AM  37    1946  53      5       60
                                      1942
  AVERAGE         70                        64      6       70

PRECIPITATION (IN)
  TODAY            0.00          1.03 1954   0.08  -0.08     0.15
  MONTH TO DATE    2.63                      2.98  -0.35     2.96
  SINCE JUN 1      8.69                     10.20  -1.51    13.33
  SINCE JAN 1     19.74                     26.25  -6.51    27.74

SNOWFALL (IN)
  TODAY            0.0           0.0  2002   0.0    0.0      0.0
                                      2001
  MONTH TO DATE    0.0                       0.0    0.0      0.0
  SINCE JUN 1      0.0                       0.0    0.0      0.0
  SINCE JUL 1      0.0                       0.0    0.0      0.0
  SNOW DEPTH       0

DEGREE DAYS
 HEATING
  TODAY            0                         3     -3        0
  MONTH TO DATE    0                        44    -44       16
  SINCE JUN 1    205                       170     35       92
  SINCE JUL 1     29                        63    -34       21

 COOLING
  TODAY            5                         2      3        5
  MONTH TO DATE  162                       104     58       95
  SINCE JUN 1    286                       288     -2      314
  SINCE JAN 1    309                       294     15      314
..................................................................


WIND (MPH)
  HIGHEST WIND SPEED    16   HIGHEST WIND DIRECTION     W (270)
  HIGHEST GUST SPEED    26   HIGHEST GUST DIRECTION     W (250)
  AVERAGE WIND SPEED     5.8


SKY COVER
  POSSIBLE SUNSHINE  MM
  AVERAGE SKY COVER 0.5


WEATHER CONDITIONS
 THE FOLLOWING WEATHER WAS RECORDED TODAY.
  FOG
  HAZE


RELATIVE HUMIDITY (PERCENT)
 HIGHEST   100           100 AM
 LOWEST     51           100 PM
 AVERAGE    76

..........................................................


THE BANGOR ME CLIMATE NORMALS FOR TOMORROW
                         NORMAL    RECORD    YEAR
 MAXIMUM TEMPERATURE (F)   75        95      2010
                                             1937
 MINIMUM TEMPERATURE (F)   53        37      2002


SUNRISE AND SUNSET
AUGUST 31 2015........SUNRISE   556 AM EDT   SUNSET   714 PM EDT
SEPTEMBER  1 2015.....SUNRISE   557 AM EDT   SUNSET   713 PM EDT


-  INDICATES NEGATIVE NUMBERS.
R  INDICATES RECORD WAS SET OR TIED.
MM INDICATES DATA IS MISSING.
T  INDICATES TRACE AMOUNT.




$$
