000
CDUS41 KCAR 240528
CLIBGR


CLIMATE REPORT
NATIONAL WEATHER SERVICE CARIBOU, ME
127 AM EDT THU APR 24 2014


...................................

...THE BANGOR ME CLIMATE SUMMARY FOR APRIL 23 2014...

CLIMATE NORMAL PERIOD 1981 TO 2010
CLIMATE RECORD PERIOD 1925 TO 2014


WEATHER ITEM   OBSERVED TIME   RECORD YEAR NORMAL DEPARTURE LAST
                VALUE   (LST)  VALUE       VALUE  FROM      YEAR
                                                  NORMAL
..................................................................
TEMPERATURE (F)
 YESTERDAY
  MAXIMUM         55   1206 PM  83    2007  56     -1       49
  MINIMUM         39   1155 PM   1    1928  35      4       25
  AVERAGE         47                        46      1       37

PRECIPITATION (IN)
  YESTERDAY        0.24          2.32 2012   0.12   0.12      T
  MONTH TO DATE    1.98                      2.79  -0.81     1.59
  SINCE MAR 1      5.63                      6.17  -0.54     3.64
  SINCE JAN 1     10.80                     11.58  -0.78     6.55

SNOWFALL (IN)
  YESTERDAY        0.0           2.6  1964   0.0             0.0
  MONTH TO DATE    1.1                       3.5             1.1
  SINCE MAR 1     16.8                      15.2            14.8
  SINCE JUL 1     80.0                      65.9            74.3
  SNOW DEPTH       0

DEGREE DAYS
 HEATING
  YESTERDAY       18                        19     -1       28
  MONTH TO DATE  542                       550     -8      601
  SINCE MAR 1   1846                      1627    219     1604
  SINCE JUL 1   7598                      7273    325     6981

 COOLING
  YESTERDAY        0                         0      0        0
  MONTH TO DATE    0                         0      0        0
  SINCE MAR 1      0                         0      0        0
  SINCE JAN 1      0                         0      0        0
..................................................................


WIND (MPH)
  RESULTANT WIND SPEED   8   RESULTANT WIND DIRECTION  NW (330)
  HIGHEST WIND SPEED    24   HIGHEST WIND DIRECTION    NW (330)
  HIGHEST GUST SPEED    28   HIGHEST GUST DIRECTION    NW (320)


SKY COVER
  POSSIBLE SUNSHINE  MM
  AVERAGE SKY COVER 0.9


WEATHER CONDITIONS
 THE FOLLOWING WEATHER WAS RECORDED YESTERDAY.
  RAIN
  LIGHT RAIN
  FOG


RELATIVE HUMIDITY (PERCENT)
 HIGHEST    93
 LOWEST     59
 AVERAGE    76

..........................................................


THE BANGOR ME CLIMATE NORMALS FOR TODAY
                         NORMAL    RECORD    YEAR
 MAXIMUM TEMPERATURE (F)   57        79      1942
 MINIMUM TEMPERATURE (F)   35        22      1944


SUNRISE AND SUNSET
APRIL 24 2014.........SUNRISE   536 AM EDT   SUNSET   732 PM EDT
APRIL 25 2014.........SUNRISE   534 AM EDT   SUNSET   733 PM EDT


-  INDICATES NEGATIVE NUMBERS.
R  INDICATES RECORD WAS SET OR TIED.
MM INDICATES DATA IS MISSING.
T  INDICATES TRACE AMOUNT.




$$
