000
CDUS41 KCAR 220543
CLIBGR


CLIMATE REPORT
NATIONAL WEATHER SERVICE CARIBOU, ME
143 AM EDT FRI AUG 22 2014


...................................

...THE BANGOR ME CLIMATE SUMMARY FOR AUGUST 21 2014...

CLIMATE NORMAL PERIOD 1981 TO 2010
CLIMATE RECORD PERIOD 1925 TO 2014


WEATHER ITEM   OBSERVED TIME   RECORD YEAR NORMAL DEPARTURE LAST
                VALUE   (LST)  VALUE       VALUE  FROM      YEAR
                                                  NORMAL
..................................................................
TEMPERATURE (F)
 YESTERDAY
  MAXIMUM         80   1150 AM  95    1937  78      2       87
  MINIMUM         56    449 AM  38    1940  55      1       59
  AVERAGE         68                        66      2       73

PRECIPITATION (IN)
  YESTERDAY        0.00          1.11 1962   0.09  -0.09     0.00
  MONTH TO DATE    2.81                      2.08   0.73     3.26
  SINCE JUN 1     13.18                      9.30   3.88    12.46
  SINCE JAN 1     27.59                     25.35   2.24    23.75

SNOWFALL (IN)
  YESTERDAY        0.0           0.0  2002   0.0             0.0
                                      2001
  MONTH TO DATE    0.0                       0.0             0.0
  SINCE JUN 1      0.0                       0.0             0.0
  SINCE JUL 1      0.0                       0.0             0.0
  SNOW DEPTH       0

DEGREE DAYS
 HEATING
  YESTERDAY        0                         1     -1        0
  MONTH TO DATE    8                        21    -13       11
  SINCE JUN 1     84                       151    -67      119
  SINCE JUL 1     13                        44    -31       19

 COOLING
  YESTERDAY        3                         3      0        8
  MONTH TO DATE   54                        77    -23       36
  SINCE JUN 1    273                       261     12      278
  SINCE JAN 1    273                       267      6      286
..................................................................


WIND (MPH)
  RESULTANT WIND SPEED   2   RESULTANT WIND DIRECTION  SE (120)
  HIGHEST WIND SPEED    10   HIGHEST WIND DIRECTION     S (190)
  HIGHEST GUST SPEED    13   HIGHEST GUST DIRECTION    SE (140)


SKY COVER
  POSSIBLE SUNSHINE  MM
  AVERAGE SKY COVER 0.7


WEATHER CONDITIONS
 THE FOLLOWING WEATHER WAS RECORDED YESTERDAY.
  FOG


RELATIVE HUMIDITY (PERCENT)
 HIGHEST   100
 LOWEST     54
 AVERAGE    77

..........................................................


THE BANGOR ME CLIMATE NORMALS FOR TODAY
                         NORMAL    RECORD    YEAR
 MAXIMUM TEMPERATURE (F)   78       103      1948
 MINIMUM TEMPERATURE (F)   55        39      1940


SUNRISE AND SUNSET
AUGUST 22 2014........SUNRISE   546 AM EDT   SUNSET   730 PM EDT
AUGUST 23 2014........SUNRISE   547 AM EDT   SUNSET   728 PM EDT


-  INDICATES NEGATIVE NUMBERS.
R  INDICATES RECORD WAS SET OR TIED.
MM INDICATES DATA IS MISSING.
T  INDICATES TRACE AMOUNT.




$$
