000
CDUS41 KCAR 202130
CLIBGR


CLIMATE REPORT
NATIONAL WEATHER SERVICE CARIBOU, ME
430 PM EST THU NOV 20 2014


...................................

...THE BANGOR ME CLIMATE SUMMARY FOR NOVEMBER 20 2014...
VALID TODAY AS OF 0400 PM LOCAL TIME.

CLIMATE NORMAL PERIOD 1981 TO 2010
CLIMATE RECORD PERIOD 1925 TO 2014


WEATHER ITEM   OBSERVED TIME   RECORD YEAR NORMAL DEPARTURE LAST
                VALUE   (LST)  VALUE       VALUE  FROM      YEAR
                                                  NORMAL
..................................................................
TEMPERATURE (F)
 TODAY
  MAXIMUM         40    238 PM  72    1953  44     -4       39
  MINIMUM         22   1201 AM   6    1939  27     -5       23
  AVERAGE         31                        35     -4       31

PRECIPITATION (IN)
  TODAY            0.00          1.58 2003   0.14  -0.14     0.00
  MONTH TO DATE    1.99                      2.78  -0.79     1.28
  SINCE SEP 1      9.73                     10.78  -1.05     9.47
  SINCE JAN 1     37.47                     37.03   0.44    34.65

SNOWFALL (IN)
  TODAY            0.0           2.0  1995   0.1   -0.1      0.0
  MONTH TO DATE   14.7                       0.7   14.0       T
  SINCE SEP 1     14.7                       0.8   13.9       T
  SINCE JUL 1     14.7                       0.8   13.9       T
  SNOW DEPTH       0

DEGREE DAYS
 HEATING
  TODAY           34                        30      4       34
  MONTH TO DATE  596                       524     72      523
  SINCE SEP 1   1221                      1287    -66     1185
  SINCE JUL 1   1242                      1350   -108     1217

 COOLING
  TODAY            0                         0      0        0
  MONTH TO DATE    0                         0      0        0
  SINCE SEP 1     49                        24     25       33
  SINCE JAN 1    363                       318     45      355
..................................................................


WIND (MPH)
  HIGHEST WIND SPEED    17   HIGHEST WIND DIRECTION    SW (210)
  HIGHEST GUST SPEED    23   HIGHEST GUST DIRECTION    SW (210)
  AVERAGE WIND SPEED     7.2


SKY COVER
  POSSIBLE SUNSHINE  MM
  AVERAGE SKY COVER 0.8


WEATHER CONDITIONS
 THE FOLLOWING WEATHER WAS RECORDED TODAY.
  NO SIGNIFICANT WEATHER WAS OBSERVED.


RELATIVE HUMIDITY (PERCENT)
 HIGHEST    77          1200 AM
 LOWEST     40           100 PM
 AVERAGE    59

..........................................................


THE BANGOR ME CLIMATE NORMALS FOR TOMORROW
                         NORMAL    RECORD    YEAR
 MAXIMUM TEMPERATURE (F)   43        65      1991
 MINIMUM TEMPERATURE (F)   27        11      1939
                                             1933


SUNRISE AND SUNSET
NOVEMBER 20 2014......SUNRISE   639 AM EST   SUNSET   402 PM EST
NOVEMBER 21 2014......SUNRISE   640 AM EST   SUNSET   402 PM EST


-  INDICATES NEGATIVE NUMBERS.
R  INDICATES RECORD WAS SET OR TIED.
MM INDICATES DATA IS MISSING.
T  INDICATES TRACE AMOUNT.




$$
