000
CDUS41 KCAR 300546
CLIBGR


CLIMATE REPORT
NATIONAL WEATHER SERVICE CARIBOU, ME
132 AM EDT SAT APR 30 2016


...................................

...THE BANGOR ME CLIMATE SUMMARY FOR APRIL 29 2016...

CLIMATE NORMAL PERIOD 1981 TO 2010
CLIMATE RECORD PERIOD 1925 TO 2016


WEATHER ITEM   OBSERVED TIME   RECORD YEAR NORMAL DEPARTURE LAST
                VALUE   (LST)  VALUE       VALUE  FROM      YEAR
                                                  NORMAL
..................................................................
TEMPERATURE (F)
 YESTERDAY
  MAXIMUM         57    128 PM  85    1935  59     -2       57
  MINIMUM         22    459 AM  18    1947  37    -15       42
  AVERAGE         40                        48     -8       50

PRECIPITATION (IN)
  YESTERDAY        0.00          3.09 2008   0.12  -0.12     0.02
  MONTH TO DATE    2.58                      3.50  -0.92     2.38
  SINCE MAR 1      5.85                      6.88  -1.03     3.83
  SINCE JAN 1     12.12                     12.29  -0.17     8.72

SNOWFALL (IN)
  YESTERDAY        0.0           2.8  1987   0.0             0.0
  MONTH TO DATE    T                         3.7             6.3
  SINCE MAR 1      6.0                      15.4            21.9
  SINCE JUL 1     44.6                      66.1           139.0
  SNOW DEPTH       0

DEGREE DAYS
 HEATING
  YESTERDAY       25                        17      8       15
  MONTH TO DATE  712                       659     53      707
  SINCE MAR 1   1697                      1736    -39     1959
  SINCE JUL 1   6612                      7382   -770     7849

 COOLING
  YESTERDAY        0                         0      0        0
  MONTH TO DATE    0                         0      0        0
  SINCE MAR 1      0                         0      0        0
  SINCE JAN 1      0                         0      0        0
..................................................................


WIND (MPH)
  RESULTANT WIND SPEED   4   RESULTANT WIND DIRECTION   S (180)
  HIGHEST WIND SPEED    16   HIGHEST WIND DIRECTION     S (160)
  HIGHEST GUST SPEED    21   HIGHEST GUST DIRECTION     S (190)


SKY COVER
  POSSIBLE SUNSHINE  MM
  AVERAGE SKY COVER 0.3


WEATHER CONDITIONS
 THE FOLLOWING WEATHER WAS RECORDED YESTERDAY.
  NO SIGNIFICANT WEATHER WAS OBSERVED.


RELATIVE HUMIDITY (PERCENT)
 HIGHEST    89
 LOWEST     20
 AVERAGE    55

..........................................................


THE BANGOR ME CLIMATE NORMALS FOR TODAY
                         NORMAL    RECORD    YEAR
 MAXIMUM TEMPERATURE (F)   59        84      2004
 MINIMUM TEMPERATURE (F)   37        23      1943


SUNRISE AND SUNSET
APRIL 30 2016.........SUNRISE   526 AM EDT   SUNSET   740 PM EDT
MAY  1 2016...........SUNRISE   524 AM EDT   SUNSET   741 PM EDT


-  INDICATES NEGATIVE NUMBERS.
R  INDICATES RECORD WAS SET OR TIED.
MM INDICATES DATA IS MISSING.
T  INDICATES TRACE AMOUNT.




$$
