000
CDUS41 KCAR 060539
CLIBGR


CLIMATE REPORT
NATIONAL WEATHER SERVICE CARIBOU, ME
1236 AM EST FRI MAR 6 2015


...................................

...THE BANGOR ME CLIMATE SUMMARY FOR MARCH 5 2015...

CLIMATE NORMAL PERIOD 1981 TO 2010
CLIMATE RECORD PERIOD 1925 TO 2015


WEATHER ITEM   OBSERVED TIME   RECORD YEAR NORMAL DEPARTURE LAST
                VALUE   (LST)  VALUE       VALUE  FROM      YEAR
                                                  NORMAL
..................................................................
TEMPERATURE (F)
 YESTERDAY
  MAXIMUM         34    232 AM  55    1934  36     -2       19
  MINIMUM          5   1159 PM  -9    1948  16    -11        4
  AVERAGE         20                        26     -6       12

PRECIPITATION (IN)
  YESTERDAY        0.00          1.36 1929   0.10  -0.10      T
  MONTH TO DATE    0.28                      0.48  -0.20      T
  SINCE MAR 1      0.28                      0.48  -0.20      T
  SINCE JAN 1      5.17                      5.89  -0.72     5.17

SNOWFALL (IN)
  YESTERDAY        0.0           6.5  1972   0.5              T
  MONTH TO DATE    3.9                       2.3              T
  SINCE MAR 1      3.9                       2.3              T
  SINCE JUL 1    121.0                      53.0            63.2
  SNOW DEPTH      MM

DEGREE DAYS
 HEATING
  YESTERDAY       45                        39      6       53
  MONTH TO DATE  224                       197     27      258
  SINCE MAR 1    224                       197     27      258
  SINCE JUL 1   6114                      5843    271     6010

 COOLING
  YESTERDAY        0                         0      0        0
  MONTH TO DATE    0                         0      0        0
  SINCE MAR 1      0                         0      0        0
  SINCE JAN 1      0                         0      0        0
..................................................................


WIND (MPH)
  RESULTANT WIND SPEED  13   RESULTANT WIND DIRECTION  NW (310)
  HIGHEST WIND SPEED    26   HIGHEST WIND DIRECTION    NW (330)
  HIGHEST GUST SPEED    32   HIGHEST GUST DIRECTION    NW (320)


SKY COVER
  POSSIBLE SUNSHINE  MM
  AVERAGE SKY COVER 0.8


WEATHER CONDITIONS
 THE FOLLOWING WEATHER WAS RECORDED YESTERDAY.
  NO SIGNIFICANT WEATHER WAS OBSERVED.


RELATIVE HUMIDITY (PERCENT)
 HIGHEST    60
 LOWEST     33
 AVERAGE    47

..........................................................


THE BANGOR ME CLIMATE NORMALS FOR TODAY
                         NORMAL    RECORD    YEAR
 MAXIMUM TEMPERATURE (F)   37        57      1930
 MINIMUM TEMPERATURE (F)   17       -12      1948


SUNRISE AND SUNSET
MARCH  6 2015.........SUNRISE   605 AM EST   SUNSET   529 PM EST
MARCH  7 2015.........SUNRISE   603 AM EST   SUNSET   531 PM EST


-  INDICATES NEGATIVE NUMBERS.
R  INDICATES RECORD WAS SET OR TIED.
MM INDICATES DATA IS MISSING.
T  INDICATES TRACE AMOUNT.




$$
