000
CDUS41 KCAR 280547
CLIBGR


CLIMATE REPORT
NATIONAL WEATHER SERVICE CARIBOU, ME
1243 AM EST SUN DEC 28 2014


...................................

...THE BANGOR ME CLIMATE SUMMARY FOR DECEMBER 27 2014...

CLIMATE NORMAL PERIOD 1981 TO 2010
CLIMATE RECORD PERIOD 1925 TO 2014


WEATHER ITEM   OBSERVED TIME   RECORD YEAR NORMAL DEPARTURE LAST
                VALUE   (LST)  VALUE       VALUE  FROM      YEAR
                                                  NORMAL
..................................................................
TEMPERATURE (F)
 YESTERDAY
  MAXIMUM         46    216 PM  51    1957  30     16       28
                                      1949
  MINIMUM         30    743 PM -15    1963  10     20       -1
                                      1946
  AVERAGE         38                        20     18       14

PRECIPITATION (IN)
  YESTERDAY        0.00          3.31 1969   0.10  -0.10     0.00
  MONTH TO DATE    5.01                      3.13   1.88     2.36
  SINCE DEC 1      5.01                      3.13   1.88     2.36
  SINCE JAN 1     43.70                     41.58   2.12    39.49

SNOWFALL (IN)
  YESTERDAY        0.0          10.3  2010   0.5             0.0
  MONTH TO DATE    6.5                      12.1            19.6
  SINCE DEC 1      6.5                      12.1            19.6
  SINCE JUL 1     32.4                      14.5            20.3
  SNOW DEPTH       0

DEGREE DAYS
 HEATING
  YESTERDAY       27                        45    -18       51
  MONTH TO DATE  943                      1069   -126     1220
  SINCE DEC 1    943                      1069   -126     1220
  SINCE JUL 1   2527                      2738   -211     2805

 COOLING
  YESTERDAY        0                         0      0        0
  MONTH TO DATE    0                         0      0        0
  SINCE DEC 1      0                         0      0        0
  SINCE JAN 1    363                       318     45      355
..................................................................


WIND (MPH)
  RESULTANT WIND SPEED   5   RESULTANT WIND DIRECTION   W (260)
  HIGHEST WIND SPEED    16   HIGHEST WIND DIRECTION     W (270)
  HIGHEST GUST SPEED    22   HIGHEST GUST DIRECTION     W (280)


SKY COVER
  POSSIBLE SUNSHINE  MM
  AVERAGE SKY COVER 0.8


WEATHER CONDITIONS
 THE FOLLOWING WEATHER WAS RECORDED YESTERDAY.
  NO SIGNIFICANT WEATHER WAS OBSERVED.


RELATIVE HUMIDITY (PERCENT)
 HIGHEST    85
 LOWEST     49
 AVERAGE    67

..........................................................


THE BANGOR ME CLIMATE NORMALS FOR TODAY
                         NORMAL    RECORD    YEAR
 MAXIMUM TEMPERATURE (F)   30        52      2011
                                             1982
                                             1949
 MINIMUM TEMPERATURE (F)   10       -18      1933


SUNRISE AND SUNSET
DECEMBER 28 2014......SUNRISE   712 AM EST   SUNSET   402 PM EST
DECEMBER 29 2014......SUNRISE   712 AM EST   SUNSET   402 PM EST


-  INDICATES NEGATIVE NUMBERS.
R  INDICATES RECORD WAS SET OR TIED.
MM INDICATES DATA IS MISSING.
T  INDICATES TRACE AMOUNT.




$$
