000
CDUS44 KBMX 232117
CLIBHM


CLIMATE REPORT
NATIONAL WEATHER SERVICE BIRMINGHAM, AL
417 PM CDT TUE SEP 23 2014


...................................

...THE BIRMINGHAM CLIMATE SUMMARY FOR SEPTEMBER 23 2014...
VALID AS OF 0400 PM LOCAL TIME.

CLIMATE NORMAL PERIOD 1981 TO 2010
CLIMATE RECORD PERIOD 1895 TO 2014


WEATHER ITEM   OBSERVED TIME   RECORD YEAR NORMAL DEPARTURE LAST
                VALUE   (LST)  VALUE       VALUE  FROM      YEAR
                                                  NORMAL
..................................................................
TEMPERATURE (F)
 TODAY
  MAXIMUM         82    251 PM  99    1931  83     -1       84
  MINIMUM         54    532 AM  42    1999  62     -8       61
  AVERAGE         68                        72     -4       73

PRECIPITATION (IN)
  TODAY            0.00          1.81 1975   0.13  -0.13     0.00
  MONTH TO DATE    1.64                      2.97  -1.33     2.44
  SINCE SEP 1      1.64                      2.97  -1.33     2.44
  SINCE JAN 1     34.50                     40.05  -5.55    54.70

DEGREE DAYS

 COOLING
  TODAY            3                         8     -5        8
  MONTH TO DATE  317                       255     62      269
  SINCE SEP 1    317                       255     62      269
  SINCE JAN 1   1957                      1905     52     1794
..................................................................


WIND (MPH)
  HIGHEST WIND SPEED    17   HIGHEST WIND DIRECTION     E (80)
  HIGHEST GUST SPEED    24   HIGHEST GUST DIRECTION    NE (40)
  AVERAGE WIND SPEED     6.5


SKY COVER
  AVERAGE SKY COVER 0.1


WEATHER CONDITIONS
 THE FOLLOWING WEATHER WAS RECORDED TODAY.
  NO SIGNIFICANT WEATHER WAS OBSERVED.


RELATIVE HUMIDITY (PERCENT)
 HIGHEST    83           500 AM
 LOWEST     36           200 PM
 AVERAGE    60

..........................................................


THE BIRMINGHAM CLIMATE NORMALS FOR TOMORROW
                         NORMAL    RECORD    YEAR
 MAXIMUM TEMPERATURE (F)   83        99      1931
 MINIMUM TEMPERATURE (F)   61        41      1990


SUNRISE AND SUNSET
SEPTEMBER 23 2014.....SUNRISE   636 AM CDT   SUNSET   642 PM CDT
SEPTEMBER 24 2014.....SUNRISE   636 AM CDT   SUNSET   641 PM CDT


-  INDICATES NEGATIVE NUMBERS.
R  INDICATES RECORD WAS SET OR TIED.
MM INDICATES DATA IS MISSING.
T  INDICATES TRACE AMOUNT.




$$
