000
CDUS44 KBMX 240835
CLIBHM


CLIMATE REPORT
NATIONAL WEATHER SERVICE BIRMINGHAM, AL
235 AM CST FRI FEB 24 2017


...................................

...THE BIRMINGHAM CLIMATE SUMMARY FOR FEBRUARY 23 2017...

CLIMATE NORMAL PERIOD 1981 TO 2010
CLIMATE RECORD PERIOD 1895 TO 2017


WEATHER ITEM   OBSERVED TIME   RECORD YEAR NORMAL DEPARTURE LAST
                VALUE   (LST)  VALUE       VALUE  FROM      YEAR
                                                  NORMAL
..................................................................
TEMPERATURE (F)
 YESTERDAY
  MAXIMUM         74    346 PM  83    1996  61     13       66
  MINIMUM         53    432 AM  20    1963  39     14       58
  AVERAGE         64                        50     14       62

PRECIPITATION (IN)
  YESTERDAY        0.00          2.15 1977   0.17  -0.17     1.76
  MONTH TO DATE    2.50                      3.67  -1.17     7.29
  SINCE DEC 1     11.60                     12.96  -1.36    21.10
  SINCE JAN 1      9.21                      8.51   0.70    10.57

SNOWFALL (IN)
  YESTERDAY        0.0                       0.0    0.0      0.0
  MONTH TO DATE    0.0                       0.1   -0.1       T
  SINCE DEC 1      0.3                       0.8   -0.5       T
  SINCE JUL 1      0.3                       0.8   -0.5       T
  SNOW DEPTH       0

DEGREE DAYS
 HEATING
  YESTERDAY        1                        15    -14        3
  MONTH TO DATE  224                       414   -190      344
  SINCE DEC 1   1097                      1661   -564     1314
  SINCE JUL 1   1329                      2119   -790     1585
..................................................................


WIND (MPH)
  HIGHEST WIND SPEED    13   HIGHEST WIND DIRECTION     S (170)
  HIGHEST GUST SPEED    16   HIGHEST GUST DIRECTION     S (180)
  AVERAGE WIND SPEED     4.8


SKY COVER
  AVERAGE SKY COVER 0.4


WEATHER CONDITIONS
 THE FOLLOWING WEATHER WAS RECORDED YESTERDAY.
  FOG


RELATIVE HUMIDITY (PERCENT)
 HIGHEST   100           200 AM
 LOWEST     57           400 PM
 AVERAGE    79

..........................................................


THE BIRMINGHAM CLIMATE NORMALS FOR TODAY
                         NORMAL    RECORD    YEAR
 MAXIMUM TEMPERATURE (F)   61        78      1930
 MINIMUM TEMPERATURE (F)   39        16      1989


SUNRISE AND SUNSET
FEBRUARY 24 2017......SUNRISE   621 AM CST   SUNSET   540 PM CST
FEBRUARY 25 2017......SUNRISE   620 AM CST   SUNSET   541 PM CST


-  INDICATES NEGATIVE NUMBERS.
R  INDICATES RECORD WAS SET OR TIED.
MM INDICATES DATA IS MISSING.
T  INDICATES TRACE AMOUNT.




$$
