000
CDUS44 KBMX 250818
CLIBHM


CLIMATE REPORT
NATIONAL WEATHER SERVICE BIRMINGHAM, AL
217 AM CST SUN JAN 25 2015


...................................

...THE BIRMINGHAM CLIMATE SUMMARY FOR JANUARY 24 2015...

CLIMATE NORMAL PERIOD 1981 TO 2010
CLIMATE RECORD PERIOD 2014 TO 2015


WEATHER ITEM   OBSERVED TIME   RECORD YEAR NORMAL DEPARTURE LAST
                VALUE   (LST)  VALUE       VALUE  FROM      YEAR
                                                  NORMAL
..................................................................
TEMPERATURE (F)
 YESTERDAY
  MAXIMUM         49    318 PM  78    1950  54     -5       35
  MINIMUM         32   1159 PM  -2    1963  34     -2       11
  AVERAGE         41                        44     -3       23

PRECIPITATION (IN)
  YESTERDAY        0.01          2.45 1964   0.17  -0.16     0.00
  MONTH TO DATE    4.34                      3.69   0.65     1.48
  SINCE DEC 1     11.49                      8.14   3.35     8.54
  SINCE JAN 1      4.34                      3.69   0.65     1.48

SNOWFALL (IN)
  YESTERDAY        0.0                       0.1   -0.1      0.0
  MONTH TO DATE    T                         0.5   -0.5      0.0
  SINCE DEC 1      T                         0.6   -0.6      0.0
  SINCE JUL 1      T                         0.6   -0.6      0.0
  SNOW DEPTH       0

DEGREE DAYS
 HEATING
  YESTERDAY       24                        21      3       42
  MONTH TO DATE  555                       513     42      656
  SINCE DEC 1   1051                      1102    -51     1211
  SINCE JUL 1   1613                      1560     53     1739
..................................................................


WIND (MPH)
  HIGHEST WIND SPEED    17   HIGHEST WIND DIRECTION    NW (330)
  HIGHEST GUST SPEED    22   HIGHEST GUST DIRECTION    NW (310)
  AVERAGE WIND SPEED     7.9


SKY COVER
  AVERAGE SKY COVER 0.4


WEATHER CONDITIONS
 THE FOLLOWING WEATHER WAS RECORDED YESTERDAY.
  LIGHT RAIN
  FOG


RELATIVE HUMIDITY (PERCENT)
 HIGHEST    92           100 AM
 LOWEST     42           400 PM
 AVERAGE    67

..........................................................


THE BIRMINGHAM CLIMATE NORMALS FOR TODAY
                         NORMAL    RECORD    YEAR
 MAXIMUM TEMPERATURE (F)   54        78      1950
 MINIMUM TEMPERATURE (F)   34         7      1905


SUNRISE AND SUNSET
JANUARY 25 2015.......SUNRISE   648 AM CST   SUNSET   511 PM CST
JANUARY 26 2015.......SUNRISE   647 AM CST   SUNSET   512 PM CST


-  INDICATES NEGATIVE NUMBERS.
R  INDICATES RECORD WAS SET OR TIED.
MM INDICATES DATA IS MISSING.
T  INDICATES TRACE AMOUNT.




$$
