000
CDUS44 KBMX 210758
CLIBHM


CLIMATE REPORT
NATIONAL WEATHER SERVICE BIRMINGHAM, AL
149 AM CST FRI NOV 21 2014

...................................

...THE BIRMINGHAM CLIMATE SUMMARY FOR NOVEMBER 20 2014...

CLIMATE NORMAL PERIOD 1981 TO 2010
CLIMATE RECORD PERIOD 1895 TO 2014


WEATHER ITEM   OBSERVED TIME   RECORD YEAR NORMAL DEPARTURE LAST
                VALUE   (LST)  VALUE       VALUE  FROM      YEAR
                                                  NORMAL
..................................................................
TEMPERATURE (F)
 YESTERDAY
  MAXIMUM         62    301 PM  79    1896  64     -2       64
  MINIMUM         42    717 AM  14    1914  42      0       40
  AVERAGE         52                        53     -1       52

PRECIPITATION (IN)
  YESTERDAY        0.00          1.34 1991   0.19  -0.19     0.00
  MONTH TO DATE    3.54                      3.06   0.48     1.04
  SINCE SEP 1      8.84                     10.40  -1.56     5.47
  SINCE JAN 1     41.70                     47.48  -5.78    57.73

SNOWFALL (IN)
  YESTERDAY        0.0                       0.0    0.0      0.0
  MONTH TO DATE    0.0                       0.0    0.0      0.0
  SINCE SEP 1      0.0                       0.0    0.0      0.0
  SINCE JUL 1      0.0                       0.0    0.0      0.0
  SNOW DEPTH       0

DEGREE DAYS
 HEATING
  YESTERDAY       13                        12      1       13
  MONTH TO DATE  341                       191    150      218
  SINCE SEP 1    428                       318    110      315
  SINCE JUL 1    428                       318    110      315
..................................................................


WIND (MPH)
  HIGHEST WIND SPEED    15   HIGHEST WIND DIRECTION    SW (220)
  HIGHEST GUST SPEED    23   HIGHEST GUST DIRECTION    SW (220)
  AVERAGE WIND SPEED     4.9


SKY COVER
  AVERAGE SKY COVER 0.6


WEATHER CONDITIONS
 THE FOLLOWING WEATHER WAS RECORDED YESTERDAY.
  NO SIGNIFICANT WEATHER WAS OBSERVED.


RELATIVE HUMIDITY (PERCENT)
 HIGHEST    77          1000 PM
 LOWEST     36           100 PM
 AVERAGE    57

..........................................................


THE BIRMINGHAM CLIMATE NORMALS FOR TODAY
                         NORMAL    RECORD    YEAR
 MAXIMUM TEMPERATURE (F)   63        81      1900
 MINIMUM TEMPERATURE (F)   42        22      1937


SUNRISE AND SUNSET
NOVEMBER 21 2014......SUNRISE   624 AM CST   SUNSET   441 PM CST
NOVEMBER 22 2014......SUNRISE   625 AM CST   SUNSET   441 PM CST


-  INDICATES NEGATIVE NUMBERS.
R  INDICATES RECORD WAS SET OR TIED.
MM INDICATES DATA IS MISSING.
T  INDICATES TRACE AMOUNT.

$$
