000
CDUS44 KBMX 050015
CLIBHM


CLIMATE REPORT
NATIONAL WEATHER SERVICE BIRMINGHAM, AL
715 PM CDT TUE AUG 4 2015


...................................

...THE BIRMINGHAM CLIMATE SUMMARY FOR AUGUST 4 2015...
VALID TODAY AS OF 0700 PM LOCAL TIME.

CLIMATE NORMAL PERIOD 1981 TO 2010
CLIMATE RECORD PERIOD 2014 TO 2015


WEATHER ITEM   OBSERVED TIME   RECORD YEAR NORMAL DEPARTURE LAST
                VALUE   (LST)  VALUE       VALUE  FROM      YEAR
                                                  NORMAL
..................................................................
TEMPERATURE (F)
 TODAY
  MAXIMUM         99    315 PM 103    1947  91      8       94
  MINIMUM         71    537 AM  56    1950  72     -1       69
  AVERAGE         85                        81      4       82

PRECIPITATION (IN)
  TODAY            0.00          2.27 1957   0.14  -0.14     0.00
  MONTH TO DATE    0.00                      0.56  -0.56      T
  SINCE JUN 1      9.11                      9.74  -0.63     5.73
  SINCE JAN 1     34.84                     33.71   1.13    28.59

DEGREE DAYS
 COOLING
  TODAY           20                        16      4       17
  MONTH TO DATE   70                        64      6       64
  SINCE JUN 1   1094                       945    149      902
  SINCE JAN 1   1429                      1227    202     1195
..................................................................


WIND (MPH)
  HIGHEST WIND SPEED     8   HIGHEST WIND DIRECTION     S (200)
  HIGHEST GUST SPEED    13   HIGHEST GUST DIRECTION     S (200)
  AVERAGE WIND SPEED     2.5


SKY COVER
  AVERAGE SKY COVER 0.5


WEATHER CONDITIONS
 THE FOLLOWING WEATHER WAS RECORDED TODAY.
  NO SIGNIFICANT WEATHER WAS OBSERVED.


RELATIVE HUMIDITY (PERCENT)
 HIGHEST    79           400 AM
 LOWEST     29           300 PM
 AVERAGE    54

..........................................................


THE BIRMINGHAM CLIMATE NORMALS FOR TOMORROW
                         NORMAL    RECORD    YEAR
 MAXIMUM TEMPERATURE (F)   91       102      1947
 MINIMUM TEMPERATURE (F)   72        59      1950


SUNRISE AND SUNSET
AUGUST  4 2015........SUNRISE   601 AM CDT   SUNSET   744 PM CDT
AUGUST  5 2015........SUNRISE   602 AM CDT   SUNSET   744 PM CDT


-  INDICATES NEGATIVE NUMBERS.
R  INDICATES RECORD WAS SET OR TIED.
MM INDICATES DATA IS MISSING.
T  INDICATES TRACE AMOUNT.




$$
