000
CDUS44 KBMX 300627
CLIBHM


CLIMATE REPORT
NATIONAL WEATHER SERVICE BIRMINGHAM, AL
125 AM CDT SAT MAY 30 2015


...................................

...THE BIRMINGHAM CLIMATE SUMMARY FOR MAY 29 2015...

CLIMATE NORMAL PERIOD 1981 TO 2010
CLIMATE RECORD PERIOD 2014 TO 2015


WEATHER ITEM   OBSERVED TIME   RECORD YEAR NORMAL DEPARTURE LAST
                VALUE   (LST)  VALUE       VALUE  FROM      YEAR
                                                  NORMAL
..................................................................
TEMPERATURE (F)
 YESTERDAY
  MAXIMUM         84    250 PM  99    1898  84      0       77
  MINIMUM         65    241 AM  44    1984  64      1       67
  AVERAGE         75                        74      1       72

PRECIPITATION (IN)
  YESTERDAY        0.30          2.48 2005   0.15   0.15     0.25
  MONTH TO DATE    2.43                      4.68  -2.25     2.25
  SINCE MAR 1     16.90                     14.29   2.61    15.86
  SINCE JAN 1     25.60                     23.66   1.94    22.79

DEGREE DAYS
 COOLING
  YESTERDAY       10                         9      1        7
  MONTH TO DATE  231                       180     51      208
  SINCE MAR 1    313                       260     53      264
  SINCE JAN 1    313                       264     49      267
..................................................................


WIND (MPH)
  HIGHEST WIND SPEED    18   HIGHEST WIND DIRECTION     S (180)
  HIGHEST GUST SPEED    25   HIGHEST GUST DIRECTION     S (180)
  AVERAGE WIND SPEED     3.5


SKY COVER
  AVERAGE SKY COVER 0.6


WEATHER CONDITIONS
 THE FOLLOWING WEATHER WAS RECORDED YESTERDAY.
  THUNDERSTORM
  RAIN
  FOG
  HAZE


RELATIVE HUMIDITY (PERCENT)
 HIGHEST   100          1200 AM
 LOWEST     58           100 PM
 AVERAGE    79

..........................................................


THE BIRMINGHAM CLIMATE NORMALS FOR TODAY
                         NORMAL    RECORD    YEAR
 MAXIMUM TEMPERATURE (F)   85        97      1914
 MINIMUM TEMPERATURE (F)   64        41      1984


SUNRISE AND SUNSET
MAY 30 2015...........SUNRISE   539 AM CDT   SUNSET   751 PM CDT
MAY 31 2015...........SUNRISE   538 AM CDT   SUNSET   751 PM CDT


-  INDICATES NEGATIVE NUMBERS.
R  INDICATES RECORD WAS SET OR TIED.
MM INDICATES DATA IS MISSING.
T  INDICATES TRACE AMOUNT.




$$
