000
CDUS45 KVEF 280832
CLIBIH


CLIMATE REPORT
NATIONAL WEATHER SERVICE LAS VEGAS, NV
132 AM PDT THU MAY 28 2015


...................................

...THE BISHOP CA CLIMATE SUMMARY FOR MAY 27 2015...

CLIMATE NORMAL PERIOD 1981 TO 2010
CLIMATE RECORD PERIOD 1943 TO 2015


WEATHER ITEM   OBSERVED TIME   RECORD YEAR NORMAL DEPARTURE LAST
                VALUE   (LST)  VALUE       VALUE  FROM      YEAR
                                                  NORMAL
..................................................................
TEMPERATURE (F)
 YESTERDAY
  MAXIMUM         90    338 PM 100    2003  86      4       99
  MINIMUM         50    445 AM  27    1998  47      3       46
  AVERAGE         70                        66      4       73

PRECIPITATION (IN)
  YESTERDAY        0.00          0.34 1962   0.00   0.00     0.00
  MONTH TO DATE    1.39                      0.16   1.23     0.24
  SINCE OCT 1      2.13                      4.47  -2.34     2.48
  SINCE JAN 1      1.67                      2.85  -1.18     2.26

SNOWFALL (IN)
  YESTERDAY        0.0          MM      MM   0.0    0.0      0.0
  MONTH TO DATE    T                         0.0    0.0      0.0
  SINCE MAR 1      T                         0.9   -0.9      0.1
  SINCE JUL 1      T                         6.8   -6.8      0.6
  SNOW DEPTH       0

DEGREE DAYS
 HEATING
  YESTERDAY        0                         2     -2        0
  MONTH TO DATE  127                       109     18       88
  SINCE MAR 1    677                       944   -267      732
  SINCE JUL 1   3118                      4151  -1033     3682

 COOLING
  YESTERDAY        5                         3      2        8
  MONTH TO DATE   14                        47    -33       59
  SINCE MAR 1     18                        51    -33       63
  SINCE JAN 1     18                        51    -33       63
..................................................................


WIND (MPH)
  RESULTANT WIND SPEED   1   RESULTANT WIND DIRECTION   N (10)
  HIGHEST WIND SPEED    17   HIGHEST WIND DIRECTION     S (180)
  HIGHEST GUST SPEED    23   HIGHEST GUST DIRECTION    SE (150)
  AVERAGE WIND SPEED     6.8


SKY COVER
  POSSIBLE SUNSHINE  MM
  AVERAGE SKY COVER 0.0


WEATHER CONDITIONS
 THE FOLLOWING WEATHER WAS RECORDED YESTERDAY.
  NO SIGNIFICANT WEATHER WAS OBSERVED.


RELATIVE HUMIDITY (PERCENT)
 HIGHEST    71           400 AM
 LOWEST      9           600 PM
 AVERAGE    40

..........................................................


THE BISHOP CA CLIMATE NORMALS FOR TODAY
                         NORMAL    RECORD    YEAR
 MAXIMUM TEMPERATURE (F)   86       102      2003
 MINIMUM TEMPERATURE (F)   47        33      2006


SUNRISE AND SUNSET
MAY 28 2015...........SUNRISE   536 AM PDT   SUNSET   806 PM PDT
MAY 29 2015...........SUNRISE   536 AM PDT   SUNSET   806 PM PDT


-  INDICATES NEGATIVE NUMBERS.
R  INDICATES RECORD WAS SET OR TIED.
MM INDICATES DATA IS MISSING.
T  INDICATES TRACE AMOUNT.




$$
