000
CDUS45 KVEF 250827
CLIBIH


CLIMATE REPORT
NATIONAL WEATHER SERVICE LAS VEGAS, NV
1227 AM PST TUE NOV 25 2014


...................................

...THE BISHOP CA CLIMATE SUMMARY FOR NOVEMBER 24 2014...

CLIMATE NORMAL PERIOD 1981 TO 2010
CLIMATE RECORD PERIOD 1943 TO 2014


WEATHER ITEM   OBSERVED TIME   RECORD YEAR NORMAL DEPARTURE LAST
                VALUE   (LST)  VALUE       VALUE  FROM      YEAR
                                                  NORMAL
..................................................................
TEMPERATURE (F)
 YESTERDAY
  MAXIMUM         62    302 PM  80    1949  59      3       57
  MINIMUM         24    717 AM  12    1955  25     -1       29
  AVERAGE         43                        42      1       43

PRECIPITATION (IN)
  YESTERDAY        0.00          0.95 1983   0.02  -0.02     0.00
  MONTH TO DATE    T                         0.41  -0.41     0.03
  SINCE OCT 1      T                         0.71  -0.71     0.19
  SINCE JAN 1      2.77                      4.27  -1.50     1.30

SNOWFALL (IN)
  YESTERDAY        0.0           1.0  1983   0.0    0.0      0.0
  MONTH TO DATE    0.0                       0.3   -0.3       T
  SINCE SEP 1      0.0                       0.3   -0.3       T
  SINCE JUL 1      0.0                       0.3   -0.3       T
  SNOW DEPTH       0

DEGREE DAYS
 HEATING
  YESTERDAY       22                        23     -1       22
  MONTH TO DATE  389                       449    -60      450
  SINCE SEP 1    547                       754   -207      873
  SINCE JUL 1    547                       756   -209      873

 COOLING
  YESTERDAY        0                         0      0        0
  MONTH TO DATE    0                         0      0        0
  SINCE SEP 1    237                       127    110      172
  SINCE JAN 1   1384                      1104    280     1337
..................................................................


WIND (MPH)
  RESULTANT WIND SPEED   5   RESULTANT WIND DIRECTION  NW (320)
  HIGHEST WIND SPEED    14   HIGHEST WIND DIRECTION     N (340)
  HIGHEST GUST SPEED    18   HIGHEST GUST DIRECTION     N (340)
  AVERAGE WIND SPEED     5.7


SKY COVER
  POSSIBLE SUNSHINE  MM
  AVERAGE SKY COVER 0.0


WEATHER CONDITIONS
 THE FOLLOWING WEATHER WAS RECORDED YESTERDAY.
  NO SIGNIFICANT WEATHER WAS OBSERVED.


RELATIVE HUMIDITY (PERCENT)
 HIGHEST    46           600 AM
 LOWEST     12          1200 PM
 AVERAGE    29

..........................................................


THE BISHOP CA CLIMATE NORMALS FOR TODAY
                         NORMAL    RECORD    YEAR
 MAXIMUM TEMPERATURE (F)   58        78      1954
 MINIMUM TEMPERATURE (F)   25        12      1993


SUNRISE AND SUNSET
NOVEMBER 25 2014......SUNRISE   643 AM PST   SUNSET   438 PM PST
NOVEMBER 26 2014......SUNRISE   644 AM PST   SUNSET   437 PM PST


-  INDICATES NEGATIVE NUMBERS.
R  INDICATES RECORD WAS SET OR TIED.
MM INDICATES DATA IS MISSING.
T  INDICATES TRACE AMOUNT.




$$
