000
CDUS45 KVEF 050826
CLIBIH


CLIMATE REPORT
NATIONAL WEATHER SERVICE LAS VEGAS, NV
1225 AM PST MON DEC 5 2016


...................................

...THE BISHOP CA CLIMATE SUMMARY FOR DECEMBER 4 2016...

CLIMATE NORMAL PERIOD 1981 TO 2010
CLIMATE RECORD PERIOD 1943 TO 2016


WEATHER ITEM   OBSERVED TIME   RECORD YEAR NORMAL DEPARTURE LAST
                VALUE   (LST)  VALUE       VALUE  FROM      YEAR
                                                  NORMAL
..................................................................
TEMPERATURE (F)
 YESTERDAY
  MAXIMUM         63    149 PM  77    1958  55      8       62
  MINIMUM         20    648 AM  11    1955  23     -3       24
                                      1951
  AVERAGE         42                        39      3       43

PRECIPITATION (IN)
  YESTERDAY        0.00          0.59 1980   0.02  -0.02     0.00
  MONTH TO DATE    0.00                      0.07  -0.07     0.00
  SINCE OCT 1      0.09                      0.89  -0.80     0.75
  SINCE JAN 1      3.16                      4.44  -1.28     3.31

SNOWFALL (IN)
  YESTERDAY        0.0           T    1953   0.1   -0.1      0.0
                                      1947
  MONTH TO DATE    0.0                       0.1   -0.1      0.0
  SINCE DEC 1      0.0                       0.1   -0.1      0.0
  SINCE JUL 1      0.0                       0.4   -0.4      0.0
  SNOW DEPTH      MM

DEGREE DAYS
 HEATING
  YESTERDAY       23                        26     -3       22
  MONTH TO DATE  100                       103     -3      102
  SINCE DEC 1    100                       103     -3      102
  SINCE JUL 1    843                      1004   -161      916

 COOLING
  YESTERDAY        0                         0      0        0
  MONTH TO DATE    0                         0      0        0
  SINCE DEC 1      0                         0      0        0
  SINCE JAN 1   1361                      1104    257     1376
..................................................................


WIND (MPH)
  RESULTANT WIND SPEED   2   RESULTANT WIND DIRECTION  NW (310)
  HIGHEST WIND SPEED    12   HIGHEST WIND DIRECTION     N (340)
  HIGHEST GUST SPEED    13   HIGHEST GUST DIRECTION     N (340)
  AVERAGE WIND SPEED     3.1


SKY COVER
  POSSIBLE SUNSHINE  MM
  AVERAGE SKY COVER 0.0


WEATHER CONDITIONS
 THE FOLLOWING WEATHER WAS RECORDED YESTERDAY.
  NO SIGNIFICANT WEATHER WAS OBSERVED.


RELATIVE HUMIDITY (PERCENT)
 HIGHEST    65           700 AM
 LOWEST     14           200 PM
 AVERAGE    40

..........................................................


THE BISHOP CA CLIMATE NORMALS FOR TODAY
                         NORMAL    RECORD    YEAR
 MAXIMUM TEMPERATURE (F)   55        73      1977
 MINIMUM TEMPERATURE (F)   23         6      1948


SUNRISE AND SUNSET
DECEMBER  5 2016......SUNRISE   653 AM PST   SUNSET   435 PM PST
DECEMBER  6 2016......SUNRISE   654 AM PST   SUNSET   435 PM PST


-  INDICATES NEGATIVE NUMBERS.
R  INDICATES RECORD WAS SET OR TIED.
MM INDICATES DATA IS MISSING.
T  INDICATES TRACE AMOUNT.




$$
