000
CDUS45 KVEF 250027
CLIBIH


CLIMATE REPORT
NATIONAL WEATHER SERVICE LAS VEGAS, NV
527 PM PDT SUN JUL 24 2016


...................................

...THE BISHOP CA CLIMATE SUMMARY FOR JULY 24 2016...
VALID TODAY AS OF 0500 PM LOCAL TIME.

CLIMATE NORMAL PERIOD 1981 TO 2010
CLIMATE RECORD PERIOD 1943 TO 2016


WEATHER ITEM   OBSERVED RECORD YEAR NORMAL DEPARTURE LAST
                VALUE   VALUE       VALUE  FROM      YEAR
                                           NORMAL
...........................................................
TEMPERATURE (F)
 TODAY
  MAXIMUM        107R   106    2010  99      8       93
                               1975
  MINIMUM         55     46    1987  57     -2       56
                               1947
  AVERAGE         81

PRECIPITATION (IN)
  TODAY            0.00   0.36 2007   0.00   0.00     0.00
  MONTH TO DATE    T                  0.12  -0.12     0.46
  SINCE OCT 1      3.88               4.81  -0.93     2.98
  SINCE JAN 1      3.07               3.19  -0.12     2.52

SNOWFALL (IN)
  TODAY            0.0   MM      MM   0.0    0.0      0.0
  MONTH TO DATE    0.0                0.0    0.0      0.0
  SINCE JUN 1      0.0                0.0    0.0      0.0
  SINCE JUL 1      0.0                0.0    0.0      0.0
  SNOW DEPTH       0

DEGREE DAYS
 HEATING
  TODAY            0                  0      0        0
  MONTH TO DATE    0                  0      0        0
  SINCE JUN 1      3                 19    -16        0
  SINCE JUL 1      0                  0      0        0

 COOLING
  TODAY           16                 13      3       10
  MONTH TO DATE  293                295     -2      273
  SINCE JUN 1    653                509    144      607
  SINCE JAN 1    700                577    123      658
...........................................................


WIND (MPH)
  RESULTANT WIND SPEED   3   RESULTANT WIND DIRECTION   W (260)
  HIGHEST WIND SPEED    23   HIGHEST WIND DIRECTION     W (250)
  HIGHEST GUST SPEED    31   HIGHEST GUST DIRECTION     W (270)
  AVERAGE WIND SPEED     8.2


SKY COVER
  POSSIBLE SUNSHINE  MM
  AVERAGE SKY COVER 0.0


WEATHER CONDITIONS
 THE FOLLOWING WEATHER WAS RECORDED TODAY.
  NO SIGNIFICANT WEATHER WAS OBSERVED.


RELATIVE HUMIDITY (PERCENT)
 HIGHEST    30           500 AM
 LOWEST      3           300 PM
 AVERAGE    17

..........................................................


THE BISHOP CA CLIMATE NORMALS FOR TOMORROW
                         NORMAL    RECORD    YEAR
 MAXIMUM TEMPERATURE (F)   99       107      1980
                                             1975
 MINIMUM TEMPERATURE (F)   57        46      1995
                                             1972


SUNRISE AND SUNSET
JULY 24 2016..........SUNRISE   552 AM PDT   SUNSET   808 PM PDT
JULY 25 2016..........SUNRISE   553 AM PDT   SUNSET   807 PM PDT


-  INDICATES NEGATIVE NUMBERS.
R  INDICATES RECORD WAS SET OR TIED.
MM INDICATES DATA IS MISSING.
T  INDICATES TRACE AMOUNT.




$$
