000
CDUS45 KVEF 270828
CLIBIH


CLIMATE REPORT
NATIONAL WEATHER SERVICE LAS VEGAS, NV
1228 AM PST MON FEB 27 2017


...................................

...THE BISHOP CA CLIMATE SUMMARY FOR FEBRUARY 26 2017...

CLIMATE NORMAL PERIOD 1981 TO 2010
CLIMATE RECORD PERIOD 1943 TO 2017


WEATHER ITEM   OBSERVED TIME   RECORD YEAR NORMAL DEPARTURE LAST
                VALUE   (LST)  VALUE       VALUE  FROM      YEAR
                                                  NORMAL
..................................................................
TEMPERATURE (F)
 YESTERDAY
  MAXIMUM         51    348 PM  80    1986  61    -10       74
  MINIMUM         24    710 AM  17    1969  29     -5       28
                                      1962
                                      1955
  AVERAGE         38                        45     -7       51

PRECIPITATION (IN)
  YESTERDAY        0.00          0.34 1993   0.03  -0.03     0.00
  MONTH TO DATE    2.21                      0.79   1.42     0.06
  SINCE OCT 1      7.80                      3.46   4.34     1.93
  SINCE JAN 1      7.44                      1.84   5.60     1.12

SNOWFALL (IN)
  YESTERDAY        0.0           4.0  1993   0.0    0.0      0.0
  MONTH TO DATE    0.0                       0.7   -0.7      0.0
  SINCE DEC 1      8.6                       7.1    1.5      2.0
  SINCE JUL 1      8.6                       7.4    1.2      2.0
  SNOW DEPTH       0

DEGREE DAYS
 HEATING
  YESTERDAY       27                        20      7       14
  MONTH TO DATE  544                       598    -54      488
  SINCE DEC 1   2208                      2266    -58     2214
  SINCE JUL 1   2951                      3167   -216     3028

 COOLING
  YESTERDAY        0                         0      0        0
  MONTH TO DATE    0                         0      0        0
  SINCE DEC 1      0                         0      0        0
  SINCE JAN 1      0                         0      0        0
..................................................................


WIND (MPH)
  RESULTANT WIND SPEED   2   RESULTANT WIND DIRECTION   S (200)
  HIGHEST WIND SPEED    20   HIGHEST WIND DIRECTION    SE (150)
  HIGHEST GUST SPEED    25   HIGHEST GUST DIRECTION     S (170)
  AVERAGE WIND SPEED     8.1


SKY COVER
  POSSIBLE SUNSHINE  MM
  AVERAGE SKY COVER 0.0


WEATHER CONDITIONS
 THE FOLLOWING WEATHER WAS RECORDED YESTERDAY.
  NO SIGNIFICANT WEATHER WAS OBSERVED.


RELATIVE HUMIDITY (PERCENT)
 HIGHEST    69          1100 PM
 LOWEST     27           300 PM
 AVERAGE    48

..........................................................


THE BISHOP CA CLIMATE NORMALS FOR TODAY
                         NORMAL    RECORD    YEAR
 MAXIMUM TEMPERATURE (F)   61        81      1986
 MINIMUM TEMPERATURE (F)   29         8      1971


SUNRISE AND SUNSET
FEBRUARY 27 2017......SUNRISE   627 AM PST   SUNSET   546 PM PST
FEBRUARY 28 2017......SUNRISE   626 AM PST   SUNSET   547 PM PST


-  INDICATES NEGATIVE NUMBERS.
R  INDICATES RECORD WAS SET OR TIED.
MM INDICATES DATA IS MISSING.
T  INDICATES TRACE AMOUNT.




$$
