000
CDUS45 KBYZ 210950
CLIBIL


CLIMATE REPORT
NATIONAL WEATHER SERVICE BILLINGS MT
348 AM MDT THU AUG 21 2014


...................................

...THE BILLINGS MT CLIMATE SUMMARY FOR AUGUST 20 2014...

CLIMATE NORMAL PERIOD 1981 TO 2010
CLIMATE RECORD PERIOD 1934 TO 2014


WEATHER ITEM   OBSERVED TIME   RECORD YEAR NORMAL DEPARTURE LAST
                VALUE   (LST)  VALUE       VALUE  FROM      YEAR
                                                  NORMAL
..................................................................
TEMPERATURE (F)
 YESTERDAY
  MAXIMUM         83    442 PM  98    1971  85     -2       94
  MINIMUM         60   1159 PM  44    1956  57      3       65
                                      1950
                                      1938
  AVERAGE         72                        71      1       80

PRECIPITATION (IN)
  YESTERDAY        0.07          1.90 1965   0.02   0.05     0.00
  MONTH TO DATE    0.27                      0.49  -0.22     0.19
  SINCE OCT 1     15.08                     12.10   2.98    10.23
  SINCE JAN 1     10.19                      9.79   0.40     8.18

SNOWFALL (IN)
  YESTERDAY        0.0           T    1990   0.0    0.0      0.0
  MONTH TO DATE    0.0                       0.0    0.0       T
  SINCE JUN 1      T                         0.0    0.0       T
  SINCE JUL 1      0.0                       0.0    0.0       T
  SNOW DEPTH       0

DEGREE DAYS
 HEATING
  YESTERDAY        0                         1     -1        0
  MONTH TO DATE    0                         5     -5        0
  SINCE JUN 1     90                       116    -26       73
  SINCE JUL 1      1                        20    -19        0

 COOLING
  YESTERDAY        7                         7      0       15
  MONTH TO DATE  197                       165     32      172
  SINCE JUN 1    520                       506     14      566
  SINCE JAN 1    536                       523     13      593
..................................................................


WIND (MPH)
  HIGHEST WIND SPEED    32   HIGHEST WIND DIRECTION     W (290)
  HIGHEST GUST SPEED    42   HIGHEST GUST DIRECTION     W (290)
  AVERAGE WIND SPEED     9.9


SKY COVER
  POSSIBLE SUNSHINE  MM
  AVERAGE SKY COVER 0.7


WEATHER CONDITIONS
 THE FOLLOWING WEATHER WAS RECORDED YESTERDAY.
  THUNDERSTORM
  RAIN
  LIGHT RAIN


RELATIVE HUMIDITY (PERCENT)
 HIGHEST    78          1000 PM
 LOWEST     26           400 PM
 AVERAGE    52

..........................................................


THE BILLINGS MT CLIMATE NORMALS FOR TODAY
                         NORMAL    RECORD    YEAR
 MAXIMUM TEMPERATURE (F)   85       101      2010
 MINIMUM TEMPERATURE (F)   56        42      1945


SUNRISE AND SUNSET
AUGUST 21 2014........SUNRISE   622 AM MDT   SUNSET   812 PM MDT
AUGUST 22 2014........SUNRISE   623 AM MDT   SUNSET   810 PM MDT


-  INDICATES NEGATIVE NUMBERS.
R  INDICATES RECORD WAS SET OR TIED.
MM INDICATES DATA IS MISSING.
T  INDICATES TRACE AMOUNT.





&&

...THE CLIMATE SUMMARY FOR SOUTHWEST BILLINGS FOR 20 AUGUST 2014...

HIGH TEMPERATURE........................85
LOW TEMPERATURE.........................61

PRECIPITATION...........................0.05
MONTHLY PRECIPITATION TOTAL.............0.36
YEARLY PRECIPITATION TOTAL..............10.92

SNOWFALL................................0.0
MONTHLY SNOWFALL TOTAL..................0.0
TOTAL SNOWFALL SINCE JULY 1.............0.0

SNOW DEPTH AT MIDNIGHT..................0

$$
