000
CDUS45 KBYZ 290940
CLIBIL


CLIMATE REPORT
NATIONAL WEATHER SERVICE BILLINGS MT
340 AM MDT WED JUL 29 2015


...................................

...THE BILLINGS MT CLIMATE SUMMARY FOR JULY 28 2015...

CLIMATE NORMAL PERIOD 1981 TO 2010
CLIMATE RECORD PERIOD 1934 TO 2015


WEATHER ITEM   OBSERVED TIME   RECORD YEAR NORMAL DEPARTURE LAST
                VALUE   (LST)  VALUE       VALUE  FROM      YEAR
                                                  NORMAL
..................................................................
TEMPERATURE (F)
 YESTERDAY
  MAXIMUM         75    442 PM 103    2006  89    -14       92
                                      1947
  MINIMUM         54    336 AM  48    1971  60     -6       60
                                      1949
  AVERAGE         65                        74     -9       76

PRECIPITATION (IN)
  YESTERDAY        0.00          0.20 1971   0.03  -0.03     0.00
  MONTH TO DATE    1.66                      1.21   0.45     0.34
  SINCE OCT 1     10.50                     11.50  -1.00    14.81
  SINCE JAN 1      8.93                      9.19  -0.26     9.92

SNOWFALL (IN)
  YESTERDAY        0.0           0.0  2002   0.0    0.0      0.0
                                      2001
                                      2000
  MONTH TO DATE    T                         0.0    0.0      0.0
  SINCE JUN 1      T                         0.0    0.0       T
  SINCE JUL 1      T                         0.0    0.0      0.0
  SNOW DEPTH       0

DEGREE DAYS
 HEATING
  YESTERDAY        0                         0      0        0
  MONTH TO DATE    1                        12    -11        1
  SINCE JUN 1     19                       108    -89       90
  SINCE JUL 1      1                        12    -11        1

 COOLING
  YESTERDAY        0                        10    -10       11
  MONTH TO DATE  216                       228    -12      266
  SINCE JUN 1    389                       313     76      285
  SINCE JAN 1    392                       330     62      301
..................................................................


WIND (MPH)
  HIGHEST WIND SPEED    33   HIGHEST WIND DIRECTION     W (270)
  HIGHEST GUST SPEED    40   HIGHEST GUST DIRECTION     W (280)
  AVERAGE WIND SPEED    21.9


SKY COVER
  POSSIBLE SUNSHINE  MM
  AVERAGE SKY COVER 0.5


WEATHER CONDITIONS
 THE FOLLOWING WEATHER WAS RECORDED YESTERDAY.
  NO SIGNIFICANT WEATHER WAS OBSERVED.


RELATIVE HUMIDITY (PERCENT)
 HIGHEST    66          1200 AM
 LOWEST     23           300 PM
 AVERAGE    45

..........................................................


THE BILLINGS MT CLIMATE NORMALS FOR TODAY
                         NORMAL    RECORD    YEAR
 MAXIMUM TEMPERATURE (F)   89       102      1939
 MINIMUM TEMPERATURE (F)   60        43      1971


SUNRISE AND SUNSET
JULY 29 2015..........SUNRISE   553 AM MDT   SUNSET   847 PM MDT
JULY 30 2015..........SUNRISE   555 AM MDT   SUNSET   846 PM MDT


-  INDICATES NEGATIVE NUMBERS.
R  INDICATES RECORD WAS SET OR TIED.
MM INDICATES DATA IS MISSING.
T  INDICATES TRACE AMOUNT.





&&

...THE CLIMATE SUMMARY FOR SOUTHWEST BILLINGS FOR 28 JULY 2015...

HIGH TEMPERATURE........................76
LOW TEMPERATURE.........................56

PRECIPITATION...........................0.00
MONTHLY PRECIPITATION TOTAL.............2.55
YEARLY PRECIPITATION TOTAL..............10.61

SNOWFALL................................0.0
MONTHLY SNOWFALL TOTAL..................0.0
TOTAL SNOWFALL SINCE JULY 1.............0.0

SNOW DEPTH AT MIDNIGHT..................0

$$
