000
CDUS45 KBYZ 222223
CLIBIL


CLIMATE REPORT
NATIONAL WEATHER SERVICE BILLINGS MT
423 PM MDT SUN OCT 22 2017


...................................

...THE BILLINGS MT CLIMATE SUMMARY FOR OCTOBER 22 2017...
VALID TODAY AS OF 0400 PM LOCAL TIME.

CLIMATE NORMAL PERIOD 1981 TO 2010
CLIMATE RECORD PERIOD 1934 TO 2017


WEATHER ITEM   OBSERVED TIME   RECORD YEAR NORMAL DEPARTURE LAST
                VALUE   (LST)  VALUE       VALUE  FROM      YEAR
                                                  NORMAL
..................................................................
TEMPERATURE (F)
 TODAY
  MAXIMUM         69    128 PM  80    1939  57     12       64
  MINIMUM         40    200 AM  20    2002  35      5       35
  AVERAGE         55                        46      9       50

PRECIPITATION (IN)
  TODAY            T             0.31 1975   0.03  -0.03     0.00
  MONTH TO DATE    0.28                      0.92  -0.64     3.08
  SINCE OCT 1      0.28                      0.92  -0.64     3.08
  SINCE JAN 1     14.26                     12.27   1.99    12.41

DEGREE DAYS
 HEATING
  TODAY           10                        19     -9       15
  MONTH TO DATE  326                       335     -9      332
  SINCE SEP 1    562                       527     35      493
  SINCE JUL 1    564                       564      0      521

 COOLING
  TODAY            0                         0      0        0
  MONTH TO DATE    1                         0      1        2
  SINCE SEP 1    100                        51     49       54
  SINCE JAN 1    840                       633    207      738
..................................................................


WIND (MPH)
  HIGHEST WIND SPEED    37   HIGHEST WIND DIRECTION    SW (240)
  HIGHEST GUST SPEED    48   HIGHEST GUST DIRECTION    SW (240)
  AVERAGE WIND SPEED    17.2


SKY COVER
  POSSIBLE SUNSHINE  MM
  AVERAGE SKY COVER 0.6


WEATHER CONDITIONS
 THE FOLLOWING WEATHER WAS RECORDED TODAY.
  LIGHT RAIN


RELATIVE HUMIDITY (PERCENT)
 HIGHEST    48           200 AM
 LOWEST     28           100 PM
 AVERAGE    38

..........................................................


THE BILLINGS MT CLIMATE NORMALS FOR TOMORROW
                         NORMAL    RECORD    YEAR
 MAXIMUM TEMPERATURE (F)   57        80      1939
 MINIMUM TEMPERATURE (F)   35        19      2002


SUNRISE AND SUNSET
OCTOBER 22 2017.......SUNRISE   741 AM MDT   SUNSET   616 PM MDT
OCTOBER 23 2017.......SUNRISE   742 AM MDT   SUNSET   614 PM MDT


-  INDICATES NEGATIVE NUMBERS.
R  INDICATES RECORD WAS SET OR TIED.
MM INDICATES DATA IS MISSING.
T  INDICATES TRACE AMOUNT.




$$
