000
CDUS45 KBYZ 302224
CLIBIL


CLIMATE REPORT
NATIONAL WEATHER SERVICE BILLINGS MT
423 PM MDT WED JUL 30 2014


...................................

...THE BILLINGS MT CLIMATE SUMMARY FOR JULY 30 2014...
VALID TODAY AS OF 0400 PM LOCAL TIME.

CLIMATE NORMAL PERIOD 1981 TO 2010
CLIMATE RECORD PERIOD 1934 TO 2014


WEATHER ITEM   OBSERVED TIME   RECORD YEAR NORMAL DEPARTURE LAST
                VALUE   (LST)  VALUE       VALUE  FROM      YEAR
                                                  NORMAL
..................................................................
TEMPERATURE (F)
 TODAY
  MAXIMUM         89    236 PM 102    2000  89      0       79
  MINIMUM         63    611 AM  46    1971  60      3       56
  AVERAGE         76                        74      2       68

PRECIPITATION (IN)
  TODAY            0.00          0.45 1998   0.03  -0.03     0.05
  MONTH TO DATE    0.34                      1.28  -0.94     0.67
  SINCE OCT 1     14.81                     11.57   3.24    10.04
  SINCE JAN 1      9.92                      9.26   0.66     7.99

SNOWFALL (IN)
  TODAY            0.0           0.0  2002   0.0    0.0      0.0
                                      2001
                                      2000
  MONTH TO DATE    0.0                       0.0    0.0      0.0
  SINCE JUN 1      T                         0.0    0.0      0.0
  SINCE JUL 1      0.0                       0.0    0.0      0.0
  SNOW DEPTH       0

DEGREE DAYS
 HEATING
  TODAY            0                         0      0        0
  MONTH TO DATE    1                        12    -11        0
  SINCE JUN 1     90                       108    -18       73
  SINCE JUL 1      1                        12    -11        0

 COOLING
  TODAY           11                         9      2        3
  MONTH TO DATE  290                       247     43      292
  SINCE JUN 1    309                       332    -23      388
  SINCE JAN 1    325                       349    -24      415
..................................................................


WIND (MPH)
  HIGHEST WIND SPEED    18   HIGHEST WIND DIRECTION    SE (120)
  HIGHEST GUST SPEED    23   HIGHEST GUST DIRECTION     E (110)
  AVERAGE WIND SPEED     8.9


SKY COVER
  POSSIBLE SUNSHINE  MM
  AVERAGE SKY COVER 0.3


WEATHER CONDITIONS
 THE FOLLOWING WEATHER WAS RECORDED TODAY.
  NO SIGNIFICANT WEATHER WAS OBSERVED.


RELATIVE HUMIDITY (PERCENT)
 HIGHEST    72           500 AM
 LOWEST     18           200 PM
 AVERAGE    45

..........................................................


THE BILLINGS MT CLIMATE NORMALS FOR TOMORROW
                         NORMAL    RECORD    YEAR
 MAXIMUM TEMPERATURE (F)   89       104      1989
 MINIMUM TEMPERATURE (F)   60        47      1995
                                             1968


SUNRISE AND SUNSET
JULY 30 2014..........SUNRISE   555 AM MDT   SUNSET   845 PM MDT
JULY 31 2014..........SUNRISE   556 AM MDT   SUNSET   844 PM MDT


-  INDICATES NEGATIVE NUMBERS.
R  INDICATES RECORD WAS SET OR TIED.
MM INDICATES DATA IS MISSING.
T  INDICATES TRACE AMOUNT.




$$
