000
CDUS45 KBYZ 300310
CLIBIL


CLIMATE REPORT
NATIONAL WEATHER SERVICE BILLINGS MT
909 PM MDT SUN MAR 29 2015


...................................

...THE BILLINGS MT CLIMATE SUMMARY FOR MARCH 29 2015...
VALID AS OF 0900 PM LOCAL TIME.

CLIMATE NORMAL PERIOD 1981 TO 2010
CLIMATE RECORD PERIOD 1934 TO 2015


WEATHER ITEM   OBSERVED RECORD YEAR NORMAL DEPARTURE LAST
                VALUE   VALUE       VALUE  FROM      YEAR
                                           NORMAL
...........................................................
TEMPERATURE (F)
 TODAY
  MAXIMUM         64     76    1978  52     12
  MINIMUM         41     -5    1987  30     11
  AVERAGE         53

PRECIPITATION (IN)
  TODAY            0.00   1.13 2006   0.05  -0.05      T
  MONTH TO DATE    0.37               0.97  -0.60     0.62
  SINCE OCT 1      3.24               4.24  -1.00     8.59
  SINCE JAN 1      1.67               1.93  -0.26     3.70

...........................................................










-  INDICATES NEGATIVE NUMBERS.
R  INDICATES RECORD WAS SET OR TIED.
MM INDICATES DATA IS MISSING.
T  INDICATES TRACE AMOUNT.




$$
