939
CDUS45 KBYZ 231033
CLIBIL


CLIMATE REPORT
NATIONAL WEATHER SERVICE BILLINGS MT
332 AM MST MON JAN 23 2017


...................................

...THE BILLINGS MT CLIMATE SUMMARY FOR JANUARY 22 2017...

CLIMATE NORMAL PERIOD 1981 TO 2010
CLIMATE RECORD PERIOD 1934 TO 2017


WEATHER ITEM   OBSERVED TIME   RECORD YEAR NORMAL DEPARTURE LAST
                VALUE   (LST)  VALUE       VALUE  FROM      YEAR
                                                  NORMAL
..................................................................
TEMPERATURE (F)
 YESTERDAY
  MAXIMUM         37    339 PM  64    1981  37      0       46
  MINIMUM         21   1144 PM -22    1943  18      3       37
  AVERAGE         29                        28      1       42

PRECIPITATION (IN)
  YESTERDAY        0.00          0.25 2010   0.01  -0.01     0.00
                                      1989
  MONTH TO DATE    0.34                      0.34   0.00     0.36
  SINCE OCT 1      5.90                      2.65   3.25     3.21
  SINCE JAN 1      0.34                      0.34   0.00     0.36

SNOWFALL (IN)
  YESTERDAY        0.0           4.5  2003   0.3   -0.3      0.0
  MONTH TO DATE    6.2                       6.2    0.0      6.4
  SINCE DEC 1     36.6                      14.4   22.2     20.1
  SINCE JUL 1     41.9                      26.1   15.8     24.2
  SNOW DEPTH       3

DEGREE DAYS
 HEATING
  YESTERDAY       36                        37     -1       23
  MONTH TO DATE 1091                       842    249      847
  SINCE DEC 1   2518                      2035    483     1950
  SINCE JUL 1   3777                      3663    114     3338

 COOLING
  YESTERDAY        0                         0      0        0
  MONTH TO DATE    0                         0      0        0
  SINCE DEC 1      0                         0      0        0
  SINCE JAN 1      0                         0      0        0
..................................................................


WIND (MPH)
  HIGHEST WIND SPEED    23   HIGHEST WIND DIRECTION    SW (240)
  HIGHEST GUST SPEED    26   HIGHEST GUST DIRECTION    SW (240)
  AVERAGE WIND SPEED    10.5


SKY COVER
  POSSIBLE SUNSHINE  MM
  AVERAGE SKY COVER 0.4


WEATHER CONDITIONS
 THE FOLLOWING WEATHER WAS RECORDED YESTERDAY.
  NO SIGNIFICANT WEATHER WAS OBSERVED.


RELATIVE HUMIDITY (PERCENT)
 HIGHEST    88           900 PM
 LOWEST     56           100 PM
 AVERAGE    72

..........................................................


THE BILLINGS MT CLIMATE NORMALS FOR TODAY
                         NORMAL    RECORD    YEAR
 MAXIMUM TEMPERATURE (F)   37        61      1981
                                             1961
 MINIMUM TEMPERATURE (F)   18       -23      1969


SUNRISE AND SUNSET
JANUARY 23 2017.......SUNRISE   745 AM MST   SUNSET   508 PM MST
JANUARY 24 2017.......SUNRISE   744 AM MST   SUNSET   509 PM MST


-  INDICATES NEGATIVE NUMBERS.
R  INDICATES RECORD WAS SET OR TIED.
MM INDICATES DATA IS MISSING.
T  INDICATES TRACE AMOUNT.





&&

...THE CLIMATE SUMMARY FOR SOUTHWEST BILLINGS FOR 22 JANUARY 2017...

HIGH TEMPERATURE........................37
LOW TEMPERATURE.........................15

PRECIPITATION...........................0.00
MONTHLY PRECIPITATION TOTAL.............0.38
YEARLY PRECIPITATION TOTAL..............0.38

SNOWFALL................................0.0
MONTHLY SNOWFALL TOTAL..................6.1
TOTAL SNOWFALL SINCE JULY 1.............34.6

SNOW DEPTH AT MIDNIGHT..................6

$$
