000
CDUS45 KBYZ 280812
CLIBIL


CLIMATE REPORT
NATIONAL WEATHER SERVICE BILLINGS MT
211 AM MDT WED JUN 28 2017


...................................

...THE BILLINGS MT CLIMATE SUMMARY FOR JUNE 27 2017...

CLIMATE NORMAL PERIOD 1981 TO 2010
CLIMATE RECORD PERIOD 1934 TO 2017


WEATHER ITEM   OBSERVED TIME   RECORD YEAR NORMAL DEPARTURE LAST
                VALUE   (LST)  VALUE       VALUE  FROM      YEAR
                                                  NORMAL
..................................................................
TEMPERATURE (F)
 YESTERDAY
  MAXIMUM         84    238 PM 102    1936  82      2       86
  MINIMUM         64   1159 PM  38    1951  55      9       56
  AVERAGE         74                        68      6       71

PRECIPITATION (IN)
  YESTERDAY        0.05          1.05 1944   0.06  -0.01     0.00
  MONTH TO DATE    2.00                      1.95   0.05     0.23
  SINCE OCT 1     16.19                     10.12   6.07     8.48
  SINCE JAN 1     10.63                      7.81   2.82     5.63

SNOWFALL (IN)
  YESTERDAY        0.0           0.0  2002   0.0    0.0      0.0
                                      2001
                                      2000
  MONTH TO DATE    0.0                       0.0    0.0       T
  SINCE JUN 1      0.0                       0.0    0.0       T
  SINCE JUL 1     74.1                      55.0   19.1     28.1
  SNOW DEPTH       0

DEGREE DAYS
 HEATING
  YESTERDAY        0                         1     -1        0
  MONTH TO DATE   35                        91    -56       11
  SINCE JUN 1     35                        91    -56       11
  SINCE JUL 1   6600                      6777   -177     5686

 COOLING
  YESTERDAY        9                         5      4        6
  MONTH TO DATE   99                        69     30      156
  SINCE JUN 1     99                        69     30      156
  SINCE JAN 1    114                        86     28      167
..................................................................


WIND (MPH)
  HIGHEST WIND SPEED    36   HIGHEST WIND DIRECTION     W (260)
  HIGHEST GUST SPEED    45   HIGHEST GUST DIRECTION     W (270)
  AVERAGE WIND SPEED    12.4


SKY COVER
  POSSIBLE SUNSHINE  MM
  AVERAGE SKY COVER 0.6


WEATHER CONDITIONS
 THE FOLLOWING WEATHER WAS RECORDED YESTERDAY.
  THUNDERSTORM
  RAIN
  LIGHT RAIN


RELATIVE HUMIDITY (PERCENT)
 HIGHEST    60          1100 PM
 LOWEST     26           100 PM
 AVERAGE    43

..........................................................


THE BILLINGS MT CLIMATE NORMALS FOR TODAY
                         NORMAL    RECORD    YEAR
 MAXIMUM TEMPERATURE (F)   82       102      1966
 MINIMUM TEMPERATURE (F)   55        41      1951


SUNRISE AND SUNSET
JUNE 28 2017..........SUNRISE   527 AM MDT   SUNSET   908 PM MDT
JUNE 29 2017..........SUNRISE   527 AM MDT   SUNSET   908 PM MDT


-  INDICATES NEGATIVE NUMBERS.
R  INDICATES RECORD WAS SET OR TIED.
MM INDICATES DATA IS MISSING.
T  INDICATES TRACE AMOUNT.




$$
