000
CDUS43 KBIS 290727
CLIBIS


CLIMATE REPORT
NATIONAL WEATHER SERVICE BISMARCK ND
127 AM CST THU JAN 29 2015


...................................

...THE BISMARCK ND CLIMATE SUMMARY FOR JANUARY 28 2015...

CLIMATE NORMAL PERIOD 1981 TO 2010
CLIMATE RECORD PERIOD 1875 TO 2015


WEATHER ITEM   OBSERVED TIME   RECORD YEAR NORMAL DEPARTURE LAST
                VALUE   (LST)  VALUE       VALUE  FROM      YEAR
                                                  NORMAL
..................................................................
TEMPERATURE (F)
 YESTERDAY
  MAXIMUM         38    110 PM  46    1919  24     14       11
  MINIMUM         25    752 AM -39    1966   3     22      -10
  AVERAGE         32                        14     18        1

PRECIPITATION (IN)
  YESTERDAY        0.00          0.28 1916   0.01  -0.01     0.00
  MONTH TO DATE    0.67                      0.39   0.28     0.34
  SINCE DEC 1      0.78                      0.88  -0.10     1.60
  SINCE JAN 1      0.67                      0.39   0.28     0.34

SNOWFALL (IN)
  YESTERDAY        0.0           5.2  1996   0.3   -0.3      0.0
  MONTH TO DATE    5.6                       8.2   -2.6      5.0
  SINCE DEC 1      8.0                      17.5   -9.5     20.5
  SINCE JUL 1     15.9                      28.7  -12.8     22.1
  SNOW DEPTH       0

DEGREE DAYS
 HEATING
  YESTERDAY       33                        51    -18       64
  MONTH TO DATE 1289                      1467   -178     1410
  SINCE DEC 1   2684                      2981   -297     3185
  SINCE JUL 1   4756                      4967   -211     5140

 COOLING
  YESTERDAY        0                         0      0        0
  MONTH TO DATE    0                         0      0        0
  SINCE DEC 1      0                         0      0        0
  SINCE JAN 1      0                         0      0        0
..................................................................


WIND (MPH)
  HIGHEST WIND SPEED    29   HIGHEST WIND DIRECTION    NW (330)
  HIGHEST GUST SPEED    40   HIGHEST GUST DIRECTION     N (340)
  AVERAGE WIND SPEED    11.0


SKY COVER
  POSSIBLE SUNSHINE  MM
  AVERAGE SKY COVER 0.4


WEATHER CONDITIONS
 THE FOLLOWING WEATHER WAS RECORDED YESTERDAY.
  FOG


RELATIVE HUMIDITY (PERCENT)
 HIGHEST   100           100 AM
 LOWEST     78           800 PM
 AVERAGE    89

..........................................................


THE BISMARCK ND CLIMATE NORMALS FOR TODAY
                         NORMAL    RECORD    YEAR
 MAXIMUM TEMPERATURE (F)   25        59      1931
 MINIMUM TEMPERATURE (F)    3       -39      1966


SUNRISE AND SUNSET
JANUARY 29 2015.......SUNRISE   811 AM CST   SUNSET   542 PM CST
JANUARY 30 2015.......SUNRISE   810 AM CST   SUNSET   543 PM CST


-  INDICATES NEGATIVE NUMBERS.
R  INDICATES RECORD WAS SET OR TIED.
MM INDICATES DATA IS MISSING.
T  INDICATES TRACE AMOUNT.




$$
