000
CDUS43 KBIS 260726
CLIBIS


CLIMATE REPORT
NATIONAL WEATHER SERVICE BISMARCK ND
225 AM CDT TUE JUL 26 2016


...................................

...THE BISMARCK ND CLIMATE SUMMARY FOR JULY 25 2016...

CLIMATE NORMAL PERIOD 1981 TO 2010
CLIMATE RECORD PERIOD 1875 TO 2016


WEATHER ITEM   OBSERVED TIME   RECORD YEAR NORMAL DEPARTURE LAST
                VALUE   (LST)  VALUE       VALUE  FROM      YEAR
                                                  NORMAL
..................................................................
TEMPERATURE (F)
 YESTERDAY
  MAXIMUM         95    526 PM 106    1931  86      9       89
  MINIMUM         59    515 AM  42    1911  58      1       62
  AVERAGE         77                        72      5       76

PRECIPITATION (IN)
  YESTERDAY        0.00          1.32 1940   0.08  -0.08     0.00
  MONTH TO DATE    3.89                      2.38   1.51     1.51
  SINCE JUN 1      8.27                      5.55   2.72     6.49
  SINCE JAN 1     15.45                     11.02   4.43    13.76

SNOWFALL (IN)
  YESTERDAY        0.0           0.0  2002   0.0    0.0      0.0
                                      2001
  MONTH TO DATE    0.0                       0.0    0.0      0.0
  SINCE JUN 1      0.0                       0.0    0.0      0.0
  SINCE JUL 1      0.0                       0.0    0.0      0.0
  SNOW DEPTH       0

DEGREE DAYS
 HEATING
  YESTERDAY        0                         0      0        0
  MONTH TO DATE    8                        13     -5        7
  SINCE JUN 1     34                       106    -72       50
  SINCE JUL 1      8                        13     -5        7

 COOLING
  YESTERDAY       12                         7      5       11
  MONTH TO DATE  184                       158     26      183
  SINCE JUN 1    310                       241     69      277
  SINCE JAN 1    320                       258     62      283
..................................................................


WIND (MPH)
  HIGHEST WIND SPEED    13   HIGHEST WIND DIRECTION    NE (50)
  HIGHEST GUST SPEED    18   HIGHEST GUST DIRECTION     S (180)
  AVERAGE WIND SPEED     6.4


SKY COVER
  POSSIBLE SUNSHINE  MM
  AVERAGE SKY COVER 0.0


WEATHER CONDITIONS
 THE FOLLOWING WEATHER WAS RECORDED YESTERDAY.
  NO SIGNIFICANT WEATHER WAS OBSERVED.


RELATIVE HUMIDITY (PERCENT)
 HIGHEST    97           300 AM
 LOWEST     33           500 PM
 AVERAGE    65

..........................................................


THE BISMARCK ND CLIMATE NORMALS FOR TODAY
                         NORMAL    RECORD    YEAR
 MAXIMUM TEMPERATURE (F)   86       106      1929
 MINIMUM TEMPERATURE (F)   58        39      1971


SUNRISE AND SUNSET
JULY 26 2016..........SUNRISE   617 AM CDT   SUNSET   922 PM CDT
JULY 27 2016..........SUNRISE   618 AM CDT   SUNSET   921 PM CDT


-  INDICATES NEGATIVE NUMBERS.
R  INDICATES RECORD WAS SET OR TIED.
MM INDICATES DATA IS MISSING.
T  INDICATES TRACE AMOUNT.




$$
