000
CDUS43 KBIS 120730
CLIBIS


CLIMATE REPORT
NATIONAL WEATHER SERVICE BISMARCK ND
129 AM CST TUE DEC 12 2017


...................................

...THE BISMARCK ND CLIMATE SUMMARY FOR DECEMBER 11 2017...

CLIMATE NORMAL PERIOD 1981 TO 2010
CLIMATE RECORD PERIOD 1875 TO 2017


WEATHER ITEM   OBSERVED TIME   RECORD YEAR NORMAL DEPARTURE LAST
                VALUE   (LST)  VALUE       VALUE  FROM      YEAR
                                                  NORMAL
..................................................................
TEMPERATURE (F)
 YESTERDAY
  MAXIMUM         46    147 AM  64    1939  27     19        3
  MINIMUM         17   1139 PM -22    2013   7     10      -16
  AVERAGE         32                        17     15       -6

PRECIPITATION (IN)
  YESTERDAY        0.00          0.45 1893   0.01  -0.01     0.07
  MONTH TO DATE    0.13                      0.17  -0.04     0.55
  SINCE DEC 1      0.13                      0.17  -0.04     0.55
  SINCE JAN 1     13.50                     17.53  -4.03    21.97

SNOWFALL (IN)
  YESTERDAY        0.0           4.5  1995
  MONTH TO DATE    2.5
  SINCE DEC 1      2.5
  SINCE JUL 1      3.8

DEGREE DAYS
 HEATING
  YESTERDAY       33                        48    -15       71
  MONTH TO DATE  375                       505   -130      602
  SINCE DEC 1    375                       505   -130      602
  SINCE JUL 1   2114                      2491   -377     2082

 COOLING
  YESTERDAY        0                         0      0        0
  MONTH TO DATE    0                         0      0        0
  SINCE DEC 1      0                         0      0        0
  SINCE JAN 1    615                       520     95      548
..................................................................


WIND (MPH)
  HIGHEST WIND SPEED    32   HIGHEST WIND DIRECTION    NW (320)
  HIGHEST GUST SPEED    41   HIGHEST GUST DIRECTION     W (290)
  AVERAGE WIND SPEED    13.7


SKY COVER
  POSSIBLE SUNSHINE  MM
  AVERAGE SKY COVER 0.6


WEATHER CONDITIONS
 THE FOLLOWING WEATHER WAS RECORDED YESTERDAY.
  NO SIGNIFICANT WEATHER WAS OBSERVED.


RELATIVE HUMIDITY (PERCENT)
 HIGHEST    92          1100 PM
 LOWEST     40          1200 AM
 AVERAGE    66

..........................................................


THE BISMARCK ND CLIMATE NORMALS FOR TODAY
                         NORMAL    RECORD    YEAR
 MAXIMUM TEMPERATURE (F)   27        56      1924
 MINIMUM TEMPERATURE (F)    7       -31      1917


SUNRISE AND SUNSET
DECEMBER 12 2017......SUNRISE   819 AM CST   SUNSET   455 PM CST
DECEMBER 13 2017......SUNRISE   820 AM CST   SUNSET   455 PM CST


-  INDICATES NEGATIVE NUMBERS.
R  INDICATES RECORD WAS SET OR TIED.
MM INDICATES DATA IS MISSING.
T  INDICATES TRACE AMOUNT.




$$
