000
CDUS43 KBIS 280729
CLIBIS


CLIMATE REPORT
NATIONAL WEATHER SERVICE BISMARCK ND
129 AM CST SAT FEB 28 2015


...................................

...THE BISMARCK ND CLIMATE SUMMARY FOR FEBRUARY 27 2015...

CLIMATE NORMAL PERIOD 1981 TO 2010
CLIMATE RECORD PERIOD 1875 TO 2015


WEATHER ITEM   OBSERVED TIME   RECORD YEAR NORMAL DEPARTURE LAST
                VALUE   (LST)  VALUE       VALUE  FROM      YEAR
                                                  NORMAL
..................................................................
TEMPERATURE (F)
 YESTERDAY
  MAXIMUM         20    453 PM  65    1932  32    -12       15
  MINIMUM        -16    733 AM -27    1962  13    -29      -12
  AVERAGE          2                        22    -20        2

PRECIPITATION (IN)
  YESTERDAY        0.00          0.58 1958   0.02  -0.02     0.00
  MONTH TO DATE    0.39                      0.48  -0.09     0.19
  SINCE DEC 1      1.25                      1.40  -0.15     1.83
  SINCE JAN 1      1.14                      0.91   0.23     0.57

SNOWFALL (IN)
  YESTERDAY        0.0           5.6  1958   0.4   -0.4      0.0
  MONTH TO DATE    5.4                       7.8   -2.4      2.3
  SINCE DEC 1     15.0                      26.0  -11.0     23.6
  SINCE JUL 1     22.9                      37.2  -14.3     25.2
  SNOW DEPTH       1

DEGREE DAYS
 HEATING
  YESTERDAY       63                        43     20       63
  MONTH TO DATE 1423                      1272    151     1483
  SINCE DEC 1   4236                      4404   -168     4837
  SINCE JUL 1   6308                      6390    -82     6792

 COOLING
  YESTERDAY        0                         0      0        0
  MONTH TO DATE    0                         0      0        0
  SINCE DEC 1      0                         0      0        0
  SINCE JAN 1      0                         0      0        0
..................................................................


WIND (MPH)
  HIGHEST WIND SPEED    18   HIGHEST WIND DIRECTION     S (160)
  HIGHEST GUST SPEED    22   HIGHEST GUST DIRECTION     S (200)
  AVERAGE WIND SPEED     7.4


SKY COVER
  POSSIBLE SUNSHINE  MM
  AVERAGE SKY COVER 0.0


WEATHER CONDITIONS
 THE FOLLOWING WEATHER WAS RECORDED YESTERDAY.
  NO SIGNIFICANT WEATHER WAS OBSERVED.


RELATIVE HUMIDITY (PERCENT)
 HIGHEST    87           600 AM
 LOWEST     47           100 PM
 AVERAGE    67

..........................................................


THE BISMARCK ND CLIMATE NORMALS FOR TODAY
                         NORMAL    RECORD    YEAR
 MAXIMUM TEMPERATURE (F)   33        59      1924
 MINIMUM TEMPERATURE (F)   13       -34      1962


SUNRISE AND SUNSET
FEBRUARY 28 2015......SUNRISE   725 AM CST   SUNSET   627 PM CST
MARCH  1 2015.........SUNRISE   723 AM CST   SUNSET   628 PM CST


-  INDICATES NEGATIVE NUMBERS.
R  INDICATES RECORD WAS SET OR TIED.
MM INDICATES DATA IS MISSING.
T  INDICATES TRACE AMOUNT.




$$
