000
CDUS43 KBIS 020731
CLIBIS


CLIMATE REPORT
NATIONAL WEATHER SERVICE BISMARCK ND
223 AM CDT SUN AUG 2 2015


...................................

...THE BISMARCK ND CLIMATE SUMMARY FOR AUGUST 1 2015...

CLIMATE NORMAL PERIOD 1981 TO 2010
CLIMATE RECORD PERIOD 1875 TO 2015


WEATHER ITEM   OBSERVED TIME   RECORD YEAR NORMAL DEPARTURE LAST
                VALUE   (LST)  VALUE       VALUE  FROM      YEAR
                                                  NORMAL
..................................................................
TEMPERATURE (F)
 YESTERDAY
  MAXIMUM         92    447 PM 105    1900  86      6       92
  MINIMUM         56    522 AM  40    1968  58     -2       58
  AVERAGE         74                        72      2       75

PRECIPITATION (IN)
  YESTERDAY        0.01          2.92 1915   0.08  -0.07     1.16
  MONTH TO DATE    0.01                      0.08  -0.07     1.16
  SINCE JUN 1      6.50                      6.14   0.36     4.91
  SINCE JAN 1     13.77                     11.61   2.16     9.10

SNOWFALL (IN)
  YESTERDAY        0.0           0.0  2002   0.0    0.0      0.0
                                      2001
  MONTH TO DATE    0.0                       0.0    0.0      0.0
  SINCE JUN 1      0.0                       0.0    0.0      0.0
  SINCE JUL 1      0.0                       0.0    0.0      0.0
  SNOW DEPTH       0

DEGREE DAYS
 HEATING
  YESTERDAY        0                         0      0        0
  MONTH TO DATE    0                         0      0        0
  SINCE JUN 1     50                       110    -60      122
  SINCE JUL 1      7                        17    -10       28

 COOLING
  YESTERDAY        9                         7      2       10
  MONTH TO DATE    9                         7      2       10
  SINCE JUN 1    328                       294     34      211
  SINCE JAN 1    334                       311     23      262
..................................................................


WIND (MPH)
  HIGHEST WIND SPEED    12   HIGHEST WIND DIRECTION     N (360)
  HIGHEST GUST SPEED    17   HIGHEST GUST DIRECTION    NE (30)
  AVERAGE WIND SPEED     5.9


SKY COVER
  POSSIBLE SUNSHINE  MM
  AVERAGE SKY COVER 0.0


WEATHER CONDITIONS
 THE FOLLOWING WEATHER WAS RECORDED YESTERDAY.
  LIGHT RAIN


RELATIVE HUMIDITY (PERCENT)
 HIGHEST    93           400 AM
 LOWEST     25           500 PM
 AVERAGE    59

..........................................................


THE BISMARCK ND CLIMATE NORMALS FOR TODAY
                         NORMAL    RECORD    YEAR
 MAXIMUM TEMPERATURE (F)   86       101      1989
 MINIMUM TEMPERATURE (F)   58        40      1971


SUNRISE AND SUNSET
AUGUST  2 2015........SUNRISE   624 AM CDT   SUNSET   914 PM CDT
AUGUST  3 2015........SUNRISE   625 AM CDT   SUNSET   912 PM CDT


-  INDICATES NEGATIVE NUMBERS.
R  INDICATES RECORD WAS SET OR TIED.
MM INDICATES DATA IS MISSING.
T  INDICATES TRACE AMOUNT.




$$
