000
CDUS43 KBIS 020745
CLIBIS


CLIMATE REPORT
NATIONAL WEATHER SERVICE BISMARCK ND
244 AM CDT TUE SEP 2 2014


...................................

...THE BISMARCK ND CLIMATE SUMMARY FOR SEPTEMBER 1 2014...

CLIMATE NORMAL PERIOD 1981 TO 2010
CLIMATE RECORD PERIOD 1875 TO 2014


WEATHER ITEM   OBSERVED TIME   RECORD YEAR NORMAL DEPARTURE LAST
                VALUE   (LST)  VALUE       VALUE  FROM      YEAR
                                                  NORMAL
..................................................................
TEMPERATURE (F)
 YESTERDAY
  MAXIMUM         75    400 PM 103    1983  79     -4       74
  MINIMUM         50    553 AM  32    1974  51     -1       53
  AVERAGE         63                        65     -2       64

PRECIPITATION (IN)
  YESTERDAY        0.00          1.15 2008   0.07  -0.07     0.00
  MONTH TO DATE    0.00                      0.07  -0.07     0.00
  SINCE SEP 1      0.00                      0.07  -0.07     0.00
  SINCE JAN 1     12.69                     13.88  -1.19    16.31

SNOWFALL (IN)
  YESTERDAY        0.0           0.0  2002   0.0    0.0      0.0
                                      2001
  MONTH TO DATE    0.0                       0.0    0.0      0.0
  SINCE SEP 1      0.0                       0.0    0.0      0.0
  SINCE JUL 1      0.0                       0.0    0.0      0.0
  SNOW DEPTH       0

DEGREE DAYS
 HEATING
  YESTERDAY        2                         3     -1        1
  MONTH TO DATE    2                         3     -1        1
  SINCE SEP 1      2                         3     -1        1
  SINCE JUL 1     64                        58      6       29

 COOLING
  YESTERDAY        0                         3     -3        0
  MONTH TO DATE    0                         3     -3        0
  SINCE SEP 1      0                         3     -3        0
  SINCE JAN 1    406                       484    -78      480
..................................................................


WIND (MPH)
  HIGHEST WIND SPEED    20   HIGHEST WIND DIRECTION    NW (330)
  HIGHEST GUST SPEED    24   HIGHEST GUST DIRECTION    NW (310)
  AVERAGE WIND SPEED     7.9


SKY COVER
  POSSIBLE SUNSHINE  MM
  AVERAGE SKY COVER 0.0


WEATHER CONDITIONS
 THE FOLLOWING WEATHER WAS RECORDED YESTERDAY.
  NO SIGNIFICANT WEATHER WAS OBSERVED.


RELATIVE HUMIDITY (PERCENT)
 HIGHEST   100           300 AM
 LOWEST     35           400 PM
 AVERAGE    68

..........................................................


THE BISMARCK ND CLIMATE NORMALS FOR TODAY
                         NORMAL    RECORD    YEAR
 MAXIMUM TEMPERATURE (F)   78       102      1976
 MINIMUM TEMPERATURE (F)   51        34      1974


SUNRISE AND SUNSET
SEPTEMBER  2 2014.....SUNRISE   704 AM CDT   SUNSET   820 PM CDT
SEPTEMBER  3 2014.....SUNRISE   705 AM CDT   SUNSET   818 PM CDT


-  INDICATES NEGATIVE NUMBERS.
R  INDICATES RECORD WAS SET OR TIED.
MM INDICATES DATA IS MISSING.
T  INDICATES TRACE AMOUNT.




$$
