000
CDUS43 KBIS 120738
CLIBIS


CLIMATE REPORT
NATIONAL WEATHER SERVICE BISMARCK ND
238 AM CDT SAT JUL 12 2014


...................................

...THE BISMARCK ND CLIMATE SUMMARY FOR JULY 11 2014...

CLIMATE NORMAL PERIOD 1981 TO 2010
CLIMATE RECORD PERIOD 1875 TO 2014


WEATHER ITEM   OBSERVED TIME   RECORD YEAR NORMAL DEPARTURE LAST
                VALUE   (LST)  VALUE       VALUE  FROM      YEAR
                                                  NORMAL
..................................................................
TEMPERATURE (F)
 YESTERDAY
  MAXIMUM         83    518 PM 109    1973  84     -1       92
  MINIMUM         60    531 AM  44    1951  57      3       60
  AVERAGE         72                        71      1       76

PRECIPITATION (IN)
  YESTERDAY        T             1.26 2000   0.10  -0.10     0.00
  MONTH TO DATE    0.42                      1.09  -0.67     0.38
  SINCE JUN 1      3.44                      4.26  -0.82     3.09
  SINCE JAN 1      7.63                      9.73  -2.10    13.69

SNOWFALL (IN)
  YESTERDAY        0.0           0.0  2002   0.0    0.0      0.0
                                      2001
  MONTH TO DATE    0.0                       0.0    0.0      0.0
  SINCE JUN 1      0.0                       0.0    0.0      0.0
  SINCE JUL 1      0.0                       0.0    0.0      0.0
  SNOW DEPTH       0

DEGREE DAYS
 HEATING
  YESTERDAY        0                         1     -1        0
  MONTH TO DATE   12                        11      1        0
  SINCE JUN 1    106                       104      2       86
  SINCE JUL 1     12                        11      1        0

 COOLING
  YESTERDAY        7                         6      1       11
  MONTH TO DATE   50                        61    -11       72
  SINCE JUN 1    103                       144    -41      156
  SINCE JAN 1    154                       161     -7      168
..................................................................


WIND (MPH)
  HIGHEST WIND SPEED    18   HIGHEST WIND DIRECTION     N (360)
  HIGHEST GUST SPEED    23   HIGHEST GUST DIRECTION     N (350)
  AVERAGE WIND SPEED     7.4


SKY COVER
  POSSIBLE SUNSHINE  MM
  AVERAGE SKY COVER 0.2


WEATHER CONDITIONS
 THE FOLLOWING WEATHER WAS RECORDED YESTERDAY.
  LIGHT RAIN
  FOG
  FOG W/VISIBILITY <= 1/4 MILE
  HAZE


RELATIVE HUMIDITY (PERCENT)
 HIGHEST   100           700 AM
 LOWEST     31           400 PM
 AVERAGE    66

..........................................................


THE BISMARCK ND CLIMATE NORMALS FOR TODAY
                         NORMAL    RECORD    YEAR
 MAXIMUM TEMPERATURE (F)   84       105      2006
 MINIMUM TEMPERATURE (F)   57        41      1975


SUNRISE AND SUNSET
JULY 12 2014..........SUNRISE   601 AM CDT   SUNSET   936 PM CDT
JULY 13 2014..........SUNRISE   602 AM CDT   SUNSET   935 PM CDT


-  INDICATES NEGATIVE NUMBERS.
R  INDICATES RECORD WAS SET OR TIED.
MM INDICATES DATA IS MISSING.
T  INDICATES TRACE AMOUNT.




$$
