000
CDUS43 KBIS 250045
CLIBIS


CLIMATE REPORT
NATIONAL WEATHER SERVICE BISMARCK ND
744 PM CDT FRI MAR 24 2017


...................................

...THE BISMARCK ND CLIMATE SUMMARY FOR MARCH 24 2017...
VALID TODAY AS OF 0700 PM LOCAL TIME.

CLIMATE NORMAL PERIOD 1981 TO 2010
CLIMATE RECORD PERIOD 1875 TO 2017


WEATHER ITEM   OBSERVED TIME   RECORD YEAR NORMAL DEPARTURE LAST
                VALUE   (LST)  VALUE       VALUE  FROM      YEAR
                                                  NORMAL
..................................................................
TEMPERATURE (F)
 TODAY
  MAXIMUM         47    428 PM  79    1939  45      2       61
  MINIMUM         25    648 AM -11    1965  23      2       14
  AVERAGE         36                        34      2       38

PRECIPITATION (IN)
  TODAY            0.00          0.78 2009   0.04  -0.04     0.00
  MONTH TO DATE    0.52                      0.65  -0.13     0.19
  SINCE MAR 1      0.52                      0.65  -0.13     0.19
  SINCE JAN 1      1.92                      1.59   0.33     0.83

SNOWFALL (IN)
  TODAY            0.0           7.9  2009   0.3   -0.3      0.0
  MONTH TO DATE    8.7                       7.3    1.4      2.4
  SINCE MAR 1      8.7                       7.3    1.4      2.4
  SINCE JUL 1     71.6                      44.8   26.8     23.0
  SNOW DEPTH       T

DEGREE DAYS
 HEATING
  TODAY           29                        31     -2       27
  MONTH TO DATE  919                       881     38      635
  SINCE MAR 1    919                       881     38      635
  SINCE JUL 1   6921                      7312   -391     5955

 COOLING
  TODAY            0                         0      0        0
  MONTH TO DATE    0                         0      0        0
  SINCE MAR 1      0                         0      0        0
  SINCE JAN 1      0                         0      0        0
..................................................................


WIND (MPH)
  RESULTANT WIND SPEED   5   RESULTANT WIND DIRECTION   E (80)
  HIGHEST WIND SPEED    15   HIGHEST WIND DIRECTION     E (80)
  HIGHEST GUST SPEED    18   HIGHEST GUST DIRECTION     E (80)
  AVERAGE WIND SPEED     6.1


SKY COVER
  POSSIBLE SUNSHINE  MM
  AVERAGE SKY COVER 0.0


WEATHER CONDITIONS
 THE FOLLOWING WEATHER WAS RECORDED TODAY.
  FOG


RELATIVE HUMIDITY (PERCENT)
 HIGHEST    92           300 AM
 LOWEST     60           400 PM
 AVERAGE    76

..........................................................


THE BISMARCK ND CLIMATE NORMALS FOR TOMORROW
                         NORMAL    RECORD    YEAR
 MAXIMUM TEMPERATURE (F)   45        81      2007
 MINIMUM TEMPERATURE (F)   23       -15      1893


SUNRISE AND SUNSET
MARCH 24 2017.........SUNRISE   737 AM CDT   SUNSET   802 PM CDT
MARCH 25 2017.........SUNRISE   736 AM CDT   SUNSET   803 PM CDT


-  INDICATES NEGATIVE NUMBERS.
R  INDICATES RECORD WAS SET OR TIED.
MM INDICATES DATA IS MISSING.
T  INDICATES TRACE AMOUNT.




$$
