000
CDUS43 KBIS 050721
CLIBIS


CLIMATE REPORT
NATIONAL WEATHER SERVICE BISMARCK ND
221 AM CDT THU MAY 5 2016


...................................

...THE BISMARCK ND CLIMATE SUMMARY FOR MAY 4 2016...

CLIMATE NORMAL PERIOD 1981 TO 2010
CLIMATE RECORD PERIOD 1875 TO 2016


WEATHER ITEM   OBSERVED TIME   RECORD YEAR NORMAL DEPARTURE LAST
                VALUE   (LST)  VALUE       VALUE  FROM      YEAR
                                                  NORMAL
..................................................................
TEMPERATURE (F)
 YESTERDAY
  MAXIMUM         80    530 PM  94    1926  65     15       70
  MINIMUM         35    502 AM  20    1954  38     -3       30
  AVERAGE         58                        52      6       50

PRECIPITATION (IN)
  YESTERDAY        0.00          1.33 1914   0.07  -0.07     0.00
  MONTH TO DATE    0.05                      0.26  -0.21      T
  SINCE MAR 1      4.63                      2.39   2.24     0.82
  SINCE JAN 1      5.27                      3.33   1.94     1.96

SNOWFALL (IN)
  YESTERDAY        0.0           4.9  1950   0.0    0.0      0.0
  MONTH TO DATE    0.0                       0.1   -0.1      0.0
  SINCE MAR 1      3.5                      13.4   -9.9      1.0
  SINCE JUL 1     24.1                      50.9  -26.8     23.9
  SNOW DEPTH       0

DEGREE DAYS
 HEATING
  YESTERDAY        7                        14     -7       15
  MONTH TO DATE   44                        57    -13       34
  SINCE MAR 1   1437                      1781   -344     1503
  SINCE JUL 1   6757                      8212  -1455     7864

 COOLING
  YESTERDAY        0                         0      0        0
  MONTH TO DATE    0                         0      0        0
  SINCE MAR 1      0                         1     -1        0
  SINCE JAN 1      0                         1     -1        0
..................................................................


WIND (MPH)
  HIGHEST WIND SPEED    14   HIGHEST WIND DIRECTION    SE (150)
  HIGHEST GUST SPEED    17   HIGHEST GUST DIRECTION    SE (150)
  AVERAGE WIND SPEED     4.1


SKY COVER
  POSSIBLE SUNSHINE  MM
  AVERAGE SKY COVER 0.0


WEATHER CONDITIONS
 THE FOLLOWING WEATHER WAS RECORDED YESTERDAY.
  NO SIGNIFICANT WEATHER WAS OBSERVED.


RELATIVE HUMIDITY (PERCENT)
 HIGHEST    89           500 AM
 LOWEST     26          1100 AM
 AVERAGE    58

..........................................................


THE BISMARCK ND CLIMATE NORMALS FOR TODAY
                         NORMAL    RECORD    YEAR
 MAXIMUM TEMPERATURE (F)   65        97      1926
 MINIMUM TEMPERATURE (F)   39        19      1944


SUNRISE AND SUNSET
MAY  5 2016...........SUNRISE   621 AM CDT   SUNSET   859 PM CDT
MAY  6 2016...........SUNRISE   620 AM CDT   SUNSET   900 PM CDT


-  INDICATES NEGATIVE NUMBERS.
R  INDICATES RECORD WAS SET OR TIED.
MM INDICATES DATA IS MISSING.
T  INDICATES TRACE AMOUNT.




$$
