000
CDUS43 KGRR 310515
CLIBIV


CLIMATE REPORT
NATIONAL WEATHER SERVICE GRAND RAPIDS, MI
1214 AM EST SAT JAN 31 2015


...................................

...THE HOLLAND/TULIP CITY MI CLIMATE SUMMARY FOR JANUARY 30 2015...

CLIMATE NORMAL PERIOD 1981 TO 2010
CLIMATE RECORD PERIOD 1996 TO 2015


WEATHER ITEM   OBSERVED TIME   NORMAL DEPARTURE LAST
                VALUE   (LST)  VALUE  FROM      YEAR
                                      NORMAL
......................................................
TEMPERATURE (F)
 YESTERDAY
  MAXIMUM         26   1225 AM  32     -6       33
  MINIMUM         19   1158 PM  20     -1       17
  AVERAGE         23            26     -3       25

PRECIPITATION (IN)
  YESTERDAY        T             0.06  -0.06     0.01
  MONTH TO DATE    0.64          2.02  -1.38     2.29
  SINCE DEC 1      2.03          4.32  -2.29     3.92
  SINCE JAN 1      0.64          2.02  -1.38     2.29

DEGREE DAYS
 HEATING
  YESTERDAY       42            39      3       40
  MONTH TO DATE 1237          1161     76     1381
  SINCE DEC 1   2172          2206    -34     2561
  SINCE JUL 1   3563          3429    134     3797

 COOLING
  YESTERDAY        0             0      0        0
  MONTH TO DATE    0             0      0        0
  SINCE DEC 1      0             0      0        0
  SINCE JAN 1      0             0      0        0
......................................................


WIND (MPH)
  RESULTANT WIND SPEED   5   RESULTANT WIND DIRECTION  NW (320)
  HIGHEST WIND SPEED    17   HIGHEST WIND DIRECTION     N (340)
  HIGHEST GUST SPEED    27   HIGHEST GUST DIRECTION    NW (330)
  AVERAGE WIND SPEED     7.1


SKY COVER
  AVERAGE SKY COVER 0.7


WEATHER CONDITIONS
 THE FOLLOWING WEATHER WAS RECORDED YESTERDAY.
  LIGHT SNOW


RELATIVE HUMIDITY (PERCENT)
 HIGHEST    73          1100 PM
 LOWEST     50          1200 PM
 AVERAGE    62

..........................................................


THE HOLLAND/TULIP CITY MI CLIMATE NORMALS FOR TODAY
                         NORMAL
 MAXIMUM TEMPERATURE (F)   32
 MINIMUM TEMPERATURE (F)   20


SUNRISE AND SUNSET
JANUARY 31 2015.......SUNRISE   801 AM EST   SUNSET   556 PM EST
FEBRUARY  1 2015......SUNRISE   800 AM EST   SUNSET   557 PM EST


-  INDICATES NEGATIVE NUMBERS.
R  INDICATES RECORD WAS SET OR TIED.
MM INDICATES DATA IS MISSING.
T  INDICATES TRACE AMOUNT.




$$

63
