000
CDUS43 KGRR 220516
CLIBIV


CLIMATE REPORT
NATIONAL WEATHER SERVICE GRAND RAPIDS, MI
116 AM EDT TUE AUG 22 2017


...................................

...THE HOLLAND/TULIP CITY MI CLIMATE SUMMARY FOR AUGUST 21 2017...

CLIMATE NORMAL PERIOD 1981 TO 2010
CLIMATE RECORD PERIOD 1996 TO 2017


WEATHER ITEM   OBSERVED TIME   NORMAL DEPARTURE LAST
                VALUE   (LST)  VALUE  FROM      YEAR
                                      NORMAL
......................................................
TEMPERATURE (F)
 YESTERDAY
  MAXIMUM         81    437 PM  81      0       72
  MINIMUM         66    521 AM  61      5       57
  AVERAGE         74            71      3       65

PRECIPITATION (IN)
  YESTERDAY        0.09          0.13  -0.04     0.06
  MONTH TO DATE    2.75          2.34   0.41     4.44
  SINCE JUN 1      9.33          9.39  -0.06     8.10
  SINCE JAN 1     24.50         21.98   2.52    21.23

DEGREE DAYS
 HEATING
  YESTERDAY        0             0      0        0
  MONTH TO DATE    3             0      3        0
  SINCE JUN 1     24            54    -30       43
  SINCE JUL 1      4             6     -2        7

 COOLING
  YESTERDAY        9             6      3        0
  MONTH TO DATE   91           142    -51      180
  SINCE JUN 1    443           523    -80      556
  SINCE JAN 1    474           565    -91      615
......................................................


WIND (MPH)
  RESULTANT WIND SPEED   4   RESULTANT WIND DIRECTION  SW (210)
  HIGHEST WIND SPEED    21   HIGHEST WIND DIRECTION     S (200)
  HIGHEST GUST SPEED    25   HIGHEST GUST DIRECTION    SW (220)
  AVERAGE WIND SPEED     5.4


SKY COVER
  AVERAGE SKY COVER 0.1


WEATHER CONDITIONS
 THE FOLLOWING WEATHER WAS RECORDED YESTERDAY.
  LIGHT RAIN
  FOG
  HAZE


RELATIVE HUMIDITY (PERCENT)
 HIGHEST    93           500 AM
 LOWEST     69          1100 AM
 AVERAGE    81

..........................................................


THE HOLLAND/TULIP CITY MI CLIMATE NORMALS FOR TODAY
                         NORMAL
 MAXIMUM TEMPERATURE (F)   81
 MINIMUM TEMPERATURE (F)   61


SUNRISE AND SUNSET
AUGUST 22 2017........SUNRISE   659 AM EDT   SUNSET   835 PM EDT
AUGUST 23 2017........SUNRISE   700 AM EDT   SUNSET   834 PM EDT


-  INDICATES NEGATIVE NUMBERS.
R  INDICATES RECORD WAS SET OR TIED.
MM INDICATES DATA IS MISSING.
T  INDICATES TRACE AMOUNT.




$$
