000
CDUS43 KGRR 050518
CLIBIV


CLIMATE REPORT
NATIONAL WEATHER SERVICE GRAND RAPIDS, MI
118 AM EDT THU MAY 5 2016


...................................

...THE HOLLAND/TULIP CITY MI CLIMATE SUMMARY FOR MAY 4 2016...

CLIMATE NORMAL PERIOD 1981 TO 2010
CLIMATE RECORD PERIOD 1996 TO 2016


WEATHER ITEM   OBSERVED TIME   NORMAL DEPARTURE LAST
                VALUE   (LST)  VALUE  FROM      YEAR
                                      NORMAL
......................................................
TEMPERATURE (F)
 YESTERDAY
  MAXIMUM         MM        MM  65     MM       64
  MINIMUM         MM        MM  45     MM       49
  AVERAGE         MM            55     MM       57

PRECIPITATION (IN)
  YESTERDAY        0.68          0.12   0.56     0.14
  MONTH TO DATE    1.07          0.47   0.60     0.14
  SINCE MAR 1      7.99          5.99   2.00     4.68
  SINCE JAN 1     11.85          9.88   1.97     6.16

DEGREE DAYS
 HEATING
  YESTERDAY       MM            11     MM        8
  MONTH TO DATE   45            44      1       32
  SINCE MAR 1   1348          1423    -75     1502
  SINCE JUL 1   5338          5923   -585     6469

 COOLING
  YESTERDAY       MM             0     MM        0
  MONTH TO DATE    0             0      0        1
  SINCE MAR 1      1             4     -3        1
  SINCE JAN 1      1             4     -3        1
......................................................


WIND (MPH)
  RESULTANT WIND SPEED   9   RESULTANT WIND DIRECTION  NW (320)
  HIGHEST WIND SPEED    16   HIGHEST WIND DIRECTION    NW (320)
  HIGHEST GUST SPEED    29   HIGHEST GUST DIRECTION    NW (320)
  AVERAGE WIND SPEED    10.2


SKY COVER
  AVERAGE SKY COVER 0.9


WEATHER CONDITIONS
 THE FOLLOWING WEATHER WAS RECORDED YESTERDAY.
  HEAVY RAIN
  RAIN
  LIGHT RAIN


RELATIVE HUMIDITY (PERCENT)
 HIGHEST    86           200 AM
 LOWEST     71           300 AM
 AVERAGE    79

..........................................................


THE HOLLAND/TULIP CITY MI CLIMATE NORMALS FOR TODAY
                         NORMAL
 MAXIMUM TEMPERATURE (F)   65
 MINIMUM TEMPERATURE (F)   45


SUNRISE AND SUNSET
MAY  5 2016...........SUNRISE   633 AM EDT   SUNSET   850 PM EDT
MAY  6 2016...........SUNRISE   632 AM EDT   SUNSET   851 PM EDT


-  INDICATES NEGATIVE NUMBERS.
R  INDICATES RECORD WAS SET OR TIED.
MM INDICATES DATA IS MISSING.
T  INDICATES TRACE AMOUNT.




$$
