000
CDUS43 KGRR 062226
CLIBIV


CLIMATE REPORT
NATIONAL WEATHER SERVICE GRAND RAPIDS, MI
525 PM EST FRI MAR 6 2015


...................................

...THE HOLLAND/TULIP CITY MI CLIMATE SUMMARY FOR MARCH 6 2015...
VALID TODAY AS OF 0500 PM LOCAL TIME.

CLIMATE NORMAL PERIOD 1981 TO 2010
CLIMATE RECORD PERIOD 1996 TO 2015


WEATHER ITEM   OBSERVED TIME   NORMAL DEPARTURE LAST
                VALUE   (LST)  VALUE  FROM      YEAR
                                      NORMAL
......................................................
TEMPERATURE (F)
 TODAY
  MAXIMUM         25    459 PM  41    -16       30
  MINIMUM         -1    204 AM  26    -27        4
  AVERAGE         12            33    -21       17

PRECIPITATION (IN)
  TODAY            0.00          0.08  -0.08     0.00
  MONTH TO DATE    0.22          0.49  -0.27     0.13
  SINCE MAR 1      0.22          0.49  -0.27     0.13
  SINCE JAN 1      1.70          4.38  -2.68     4.09

DEGREE DAYS
 HEATING
  TODAY           53            32     21       48
  MONTH TO DATE  274           195     79      310
  SINCE MAR 1    274           195     79      310
  SINCE JUL 1   5241          4695    546     5468

 COOLING
  TODAY            0             0      0        0
  MONTH TO DATE    0             0      0        0
  SINCE MAR 1      0             0      0        0
  SINCE JAN 1      0             0      0        0
......................................................


WIND (MPH)
  RESULTANT WIND SPEED  11   RESULTANT WIND DIRECTION   S (190)
  HIGHEST WIND SPEED    22   HIGHEST WIND DIRECTION     S (190)
  HIGHEST GUST SPEED    27   HIGHEST GUST DIRECTION     S (190)
  AVERAGE WIND SPEED    11.1


SKY COVER
  AVERAGE SKY COVER 0.5


WEATHER CONDITIONS
 THE FOLLOWING WEATHER WAS RECORDED TODAY.
  HAZE


RELATIVE HUMIDITY (PERCENT)
 HIGHEST    86           200 AM
 LOWEST     42           300 PM
 AVERAGE    64

..........................................................


THE HOLLAND/TULIP CITY MI CLIMATE NORMALS FOR TOMORROW
                         NORMAL
 MAXIMUM TEMPERATURE (F)   41
 MINIMUM TEMPERATURE (F)   26


SUNRISE AND SUNSET
MARCH  6 2015.........SUNRISE   713 AM EST   SUNSET   640 PM EST
MARCH  7 2015.........SUNRISE   711 AM EST   SUNSET   641 PM EST


-  INDICATES NEGATIVE NUMBERS.
R  INDICATES RECORD WAS SET OR TIED.
MM INDICATES DATA IS MISSING.
T  INDICATES TRACE AMOUNT.




$$

CAS
