000
CDUS43 KGRR 280516
CLIBIV


CLIMATE REPORT
NATIONAL WEATHER SERVICE GRAND RAPIDS, MI
116 AM EDT FRI APR 28 2017


...................................

...THE HOLLAND/TULIP CITY MI CLIMATE SUMMARY FOR APRIL 27 2017...

CLIMATE NORMAL PERIOD 1981 TO 2010
CLIMATE RECORD PERIOD 1996 TO 2017


WEATHER ITEM   OBSERVED TIME   NORMAL DEPARTURE LAST
                VALUE   (LST)  VALUE  FROM      YEAR
                                      NORMAL
......................................................
TEMPERATURE (F)
 YESTERDAY
  MAXIMUM         64    902 AM  63      1       60
  MINIMUM         44   1159 PM  43      1       36
  AVERAGE         54            53      1       48

PRECIPITATION (IN)
  YESTERDAY        0.01          0.14  -0.13     0.00
  MONTH TO DATE    4.27          2.78   1.49     2.38
  SINCE MAR 1      7.38          5.05   2.33     6.25
  SINCE JAN 1     12.04          8.94   3.10    10.11

DEGREE DAYS
 HEATING
  YESTERDAY       11            13     -2       17
  MONTH TO DATE  362           469   -107      490
  SINCE MAR 1   1245          1343    -98     1246
  SINCE JUL 1   5107          5843   -736     5236

 COOLING
  YESTERDAY        0             0      0        0
  MONTH TO DATE    8             0      8        1
  SINCE MAR 1      8             0      8        1
  SINCE JAN 1      8             0      8        1
......................................................


WIND (MPH)
  RESULTANT WIND SPEED  15   RESULTANT WIND DIRECTION  SW (230)
  HIGHEST WIND SPEED    38   HIGHEST WIND DIRECTION    SW (230)
  HIGHEST GUST SPEED    47   HIGHEST GUST DIRECTION    SW (230)
  AVERAGE WIND SPEED    15.9


SKY COVER
  AVERAGE SKY COVER 0.8


WEATHER CONDITIONS
 THE FOLLOWING WEATHER WAS RECORDED YESTERDAY.
  LIGHT RAIN
  FOG
  HAZE


RELATIVE HUMIDITY (PERCENT)
 HIGHEST    93           200 AM
 LOWEST     63           900 AM
 AVERAGE    78

..........................................................


THE HOLLAND/TULIP CITY MI CLIMATE NORMALS FOR TODAY
                         NORMAL
 MAXIMUM TEMPERATURE (F)   63
 MINIMUM TEMPERATURE (F)   43


SUNRISE AND SUNSET
APRIL 28 2017.........SUNRISE   643 AM EDT   SUNSET   842 PM EDT
APRIL 29 2017.........SUNRISE   641 AM EDT   SUNSET   843 PM EDT


-  INDICATES NEGATIVE NUMBERS.
R  INDICATES RECORD WAS SET OR TIED.
MM INDICATES DATA IS MISSING.
T  INDICATES TRACE AMOUNT.




$$
