000
CDUS46 KBOI 010935
CLIBKE


CLIMATE REPORT
NATIONAL WEATHER SERVICE BOISE ID
332 AM MDT SAT AUG 1 2015


...................................

...THE BAKER OR CLIMATE SUMMARY FOR JULY 31 2015...

CLIMATE NORMAL PERIOD 1981 TO 2010
CLIMATE RECORD PERIOD 1948 TO 2015


WEATHER ITEM   OBSERVED TIME   RECORD YEAR NORMAL DEPARTURE LAST
                VALUE   (LST)  VALUE       VALUE  FROM      YEAR
                                                  NORMAL
..................................................................
TEMPERATURE (F)
 YESTERDAY
  MAXIMUM         99    225 PM 100    1959  87     12       91
  MINIMUM         46    454 AM  38    1954  47     -1       50
  AVERAGE         73                        67      6       71

PRECIPITATION (IN)
  YESTERDAY        0.00          0.26 1994   0.02  -0.02      T
  MONTH TO DATE    2.72                      0.65   2.07     0.05
  SINCE OCT 1      9.46                      8.87   0.59     6.09
  SINCE JAN 1      7.26                      6.36   0.90     4.92

DEGREE DAYS
 HEATING
  YESTERDAY        0                         1     -1        0
  MONTH TO DATE   40                        67    -27       13
  SINCE JUN 1    124                       296   -172      246
  SINCE JUL 1     40                        70    -30       13

 COOLING
  YESTERDAY        8                         3      5        6
  MONTH TO DATE   83                        75      8      165
  SINCE JUN 1    151                        91     60      165
  SINCE JAN 1    152                        93     59      165
..................................................................


WIND (MPH)
  RESULTANT WIND SPEED   1   RESULTANT WIND DIRECTION   W (250)
  HIGHEST WIND SPEED    12   HIGHEST WIND DIRECTION     E (100)
  HIGHEST GUST SPEED    15   HIGHEST GUST DIRECTION     E (100)
  AVERAGE WIND SPEED     2.3


SKY COVER
  AVERAGE SKY COVER 0.0


WEATHER CONDITIONS
 THE FOLLOWING WEATHER WAS RECORDED YESTERDAY.
  NO SIGNIFICANT WEATHER WAS OBSERVED.


RELATIVE HUMIDITY (PERCENT)
 HIGHEST    86           500 AM
 LOWEST     13           200 PM
 AVERAGE    50

..........................................................


THE BAKER OR CLIMATE NORMALS FOR TODAY
                         NORMAL    RECORD    YEAR
 MAXIMUM TEMPERATURE (F)   87       102      1961
 MINIMUM TEMPERATURE (F)   47        32      2002


SUNRISE AND SUNSET
AUGUST  1 2015........SUNRISE   537 AM PDT   SUNSET   818 PM PDT
AUGUST  2 2015........SUNRISE   538 AM PDT   SUNSET   816 PM PDT


-  INDICATES NEGATIVE NUMBERS.
R  INDICATES RECORD WAS SET OR TIED.
MM INDICATES DATA IS MISSING.
T  INDICATES TRACE AMOUNT.




$$
