000
CDUS46 KBOI 270930
CLIBKE


CLIMATE REPORT
NATIONAL WEATHER SERVICE BOISE ID
330 AM MDT WED AUG 27 2014


...................................

...THE BAKER OR CLIMATE SUMMARY FOR AUGUST 26 2014...

CLIMATE NORMAL PERIOD 1981 TO 2010
CLIMATE RECORD PERIOD 1948 TO 2014


WEATHER ITEM   OBSERVED TIME   RECORD YEAR NORMAL DEPARTURE LAST
                VALUE   (LST)  VALUE       VALUE  FROM      YEAR
                                                  NORMAL
..................................................................
TEMPERATURE (F)
 YESTERDAY
  MAXIMUM         82    407 PM  99    2001  82      0       88
  MINIMUM         41    425 AM  29    1992  43     -2       39
  AVERAGE         62                        62      0       64

PRECIPITATION (IN)
  YESTERDAY        0.00          0.44 1953   0.02  -0.02     0.00
  MONTH TO DATE    0.51                      0.58  -0.07     0.47
  SINCE OCT 1      6.60                      9.45  -2.85     8.33
  SINCE JAN 1      5.43                      6.94  -1.51     6.15

DEGREE DAYS
 HEATING
  YESTERDAY        3                         4     -1        1
  MONTH TO DATE   46                        58    -12       11
  SINCE JUN 1    292                       354    -62      228
  SINCE JUL 1     59                       128    -69       32

 COOLING
  YESTERDAY        0                         1     -1        0
  MONTH TO DATE   68                        61      7       81
  SINCE JUN 1    233                       152     81      210
  SINCE JAN 1    233                       154     79      214
..................................................................


WIND (MPH)
  RESULTANT WIND SPEED   1   RESULTANT WIND DIRECTION   W (280)
  HIGHEST WIND SPEED     9   HIGHEST WIND DIRECTION    NW (310)
  HIGHEST GUST SPEED    13   HIGHEST GUST DIRECTION    NW (320)
  AVERAGE WIND SPEED     2.7


SKY COVER
  AVERAGE SKY COVER 0.0


WEATHER CONDITIONS
 THE FOLLOWING WEATHER WAS RECORDED YESTERDAY.
  NO SIGNIFICANT WEATHER WAS OBSERVED.


RELATIVE HUMIDITY (PERCENT)
 HIGHEST   100           300 AM
 LOWEST     17           400 PM
 AVERAGE    59

..........................................................


THE BAKER OR CLIMATE NORMALS FOR TODAY
                         NORMAL    RECORD    YEAR
 MAXIMUM TEMPERATURE (F)   82        96      1999
 MINIMUM TEMPERATURE (F)   43        33      1992


SUNRISE AND SUNSET
AUGUST 27 2014........SUNRISE   608 AM PDT   SUNSET   737 PM PDT
AUGUST 28 2014........SUNRISE   609 AM PDT   SUNSET   735 PM PDT


-  INDICATES NEGATIVE NUMBERS.
R  INDICATES RECORD WAS SET OR TIED.
MM INDICATES DATA IS MISSING.
T  INDICATES TRACE AMOUNT.




$$
