000
CDUS46 KBOI 230932
CLIBKE


CLIMATE REPORT
NATIONAL WEATHER SERVICE BOISE ID
231 AM MST MON JAN 23 2017


...................................

...THE BAKER OR CLIMATE SUMMARY FOR JANUARY 22 2017...

CLIMATE NORMAL PERIOD 1981 TO 2010
CLIMATE RECORD PERIOD 1948 TO 2017


WEATHER ITEM   OBSERVED TIME   RECORD YEAR NORMAL DEPARTURE LAST
                VALUE   (LST)  VALUE       VALUE  FROM      YEAR
                                                  NORMAL
..................................................................
TEMPERATURE (F)
 YESTERDAY
  MAXIMUM         34    330 PM  49    1981  34      0       39
  MINIMUM         17    657 PM -28    1962  17      0       28
  AVERAGE         26                        26      0       34

PRECIPITATION (IN)
  YESTERDAY        T             0.44 1970   0.02  -0.02     0.00
  MONTH TO DATE    0.47                      0.60  -0.13     0.22
  SINCE OCT 1      3.21                      3.11   0.10     2.76
  SINCE JAN 1      0.47                      0.60  -0.13     0.22

DEGREE DAYS
 HEATING
  YESTERDAY       39                        40     -1       31
  MONTH TO DATE 1183                       889    294      823
  SINCE DEC 1   2736                      2137    599     1969
  SINCE JUL 1   4510                      4174    336     3820

 COOLING
  YESTERDAY        0                         0      0        0
  MONTH TO DATE    0                         0      0        0
  SINCE DEC 1      0                         0      0        0
  SINCE JAN 1      0                         0      0        0
..................................................................


WIND (MPH)
  RESULTANT WIND SPEED  12   RESULTANT WIND DIRECTION  SE (120)
  HIGHEST WIND SPEED    29   HIGHEST WIND DIRECTION     E (110)
  HIGHEST GUST SPEED    37   HIGHEST GUST DIRECTION     E (110)
  AVERAGE WIND SPEED    12.6


SKY COVER
  AVERAGE SKY COVER 0.6


WEATHER CONDITIONS
 THE FOLLOWING WEATHER WAS RECORDED YESTERDAY.
  LIGHT SNOW
  FOG
  FOG W/VISIBILITY <= 1/4 MILE


RELATIVE HUMIDITY (PERCENT)
 HIGHEST    96           600 PM
 LOWEST     75           300 PM
 AVERAGE    86

..........................................................


THE BAKER OR CLIMATE NORMALS FOR TODAY
                         NORMAL    RECORD    YEAR
 MAXIMUM TEMPERATURE (F)   34        50      1970
 MINIMUM TEMPERATURE (F)   17       -22      1962


SUNRISE AND SUNSET
JANUARY 23 2017.......SUNRISE   719 AM PST   SUNSET   447 PM PST
JANUARY 24 2017.......SUNRISE   718 AM PST   SUNSET   449 PM PST


-  INDICATES NEGATIVE NUMBERS.
R  INDICATES RECORD WAS SET OR TIED.
MM INDICATES DATA IS MISSING.
T  INDICATES TRACE AMOUNT.




$$
