000
CDUS46 KBOI 210948
CLIBKE


CLIMATE REPORT
NATIONAL WEATHER SERVICE BOISE ID
348 AM MDT TUE OCT 21 2014


...................................

...THE BAKER OR CLIMATE SUMMARY FOR OCTOBER 20 2014...

CLIMATE NORMAL PERIOD 1981 TO 2010
CLIMATE RECORD PERIOD 1948 TO 2014


WEATHER ITEM   OBSERVED TIME   RECORD YEAR NORMAL DEPARTURE LAST
                VALUE   (LST)  VALUE       VALUE  FROM      YEAR
                                                  NORMAL
..................................................................
TEMPERATURE (F)
 YESTERDAY
  MAXIMUM         75    201 PM  78    2003  59     16       66
  MINIMUM         39    439 AM  16    1990  27     12       23
  AVERAGE         57                        43     14       45

PRECIPITATION (IN)
  YESTERDAY        T             0.35 2004   0.02  -0.02     0.00
  MONTH TO DATE    0.02                      0.37  -0.35     0.03
  SINCE OCT 1      0.02                      0.37  -0.35     0.03
  SINCE JAN 1      6.02                      7.99  -1.97     7.80

DEGREE DAYS
 HEATING
  YESTERDAY        8                        22    -14       20
  MONTH TO DATE  282                       371    -89      460
  SINCE SEP 1    492                       662   -170      699
  SINCE JUL 1    569                       813   -244      731

 COOLING
  YESTERDAY        0                         0      0        0
  MONTH TO DATE    0                         0      0        0
  SINCE SEP 1     15                         9      6       28
  SINCE JAN 1    250                       169     81      258
..................................................................


WIND (MPH)
  RESULTANT WIND SPEED   7   RESULTANT WIND DIRECTION  SE (130)
  HIGHEST WIND SPEED    29   HIGHEST WIND DIRECTION    NW (320)
  HIGHEST GUST SPEED    37   HIGHEST GUST DIRECTION    NW (320)
  AVERAGE WIND SPEED    12.4


SKY COVER
  AVERAGE SKY COVER 0.1


WEATHER CONDITIONS
 THE FOLLOWING WEATHER WAS RECORDED YESTERDAY.
  LIGHT RAIN


RELATIVE HUMIDITY (PERCENT)
 HIGHEST    71           800 PM
 LOWEST     16          1100 AM
 AVERAGE    44

..........................................................


THE BAKER OR CLIMATE NORMALS FOR TODAY
                         NORMAL    RECORD    YEAR
 MAXIMUM TEMPERATURE (F)   58        80      2003
 MINIMUM TEMPERATURE (F)   27        13      1996


SUNRISE AND SUNSET
OCTOBER 21 2014.......SUNRISE   715 AM PDT   SUNSET   556 PM PDT
OCTOBER 22 2014.......SUNRISE   716 AM PDT   SUNSET   555 PM PDT


-  INDICATES NEGATIVE NUMBERS.
R  INDICATES RECORD WAS SET OR TIED.
MM INDICATES DATA IS MISSING.
T  INDICATES TRACE AMOUNT.




$$
