664
CDUS46 KBOI 290930
CLIBKE


CLIMATE REPORT
NATIONAL WEATHER SERVICE BOISE ID
330 AM MDT THU SEP 29 2016


...................................

...THE BAKER OR CLIMATE SUMMARY FOR SEPTEMBER 28 2016...

CLIMATE NORMAL PERIOD 1981 TO 2010
CLIMATE RECORD PERIOD 1948 TO 2016


WEATHER ITEM   OBSERVED TIME   RECORD YEAR NORMAL DEPARTURE LAST
                VALUE   (LST)  VALUE       VALUE  FROM      YEAR
                                                  NORMAL
..................................................................
TEMPERATURE (F)
 YESTERDAY
  MAXIMUM         87    149 PM  91    1963  70     17       73
  MINIMUM         38    433 AM  19    1999  32      6       26
  AVERAGE         63                        51     12       50

PRECIPITATION (IN)
  YESTERDAY        0.00          0.62 1977   0.02  -0.02     0.00
  MONTH TO DATE    0.07                      0.52  -0.45     0.68
  SINCE OCT 1      6.24                     10.10  -3.86    10.16
  SINCE JAN 1      3.70                      7.59  -3.89     7.96

DEGREE DAYS
 HEATING
  YESTERDAY        2                        14    -12       15
  MONTH TO DATE  300                       261     39      263
  SINCE SEP 1    300                       261     39      263
  SINCE JUL 1    446                       412     34      359

 COOLING
  YESTERDAY        0                         0      0        0
  MONTH TO DATE    0                         7     -7        2
  SINCE SEP 1      0                         7     -7        2
  SINCE JAN 1    132                       167    -35      225
..................................................................


WIND (MPH)
  RESULTANT WIND SPEED   2   RESULTANT WIND DIRECTION  SE (120)
  HIGHEST WIND SPEED    18   HIGHEST WIND DIRECTION     E (100)
  HIGHEST GUST SPEED    23   HIGHEST GUST DIRECTION     E (100)
  AVERAGE WIND SPEED     3.7


SKY COVER
  AVERAGE SKY COVER 0.0


WEATHER CONDITIONS
 THE FOLLOWING WEATHER WAS RECORDED YESTERDAY.
  NO SIGNIFICANT WEATHER WAS OBSERVED.


RELATIVE HUMIDITY (PERCENT)
 HIGHEST    93           400 AM
 LOWEST     17           100 PM
 AVERAGE    55

..........................................................


THE BAKER OR CLIMATE NORMALS FOR TODAY
                         NORMAL    RECORD    YEAR
 MAXIMUM TEMPERATURE (F)   69        90      1963
 MINIMUM TEMPERATURE (F)   32        21      1985


SUNRISE AND SUNSET
SEPTEMBER 29 2016.....SUNRISE   647 AM PDT   SUNSET   634 PM PDT
SEPTEMBER 30 2016.....SUNRISE   649 AM PDT   SUNSET   633 PM PDT


-  INDICATES NEGATIVE NUMBERS.
R  INDICATES RECORD WAS SET OR TIED.
MM INDICATES DATA IS MISSING.
T  INDICATES TRACE AMOUNT.




$$
