000
CDUS46 KBOI 130931
CLIBKE


CLIMATE REPORT
NATIONAL WEATHER SERVICE BOISE ID
231 AM MST WED DEC 13 2017


...................................

...THE BAKER OR CLIMATE SUMMARY FOR DECEMBER 12 2017...

CLIMATE NORMAL PERIOD 1981 TO 2010
CLIMATE RECORD PERIOD 1928 TO 2017


WEATHER ITEM   OBSERVED TIME   RECORD YEAR NORMAL DEPARTURE LAST
                VALUE   (LST)  VALUE       VALUE  FROM      YEAR
                                                  NORMAL
..................................................................
TEMPERATURE (F)
 YESTERDAY
  MAXIMUM         27    335 PM  60    1995  34     -7       29
  MINIMUM          6    531 AM -12    1932  16    -10        3
  AVERAGE         17                        25     -8       16

PRECIPITATION (IN)
  YESTERDAY        0.00          0.52 1995   0.03  -0.03     0.05
  MONTH TO DATE    0.02                      0.38  -0.36     0.26
  SINCE OCT 1      1.11                      1.91  -0.80     2.07
  SINCE JAN 1      6.85                      9.53  -2.68     5.77

DEGREE DAYS
 HEATING
  YESTERDAY       48                        40      8       49
  MONTH TO DATE  465                       468     -3      526
  SINCE DEC 1    465                       468     -3      526
  SINCE JUL 1   2095                      2505   -410     2300

 COOLING
  YESTERDAY        0                         0      0        0
  MONTH TO DATE    0                         0      0        0
  SINCE DEC 1      0                         0      0        0
  SINCE JAN 1    357                       169    188      132
..................................................................


WIND (MPH)
  RESULTANT WIND SPEED   2   RESULTANT WIND DIRECTION   E (100)
  HIGHEST WIND SPEED    10   HIGHEST WIND DIRECTION     E (100)
  HIGHEST GUST SPEED    12   HIGHEST GUST DIRECTION     E (100)
  AVERAGE WIND SPEED     2.7


SKY COVER
  AVERAGE SKY COVER 0.8


WEATHER CONDITIONS
 THE FOLLOWING WEATHER WAS RECORDED YESTERDAY.
  FOG
  HAZE


RELATIVE HUMIDITY (PERCENT)
 HIGHEST    84           700 AM
 LOWEST     73          1200 AM
 AVERAGE    79

..........................................................


THE BAKER OR CLIMATE NORMALS FOR TODAY
                         NORMAL    RECORD    YEAR
 MAXIMUM TEMPERATURE (F)   34        59      1929
 MINIMUM TEMPERATURE (F)   16       -14      1972


SUNRISE AND SUNSET
DECEMBER 13 2017......SUNRISE   721 AM PST   SUNSET   410 PM PST
DECEMBER 14 2017......SUNRISE   721 AM PST   SUNSET   411 PM PST


-  INDICATES NEGATIVE NUMBERS.
R  INDICATES RECORD WAS SET OR TIED.
MM INDICATES DATA IS MISSING.
T  INDICATES TRACE AMOUNT.




$$
