438
CDUS46 KBOI 240932
CLIBKE


CLIMATE REPORT
NATIONAL WEATHER SERVICE BOISE ID
232 AM MST SAT FEB 24 2018


...................................

...THE BAKER OR CLIMATE SUMMARY FOR FEBRUARY 23 2018...

CLIMATE NORMAL PERIOD 1981 TO 2010
CLIMATE RECORD PERIOD 1928 TO 2018


WEATHER ITEM   OBSERVED TIME   RECORD YEAR NORMAL DEPARTURE LAST
                VALUE   (LST)  VALUE       VALUE  FROM      YEAR
                                                  NORMAL
..................................................................
TEMPERATURE (F)
 YESTERDAY
  MAXIMUM         31    225 PM  66    1995  43    -12       34
  MINIMUM          7R   614 AM   7    1975  20    -13       23
  AVERAGE         19                        32    -13       29

PRECIPITATION (IN)
  YESTERDAY        0.00          0.32 1986   0.02  -0.02     0.00
  MONTH TO DATE    0.13                      0.47  -0.34     0.89
  SINCE OCT 1      2.35                      3.78  -1.43     4.31
  SINCE JAN 1      1.09                      1.27  -0.18     1.57

DEGREE DAYS
 HEATING
  YESTERDAY       46                        33     13       36
  MONTH TO DATE  741                       833    -92      712
  SINCE DEC 1   2912                      3319   -407     3866
  SINCE JUL 1   4542                      5356   -814     5640

 COOLING
  YESTERDAY        0                         0      0        0
  MONTH TO DATE    0                         0      0        0
  SINCE DEC 1      0                         0      0        0
  SINCE JAN 1      0                         0      0        0
..................................................................


WIND (MPH)
  RESULTANT WIND SPEED   0   RESULTANT WIND DIRECTION   S (160)
  HIGHEST WIND SPEED     9   HIGHEST WIND DIRECTION    NW (310)
  HIGHEST GUST SPEED    13   HIGHEST GUST DIRECTION     N (10)
  AVERAGE WIND SPEED     3.5


SKY COVER
  AVERAGE SKY COVER 0.3


WEATHER CONDITIONS
 THE FOLLOWING WEATHER WAS RECORDED YESTERDAY.
  NO SIGNIFICANT WEATHER WAS OBSERVED.


RELATIVE HUMIDITY (PERCENT)
 HIGHEST    73           400 AM
 LOWEST     36           100 PM
 AVERAGE    55

..........................................................


THE BAKER OR CLIMATE NORMALS FOR TODAY
                         NORMAL    RECORD    YEAR
 MAXIMUM TEMPERATURE (F)   43        66      1986
 MINIMUM TEMPERATURE (F)   21         9      1933


SUNRISE AND SUNSET
FEBRUARY 24 2018......SUNRISE   637 AM PST   SUNSET   532 PM PST
FEBRUARY 25 2018......SUNRISE   636 AM PST   SUNSET   534 PM PST


-  INDICATES NEGATIVE NUMBERS.
R  INDICATES RECORD WAS SET OR TIED.
MM INDICATES DATA IS MISSING.
T  INDICATES TRACE AMOUNT.




$$
