000
CDUS46 KBOI 230931
CLIBKE


CLIMATE REPORT
NATIONAL WEATHER SERVICE BOISE ID
330 AM MDT SAT MAY 23 2015


...................................

...THE BAKER OR CLIMATE SUMMARY FOR MAY 22 2015...

CLIMATE NORMAL PERIOD 1981 TO 2010
CLIMATE RECORD PERIOD 1948 TO 2015


WEATHER ITEM   OBSERVED TIME   RECORD YEAR NORMAL DEPARTURE LAST
                VALUE   (LST)  VALUE       VALUE  FROM      YEAR
                                                  NORMAL
..................................................................
TEMPERATURE (F)
 YESTERDAY
  MAXIMUM         71    132 PM  89    2001  68      3       80
  MINIMUM         41    504 AM  30    2013  38      3       37
                                      1966
  AVERAGE         56                        53      3       59

PRECIPITATION (IN)
  YESTERDAY        0.09          0.45 2006   0.06   0.03     0.00
  MONTH TO DATE    1.87                      1.01   0.86     0.47
  SINCE OCT 1      6.31                      6.57  -0.26     4.91
  SINCE JAN 1      4.11                      4.06   0.05     3.74

DEGREE DAYS
 HEATING
  YESTERDAY        9                        12     -3        6
  MONTH TO DATE  282                       332    -50      294
  SINCE MAR 1   1648                      1825   -177     1693
  SINCE JUL 1   6324                      7345  -1021     7219

 COOLING
  YESTERDAY        0                         0      0        0
  MONTH TO DATE    0                         0      0        0
  SINCE MAR 1      0                         0      0        0
  SINCE JAN 1      0                         0      0        0
..................................................................


WIND (MPH)
  RESULTANT WIND SPEED   3   RESULTANT WIND DIRECTION  NW (320)
  HIGHEST WIND SPEED    31   HIGHEST WIND DIRECTION    NW (310)
  HIGHEST GUST SPEED    38   HIGHEST GUST DIRECTION    NW (320)
  AVERAGE WIND SPEED     7.1


SKY COVER
  AVERAGE SKY COVER 0.4


WEATHER CONDITIONS
 THE FOLLOWING WEATHER WAS RECORDED YESTERDAY.
  THUNDERSTORM
  LIGHT RAIN
  FOG


RELATIVE HUMIDITY (PERCENT)
 HIGHEST   100           100 AM
 LOWEST     47           100 PM
 AVERAGE    74

..........................................................


THE BAKER OR CLIMATE NORMALS FOR TODAY
                         NORMAL    RECORD    YEAR
 MAXIMUM TEMPERATURE (F)   68        94      2001
 MINIMUM TEMPERATURE (F)   38        22      1966


SUNRISE AND SUNSET
MAY 23 2015...........SUNRISE   515 AM PDT   SUNSET   822 PM PDT
MAY 24 2015...........SUNRISE   514 AM PDT   SUNSET   823 PM PDT


-  INDICATES NEGATIVE NUMBERS.
R  INDICATES RECORD WAS SET OR TIED.
MM INDICATES DATA IS MISSING.
T  INDICATES TRACE AMOUNT.




$$
