000
CDUS46 KBOI 290932
CLIBKE


CLIMATE REPORT
NATIONAL WEATHER SERVICE BOISE ID
332 AM MDT FRI JUL 29 2016


...................................

...THE BAKER OR CLIMATE SUMMARY FOR JULY 28 2016...

CLIMATE NORMAL PERIOD 1981 TO 2010
CLIMATE RECORD PERIOD 1948 TO 2016


WEATHER ITEM   OBSERVED TIME   RECORD YEAR NORMAL DEPARTURE LAST
                VALUE   (LST)  VALUE       VALUE  FROM      YEAR
                                                  NORMAL
..................................................................
TEMPERATURE (F)
 YESTERDAY
  MAXIMUM         94    324 PM 100    1999  87      7       78
  MINIMUM         48    445 AM  33    2015  47      1       33
  AVERAGE         71                        67      4       56

PRECIPITATION (IN)
  YESTERDAY        0.00          0.81 1970   0.01  -0.01     0.00
  MONTH TO DATE    0.80                      0.59   0.21     2.72
  SINCE OCT 1      6.05                      8.81  -2.76     9.46
  SINCE JAN 1      3.51                      6.30  -2.79     7.26

DEGREE DAYS
 HEATING
  YESTERDAY        0                         1     -1        9
  MONTH TO DATE   83                        64     19       38
  SINCE JUN 1    275                       290    -15      122
  SINCE JUL 1     83                        64     19       38

 COOLING
  YESTERDAY        6                         3      3        0
  MONTH TO DATE   29                        65    -36       71
  SINCE JUN 1     75                        81     -6      139
  SINCE JAN 1     75                        83     -8      140
..................................................................


WIND (MPH)
  RESULTANT WIND SPEED   3   RESULTANT WIND DIRECTION  NW (300)
  HIGHEST WIND SPEED    15   HIGHEST WIND DIRECTION    NW (320)
  HIGHEST GUST SPEED    19   HIGHEST GUST DIRECTION    NW (320)
  AVERAGE WIND SPEED     6.1


SKY COVER
  AVERAGE SKY COVER 0.0


WEATHER CONDITIONS
 THE FOLLOWING WEATHER WAS RECORDED YESTERDAY.
  NO SIGNIFICANT WEATHER WAS OBSERVED.


RELATIVE HUMIDITY (PERCENT)
 HIGHEST    86           500 AM
 LOWEST     16           400 PM
 AVERAGE    51

..........................................................


THE BAKER OR CLIMATE NORMALS FOR TODAY
                         NORMAL    RECORD    YEAR
 MAXIMUM TEMPERATURE (F)   87        98      2003
 MINIMUM TEMPERATURE (F)   47        35      1959


SUNRISE AND SUNSET
JULY 29 2016..........SUNRISE   534 AM PDT   SUNSET   820 PM PDT
JULY 30 2016..........SUNRISE   535 AM PDT   SUNSET   819 PM PDT


-  INDICATES NEGATIVE NUMBERS.
R  INDICATES RECORD WAS SET OR TIED.
MM INDICATES DATA IS MISSING.
T  INDICATES TRACE AMOUNT.




$$
