000
CDUS46 KBOI 260931
CLIBKE


CLIMATE REPORT
NATIONAL WEATHER SERVICE BOISE ID
331 AM MDT MON JUN 26 2017


...................................

...THE BAKER OR CLIMATE SUMMARY FOR JUNE 25 2017...

CLIMATE NORMAL PERIOD 1981 TO 2010
CLIMATE RECORD PERIOD 1928 TO 2017


WEATHER ITEM   OBSERVED TIME   RECORD YEAR NORMAL DEPARTURE LAST
                VALUE   (LST)  VALUE       VALUE  FROM      YEAR
                                                  NORMAL
..................................................................
TEMPERATURE (F)
 YESTERDAY
  MAXIMUM         93    423 PM  96    1970  77     16       79
  MINIMUM         41    355 AM  30    1966  44     -3       31
  AVERAGE         67                        60      7       55

PRECIPITATION (IN)
  YESTERDAY        0.00          0.55 1942   0.03  -0.03     0.00
  MONTH TO DATE    0.95                      1.03  -0.08     0.37
  SINCE OCT 1      7.48                      8.07  -0.59     5.25
  SINCE JAN 1      4.74                      5.56  -0.82     2.71

DEGREE DAYS
 HEATING
  YESTERDAY        0                         6     -6       10
  MONTH TO DATE  169                       201    -32      191
  SINCE JUN 1    169                       201    -32      191
  SINCE JUL 1   7847                      7648    199     6874

 COOLING
  YESTERDAY        2                         1      1        0
  MONTH TO DATE   17                        10      7       23
  SINCE JUN 1     17                        10      7       23
  SINCE JAN 1     17                        12      5       23
..................................................................


WIND (MPH)
  RESULTANT WIND SPEED   2   RESULTANT WIND DIRECTION   E (110)
  HIGHEST WIND SPEED    14   HIGHEST WIND DIRECTION     E (110)
  HIGHEST GUST SPEED    20   HIGHEST GUST DIRECTION    NE (60)
  AVERAGE WIND SPEED     4.5


SKY COVER
  AVERAGE SKY COVER 0.0


WEATHER CONDITIONS
 THE FOLLOWING WEATHER WAS RECORDED YESTERDAY.
  FOG
  FOG W/VISIBILITY <= 1/4 MILE


RELATIVE HUMIDITY (PERCENT)
 HIGHEST   100           400 AM
 LOWEST     13           300 PM
 AVERAGE    57

..........................................................


THE BAKER OR CLIMATE NORMALS FOR TODAY
                         NORMAL    RECORD    YEAR
 MAXIMUM TEMPERATURE (F)   77        96      2002
 MINIMUM TEMPERATURE (F)   44        30      1976


SUNRISE AND SUNSET
JUNE 26 2017..........SUNRISE   507 AM PDT   SUNSET   841 PM PDT
JUNE 27 2017..........SUNRISE   507 AM PDT   SUNSET   841 PM PDT


-  INDICATES NEGATIVE NUMBERS.
R  INDICATES RECORD WAS SET OR TIED.
MM INDICATES DATA IS MISSING.
T  INDICATES TRACE AMOUNT.




$$
