000
CDUS46 KBOI 090931
CLIBKE


CLIMATE REPORT
NATIONAL WEATHER SERVICE BOISE ID
231 AM MST TUE FEB 9 2016


...................................

...THE BAKER OR CLIMATE SUMMARY FOR FEBRUARY 8 2016...

CLIMATE NORMAL PERIOD 1981 TO 2010
CLIMATE RECORD PERIOD 1948 TO 2016


WEATHER ITEM   OBSERVED TIME   RECORD YEAR NORMAL DEPARTURE LAST
                VALUE   (LST)  VALUE       VALUE  FROM      YEAR
                                                  NORMAL
..................................................................
TEMPERATURE (F)
 YESTERDAY
  MAXIMUM         46    246 PM  57    2015  38      8       57
  MINIMUM         19    725 AM -27    1989  18      1       40
  AVERAGE         33                        28      5       49

PRECIPITATION (IN)
  YESTERDAY        0.00          0.24 1960   0.02  -0.02      T
  MONTH TO DATE    0.07                      0.17  -0.10     0.49
  SINCE OCT 1      3.00                      3.48  -0.48     3.08
  SINCE JAN 1      0.46                      0.97  -0.51     0.88

DEGREE DAYS
 HEATING
  YESTERDAY       32                        37     -5       16
  MONTH TO DATE  305                       303      2      179
  SINCE DEC 1   2600                      2789   -189     2321
  SINCE JUL 1   4451                      4826   -375     4124

 COOLING
  YESTERDAY        0                         0      0        0
  MONTH TO DATE    0                         0      0        0
  SINCE DEC 1      0                         0      0        0
  SINCE JAN 1      0                         0      0        0
..................................................................


WIND (MPH)
  RESULTANT WIND SPEED   1   RESULTANT WIND DIRECTION  SW (220)
  HIGHEST WIND SPEED     9   HIGHEST WIND DIRECTION     S (180)
  HIGHEST GUST SPEED    10   HIGHEST GUST DIRECTION     S (180)
  AVERAGE WIND SPEED     2.0


SKY COVER
  AVERAGE SKY COVER 0.1


WEATHER CONDITIONS
 THE FOLLOWING WEATHER WAS RECORDED YESTERDAY.
  FOG


RELATIVE HUMIDITY (PERCENT)
 HIGHEST   100          1200 AM
 LOWEST     65           200 PM
 AVERAGE    83

..........................................................


THE BAKER OR CLIMATE NORMALS FOR TODAY
                         NORMAL    RECORD    YEAR
 MAXIMUM TEMPERATURE (F)   38        57      1970
 MINIMUM TEMPERATURE (F)   18       -22      1989


SUNRISE AND SUNSET
FEBRUARY  9 2016......SUNRISE   701 AM PST   SUNSET   510 PM PST
FEBRUARY 10 2016......SUNRISE   700 AM PST   SUNSET   512 PM PST


-  INDICATES NEGATIVE NUMBERS.
R  INDICATES RECORD WAS SET OR TIED.
MM INDICATES DATA IS MISSING.
T  INDICATES TRACE AMOUNT.




$$
