172
CDUS41 KRLX 210718
CLIBKW


CLIMATE REPORT
NATIONAL WEATHER SERVICE CHARLESTON WV
318 AM EDT SAT OCT 21 2017


...................................

...THE BECKLEY WV CLIMATE SUMMARY FOR OCTOBER 20 2017...

CLIMATE NORMAL PERIOD 1981 TO 2010
CLIMATE RECORD PERIOD 1963 TO 2017


WEATHER ITEM   OBSERVED TIME   RECORD YEAR NORMAL DEPARTURE LAST
                VALUE   (LST)  VALUE       VALUE  FROM      YEAR
                                                  NORMAL
..................................................................
TEMPERATURE (F)
 YESTERDAY
  MAXIMUM         71    310 PM  85    1920  62      9       80
  MINIMUM         44    558 AM  18    1972  42      2       57
  AVERAGE         58                        52      6       69

PRECIPITATION (IN)
  YESTERDAY        0.00          1.36 1961   0.08  -0.08     0.02
  MONTH TO DATE    1.76                      1.61   0.15     1.65
  SINCE JAN 1     36.95                     34.28   2.67    38.98

SNOWFALL (IN)
  YESTERDAY        0.0           7.0  1961   0.0    0.0      0.0
  MONTH TO DATE    0.0                       0.1   -0.1      0.0
  SINCE SEP 1      0.0                       0.1   -0.1      0.0
  SNOW DEPTH       0

DEGREE DAYS
 HEATING
  YESTERDAY        7                        13     -6        0
  MONTH TO DATE   87                       212   -125      108
  SINCE SEP 1    185                       325   -140      125
  SINCE JUL 1    202                       346   -144      125

 COOLING
  YESTERDAY        0                         0      0        4
  MONTH TO DATE   33                         2     31       12
  SINCE SEP 1     81                        59     22      142
  SINCE JAN 1    594                       552     42      843
..................................................................


WIND (MPH)
  HIGHEST WIND SPEED    14   HIGHEST WIND DIRECTION     N (350)
  HIGHEST GUST SPEED    16   HIGHEST GUST DIRECTION     N (350)
  AVERAGE WIND SPEED     3.6


SKY COVER
  POSSIBLE SUNSHINE  MM
  AVERAGE SKY COVER 0.0


WEATHER CONDITIONS
 THE FOLLOWING WEATHER WAS RECORDED YESTERDAY.
  NO SIGNIFICANT WEATHER WAS OBSERVED.


RELATIVE HUMIDITY (PERCENT)
 HIGHEST    83           500 AM
 LOWEST     40           200 PM
 AVERAGE    62

..........................................................


THE BECKLEY WV CLIMATE NORMALS FOR TODAY
                         NORMAL    RECORD    YEAR
 MAXIMUM TEMPERATURE (F)   62        80      1949
 MINIMUM TEMPERATURE (F)   42        11      1952


SUNRISE AND SUNSET
OCTOBER 21 2017.......SUNRISE   739 AM EDT   SUNSET   639 PM EDT
OCTOBER 22 2017.......SUNRISE   740 AM EDT   SUNSET   637 PM EDT


-  INDICATES NEGATIVE NUMBERS.
R  INDICATES RECORD WAS SET OR TIED.
MM INDICATES DATA IS MISSING.
T  INDICATES TRACE AMOUNT.




$$
