096
CDUS41 KRLX 300722
CLIBKW


CLIMATE REPORT
NATIONAL WEATHER SERVICE CHARLESTON WV
320 AM EDT SUN APR 30 2017


...................................

...THE BECKLEY WV CLIMATE SUMMARY FOR APRIL 29 2017...

CLIMATE NORMAL PERIOD 1981 TO 2010
CLIMATE RECORD PERIOD 1963 TO 2017


WEATHER ITEM   OBSERVED TIME   RECORD YEAR NORMAL DEPARTURE LAST
                VALUE   (LST)  VALUE       VALUE  FROM      YEAR
                                                  NORMAL
..................................................................
TEMPERATURE (F)
 YESTERDAY
  MAXIMUM         85R   241 PM  85    1996  67     18       74
  MINIMUM         65    741 AM  28    1976  45     20       53
  AVERAGE         75                        56     19       64

PRECIPITATION (IN)
  YESTERDAY        T             0.82 1980   0.12  -0.12     0.00
  MONTH TO DATE    3.21                      3.24  -0.03     2.26
  SINCE JAN 1     13.75                     12.38   1.37    10.42

SNOWFALL (IN)
  YESTERDAY        0.0
  MONTH TO DATE    1.8
  SINCE SEP 1     26.0
  SNOW DEPTH       0

DEGREE DAYS
 HEATING
  YESTERDAY        0                        10    -10        1
  MONTH TO DATE  222                       386   -164      343
  SINCE MAR 1    916                      1098   -182      799
  SINCE JUL 1   4050                      5099  -1049     4174

 COOLING
  YESTERDAY       10                         0     10        0
  MONTH TO DATE   22                         0     22        6
  SINCE MAR 1     22                         1     21        8
  SINCE JAN 1     22                         1     21        8
..................................................................


WIND (MPH)
  HIGHEST WIND SPEED    18   HIGHEST WIND DIRECTION     N (10)
  HIGHEST GUST SPEED    21   HIGHEST GUST DIRECTION     N (360)
  AVERAGE WIND SPEED     6.7


SKY COVER
  POSSIBLE SUNSHINE  MM
  AVERAGE SKY COVER 0.1


WEATHER CONDITIONS
 THE FOLLOWING WEATHER WAS RECORDED YESTERDAY.
  NO SIGNIFICANT WEATHER WAS OBSERVED.


RELATIVE HUMIDITY (PERCENT)
 HIGHEST    78           800 AM
 LOWEST     32           100 PM
 AVERAGE    55

..........................................................


THE BECKLEY WV CLIMATE NORMALS FOR TODAY
                         NORMAL    RECORD    YEAR
 MAXIMUM TEMPERATURE (F)   67        86      1899
 MINIMUM TEMPERATURE (F)   45        28      2008
                                             1961


SUNRISE AND SUNSET
APRIL 30 2017.........SUNRISE   630 AM EDT   SUNSET   814 PM EDT
MAY  1 2017...........SUNRISE   628 AM EDT   SUNSET   815 PM EDT


-  INDICATES NEGATIVE NUMBERS.
R  INDICATES RECORD WAS SET OR TIED.
MM INDICATES DATA IS MISSING.
T  INDICATES TRACE AMOUNT.




$$
