000
CDUS41 KRLX 280721
CLIBKW


CLIMATE REPORT
NATIONAL WEATHER SERVICE CHARLESTON WV
320 AM EDT THU MAY 28 2015


...................................

...THE BECKLEY WV CLIMATE SUMMARY FOR MAY 27 2015...

CLIMATE NORMAL PERIOD 1981 TO 2010
CLIMATE RECORD PERIOD 1963 TO 2015


WEATHER ITEM   OBSERVED TIME   RECORD YEAR NORMAL DEPARTURE LAST
                VALUE   (LST)  VALUE       VALUE  FROM      YEAR
                                                  NORMAL
..................................................................
TEMPERATURE (F)
 YESTERDAY
  MAXIMUM         81    450 PM  88    1919  72      9       78
  MINIMUM         62   1135 PM  28    1897  52     10       60
  AVERAGE         72                        62     10       69

PRECIPITATION (IN)
  YESTERDAY        0.01          1.69 1968   0.15  -0.14     0.02
  MONTH TO DATE    0.92                      4.04  -3.12     3.86
  SINCE JAN 1     19.72                     16.54   3.18    14.11

SNOWFALL (IN)
  YESTERDAY        0.0
  MONTH TO DATE    0.0
  SINCE SEP 1     66.2
  SNOW DEPTH       0

DEGREE DAYS
 HEATING
  YESTERDAY        0                         4     -4        0
  MONTH TO DATE   88                       178    -90      105
  SINCE MAR 1   1111                      1286   -175     1223
  SINCE JUL 1   5444                      5287    157     5431

 COOLING
  YESTERDAY        7                         1      6        4
  MONTH TO DATE   76                        21     55       54
  SINCE MAR 1     79                        31     48       59
  SINCE JAN 1     79                        31     48       59
..................................................................


WIND (MPH)
  HIGHEST WIND SPEED    13   HIGHEST WIND DIRECTION    SW (240)
  HIGHEST GUST SPEED    19   HIGHEST GUST DIRECTION     S (200)
  AVERAGE WIND SPEED     6.5


SKY COVER
  POSSIBLE SUNSHINE  MM
  AVERAGE SKY COVER 0.3


WEATHER CONDITIONS
 THE FOLLOWING WEATHER WAS RECORDED YESTERDAY.
  LIGHT RAIN


RELATIVE HUMIDITY (PERCENT)
 HIGHEST    87           500 AM
 LOWEST     42           300 PM
 AVERAGE    65

..........................................................


THE BECKLEY WV CLIMATE NORMALS FOR TODAY
                         NORMAL    RECORD    YEAR
 MAXIMUM TEMPERATURE (F)   73        87      1955
                                             1941
 MINIMUM TEMPERATURE (F)   53        30      1902


SUNRISE AND SUNSET
MAY 28 2015...........SUNRISE   606 AM EDT   SUNSET   838 PM EDT
MAY 29 2015...........SUNRISE   606 AM EDT   SUNSET   838 PM EDT


-  INDICATES NEGATIVE NUMBERS.
R  INDICATES RECORD WAS SET OR TIED.
MM INDICATES DATA IS MISSING.
T  INDICATES TRACE AMOUNT.




$$
