966
CDUS41 KRLX 250816
CLIBKW


CLIMATE REPORT
NATIONAL WEATHER SERVICE CHARLESTON WV
415 AM EDT MON JUL 25 2016


...................................

...THE BECKLEY WV CLIMATE SUMMARY FOR JULY 24 2016...

CLIMATE NORMAL PERIOD 1981 TO 2010
CLIMATE RECORD PERIOD 1963 TO 2016


WEATHER ITEM   OBSERVED TIME   RECORD YEAR NORMAL DEPARTURE LAST
                VALUE   (LST)  VALUE       VALUE  FROM      YEAR
                                                  NORMAL
..................................................................
TEMPERATURE (F)
 YESTERDAY
  MAXIMUM         91    456 PM  92    1934  80     11       81
  MINIMUM         68    605 AM  45    1954  61      7       58
                                      1947
                                      1911
  AVERAGE         80                        71      9       70

PRECIPITATION (IN)
  YESTERDAY        0.00          0.96 1951   0.17  -0.17     0.00
  MONTH TO DATE    4.63                      3.85   0.78     7.70
  SINCE JAN 1     29.81                     25.01   4.80    33.01

SNOWFALL (IN)
  YESTERDAY        0.0
  MONTH TO DATE    0.0
  SINCE SEP 1     45.5
  SNOW DEPTH       0

DEGREE DAYS
 HEATING
  YESTERDAY        0                         0      0        0
  MONTH TO DATE    0                         0      0        0
  SINCE JUN 1     16                        39    -23       10
  SINCE JUL 1      0                         0      0        0

 COOLING
  YESTERDAY       15                         6      9        5
  MONTH TO DATE  181                       144     37      154
  SINCE JUN 1    320                       255     65      342
  SINCE JAN 1    361                       296     65      448
..................................................................


WIND (MPH)
  HIGHEST WIND SPEED    10   HIGHEST WIND DIRECTION     W (290)
  HIGHEST GUST SPEED    16   HIGHEST GUST DIRECTION    NW (300)
  AVERAGE WIND SPEED     3.9


SKY COVER
  POSSIBLE SUNSHINE  MM
  AVERAGE SKY COVER 0.2


WEATHER CONDITIONS
 THE FOLLOWING WEATHER WAS RECORDED YESTERDAY.
  THUNDERSTORM
  FOG


RELATIVE HUMIDITY (PERCENT)
 HIGHEST    93           300 AM
 LOWEST     46           300 PM
 AVERAGE    70

..........................................................


THE BECKLEY WV CLIMATE NORMALS FOR TODAY
                         NORMAL    RECORD    YEAR
 MAXIMUM TEMPERATURE (F)   80        93      1934
 MINIMUM TEMPERATURE (F)   61        46      1954
                                             1953


SUNRISE AND SUNSET
JULY 25 2016..........SUNRISE   623 AM EDT   SUNSET   839 PM EDT
JULY 26 2016..........SUNRISE   623 AM EDT   SUNSET   838 PM EDT


-  INDICATES NEGATIVE NUMBERS.
R  INDICATES RECORD WAS SET OR TIED.
MM INDICATES DATA IS MISSING.
T  INDICATES TRACE AMOUNT.




$$
