000
CDUS41 KRLX 050824
CLIBKW


CLIMATE REPORT
NATIONAL WEATHER SERVICE CHARLESTON WV
322 AM EST THU MAR 5 2015


...................................

...THE BECKLEY WV CLIMATE SUMMARY FOR MARCH 4 2015...

CLIMATE NORMAL PERIOD 1981 TO 2010
CLIMATE RECORD PERIOD 1963 TO 2015


WEATHER ITEM   OBSERVED TIME   RECORD YEAR NORMAL DEPARTURE LAST
                VALUE   (LST)  VALUE       VALUE  FROM      YEAR
                                                  NORMAL
..................................................................
TEMPERATURE (F)
 YESTERDAY
  MAXIMUM         53    327 AM  78    1976  48      5       33
  MINIMUM         34   1159 PM  -5    1943  29      5       -1
  AVERAGE         44                        38      6       16

PRECIPITATION (IN)
  YESTERDAY        1.71          1.91 2008   0.10   1.61     0.00
  MONTH TO DATE    2.23                      0.43   1.80     0.90
  SINCE JAN 1      8.88                      6.00   2.88     6.00

SNOWFALL (IN)
  YESTERDAY        0.0
  MONTH TO DATE    0.1
  SINCE SEP 1     59.1
  SNOW DEPTH       9

DEGREE DAYS
 HEATING
  YESTERDAY       21                        27     -6       49
  MONTH TO DATE  104                       108     -4      144
  SINCE MAR 1    104                       108     -4      144
  SINCE JUL 1   4437                      4109    328     4352

 COOLING
  YESTERDAY        0                         0      0        0
  MONTH TO DATE    0                         0      0        0
  SINCE MAR 1      0                         0      0        0
  SINCE JAN 1      0                         0      0        0
..................................................................


WIND (MPH)
  HIGHEST WIND SPEED    20   HIGHEST WIND DIRECTION    SW (230)
  HIGHEST GUST SPEED    31   HIGHEST GUST DIRECTION    SW (240)
  AVERAGE WIND SPEED     6.4


SKY COVER
  POSSIBLE SUNSHINE  MM
  AVERAGE SKY COVER 1.0


WEATHER CONDITIONS
 THE FOLLOWING WEATHER WAS RECORDED YESTERDAY.
  HEAVY RAIN
  RAIN
  LIGHT RAIN
  FOG
  FOG W/VISIBILITY <= 1/4 MILE


RELATIVE HUMIDITY (PERCENT)
 HIGHEST   100           500 AM
 LOWEST     93          1200 AM
 AVERAGE    97

..........................................................


THE BECKLEY WV CLIMATE NORMALS FOR TODAY
                         NORMAL    RECORD    YEAR
 MAXIMUM TEMPERATURE (F)   48        74      1961
 MINIMUM TEMPERATURE (F)   29         0      1978


SUNRISE AND SUNSET
MARCH  5 2015.........SUNRISE   651 AM EST   SUNSET   622 PM EST
MARCH  6 2015.........SUNRISE   649 AM EST   SUNSET   623 PM EST


-  INDICATES NEGATIVE NUMBERS.
R  INDICATES RECORD WAS SET OR TIED.
MM INDICATES DATA IS MISSING.
T  INDICATES TRACE AMOUNT.




$$
