000
CDUS41 KRLX 230723
CLIBKW


CLIMATE REPORT
NATIONAL WEATHER SERVICE CHARLESTON WV
319 AM EDT WED JUL 23 2014


...................................

...THE BECKLEY WV CLIMATE SUMMARY FOR JULY 22 2014...

CLIMATE NORMAL PERIOD 1981 TO 2010
CLIMATE RECORD PERIOD 1963 TO 2014


WEATHER ITEM   OBSERVED TIME   RECORD YEAR NORMAL DEPARTURE LAST
                VALUE   (LST)  VALUE       VALUE  FROM      YEAR
                                                  NORMAL
..................................................................
TEMPERATURE (F)
 YESTERDAY
  MAXIMUM         85    419 PM  92    2011  80      5       80
                                      1934
                                      1933
  MINIMUM         65    555 AM  47    1937  62      3       67
                                      1936
  AVERAGE         75                        71      4       74

PRECIPITATION (IN)
  YESTERDAY        0.00          1.93 1958   0.16  -0.16     0.40
  MONTH TO DATE    1.52                      3.52  -2.00     3.42
  SINCE JAN 1     19.50                     24.68  -5.18    23.62

SNOWFALL (IN)
  YESTERDAY        0.0
  MONTH TO DATE    0.0
  SINCE SEP 1     76.3
  SNOW DEPTH       0

DEGREE DAYS
 HEATING
  YESTERDAY        0                         0      0        0
  MONTH TO DATE   15                         0     15        0
  SINCE JUN 1     27                        39    -12        7
  SINCE JUL 1     15                         0     15        0

 COOLING
  YESTERDAY       10                         6      4        9
  MONTH TO DATE  121                       132    -11      184
  SINCE JUN 1    292                       243     49      309
  SINCE JAN 1    367                       284     83      376
..................................................................


WIND (MPH)
  HIGHEST WIND SPEED    13   HIGHEST WIND DIRECTION    SE (130)
  HIGHEST GUST SPEED    17   HIGHEST GUST DIRECTION    SE (130)
  AVERAGE WIND SPEED     4.2


SKY COVER
  POSSIBLE SUNSHINE  MM
  AVERAGE SKY COVER 0.3


WEATHER CONDITIONS
 THE FOLLOWING WEATHER WAS RECORDED YESTERDAY.
  NO SIGNIFICANT WEATHER WAS OBSERVED.


RELATIVE HUMIDITY (PERCENT)
 HIGHEST    93           300 AM
 LOWEST     47           400 PM
 AVERAGE    70

..........................................................


THE BECKLEY WV CLIMATE NORMALS FOR TODAY
                         NORMAL    RECORD    YEAR
 MAXIMUM TEMPERATURE (F)   80        94      1933
 MINIMUM TEMPERATURE (F)   61        41      1947


SUNRISE AND SUNSET
JULY 23 2014..........SUNRISE   621 AM EDT   SUNSET   841 PM EDT
JULY 24 2014..........SUNRISE   621 AM EDT   SUNSET   840 PM EDT


-  INDICATES NEGATIVE NUMBERS.
R  INDICATES RECORD WAS SET OR TIED.
MM INDICATES DATA IS MISSING.
T  INDICATES TRACE AMOUNT.




$$
