000
CDUS41 KRLX 142218
CLIBKW


CLIMATE REPORT
NATIONAL WEATHER SERVICE CHARLESTON WV
518 PM EST THU DEC 14 2017


...................................

...THE BECKLEY WV CLIMATE SUMMARY FOR DECEMBER 14 2017...
VALID TODAY AS OF 0500 PM LOCAL TIME.

CLIMATE NORMAL PERIOD 1981 TO 2010
CLIMATE RECORD PERIOD 1963 TO 2017


WEATHER ITEM   OBSERVED TIME   RECORD YEAR NORMAL DEPARTURE LAST
                VALUE   (LST)  VALUE       VALUE  FROM      YEAR
                                                  NORMAL
..................................................................
TEMPERATURE (F)
 TODAY
  MAXIMUM         38    458 AM  68    1984  42     -4       34
  MINIMUM         29    359 PM -11    1898  26      3       29
  AVERAGE         34                        34      0       32

PRECIPITATION (IN)
  TODAY            T             1.78 1922   0.10  -0.10     0.05
  MONTH TO DATE    0.52                      1.40  -0.88     1.44
  SINCE DEC 1      0.52                      1.40  -0.88     1.44
  SINCE JAN 1     41.63                     39.59   2.04    44.44

DEGREE DAYS
 HEATING
  TODAY           31                        31      0       33
  MONTH TO DATE  413                       403     10      428
  SINCE DEC 1    413                       403     10      428
  SINCE JUL 1   1396                      1543   -147     1203

 COOLING
  TODAY            0                         0      0        0
  MONTH TO DATE    0                         0      0        0
  SINCE DEC 1      0                         0      0        0
  SINCE JAN 1    594                       557     37      844
..................................................................


WIND (MPH)
  HIGHEST WIND SPEED    25   HIGHEST WIND DIRECTION     W (250)
  HIGHEST GUST SPEED    35   HIGHEST GUST DIRECTION     W (270)
  AVERAGE WIND SPEED    11.7


SKY COVER
  POSSIBLE SUNSHINE  MM
  AVERAGE SKY COVER 1.0


WEATHER CONDITIONS
 THE FOLLOWING WEATHER WAS RECORDED TODAY.
  LIGHT SNOW


RELATIVE HUMIDITY (PERCENT)
 HIGHEST    72           800 AM
 LOWEST     40          1200 AM
 AVERAGE    56

..........................................................


THE BECKLEY WV CLIMATE NORMALS FOR TOMORROW
                         NORMAL    RECORD    YEAR
 MAXIMUM TEMPERATURE (F)   42        70      1971
 MINIMUM TEMPERATURE (F)   26       -10      1914


SUNRISE AND SUNSET
DECEMBER 14 2017......SUNRISE   732 AM EST   SUNSET   506 PM EST
DECEMBER 15 2017......SUNRISE   733 AM EST   SUNSET   507 PM EST


-  INDICATES NEGATIVE NUMBERS.
R  INDICATES RECORD WAS SET OR TIED.
MM INDICATES DATA IS MISSING.
T  INDICATES TRACE AMOUNT.




$$
