000
CDUS41 KRLX 300729
CLIBKW


CLIMATE REPORT
NATIONAL WEATHER SERVICE CHARLESTON WV
324 AM EDT MON MAR 30 2015


...................................

...THE BECKLEY WV CLIMATE SUMMARY FOR MARCH 29 2015...

CLIMATE NORMAL PERIOD 1981 TO 2010
CLIMATE RECORD PERIOD 1963 TO 2015


WEATHER ITEM   OBSERVED TIME   RECORD YEAR NORMAL DEPARTURE LAST
                VALUE   (LST)  VALUE       VALUE  FROM      YEAR
                                                  NORMAL
..................................................................
TEMPERATURE (F)
 YESTERDAY
  MAXIMUM         50    433 PM  82    1910  57     -7       56
                                      1907
  MINIMUM         13    636 AM  10    1923  36    -23       31
  AVERAGE         32                        46    -14       44

PRECIPITATION (IN)
  YESTERDAY        0.00          1.10 1975   0.12  -0.12     0.65
  MONTH TO DATE    5.56                      3.34   2.22     2.41
  SINCE JAN 1     12.21                      8.91   3.30     7.51

SNOWFALL (IN)
  YESTERDAY        0.0
  MONTH TO DATE    7.2
  SINCE SEP 1     66.2
  SNOW DEPTH       0

DEGREE DAYS
 HEATING
  YESTERDAY       33                        19     14       21
  MONTH TO DATE  648                       674    -26      767
  SINCE MAR 1    648                       674    -26      767
  SINCE JUL 1   4981                      4675    306     4975

 COOLING
  YESTERDAY        0                         0      0        0
  MONTH TO DATE    0                         0      0        0
  SINCE MAR 1      0                         0      0        0
  SINCE JAN 1      0                         0      0        0
..................................................................


WIND (MPH)
  HIGHEST WIND SPEED    16   HIGHEST WIND DIRECTION     S (200)
  HIGHEST GUST SPEED    24   HIGHEST GUST DIRECTION    SW (220)
  AVERAGE WIND SPEED     5.9


SKY COVER
  POSSIBLE SUNSHINE  MM
  AVERAGE SKY COVER 0.1


WEATHER CONDITIONS
 THE FOLLOWING WEATHER WAS RECORDED YESTERDAY.
  NO SIGNIFICANT WEATHER WAS OBSERVED.


RELATIVE HUMIDITY (PERCENT)
 HIGHEST    73           600 AM
 LOWEST     12           300 PM
 AVERAGE    43

..........................................................


THE BECKLEY WV CLIMATE NORMALS FOR TODAY
                         NORMAL    RECORD    YEAR
 MAXIMUM TEMPERATURE (F)   57        81      1998
 MINIMUM TEMPERATURE (F)   36        11      1964


SUNRISE AND SUNSET
MARCH 30 2015.........SUNRISE   713 AM EDT   SUNSET   745 PM EDT
MARCH 31 2015.........SUNRISE   712 AM EDT   SUNSET   746 PM EDT


-  INDICATES NEGATIVE NUMBERS.
R  INDICATES RECORD WAS SET OR TIED.
MM INDICATES DATA IS MISSING.
T  INDICATES TRACE AMOUNT.




$$
