000
CDUS41 KRLX 230729
CLIBKW


CLIMATE REPORT
NATIONAL WEATHER SERVICE CHARLESTON WV
321 AM EDT TUE SEP 23 2014


...................................

...THE BECKLEY WV CLIMATE SUMMARY FOR SEPTEMBER 22 2014...

CLIMATE NORMAL PERIOD 1981 TO 2010
CLIMATE RECORD PERIOD 1963 TO 2014


WEATHER ITEM   OBSERVED TIME   RECORD YEAR NORMAL DEPARTURE LAST
                VALUE   (LST)  VALUE       VALUE  FROM      YEAR
                                                  NORMAL
..................................................................
TEMPERATURE (F)
 YESTERDAY
  MAXIMUM         62    404 PM  90    1931  71     -9       66
  MINIMUM         44   1159 PM  22    1896  51     -7       50
  AVERAGE         53                        61     -8       58

PRECIPITATION (IN)
  YESTERDAY        0.00          1.95 1950   0.10  -0.10     0.00
  MONTH TO DATE    2.15                      2.25  -0.10     1.63
  SINCE JAN 1     26.65                     31.91  -5.26    31.60

SNOWFALL (IN)
  YESTERDAY        0.0
  MONTH TO DATE    0.0
  SINCE SEP 1      0.0
  SNOW DEPTH       0

DEGREE DAYS
 HEATING
  YESTERDAY       12                         5      7        7
  MONTH TO DATE   43                        60    -17       54
  SINCE SEP 1     43                        60    -17       54
  SINCE JUL 1     72                        81     -9       74

 COOLING
  YESTERDAY        0                         1     -1        0
  MONTH TO DATE   77                        51     26       57
  SINCE SEP 1     77                        51     26       57
  SINCE JAN 1    601                       544     57      600
..................................................................


WIND (MPH)
  HIGHEST WIND SPEED    15   HIGHEST WIND DIRECTION     N (340)
  HIGHEST GUST SPEED    19   HIGHEST GUST DIRECTION     N (350)
  AVERAGE WIND SPEED     6.9


SKY COVER
  POSSIBLE SUNSHINE  MM
  AVERAGE SKY COVER 0.7


WEATHER CONDITIONS
 THE FOLLOWING WEATHER WAS RECORDED YESTERDAY.
  NO SIGNIFICANT WEATHER WAS OBSERVED.


RELATIVE HUMIDITY (PERCENT)
 HIGHEST    86           900 PM
 LOWEST     55           300 PM
 AVERAGE    71

..........................................................


THE BECKLEY WV CLIMATE NORMALS FOR TODAY
                         NORMAL    RECORD    YEAR
 MAXIMUM TEMPERATURE (F)   70        89      1931
                                             1930
 MINIMUM TEMPERATURE (F)   51        28      1953


SUNRISE AND SUNSET
SEPTEMBER 23 2014.....SUNRISE   713 AM EDT   SUNSET   720 PM EDT
SEPTEMBER 24 2014.....SUNRISE   714 AM EDT   SUNSET   718 PM EDT


-  INDICATES NEGATIVE NUMBERS.
R  INDICATES RECORD WAS SET OR TIED.
MM INDICATES DATA IS MISSING.
T  INDICATES TRACE AMOUNT.




$$
