000
CDUS41 KRNK 202109
CLIBLF


CLIMATE REPORT
NATIONAL WEATHER SERVICE BLACKSBURG VA
507 PM EDT WED SEP 20 2017


...................................

...THE BLUEFIELD WV CLIMATE SUMMARY FOR SEPTEMBER 20 2017...
VALID TODAY AS OF 0500 PM LOCAL TIME.

CLIMATE NORMAL PERIOD 1981 TO 2010
CLIMATE RECORD PERIOD 1959 TO 2017


WEATHER ITEM   OBSERVED TIME   RECORD YEAR NORMAL DEPARTURE LAST
                VALUE   (LST)  VALUE       VALUE  FROM      YEAR
                                                  NORMAL
..................................................................
TEMPERATURE (F)
 TODAY
  MAXIMUM         77    254 PM  86    1998  73      4       79
  MINIMUM         60    400 AM  40    1991  56      4       58
  AVERAGE         69                        64      5       69

PRECIPITATION (IN)
  TODAY            0.00          0.37 1970   0.11  -0.11     0.00
  MONTH TO DATE    0.84                      2.08  -1.24     0.69
  SINCE SEP 1      0.84                      2.08  -1.24     0.69
  SINCE JAN 1     32.90                     30.47   2.43    27.58

SNOWFALL (IN)
  TODAY            0.0                                       0.0
  MONTH TO DATE    0.0                                       0.0
  SINCE SEP 1      0.0                                       0.0
  SINCE JUL 1      0.0                                       0.0
  SNOW DEPTH       0

DEGREE DAYS
 HEATING
  TODAY            0                         3     -3        0
  MONTH TO DATE  102                        29     73        8
  SINCE SEP 1    102                        29     73        8
  SINCE JUL 1    128                        35     93        8

 COOLING
  TODAY            4                         3      1        4
  MONTH TO DATE   10                        81    -71       92
  SINCE SEP 1     10                        81    -71       92
  SINCE JAN 1    434                       815   -381      700
..................................................................


WIND (MPH)
  HIGHEST WIND SPEED    14   HIGHEST WIND DIRECTION     W (270)
  HIGHEST GUST SPEED    20   HIGHEST GUST DIRECTION     W (260)
  AVERAGE WIND SPEED     5.1


SKY COVER
  AVERAGE SKY COVER 0.3


WEATHER CONDITIONS
 THE FOLLOWING WEATHER WAS RECORDED TODAY.
  NO SIGNIFICANT WEATHER WAS OBSERVED.


RELATIVE HUMIDITY (PERCENT)
 HIGHEST    90           300 AM
 LOWEST     50           300 PM
 AVERAGE    70

..........................................................


THE BLUEFIELD WV CLIMATE NORMALS FOR TOMORROW
                         NORMAL    RECORD    YEAR
 MAXIMUM TEMPERATURE (F)   73        86      2010
 MINIMUM TEMPERATURE (F)   55        36      1962


SUNRISE AND SUNSET
SEPTEMBER 20 2017.....SUNRISE   711 AM EDT   SUNSET   724 PM EDT
SEPTEMBER 21 2017.....SUNRISE   712 AM EDT   SUNSET   723 PM EDT


-  INDICATES NEGATIVE NUMBERS.
R  INDICATES RECORD WAS SET OR TIED.
MM INDICATES DATA IS MISSING.
T  INDICATES TRACE AMOUNT.




$$
