260
CDUS41 KRNK 190627
CLIBLF


CLIMATE REPORT
NATIONAL WEATHER SERVICE BLACKSBURG VA
124 AM EST SUN NOV 19 2017


...................................

...THE BLUEFIELD WV CLIMATE SUMMARY FOR NOVEMBER 18 2017...

CLIMATE NORMAL PERIOD 1981 TO 2010
CLIMATE RECORD PERIOD 1959 TO 2017


WEATHER ITEM   OBSERVED TIME   RECORD YEAR NORMAL DEPARTURE LAST
                VALUE   (LST)  VALUE       VALUE  FROM      YEAR
                                                  NORMAL
..................................................................
TEMPERATURE (F)
 YESTERDAY
  MAXIMUM         60    120 PM  72    2016  55      5       72
  MINIMUM         47    153 AM   9    1959  38      9       50
  AVERAGE         54                        46      8       61

PRECIPITATION (IN)
  YESTERDAY        0.25          0.82 2015   0.09   0.16     0.00
  MONTH TO DATE    1.24                      1.56  -0.32     0.35
  SINCE SEP 1      7.14                      7.20  -0.06     2.77
  SINCE JAN 1     39.20                     35.59   3.61    29.66

SNOWFALL (IN)
  YESTERDAY        0.0                                       0.0
  MONTH TO DATE    0.0                                       0.0
  SINCE SEP 1      0.3                                       0.0
  SINCE JUL 1      0.3                                       0.0
  SNOW DEPTH       0

DEGREE DAYS
 HEATING
  YESTERDAY       11                        19     -8        4
  MONTH TO DATE  333                       285     48      234
  SINCE SEP 1    732                       643     89      500
  SINCE JUL 1    758                       649    109      500

 COOLING
  YESTERDAY        0                         0      0        0
  MONTH TO DATE    0                         0      0        1
  SINCE SEP 1     64                       117    -53      129
  SINCE JAN 1    488                       851   -363      737
..................................................................


WIND (MPH)
  HIGHEST WIND SPEED    32   HIGHEST WIND DIRECTION     W (250)
  HIGHEST GUST SPEED    47   HIGHEST GUST DIRECTION     W (270)
  AVERAGE WIND SPEED    13.4


SKY COVER
  AVERAGE SKY COVER 0.5


WEATHER CONDITIONS
 THE FOLLOWING WEATHER WAS RECORDED YESTERDAY.
  RAIN
  LIGHT RAIN
  FOG


RELATIVE HUMIDITY (PERCENT)
 HIGHEST    83          1100 PM
 LOWEST     24           600 AM
 AVERAGE    54

..........................................................


THE BLUEFIELD WV CLIMATE NORMALS FOR TODAY
                         NORMAL    RECORD    YEAR
 MAXIMUM TEMPERATURE (F)   54        74      1985
 MINIMUM TEMPERATURE (F)   38        12      2014


SUNRISE AND SUNSET
NOVEMBER 19 2017......SUNRISE   708 AM EST   SUNSET   512 PM EST
NOVEMBER 20 2017......SUNRISE   709 AM EST   SUNSET   511 PM EST


-  INDICATES NEGATIVE NUMBERS.
R  INDICATES RECORD WAS SET OR TIED.
MM INDICATES DATA IS MISSING.
T  INDICATES TRACE AMOUNT.




$$
