468
CDUS41 KRNK 070731
CLIBLF


CLIMATE REPORT
NATIONAL WEATHER SERVICE BLACKSBURG VA
213 AM EST SUN FEB 7 2016


...................................

...THE BLUEFIELD WV CLIMATE SUMMARY FOR FEBRUARY 6 2016...

CLIMATE NORMAL PERIOD 1981 TO 2010
CLIMATE RECORD PERIOD 1959 TO 2016


WEATHER ITEM   OBSERVED TIME   RECORD YEAR NORMAL DEPARTURE LAST
                VALUE   (LST)  VALUE       VALUE  FROM      YEAR
                                                  NORMAL
..................................................................
TEMPERATURE (F)
 YESTERDAY
  MAXIMUM         38    452 PM  63    1990  44     -6       39
  MINIMUM         23    348 AM   0    1988  28     -5       12
  AVERAGE         31                        36     -5       26

PRECIPITATION (IN)
  YESTERDAY        0.00          0.89 2004   0.09  -0.09     0.00
  MONTH TO DATE    0.73                      0.57   0.16     0.41
  SINCE DEC 1      6.41                      6.38   0.03     4.28
  SINCE JAN 1      2.58                      3.47  -0.89     1.89

SNOWFALL (IN)
  YESTERDAY        0.0                                       0.0
  MONTH TO DATE    T                                         1.5
  SINCE DEC 1     18.7                                       4.5
  SINCE JUL 1     18.7                                       9.3
  SNOW DEPTH       0

DEGREE DAYS
 HEATING
  YESTERDAY       34                        29      5       39
  MONTH TO DATE  149                       178    -29      191
  SINCE DEC 1   1338                      1995   -657     1956
  SINCE JUL 1   2060                      2898   -838     3041

 COOLING
  YESTERDAY        0                         0      0        0
  MONTH TO DATE    0                         0      0        0
  SINCE DEC 1      3                         0      3        0
  SINCE JAN 1      0                         0      0        0
..................................................................


WIND (MPH)
  HIGHEST WIND SPEED    10   HIGHEST WIND DIRECTION    SW (240)
  HIGHEST GUST SPEED    15   HIGHEST GUST DIRECTION     W (290)
  AVERAGE WIND SPEED     4.7


SKY COVER
  AVERAGE SKY COVER 0.2


WEATHER CONDITIONS
 THE FOLLOWING WEATHER WAS RECORDED YESTERDAY.
  NO SIGNIFICANT WEATHER WAS OBSERVED.


RELATIVE HUMIDITY (PERCENT)
 HIGHEST    55          1200 AM
 LOWEST     35           400 PM
 AVERAGE    45

..........................................................


THE BLUEFIELD WV CLIMATE NORMALS FOR TODAY
                         NORMAL    RECORD    YEAR
 MAXIMUM TEMPERATURE (F)   44        63      2005
 MINIMUM TEMPERATURE (F)   28        -5      1978


SUNRISE AND SUNSET
FEBRUARY  7 2016......SUNRISE   723 AM EST   SUNSET   555 PM EST
FEBRUARY  8 2016......SUNRISE   722 AM EST   SUNSET   556 PM EST


-  INDICATES NEGATIVE NUMBERS.
R  INDICATES RECORD WAS SET OR TIED.
MM INDICATES DATA IS MISSING.
T  INDICATES TRACE AMOUNT.

REMARKS:

DUE TO AN EQUIPMENT OUTAGE AFFECTING THE TEMPERATURE ON DECEMBER 20-
21...JANUARY 19-20...AND JANUARY 22-25...ALL TEMPERATURE DATA AND
THE SEASONAL HEATING DEGREE DAY TOTAL AND DEPARTURE FROM NORMAL WILL
BE CALCULATED WITHOUT DATA FROM THESE DATES.

$$
