000
CDUS41 KRNK 260846
CLIBLF


CLIMATE REPORT
NATIONAL WEATHER SERVICE BLACKSBURG VA
444 AM EDT THU MAY 26 2016


...................................

...THE BLUEFIELD WV CLIMATE SUMMARY FOR MAY 25 2016...

CLIMATE NORMAL PERIOD 1981 TO 2010
CLIMATE RECORD PERIOD 1959 TO 2016


WEATHER ITEM   OBSERVED TIME   RECORD YEAR NORMAL DEPARTURE LAST
                VALUE   (LST)  VALUE       VALUE  FROM      YEAR
                                                  NORMAL
..................................................................
TEMPERATURE (F)
 YESTERDAY
  MAXIMUM         76    554 PM  85    2012  74      2       84
                                      1991
  MINIMUM         55    547 AM  35    1979  55      0       61
  AVERAGE         66                        65      1       73

PRECIPITATION (IN)
  YESTERDAY        0.00          0.72 2009   0.15  -0.15     0.00
  MONTH TO DATE    6.22                      3.40   2.82     1.70
  SINCE MAR 1      9.90                     10.25  -0.35    12.11
  SINCE JAN 1     14.72                     15.91  -1.19    15.67

SNOWFALL (IN)
  YESTERDAY        0.0                                       0.0
  MONTH TO DATE    0.0                                       0.0
  SINCE MAR 1      2.6                                       3.1
  SINCE JUL 1     34.8                                      39.7
  SNOW DEPTH       0

DEGREE DAYS
 HEATING
  YESTERDAY        0                         3     -3        0
  MONTH TO DATE  231                       121    110       63
  SINCE MAR 1   1053                      1058     -5      915
  SINCE JUL 1   3866                      4551   -685     4835

 COOLING
  YESTERDAY        1                         3     -2        8
  MONTH TO DATE    5                        44    -39       95
  SINCE MAR 1     10                        72    -62      106
  SINCE JAN 1     10                        72    -62      106
..................................................................


WIND (MPH)
  HIGHEST WIND SPEED    14   HIGHEST WIND DIRECTION     W (260)
  HIGHEST GUST SPEED    19   HIGHEST GUST DIRECTION    SW (230)
  AVERAGE WIND SPEED     4.5


SKY COVER
  AVERAGE SKY COVER 0.2


WEATHER CONDITIONS
 THE FOLLOWING WEATHER WAS RECORDED YESTERDAY.
  NO SIGNIFICANT WEATHER WAS OBSERVED.


RELATIVE HUMIDITY (PERCENT)
 HIGHEST    72           100 AM
 LOWEST     41          1100 AM
 AVERAGE    57

..........................................................


THE BLUEFIELD WV CLIMATE NORMALS FOR TODAY
                         NORMAL    RECORD    YEAR
 MAXIMUM TEMPERATURE (F)   74        86      2012
                                             1991
 MINIMUM TEMPERATURE (F)   56        35      1988


SUNRISE AND SUNSET
MAY 26 2016...........SUNRISE   608 AM EDT   SUNSET   836 PM EDT
MAY 27 2016...........SUNRISE   608 AM EDT   SUNSET   837 PM EDT


-  INDICATES NEGATIVE NUMBERS.
R  INDICATES RECORD WAS SET OR TIED.
MM INDICATES DATA IS MISSING.
T  INDICATES TRACE AMOUNT.

REMARKS:

DUE TO A SENSOR FAILURE CAUSING MISSING TEMPERATURES ON DECEMBER 20-
21...JANUARY 19-20...AND JANUARY 22-25...THE SEASONAL HEATING DEGREE
DAY TOTAL AND DEPARTURE FROM NORMAL WILL BE CALCULATED WITHOUT DATA
FROM THESE DATES.

$$

RAB
