000
CDUS41 KRNK 201020
CLIBLF


CLIMATE REPORT
NATIONAL WEATHER SERVICE BLACKSBURG VA
516 AM EST SAT DEC 20 2014


...................................

...THE BLUEFIELD WV CLIMATE SUMMARY FOR DECEMBER 19 2014...

CLIMATE NORMAL PERIOD 1981 TO 2010
CLIMATE RECORD PERIOD 1959 TO 2014


WEATHER ITEM   OBSERVED TIME   RECORD YEAR NORMAL DEPARTURE LAST
                VALUE   (LST)  VALUE       VALUE  FROM      YEAR
                                                  NORMAL
..................................................................
TEMPERATURE (F)
 YESTERDAY
  MAXIMUM         37    131 PM  63    2008  44     -7       59
                                      1968
  MINIMUM         27   1159 PM   1    2004  29     -2       34
                                      1963
  AVERAGE         32                        36     -4

PRECIPITATION (IN)
  YESTERDAY        0.00          0.57 1995   0.09  -0.09     0.00
  MONTH TO DATE    1.32                      1.83  -0.51     2.68
  SINCE DEC 1      1.32                      1.83  -0.51     2.68
  SINCE JAN 1     36.18                     38.55  -2.37    39.69

SNOWFALL (IN)
  YESTERDAY        0.0
  MONTH TO DATE    0.3
  SINCE DEC 1      0.3
  SINCE JUL 1      5.1
  SNOW DEPTH       0

DEGREE DAYS
 HEATING
  YESTERDAY       33                        29      4
  MONTH TO DATE  486                       503    -17
  SINCE DEC 1    486                       503    -17
  SINCE JUL 1   1571                      1406    165

 COOLING
  YESTERDAY        0                         0      0
  MONTH TO DATE    0                         0      0
  SINCE DEC 1      0                         0      0
  SINCE JAN 1    827                       853    -26
..................................................................


WIND (MPH)
  HIGHEST WIND SPEED    13   HIGHEST WIND DIRECTION    NW (310)
  HIGHEST GUST SPEED    17   HIGHEST GUST DIRECTION     W (290)
  AVERAGE WIND SPEED     6.0


SKY COVER
  POSSIBLE SUNSHINE  MM
  AVERAGE SKY COVER 0.5


WEATHER CONDITIONS
 THE FOLLOWING WEATHER WAS RECORDED YESTERDAY.
  NO SIGNIFICANT WEATHER WAS OBSERVED.


RELATIVE HUMIDITY (PERCENT)
 HIGHEST    78           300 AM
 LOWEST     59           100 PM
 AVERAGE    69

..........................................................


THE BLUEFIELD WV CLIMATE NORMALS FOR TODAY
                         NORMAL    RECORD    YEAR
 MAXIMUM TEMPERATURE (F)   44        65      1967
 MINIMUM TEMPERATURE (F)   28        -4      2004


SUNRISE AND SUNSET
DECEMBER 20 2014......SUNRISE   735 AM EST   SUNSET   510 PM EST
DECEMBER 21 2014......SUNRISE   735 AM EST   SUNSET   511 PM EST


-  INDICATES NEGATIVE NUMBERS.
R  INDICATES RECORD WAS SET OR TIED.
MM INDICATES DATA IS MISSING.
T  INDICATES TRACE AMOUNT.


REMARKS:
DUE TO A POWER FAILURE CAUSING A MISSING LOW TEMPERATURE ON
MAY 30...THE SEASONAL TOTAL AND DEPARTURE FROM NORMAL FOR CDD
WILL BE CALCULATED WITHOUT DATA FROM THAT DATE.


$$
