000
CDUS41 KRNK 280818
CLIBLF


CLIMATE REPORT
NATIONAL WEATHER SERVICE BLACKSBURG VA
416 AM EDT SUN MAY 28 2017


...................................

...THE BLUEFIELD WV CLIMATE SUMMARY FOR MAY 27 2017...

CLIMATE NORMAL PERIOD 1981 TO 2010
CLIMATE RECORD PERIOD 1959 TO 2017


WEATHER ITEM   OBSERVED TIME   RECORD YEAR NORMAL DEPARTURE LAST
                VALUE   (LST)  VALUE       VALUE  FROM      YEAR
                                                  NORMAL
..................................................................
TEMPERATURE (F)
 YESTERDAY
  MAXIMUM         75    308 PM  86    2012  74      1       78
  MINIMUM         57    118 AM  31    1961  56      1       58
  AVERAGE         66                        65      1       68

PRECIPITATION (IN)
  YESTERDAY        0.13          1.61 1991   0.15  -0.02     0.00
  MONTH TO DATE    6.57                      3.70   2.87     6.23
  SINCE MAR 1     14.78                     10.55   4.23     9.91
  SINCE JAN 1     20.59                     16.21   4.38    14.73

SNOWFALL (IN)
  YESTERDAY        0.0                                       0.0
  MONTH TO DATE    0.0                                       0.0
  SINCE MAR 1      3.3                                       2.6
  SINCE JUL 1     20.5                                      34.8
  SNOW DEPTH       0

DEGREE DAYS
 HEATING
  YESTERDAY        0                         3     -3        0
  MONTH TO DATE  185                       127     58      231
  SINCE MAR 1   1127                      1064     63     1053
  SINCE JUL 1   4259                      4557   -298     3866

 COOLING
  YESTERDAY        1                         3     -2        3
  MONTH TO DATE   29                        50    -21       10
  SINCE MAR 1     51                        78    -27       15
  SINCE JAN 1     51                        78    -27       15
..................................................................


WIND (MPH)
  HIGHEST WIND SPEED    17   HIGHEST WIND DIRECTION     W (260)
  HIGHEST GUST SPEED    25   HIGHEST GUST DIRECTION     W (260)
  AVERAGE WIND SPEED     9.2


SKY COVER
  AVERAGE SKY COVER 0.5


WEATHER CONDITIONS
 THE FOLLOWING WEATHER WAS RECORDED YESTERDAY.
  THUNDERSTORM
  HEAVY RAIN
  RAIN
  LIGHT RAIN
  FOG


RELATIVE HUMIDITY (PERCENT)
 HIGHEST    97          1000 PM
 LOWEST     64           300 PM
 AVERAGE    81

..........................................................


THE BLUEFIELD WV CLIMATE NORMALS FOR TODAY
                         NORMAL    RECORD    YEAR
 MAXIMUM TEMPERATURE (F)   74        86      2006
 MINIMUM TEMPERATURE (F)   56        34      1994


SUNRISE AND SUNSET
MAY 28 2017...........SUNRISE   607 AM EDT   SUNSET   837 PM EDT
MAY 29 2017...........SUNRISE   607 AM EDT   SUNSET   838 PM EDT


-  INDICATES NEGATIVE NUMBERS.
R  INDICATES RECORD WAS SET OR TIED.
MM INDICATES DATA IS MISSING.
T  INDICATES TRACE AMOUNT.

REMARKS:
DUE TO A POWER OUTAGE CAUSING A MISSING HIGH TEMPERATURE ON NOVEMBER
10...THE SEASONAL HEATING DEGREE DAY TOTAL AND DEPARTURE FROM
NORMAL WILL BE CALCULATED WITHOUT DATA FROM THIS DATE.

$$
RCS
