000
CDUS41 KRNK 200935
CLIBLF


CLIMATE REPORT
NATIONAL WEATHER SERVICE BLACKSBURG VA
533 AM EDT WED AUG 20 2014


...................................

...THE BLUEFIELD WV CLIMATE SUMMARY FOR AUGUST 19 2014...

CLIMATE NORMAL PERIOD 1981 TO 2010
CLIMATE RECORD PERIOD 1959 TO 2014


WEATHER ITEM   OBSERVED TIME   RECORD YEAR NORMAL DEPARTURE LAST
                VALUE   (LST)  VALUE       VALUE  FROM      YEAR
                                                  NORMAL
..................................................................
TEMPERATURE (F)
 YESTERDAY
  MAXIMUM         81    439 PM  91    2007  81      0       79
  MINIMUM         66   1127 PM  55    1992  64      2       65
  AVERAGE         74                        72      2

PRECIPITATION (IN)
  YESTERDAY        0.01          0.99 2006   0.10  -0.09     0.09
  MONTH TO DATE    5.75                      2.10   3.65     1.78
  SINCE JUN 1     12.30                     10.41   1.89    10.73
  SINCE JAN 1     23.96                     27.23  -3.27    29.26

SNOWFALL (IN)
  YESTERDAY        0.0
  MONTH TO DATE    0.0
  SINCE JUN 1      0.0
  SINCE JUL 1      0.0
  SNOW DEPTH       0

DEGREE DAYS
 HEATING
  YESTERDAY        0                         0      0
  MONTH TO DATE    2                         0      2
  SINCE JUN 1     12                        24    -12
  SINCE JUL 1     10                         2      8

 COOLING
  YESTERDAY        9                         7      2
  MONTH TO DATE   76                       150    -74
  SINCE JUN 1    491                       564    -73
  SINCE JAN 1    620                       655    -35
..................................................................


WIND (MPH)
  HIGHEST WIND SPEED    14   HIGHEST WIND DIRECTION     W (270)
  HIGHEST GUST SPEED    19   HIGHEST GUST DIRECTION     W (260)
  AVERAGE WIND SPEED     5.8


SKY COVER
  POSSIBLE SUNSHINE  MM
  AVERAGE SKY COVER 0.7


WEATHER CONDITIONS
 THE FOLLOWING WEATHER WAS RECORDED YESTERDAY.
  LIGHT RAIN
  FOG
  FOG W/VISIBILITY <= 1/4 MILE
  HAZE


RELATIVE HUMIDITY (PERCENT)
 HIGHEST    90          1000 PM
 LOWEST     54           400 PM
 AVERAGE    72

..........................................................


THE BLUEFIELD WV CLIMATE NORMALS FOR TODAY
                         NORMAL    RECORD    YEAR
 MAXIMUM TEMPERATURE (F)   81        91      2007
                                             1983
 MINIMUM TEMPERATURE (F)   64        50      1981


SUNRISE AND SUNSET
AUGUST 20 2014........SUNRISE   645 AM EDT   SUNSET   810 PM EDT
AUGUST 21 2014........SUNRISE   646 AM EDT   SUNSET   809 PM EDT


-  INDICATES NEGATIVE NUMBERS.
R  INDICATES RECORD WAS SET OR TIED.
MM INDICATES DATA IS MISSING.
T  INDICATES TRACE AMOUNT.

REMARKS

DUE TO A POWER FAILURE CAUSING A MISSING LOW TEMPERATURE ON
MAY 30...THE SEASONAL TOTAL AND DEPARTURE FROM NORMAL FOR CDD
WILL BE CALCULATED WITHOUT DATA FROM THAT DATE.

$$

MBS
