000
CDUS41 KRNK 261011
CLIBLF


CLIMATE REPORT
NATIONAL WEATHER SERVICE BLACKSBURG VA
508 AM EST WED NOV 26 2014


...................................

...THE BLUEFIELD WV CLIMATE SUMMARY FOR NOVEMBER 25 2014...

CLIMATE NORMAL PERIOD 1981 TO 2010
CLIMATE RECORD PERIOD 1959 TO 2014


WEATHER ITEM   OBSERVED TIME   RECORD YEAR NORMAL DEPARTURE LAST
                VALUE   (LST)  VALUE       VALUE  FROM      YEAR
                                                  NORMAL
..................................................................
TEMPERATURE (F)
 YESTERDAY
  MAXIMUM         53    337 PM  69    2010  52      1       42
                                      2006
  MINIMUM         38    738 AM   7    1970  35      3       15
  AVERAGE         46                        44      2

PRECIPITATION (IN)
  YESTERDAY        0.00          1.29 1964   0.09  -0.09      T
  MONTH TO DATE    1.89                      2.21  -0.32     1.18
  SINCE SEP 1      9.67                      7.85   1.82     4.80
  SINCE JAN 1     34.29                     36.24  -1.95    35.02

SNOWFALL (IN)
  YESTERDAY        0.0
  MONTH TO DATE    1.6
  SINCE SEP 1      1.6
  SINCE JUL 1      1.6
  SNOW DEPTH       0

DEGREE DAYS
 HEATING
  YESTERDAY       19                        21     -2
  MONTH TO DATE  593                       427    166
  SINCE SEP 1    934                       785    149
  SINCE JUL 1    944                       791    153

 COOLING
  YESTERDAY        0                         0      0
  MONTH TO DATE    0                         0      0
  SINCE SEP 1    114                       117     -3
  SINCE JAN 1    827                       851    -24
..................................................................


WIND (MPH)
  HIGHEST WIND SPEED    16   HIGHEST WIND DIRECTION    NW (310)
  HIGHEST GUST SPEED    21   HIGHEST GUST DIRECTION     W (270)
  AVERAGE WIND SPEED     6.0


SKY COVER
  POSSIBLE SUNSHINE  MM
  AVERAGE SKY COVER 0.2


WEATHER CONDITIONS
 THE FOLLOWING WEATHER WAS RECORDED YESTERDAY.
  NO SIGNIFICANT WEATHER WAS OBSERVED.


RELATIVE HUMIDITY (PERCENT)
 HIGHEST    70           300 AM
 LOWEST     28           400 PM
 AVERAGE    49

..........................................................


THE BLUEFIELD WV CLIMATE NORMALS FOR TODAY
                         NORMAL    RECORD    YEAR
 MAXIMUM TEMPERATURE (F)   51        70      2006
                                             1990
 MINIMUM TEMPERATURE (F)   35        15      1977


SUNRISE AND SUNSET
NOVEMBER 26 2014......SUNRISE   715 AM EST   SUNSET   509 PM EST
NOVEMBER 27 2014......SUNRISE   716 AM EST   SUNSET   508 PM EST


-  INDICATES NEGATIVE NUMBERS.
R  INDICATES RECORD WAS SET OR TIED.
MM INDICATES DATA IS MISSING.
T  INDICATES TRACE AMOUNT.

REMARKS:
DUE TO A POWER FAILURE CAUSING A MISSING LOW TEMPERATURE ON
MAY 30...THE SEASONAL TOTAL AND DEPARTURE FROM NORMAL FOR CDD
WILL BE CALCULATED WITHOUT DATA FROM THAT DATE.


$$
